114.119.151.146 - - [22/Feb/2026:14:56:16 -0700] "GET /book-of-rampage-2-darmowe-spiny-i-dodatkowe-darmowe-spiny/ HTTP/1.1" 200 9336 "https://ftscreations.com/25-red-hot-7-clover-link-gry-kasynowe-na-%C5%BCywo-i-bingo" "Mozilla/5.0 (Linux; Android 7.0;) AppleWebKit/537.36 (KHTML, like Gecko) Mobile Safari/537.36 (compatible; PetalBot;+https://webmaster.petalsearch.com/site/petalbot)" 4805 **4/4805062**
114.119.146.15 - - [22/Feb/2026:14:57:38 -0700] "GET /zwyci%C4%99skie-wymagania-klastra-w-slingo/ HTTP/1.1" 200 9189 "https://ftscreations.com/zwyci%C4%99skie-wymagania-klastra-w-slingo/" "Mozilla/5.0 (Linux; Android 7.0;) AppleWebKit/537.36 (KHTML, like Gecko) Mobile Safari/537.36 (compatible; PetalBot;+https://webmaster.petalsearch.com/site/petalbot)" 4635 **4/4635369**
202.76.136.69 - - [22/Feb/2026:14:58:40 -0700] "GET /rabbit-route-het-ultieme-gids-voor-intelligent/ HTTP/1.1" 200 10247 "-" "Mozilla/5.0 (X11; U; Linux i686; de; rv:1.9.2.21) Gecko/20110830 Ubuntu/10.10 (maverick) Firefox/3.6.21" 4708 **4/4708271**
114.119.146.15 - - [22/Feb/2026:14:59:03 -0700] "GET /zwyci%C4%99skie-kombinacje-projekt%C3%B3w-kaskadowych-w-mega-fire-blaze-big-circus/ HTTP/1.1" 200 9125 "https://ftscreations.com/zwyci%C4%99skie-kombinacje-projekt%C3%B3w-kaskadowych-w-mega-fire-blaze-big-circus" "Mozilla/5.0 (Linux; Android 7.0;) AppleWebKit/537.36 (KHTML, like Gecko) Mobile Safari/537.36 (compatible; PetalBot;+https://webmaster.petalsearch.com/site/petalbot)" 4954 **4/4954167**
114.119.129.175 - - [22/Feb/2026:15:00:30 -0700] "GET /zarz%C4%85dzanie-kapita%C5%82em-w-sakura-fortune/ HTTP/1.1" 200 9106 "https://ftscreations.com/zarz%C4%85dzanie-kapita%C5%82em-w-sakura-fortune" "Mozilla/5.0 (Linux; Android 7.0;) AppleWebKit/537.36 (KHTML, like Gecko) Mobile Safari/537.36 (compatible; PetalBot;+https://webmaster.petalsearch.com/site/petalbot)" 5317 **5/5317071**
114.119.151.146 - - [22/Feb/2026:15:01:47 -0700] "GET /zarabiaj-prawdziwe-pieni%C4%85dze-dzi%C4%99ki-super-duper HTTP/1.1" 301 - "-" "Mozilla/5.0 (Linux; Android 7.0;) AppleWebKit/537.36 (KHTML, like Gecko) Mobile Safari/537.36 (compatible; PetalBot;+https://webmaster.petalsearch.com/site/petalbot)" 3345 **3/3345200**
114.119.151.146 - - [22/Feb/2026:15:01:54 -0700] "GET /zarabiaj-prawdziwe-pieni%C4%85dze-dzi%C4%99ki-super-duper/ HTTP/1.1" 200 9172 "-" "Mozilla/5.0 (Linux; Android 7.0;) AppleWebKit/537.36 (KHTML, like Gecko) Mobile Safari/537.36 (compatible; PetalBot;+https://webmaster.petalsearch.com/site/petalbot)" 5137 **5/5137901**
114.119.136.249 - - [22/Feb/2026:15:03:12 -0700] "GET /zakup-bonusu-w-trakcie-gry-w-fortune-tiger HTTP/1.1" 301 - "-" "Mozilla/5.0 (Linux; Android 7.0;) AppleWebKit/537.36 (KHTML, like Gecko) Mobile Safari/537.36 (compatible; PetalBot;+https://webmaster.petalsearch.com/site/petalbot)" 1237 **1/1237896**
114.119.136.249 - - [22/Feb/2026:15:03:15 -0700] "GET /zakup-bonusu-w-trakcie-gry-w-fortune-tiger/ HTTP/1.1" 200 9179 "-" "Mozilla/5.0 (Linux; Android 7.0;) AppleWebKit/537.36 (KHTML, like Gecko) Mobile Safari/537.36 (compatible; PetalBot;+https://webmaster.petalsearch.com/site/petalbot)" 3943 **3/3943783**
114.119.149.66 - - [22/Feb/2026:15:04:33 -0700] "GET /zak%C5%82ady-dino-hunter/ HTTP/1.1" 200 9102 "https://ftscreations.com/zak%C5%82ady-dino-hunter" "Mozilla/5.0 (Linux; Android 7.0;) AppleWebKit/537.36 (KHTML, like Gecko) Mobile Safari/537.36 (compatible; PetalBot;+https://webmaster.petalsearch.com/site/petalbot)" 3718 **3/3718531**
114.119.142.93 - - [22/Feb/2026:15:05:57 -0700] "GET /zagraj-w-darmowe-demo-automatu-gems-gone-wild/ HTTP/1.1" 200 9212 "https://ftscreations.com/zagraj-w-darmowe-demo-automatu-gems-gone-wild/" "Mozilla/5.0 (Linux; Android 7.0;) AppleWebKit/537.36 (KHTML, like Gecko) Mobile Safari/537.36 (compatible; PetalBot;+https://webmaster.petalsearch.com/site/petalbot)" 4179 **4/4179571**
114.119.149.66 - - [22/Feb/2026:15:07:19 -0700] "GET /wnioski-dotycz%C4%85ce-wra%C5%BCe%C5%84-z-gry-narcos-mexico/ HTTP/1.1" 200 9357 "http://ftscreations.com/?p=8669" "Mozilla/5.0 (Linux; Android 7.0;) AppleWebKit/537.36 (KHTML, like Gecko) Mobile Safari/537.36 (compatible; PetalBot;+https://webmaster.petalsearch.com/site/petalbot)" 4451 **4/4451455**
114.119.136.249 - - [22/Feb/2026:15:08:43 -0700] "GET /wersja-gry-wieloosobowa-fortune-tiger HTTP/1.1" 301 - "https://ftscreations.com/wersja-gry-wieloosobowa-fortune-tiger" "Mozilla/5.0 (Linux; Android 7.0;) AppleWebKit/537.36 (KHTML, like Gecko) Mobile Safari/537.36 (compatible; PetalBot;+https://webmaster.petalsearch.com/site/petalbot)" 2264 **2/2264794**
114.119.136.249 - - [22/Feb/2026:15:08:46 -0700] "GET /wersja-gry-wieloosobowa-fortune-tiger/ HTTP/1.1" 200 9286 "https://ftscreations.com/wersja-gry-wieloosobowa-fortune-tiger" "Mozilla/5.0 (Linux; Android 7.0;) AppleWebKit/537.36 (KHTML, like Gecko) Mobile Safari/537.36 (compatible; PetalBot;+https://webmaster.petalsearch.com/site/petalbot)" 6211 **6/6211188**
114.119.129.175 - - [22/Feb/2026:15:10:06 -0700] "GET /w-kt%C3%B3rym-kasynie-najlepiej-zagra%C4%87-na-slocie-mustang-money/ HTTP/1.1" 200 9421 "https://ftscreations.com/w-kt%C3%B3rym-kasynie-najlepiej-zagra%C4%87-na-slocie-mustang-money/" "Mozilla/5.0 (Linux; Android 7.0;) AppleWebKit/537.36 (KHTML, like Gecko) Mobile Safari/537.36 (compatible; PetalBot;+https://webmaster.petalsearch.com/site/petalbot)" 3446 **3/3446952**
43.173.181.136 - - [22/Feb/2026:15:10:13 -0700] "GET /?p=7634 HTTP/1.1" 301 - "http://ftscreations.com/?p=7634" "Mozilla/5.0 (Windows NT 10.0; Win64; x64) AppleWebKit/537.36 (KHTML, like Gecko) Chrome/112.0.0.0 Safari/537.36" 2647 **2/2647066**
43.173.181.136 - - [22/Feb/2026:15:10:16 -0700] "GET /zdob%C4%85d%C5%BA-darmowe-spiny-na-fire-joker/ HTTP/1.1" 200 9390 "https://ftscreations.com/?p=7634" "Mozilla/5.0 (Windows NT 10.0; Win64; x64) AppleWebKit/537.36 (KHTML, like Gecko) Chrome/112.0.0.0 Safari/537.36" 3791 **3/3791923**
43.163.23.21 - - [22/Feb/2026:15:10:25 -0700] "POST / HTTP/1.1" 204 - "http://ftscreations.com/" "Mozilla/5.0 (Windows NT 10.0; Win64; x64) AppleWebKit/537.36 (KHTML, like Gecko) Chrome/112.0.0.0 Safari/537.36" 3456 **3/3456060**
114.119.129.175 - - [22/Feb/2026:15:11:30 -0700] "GET /w-kasynie-online-3-coins-egypt/ HTTP/1.1" 200 8808 "https://ftscreations.com/w-kasynie-online-3-coins-egypt" "Mozilla/5.0 (Linux; Android 7.0;) AppleWebKit/537.36 (KHTML, like Gecko) Mobile Safari/537.36 (compatible; PetalBot;+https://webmaster.petalsearch.com/site/petalbot)" 5109 **5/5109133**
43.173.175.239 - - [22/Feb/2026:15:12:16 -0700] "GET /kup-gr%C4%99-bonusow%C4%85-40-ferocious-fruits/ HTTP/1.1" 200 9256 "-" "Mozilla/5.0 (Windows NT 10.0; Win64; x64) AppleWebKit/537.36 (KHTML, like Gecko) Chrome/110.0.0.0 Safari/537.36" 6746 **6/6746237**
43.173.173.171 - - [22/Feb/2026:15:12:29 -0700] "POST / HTTP/1.1" 204 - "https://ftscreations.com/kup-gr%C4%99-bonusow%C4%85-40-ferocious-fruits/" "Mozilla/5.0 (Windows NT 10.0; Win64; x64) AppleWebKit/537.36 (KHTML, like Gecko) Chrome/110.0.0.0 Safari/537.36" 5132 **5/5132199**
114.119.141.35 - - [22/Feb/2026:15:12:56 -0700] "GET /vilk-and-little-red-szybkie-tempo-i-zabawa HTTP/1.1" 301 - "-" "Mozilla/5.0 (Linux; Android 7.0;) AppleWebKit/537.36 (KHTML, like Gecko) Mobile Safari/537.36 (compatible; PetalBot;+https://webmaster.petalsearch.com/site/petalbot)" 1705 **1/1705846**
114.119.141.35 - - [22/Feb/2026:15:12:58 -0700] "GET /vilk-and-little-red-szybkie-tempo-i-zabawa/ HTTP/1.1" 200 9279 "-" "Mozilla/5.0 (Linux; Android 7.0;) AppleWebKit/537.36 (KHTML, like Gecko) Mobile Safari/537.36 (compatible; PetalBot;+https://webmaster.petalsearch.com/site/petalbot)" 2573 **2/2573029**
47.82.11.151 - - [22/Feb/2026:15:13:23 -0700] "GET /highfly-casino-euer-spitzenpartner-fur-exzellentes/ HTTP/1.1" 200 9948 "https://ftscreations.com/" "Mozilla/5.0 (Windows NT 10.0; Win64; x64) AppleWebKit/537.36 (KHTML, like Gecko) Chrome/135.0.0.0 Safari/537.36 Edg/135.0.0.0" 2351 **2/2351526**
114.119.159.62 - - [22/Feb/2026:15:14:18 -0700] "GET /ultimate-crystals-recenzja/ HTTP/1.1" 200 9124 "https://ftscreations.com/ultimate-crystals-recenzja/" "Mozilla/5.0 (Linux; Android 7.0;) AppleWebKit/537.36 (KHTML, like Gecko) Mobile Safari/537.36 (compatible; PetalBot;+https://webmaster.petalsearch.com/site/petalbot)" 3063 **3/3063422**
114.119.146.15 - - [22/Feb/2026:15:15:44 -0700] "GET /thunderstruck-ii-mega-moolah-bonus/ HTTP/1.1" 200 9114 "https://ftscreations.com/thunderstruck-ii-mega-moolah-bonus/" "Mozilla/5.0 (Linux; Android 7.0;) AppleWebKit/537.36 (KHTML, like Gecko) Mobile Safari/537.36 (compatible; PetalBot;+https://webmaster.petalsearch.com/site/petalbot)" 2514 **2/2514759**
162.62.213.165 - - [22/Feb/2026:15:16:53 -0700] "GET / HTTP/1.1" 200 4544 "http://ftscreations.com" "Mozilla/5.0 (iPhone; CPU iPhone OS 13_2_3 like Mac OS X) AppleWebKit/605.1.15 (KHTML, like Gecko) Version/13.0.3 Mobile/15E148 Safari/604.1" 5176 **5/5176526**
114.119.129.175 - - [22/Feb/2026:15:17:11 -0700] "GET /temat-i-fabu%C5%82a-gry-vault-of-anubis/ HTTP/1.1" 200 8948 "https://ftscreations.com/temat-i-fabu%C5%82a-gry-vault-of-anubis" "Mozilla/5.0 (Linux; Android 7.0;) AppleWebKit/537.36 (KHTML, like Gecko) Mobile Safari/537.36 (compatible; PetalBot;+https://webmaster.petalsearch.com/site/petalbot)" 2152 **2/2152532**
114.119.149.66 - - [22/Feb/2026:15:18:30 -0700] "GET /symbole-wysokiego-mno%C5%BCnika-w-slocie-the-shadow-order HTTP/1.1" 301 - "-" "Mozilla/5.0 (Linux; Android 7.0;) AppleWebKit/537.36 (KHTML, like Gecko) Mobile Safari/537.36 (compatible; PetalBot;+https://webmaster.petalsearch.com/site/petalbot)" 2856 **2/2856936**
177.222.167.20 - - [22/Feb/2026:15:18:31 -0700] "GET /?p=4045 HTTP/1.1" 301 1 "http://ftscreations.com/" "Mozilla/5.0 (Windows NT 10.0; Win64; x64) AppleWebKit/537.36 (KHTML, like Gecko) Chrome/135.0.0.0 Safari/537.36" 2984 **2/2984644**
114.119.149.66 - - [22/Feb/2026:15:18:34 -0700] "GET /symbole-wysokiego-mno%C5%BCnika-w-slocie-the-shadow-order/ HTTP/1.1" 200 9246 "-" "Mozilla/5.0 (Linux; Android 7.0;) AppleWebKit/537.36 (KHTML, like Gecko) Mobile Safari/537.36 (compatible; PetalBot;+https://webmaster.petalsearch.com/site/petalbot)" 1992 **1/1992746**
114.119.149.66 - - [22/Feb/2026:15:19:53 -0700] "GET /ultimate-hot-funkcja-kaskady-w-maszynach HTTP/1.1" 301 - "https://ftscreations.com/ultimate-hot-funkcja-kaskady-w-maszynach" "Mozilla/5.0 (Linux; Android 7.0;) AppleWebKit/537.36 (KHTML, like Gecko) Mobile Safari/537.36 (compatible; PetalBot;+https://webmaster.petalsearch.com/site/petalbot)" 4559 **4/4559134**
114.119.149.66 - - [22/Feb/2026:15:19:59 -0700] "GET /ultimate-hot-funkcja-kaskady-w-maszynach/ HTTP/1.1" 200 9490 "https://ftscreations.com/ultimate-hot-funkcja-kaskady-w-maszynach" "Mozilla/5.0 (Linux; Android 7.0;) AppleWebKit/537.36 (KHTML, like Gecko) Mobile Safari/537.36 (compatible; PetalBot;+https://webmaster.petalsearch.com/site/petalbot)" 4089 **4/4089866**
114.119.146.15 - - [22/Feb/2026:15:21:23 -0700] "GET /symbole-rozproszone-na-ruleta-grand-croupier-mar%C3%ADa-lapiedra/ HTTP/1.1" 200 9483 "https://ftscreations.com/symbole-rozproszone-na-ruleta-grand-croupier-mar%C3%ADa-lapiedra" "Mozilla/5.0 (Linux; Android 7.0;) AppleWebKit/537.36 (KHTML, like Gecko) Mobile Safari/537.36 (compatible; PetalBot;+https://webmaster.petalsearch.com/site/petalbot)" 5456 **5/5456394**
114.119.151.146 - - [22/Feb/2026:15:22:39 -0700] "GET /symbole-niskiej-i-wysokiej-warto%C5%9Bci-w-book-of-aphrodite-the-love-spell/ HTTP/1.1" 200 9127 "https://ftscreations.com/symbole-niskiej-i-wysokiej-warto%C5%9Bci-w-book-of-aphrodite-the-love-spell" "Mozilla/5.0 (Linux; Android 7.0;) AppleWebKit/537.36 (KHTML, like Gecko) Mobile Safari/537.36 (compatible; PetalBot;+https://webmaster.petalsearch.com/site/petalbot)" 5001 **5/5001572**
47.82.11.1 - - [22/Feb/2026:15:23:22 -0700] "GET /rapid-and-protected-payid-payouts-at-australian-online-casinos/ HTTP/1.1" 200 9469 "https://ftscreations.com/" "Mozilla/5.0 (Macintosh; Intel Mac OS X 10_15_7) AppleWebKit/537.36 (KHTML, like Gecko) Chrome/135.0.0.0 Safari/537.36" 5259 **5/5259708**
114.119.149.66 - - [22/Feb/2026:15:24:03 -0700] "GET /symbole-mno%C5%BCnika-do-rise-of-merlin/ HTTP/1.1" 200 9189 "http://ftscreations.com/?p=9121" "Mozilla/5.0 (Linux; Android 7.0;) AppleWebKit/537.36 (KHTML, like Gecko) Mobile Safari/537.36 (compatible; PetalBot;+https://webmaster.petalsearch.com/site/petalbot)" 863 **0/863590**
114.119.141.35 - - [22/Feb/2026:15:25:30 -0700] "GET /super-hot-rtp-i-zmienno%C5%9B%C4%87 HTTP/1.1" 301 - "https://ftscreations.com/super-hot-rtp-i-zmienno%C5%9B%C4%87" "Mozilla/5.0 (Linux; Android 7.0;) AppleWebKit/537.36 (KHTML, like Gecko) Mobile Safari/537.36 (compatible; PetalBot;+https://webmaster.petalsearch.com/site/petalbot)" 2563 **2/2563884**
114.119.141.35 - - [22/Feb/2026:15:25:34 -0700] "GET /super-hot-rtp-i-zmienno%C5%9B%C4%87/ HTTP/1.1" 200 8938 "https://ftscreations.com/super-hot-rtp-i-zmienno%C5%9B%C4%87" "Mozilla/5.0 (Linux; Android 7.0;) AppleWebKit/537.36 (KHTML, like Gecko) Mobile Safari/537.36 (compatible; PetalBot;+https://webmaster.petalsearch.com/site/petalbot)" 3530 **3/3530061**
114.119.129.175 - - [22/Feb/2026:15:26:51 -0700] "GET /starlight-princess-cechy/ HTTP/1.1" 200 9256 "https://ftscreations.com/starlight-princess-cechy" "Mozilla/5.0 (Linux; Android 7.0;) AppleWebKit/537.36 (KHTML, like Gecko) Mobile Safari/537.36 (compatible; PetalBot;+https://webmaster.petalsearch.com/site/petalbot)" 4181 **4/4181977**
72.167.58.252 - - [22/Feb/2026:15:28:15 -0700] "POST /wp-cron.php?doing_wp_cron=1771799295.8632500171661376953125 HTTP/1.1" 200 - "https://ftscreations.com/wp-cron.php?doing_wp_cron=1771799295.8632500171661376953125" "WordPress/5.4.18; https://ftscreations.com" 268 **0/268149**
114.119.141.35 - - [22/Feb/2026:15:28:15 -0700] "GET /specjalne-symbole-i-bonusy-w-lights/ HTTP/1.1" 200 9179 "https://ftscreations.com/specjalne-symbole-i-bonusy-w-lights/" "Mozilla/5.0 (Linux; Android 7.0;) AppleWebKit/537.36 (KHTML, like Gecko) Mobile Safari/537.36 (compatible; PetalBot;+https://webmaster.petalsearch.com/site/petalbot)" 653 **0/653421**
47.82.11.96 - - [22/Feb/2026:15:28:43 -0700] "GET /planet-7-oz-casino-your-ultimate-portal-to-elite/ HTTP/1.1" 200 10218 "https://ftscreations.com/" "Mozilla/5.0 (X11; CrOS x86_64 14541.0.0) AppleWebKit/537.36 (KHTML, like Gecko) Chrome/134.0.0.0 Safari/537.36" 5260 **5/5260694**
52.167.144.231 - - [22/Feb/2026:15:28:51 -0700] "GET /funkcja-darmowych-spin%C3%B3w-w-reel-heist/ HTTP/2.0" 200 8294 "-" "Mozilla/5.0 AppleWebKit/537.36 (KHTML, like Gecko; compatible; bingbot/2.0; +http://www.bing.com/bingbot.htm) Chrome/116.0.1938.76 Safari/537.36" 6113 **6/6113583**
114.119.159.62 - - [22/Feb/2026:15:29:47 -0700] "GET /slot-o-du%C5%BCej-zmienno%C5%9Bci-burning-sun HTTP/1.1" 301 - "-" "Mozilla/5.0 (Linux; Android 7.0;) AppleWebKit/537.36 (KHTML, like Gecko) Mobile Safari/537.36 (compatible; PetalBot;+https://webmaster.petalsearch.com/site/petalbot)" 350 **0/350667**
114.119.159.62 - - [22/Feb/2026:15:29:49 -0700] "GET /slot-o-du%C5%BCej-zmienno%C5%9Bci-burning-sun/ HTTP/1.1" 200 9270 "-" "Mozilla/5.0 (Linux; Android 7.0;) AppleWebKit/537.36 (KHTML, like Gecko) Mobile Safari/537.36 (compatible; PetalBot;+https://webmaster.petalsearch.com/site/petalbot)" 415 **0/415499**
114.119.146.15 - - [22/Feb/2026:15:31:00 -0700] "GET /site-icon HTTP/1.1" 301 - "https://ftscreations.com/cropped-apple-touch-icon-4-png" "Mozilla/5.0 (Linux; Android 7.0;) AppleWebKit/537.36 (KHTML, like Gecko) Mobile Safari/537.36 (compatible; PetalBot;+https://webmaster.petalsearch.com/site/petalbot)" 3724 **3/3724133**
114.119.146.15 - - [22/Feb/2026:15:31:06 -0700] "GET /site-icon/ HTTP/1.1" 200 4984 "https://ftscreations.com/cropped-apple-touch-icon-4-png" "Mozilla/5.0 (Linux; Android 7.0;) AppleWebKit/537.36 (KHTML, like Gecko) Mobile Safari/537.36 (compatible; PetalBot;+https://webmaster.petalsearch.com/site/petalbot)" 2952 **2/2952410**
52.167.144.231 - - [22/Feb/2026:15:31:21 -0700] "GET /vikings-go-to-valhalla-symbole-i-wyp%C5%82aty/ HTTP/2.0" 200 8862 "-" "Mozilla/5.0 AppleWebKit/537.36 (KHTML, like Gecko; compatible; bingbot/2.0; +http://www.bing.com/bingbot.htm) Chrome/116.0.1938.76 Safari/537.36" 314 **0/314642**
114.119.159.62 - - [22/Feb/2026:15:32:25 -0700] "GET /siberian-storm-maksymalna-wygrana-5000x-depozytu/ HTTP/1.1" 200 9186 "https://ftscreations.com/siberian-storm-maksymalna-wygrana-5000x-depozytu/" "Mozilla/5.0 (Linux; Android 7.0;) AppleWebKit/537.36 (KHTML, like Gecko) Mobile Safari/537.36 (compatible; PetalBot;+https://webmaster.petalsearch.com/site/petalbot)" 3717 **3/3717196**
114.119.149.66 - - [22/Feb/2026:15:33:52 -0700] "GET /scatter-i-darmowe-spiny-w-grze-sweet-bonanza-candyland/ HTTP/1.1" 200 9326 "https://ftscreations.com/scatter-i-darmowe-spiny-w-grze-sweet-bonanza-candyland/" "Mozilla/5.0 (Linux; Android 7.0;) AppleWebKit/537.36 (KHTML, like Gecko) Mobile Safari/537.36 (compatible; PetalBot;+https://webmaster.petalsearch.com/site/petalbot)" 6482 **6/6482700**
114.119.151.146 - - [22/Feb/2026:15:35:21 -0700] "GET /runda-bonusowa-z-progresywnym-mno%C5%BCnikiem-w-buffalo-king HTTP/1.1" 301 - "-" "Mozilla/5.0 (Linux; Android 7.0;) AppleWebKit/537.36 (KHTML, like Gecko) Mobile Safari/537.36 (compatible; PetalBot;+https://webmaster.petalsearch.com/site/petalbot)" 3568 **3/3568182**
114.119.151.146 - - [22/Feb/2026:15:35:27 -0700] "GET /runda-bonusowa-z-progresywnym-mno%C5%BCnikiem-w-buffalo-king/ HTTP/1.1" 200 9061 "-" "Mozilla/5.0 (Linux; Android 7.0;) AppleWebKit/537.36 (KHTML, like Gecko) Mobile Safari/537.36 (compatible; PetalBot;+https://webmaster.petalsearch.com/site/petalbot)" 6127 **6/6127643**
114.119.141.35 - - [22/Feb/2026:15:36:36 -0700] "GET /rozgrywka-san-quentin-xways/ HTTP/1.1" 200 9231 "https://ftscreations.com/blog/page/39/" "Mozilla/5.0 (Linux; Android 7.0;) AppleWebKit/537.36 (KHTML, like Gecko) Mobile Safari/537.36 (compatible; PetalBot;+https://webmaster.petalsearch.com/site/petalbot)" 4034 **4/4034352**
114.119.129.175 - - [22/Feb/2026:15:38:29 -0700] "GET /respin-fruits-podstawy/ HTTP/1.1" 200 9420 "https://ftscreations.com/respin-fruits-podstawy/" "Mozilla/5.0 (Linux; Android 7.0;) AppleWebKit/537.36 (KHTML, like Gecko) Mobile Safari/537.36 (compatible; PetalBot;+https://webmaster.petalsearch.com/site/petalbot)" 5575 **5/5575185**
114.119.159.62 - - [22/Feb/2026:15:39:29 -0700] "GET /red-diamond-graj-w-darmowe-gry-automatowe-te-klasyczne-gry-kasynowe-s%C4%85-pe%C5%82ne-zwyci%C4%99skich-automat%C3%B3w/ HTTP/1.1" 200 9453 "https://ftscreations.com/red-diamond-graj-w-darmowe-gry-automatowe-te-klasyczne-gry-kasynowe-s%C4%85-pe%C5%82ne-zwyci%C4%99skich-automat%C3%B3w/" "Mozilla/5.0 (Linux; Android 7.0;) AppleWebKit/537.36 (KHTML, like Gecko) Mobile Safari/537.36 (compatible; PetalBot;+https://webmaster.petalsearch.com/site/petalbot)" 4095 **4/4095563**
114.119.129.175 - - [22/Feb/2026:15:40:45 -0700] "GET /recenzja-gry-wild-hot-chilli-reels/ HTTP/1.1" 200 9424 "https://ftscreations.com/recenzja-gry-wild-hot-chilli-reels" "Mozilla/5.0 (Linux; Android 7.0;) AppleWebKit/537.36 (KHTML, like Gecko) Mobile Safari/537.36 (compatible; PetalBot;+https://webmaster.petalsearch.com/site/petalbot)" 4224 **4/4224898**
114.119.129.175 - - [22/Feb/2026:15:42:09 -0700] "GET /queen-of-gods-opcje-zak%C5%82ad%C3%B3w-i-strategie-gry/ HTTP/1.1" 200 8966 "https://ftscreations.com/queen-of-gods-opcje-zak%C5%82ad%C3%B3w-i-strategie-gry/" "Mozilla/5.0 (Linux; Android 7.0;) AppleWebKit/537.36 (KHTML, like Gecko) Mobile Safari/537.36 (compatible; PetalBot;+https://webmaster.petalsearch.com/site/petalbot)" 390 **0/390856**
114.119.136.249 - - [22/Feb/2026:15:43:32 -0700] "GET /queen-of-gods-gra-podstawowa-i-symbole/ HTTP/1.1" 200 9133 "https://ftscreations.com/queen-of-gods-gra-podstawowa-i-symbole/" "Mozilla/5.0 (Linux; Android 7.0;) AppleWebKit/537.36 (KHTML, like Gecko) Mobile Safari/537.36 (compatible; PetalBot;+https://webmaster.petalsearch.com/site/petalbot)" 553 **0/553909**
98.159.37.80 - - [22/Feb/2026:15:43:35 -0700] "POST /wp-login.php HTTP/1.1" 200 5908 "-" "Mozilla/5.0" 483 **0/483453**
216.24.210.152 - - [22/Feb/2026:15:43:35 -0700] "POST /wp-login.php HTTP/1.1" 200 5914 "-" "Mozilla/5.0" 486 **0/486876**
98.159.37.77 - - [22/Feb/2026:15:43:35 -0700] "POST /wp-login.php HTTP/1.1" 200 5761 "-" "Mozilla/5.0" 576 **0/576699**
114.119.141.35 - - [22/Feb/2026:15:44:57 -0700] "GET /przegl%C4%85d-kasyn-online-oferuj%C4%85cych-shamans-dream-2/ HTTP/1.1" 200 9229 "https://ftscreations.com/przegl%C4%85d-kasyn-online-oferuj%C4%85cych-shamans-dream-2" "Mozilla/5.0 (Linux; Android 7.0;) AppleWebKit/537.36 (KHTML, like Gecko) Mobile Safari/537.36 (compatible; PetalBot;+https://webmaster.petalsearch.com/site/petalbot)" 376 **0/376245**
114.119.129.175 - - [22/Feb/2026:15:46:22 -0700] "GET /primate-king-opcja-ante-bet-aby-zwi%C4%99kszy%C4%87-zak%C5%82ad/ HTTP/1.1" 200 9332 "https://ftscreations.com/primate-king-opcja-ante-bet-aby-zwi%C4%99kszy%C4%87-zak%C5%82ad" "Mozilla/5.0 (Linux; Android 7.0;) AppleWebKit/537.36 (KHTML, like Gecko) Mobile Safari/537.36 (compatible; PetalBot;+https://webmaster.petalsearch.com/site/petalbot)" 469 **0/469734**
114.119.146.15 - - [22/Feb/2026:15:47:43 -0700] "GET /pricing HTTP/1.1" 301 - "https://ftscreations.com/losowe-mno%C5%BCniki-w-lucky-jack-book-of-rebirth" "Mozilla/5.0 (Linux; Android 7.0;) AppleWebKit/537.36 (KHTML, like Gecko) Mobile Safari/537.36 (compatible; PetalBot;+https://webmaster.petalsearch.com/site/petalbot)" 325 **0/325196**
114.119.146.15 - - [22/Feb/2026:15:47:46 -0700] "GET /pricing/ HTTP/1.1" 200 5443 "https://ftscreations.com/losowe-mno%C5%BCniki-w-lucky-jack-book-of-rebirth" "Mozilla/5.0 (Linux; Android 7.0;) AppleWebKit/537.36 (KHTML, like Gecko) Mobile Safari/537.36 (compatible; PetalBot;+https://webmaster.petalsearch.com/site/petalbot)" 295 **0/295755**
114.119.129.175 - - [22/Feb/2026:15:49:15 -0700] "GET /portfolio/embedded-software/ HTTP/1.1" 200 4967 "https://ftscreations.com/portfolio/carpentry/" "Mozilla/5.0 (Linux; Android 7.0;) AppleWebKit/537.36 (KHTML, like Gecko) Mobile Safari/537.36 (compatible; PetalBot;+https://webmaster.petalsearch.com/site/petalbot)" 330 **0/330808**
114.119.129.175 - - [22/Feb/2026:15:50:31 -0700] "GET /popularno%C5%9B%C4%87-heliopopolislegacy-of-dead/ HTTP/1.1" 200 9225 "https://ftscreations.com/popularno%C5%9B%C4%87-heliopopolislegacy-of-dead/" "Mozilla/5.0 (Linux; Android 7.0;) AppleWebKit/537.36 (KHTML, like Gecko) Mobile Safari/537.36 (compatible; PetalBot;+https://webmaster.petalsearch.com/site/petalbot)" 5587 **5/5587819**
114.119.149.66 - - [22/Feb/2026:15:52:05 -0700] "GET /podr%C3%B3%C5%BC-do-chmur-dead-or-alive-2/ HTTP/1.1" 200 9350 "https://ftscreations.com/podr%C3%B3%C5%BC-do-chmur-dead-or-alive-2" "Mozilla/5.0 (Linux; Android 7.0;) AppleWebKit/537.36 (KHTML, like Gecko) Mobile Safari/537.36 (compatible; PetalBot;+https://webmaster.petalsearch.com/site/petalbot)" 6492 **6/6492114**
114.119.149.66 - - [22/Feb/2026:15:53:23 -0700] "GET /plus-3-classic-symbole-i-symbole-mno%C5%BCnik%C3%B3w/ HTTP/1.1" 200 9379 "https://ftscreations.com/plus-3-classic-symbole-i-symbole-mno%C5%BCnik%C3%B3w" "Mozilla/5.0 (Linux; Android 7.0;) AppleWebKit/537.36 (KHTML, like Gecko) Mobile Safari/537.36 (compatible; PetalBot;+https://webmaster.petalsearch.com/site/petalbot)" 5485 **5/5485347**
114.119.142.93 - - [22/Feb/2026:15:54:41 -0700] "GET /olympus-zeus-megaways-wygrana-kwota-zale%C5%BCy-od-pasuj%C4%85cych-symboli-w-grze HTTP/1.1" 301 - "-" "Mozilla/5.0 (Linux; Android 7.0;) AppleWebKit/537.36 (KHTML, like Gecko) Mobile Safari/537.36 (compatible; PetalBot;+https://webmaster.petalsearch.com/site/petalbot)" 3384 **3/3384434**
114.119.142.93 - - [22/Feb/2026:15:54:45 -0700] "GET /olympus-zeus-megaways-wygrana-kwota-zale%C5%BCy-od-pasuj%C4%85cych-symboli-w-grze/ HTTP/1.1" 200 9233 "-" "Mozilla/5.0 (Linux; Android 7.0;) AppleWebKit/537.36 (KHTML, like Gecko) Mobile Safari/537.36 (compatible; PetalBot;+https://webmaster.petalsearch.com/site/petalbot)" 5843 **5/5843718**
114.119.142.93 - - [22/Feb/2026:15:56:05 -0700] "GET /oce%C5%84-ten-automat-hunters-dream-2/ HTTP/1.1" 200 9431 "https://ftscreations.com/oce%C5%84-ten-automat-hunters-dream-2/" "Mozilla/5.0 (Linux; Android 7.0;) AppleWebKit/537.36 (KHTML, like Gecko) Mobile Safari/537.36 (compatible; PetalBot;+https://webmaster.petalsearch.com/site/petalbot)" 6652 **6/6652118**
114.119.159.62 - - [22/Feb/2026:15:57:31 -0700] "GET /natychmiastowe-symbole-nagr%C3%B3d-w-lucky-8/ HTTP/1.1" 200 9404 "https://ftscreations.com/natychmiastowe-symbole-nagr%C3%B3d-w-lucky-8" "Mozilla/5.0 (Linux; Android 7.0;) AppleWebKit/537.36 (KHTML, like Gecko) Mobile Safari/537.36 (compatible; PetalBot;+https://webmaster.petalsearch.com/site/petalbot)" 5466 **5/5466573**
114.119.136.249 - - [22/Feb/2026:15:58:52 -0700] "GET /najwi%C4%99kszych-wygranych-w-kasynie-w-club-tropicana/ HTTP/1.1" 200 8915 "https://ftscreations.com/najwi%C4%99kszych-wygranych-w-kasynie-w-club-tropicana/" "Mozilla/5.0 (Linux; Android 7.0;) AppleWebKit/537.36 (KHTML, like Gecko) Mobile Safari/537.36 (compatible; PetalBot;+https://webmaster.petalsearch.com/site/petalbot)" 5986 **5/5986443**
207.46.13.125 - - [22/Feb/2026:15:59:13 -0700] "GET /ronins-honour-bezp%C5%82atnie/ HTTP/2.0" 200 8893 "-" "Mozilla/5.0 AppleWebKit/537.36 (KHTML, like Gecko; compatible; bingbot/2.0; +http://www.bing.com/bingbot.htm) Chrome/116.0.1938.76 Safari/537.36" 5964 **5/5964109**
121.229.156.47 - - [22/Feb/2026:15:59:52 -0700] "GET /wp-content/uploads/2015/10/Death_to_Stock_Photography_Venice_Sun10-Custom-594x396.jpg HTTP/1.1" 200 32083 "https://ftscreations.com/portfolio/" "Mozilla/5.0 (Windows NT 10.0; Win64; x64) AppleWebKit/537.36 (KHTML, like Gecko) Chrome/142.0.0.0 Safari/537.36" 6 **0/6131**
114.119.142.93 - - [22/Feb/2026:16:00:15 -0700] "GET /mo%C5%BCliwo%C5%9B%C4%87-osi%C4%85gni%C4%99cia-du%C5%BCych-zysk%C3%B3w-i-dobrej-zabawy-w-book-of-kings/ HTTP/1.1" 200 9249 "https://ftscreations.com/mo%C5%BCliwo%C5%9B%C4%87-osi%C4%85gni%C4%99cia-du%C5%BCych-zysk%C3%B3w-i-dobrej-zabawy-w-book-of-kings" "Mozilla/5.0 (Linux; Android 7.0;) AppleWebKit/537.36 (KHTML, like Gecko) Mobile Safari/537.36 (compatible; PetalBot;+https://webmaster.petalsearch.com/site/petalbot)" 6151 **6/6151004**
114.119.151.146 - - [22/Feb/2026:16:01:39 -0700] "GET /mega-fire-blaze-roulette-dost%C4%99pna-wersja-demonstracyjna/ HTTP/1.1" 200 9098 "https://ftscreations.com/mega-fire-blaze-roulette-dost%C4%99pna-wersja-demonstracyjna" "Mozilla/5.0 (Linux; Android 7.0;) AppleWebKit/537.36 (KHTML, like Gecko) Mobile Safari/537.36 (compatible; PetalBot;+https://webmaster.petalsearch.com/site/petalbot)" 5320 **5/5320269**
114.119.129.175 - - [22/Feb/2026:16:03:03 -0700] "GET /mechanizm-gry-vikings/ HTTP/1.1" 200 9304 "https://ftscreations.com/mechanizm-gry-vikings/" "Mozilla/5.0 (Linux; Android 7.0;) AppleWebKit/537.36 (KHTML, like Gecko) Mobile Safari/537.36 (compatible; PetalBot;+https://webmaster.petalsearch.com/site/petalbot)" 5399 **5/5399636**
114.119.151.146 - - [22/Feb/2026:16:04:36 -0700] "GET /mayan-gods-grafika-i-d%C5%BAwi%C4%99k HTTP/1.1" 301 - "https://ftscreations.com/mayan-gods-grafika-i-d%C5%BAwi%C4%99k" "Mozilla/5.0 (Linux; Android 7.0;) AppleWebKit/537.36 (KHTML, like Gecko) Mobile Safari/537.36 (compatible; PetalBot;+https://webmaster.petalsearch.com/site/petalbot)" 2105 **2/2105728**
114.119.151.146 - - [22/Feb/2026:16:04:40 -0700] "GET /mayan-gods-grafika-i-d%C5%BAwi%C4%99k/ HTTP/1.1" 200 9289 "https://ftscreations.com/mayan-gods-grafika-i-d%C5%BAwi%C4%99k" "Mozilla/5.0 (Linux; Android 7.0;) AppleWebKit/537.36 (KHTML, like Gecko) Mobile Safari/537.36 (compatible; PetalBot;+https://webmaster.petalsearch.com/site/petalbot)" 4557 **4/4557678**
114.119.129.175 - - [22/Feb/2026:16:05:53 -0700] "GET /max-niereem%C3%A9ny-lost-island/ HTTP/1.1" 200 9295 "https://ftscreations.com/max-niereem%C3%A9ny-lost-island" "Mozilla/5.0 (Linux; Android 7.0;) AppleWebKit/537.36 (KHTML, like Gecko) Mobile Safari/537.36 (compatible; PetalBot;+https://webmaster.petalsearch.com/site/petalbot)" 4115 **4/4115836**
114.119.141.35 - - [22/Feb/2026:16:07:16 -0700] "GET /lucky-7-funkcja-mno%C5%BCnika-od-2x-do-500x/ HTTP/1.1" 200 9178 "https://ftscreations.com/lucky-7-funkcja-mno%C5%BCnika-od-2x-do-500x/" "Mozilla/5.0 (Linux; Android 7.0;) AppleWebKit/537.36 (KHTML, like Gecko) Mobile Safari/537.36 (compatible; PetalBot;+https://webmaster.petalsearch.com/site/petalbot)" 4344 **4/4344569**
114.119.149.66 - - [22/Feb/2026:16:08:39 -0700] "GET /kup-bonusy-w-book-of-shadows HTTP/1.1" 301 - "-" "Mozilla/5.0 (Linux; Android 7.0;) AppleWebKit/537.36 (KHTML, like Gecko) Mobile Safari/537.36 (compatible; PetalBot;+https://webmaster.petalsearch.com/site/petalbot)" 3906 **3/3906592**
114.119.149.66 - - [22/Feb/2026:16:08:45 -0700] "GET /kup-bonusy-w-book-of-shadows/ HTTP/1.1" 200 8986 "-" "Mozilla/5.0 (Linux; Android 7.0;) AppleWebKit/537.36 (KHTML, like Gecko) Mobile Safari/537.36 (compatible; PetalBot;+https://webmaster.petalsearch.com/site/petalbot)" 5044 **5/5044099**
52.167.144.238 - - [22/Feb/2026:16:09:43 -0700] "GET /ocean-spray-efekt-kaskady/ HTTP/2.0" 200 8587 "-" "Mozilla/5.0 AppleWebKit/537.36 (KHTML, like Gecko; compatible; bingbot/2.0; +http://www.bing.com/bingbot.htm) Chrome/116.0.1938.76 Safari/537.36" 2365 **2/2365356**
114.119.146.15 - - [22/Feb/2026:16:10:02 -0700] "GET /kompatybilny-z-komputerami-pc-telefonami-kom%C3%B3rkowymi-z-systemem-ios-i-android-power-of-thor-megaways/ HTTP/1.1" 200 9534 "https://ftscreations.com/kompatybilny-z-komputerami-pc-telefonami-kom%C3%B3rkowymi-z-systemem-ios-i-android-power-of-thor-megaways/" "Mozilla/5.0 (Linux; Android 7.0;) AppleWebKit/537.36 (KHTML, like Gecko) Mobile Safari/537.36 (compatible; PetalBot;+https://webmaster.petalsearch.com/site/petalbot)" 3543 **3/3543225**
114.119.129.175 - - [22/Feb/2026:16:11:25 -0700] "GET /ken02 HTTP/1.1" 301 - "https://ftscreations.com/ken01" "Mozilla/5.0 (Linux; Android 7.0;) AppleWebKit/537.36 (KHTML, like Gecko) Mobile Safari/537.36 (compatible; PetalBot;+https://webmaster.petalsearch.com/site/petalbot)" 3475 **3/3475949**
114.119.129.175 - - [22/Feb/2026:16:11:30 -0700] "GET /ken02/ HTTP/1.1" 200 4983 "https://ftscreations.com/ken01" "Mozilla/5.0 (Linux; Android 7.0;) AppleWebKit/537.36 (KHTML, like Gecko) Mobile Safari/537.36 (compatible; PetalBot;+https://webmaster.petalsearch.com/site/petalbot)" 3263 **3/3263672**
114.119.146.15 - - [22/Feb/2026:16:12:49 -0700] "GET /kategorie-gier-kasynowych-fire-blaze-toltec-blocks/ HTTP/1.1" 200 9080 "https://ftscreations.com/kategorie-gier-kasynowych-fire-blaze-toltec-blocks/" "Mozilla/5.0 (Linux; Android 7.0;) AppleWebKit/537.36 (KHTML, like Gecko) Mobile Safari/537.36 (compatible; PetalBot;+https://webmaster.petalsearch.com/site/petalbot)" 6847 **6/6847665**
114.119.129.175 - - [22/Feb/2026:16:14:12 -0700] "GET /zalety-i-wady-luck-of-the-irish HTTP/1.1" 301 - "-" "Mozilla/5.0 (Linux; Android 7.0;) AppleWebKit/537.36 (KHTML, like Gecko) Mobile Safari/537.36 (compatible; PetalBot;+https://webmaster.petalsearch.com/site/petalbot)" 3076 **3/3076772**
114.119.129.175 - - [22/Feb/2026:16:14:16 -0700] "GET /zalety-i-wady-luck-of-the-irish/ HTTP/1.1" 200 8753 "-" "Mozilla/5.0 (Linux; Android 7.0;) AppleWebKit/537.36 (KHTML, like Gecko) Mobile Safari/537.36 (compatible; PetalBot;+https://webmaster.petalsearch.com/site/petalbot)" 5476 **5/5476994**
43.173.181.6 - - [22/Feb/2026:16:14:45 -0700] "GET /?p=13484 HTTP/1.1" 301 - "-" "Mozilla/5.0 (Windows NT 10.0; Win64; x64) AppleWebKit/537.36 (KHTML, like Gecko) Chrome/117.0.0.0 Safari/537.36" 4034 **4/4034173**
43.173.174.16 - - [22/Feb/2026:16:14:45 -0700] "GET /?p=3218 HTTP/1.1" 301 - "http://ftscreations.com/?p=3218" "Mozilla/5.0 (Windows NT 10.0; Win64; x64) AppleWebKit/537.36 (KHTML, like Gecko) Chrome/117.0.0.0 Safari/537.36" 4236 **4/4236940**
43.173.181.6 - - [22/Feb/2026:16:14:50 -0700] "GET /fast-slots-plateforme-votre-propre-plateforme-de/ HTTP/1.1" 200 10872 "https://ftscreations.com/?p=13484" "Mozilla/5.0 (Windows NT 10.0; Win64; x64) AppleWebKit/537.36 (KHTML, like Gecko) Chrome/117.0.0.0 Safari/537.36" 5203 **5/5203514**
43.173.174.16 - - [22/Feb/2026:16:14:50 -0700] "GET /roulette-x5-om%C3%B3wienie-gry/ HTTP/1.1" 200 8976 "https://ftscreations.com/?p=3218" "Mozilla/5.0 (Windows NT 10.0; Win64; x64) AppleWebKit/537.36 (KHTML, like Gecko) Chrome/117.0.0.0 Safari/537.36" 5401 **5/5401107**
43.173.176.150 - - [22/Feb/2026:16:14:56 -0700] "GET /?p=3218 HTTP/1.1" 301 - "http://ftscreations.com/?p=3218" "Mozilla/5.0 (Windows NT 10.0; Win64; x64) AppleWebKit/537.36 (KHTML, like Gecko) Chrome/131.0.0.0 Safari/537.36" 3044 **3/3044050**
43.173.175.239 - - [22/Feb/2026:16:14:56 -0700] "GET /?p=13484 HTTP/1.1" 301 - "-" "Mozilla/5.0 (Windows NT 10.0; Win64; x64) AppleWebKit/537.36 (KHTML, like Gecko) Chrome/116.0.0.0 Safari/537.36" 3778 **3/3778912**
43.173.176.150 - - [22/Feb/2026:16:15:00 -0700] "GET /roulette-x5-om%C3%B3wienie-gry/ HTTP/1.1" 200 8976 "https://ftscreations.com/?p=3218" "Mozilla/5.0 (Windows NT 10.0; Win64; x64) AppleWebKit/537.36 (KHTML, like Gecko) Chrome/131.0.0.0 Safari/537.36" 6106 **6/6106430**
43.173.175.239 - - [22/Feb/2026:16:15:01 -0700] "GET /fast-slots-plateforme-votre-propre-plateforme-de/ HTTP/1.1" 200 10872 "https://ftscreations.com/?p=13484" "Mozilla/5.0 (Windows NT 10.0; Win64; x64) AppleWebKit/537.36 (KHTML, like Gecko) Chrome/116.0.0.0 Safari/537.36" 5840 **5/5840585**
114.119.142.93 - - [22/Feb/2026:16:15:37 -0700] "GET /zak%C5%82ady-bonusowe-all-bets-blackjack/ HTTP/1.1" 200 9290 "http://ftscreations.com/?p=8169" "Mozilla/5.0 (Linux; Android 7.0;) AppleWebKit/537.36 (KHTML, like Gecko) Mobile Safari/537.36 (compatible; PetalBot;+https://webmaster.petalsearch.com/site/petalbot)" 4893 **4/4893203**
43.173.177.34 - - [22/Feb/2026:16:15:45 -0700] "GET /roulette-x5-om%C3%B3wienie-gry/ HTTP/1.1" 200 8975 "-" "Mozilla/5.0 (Windows NT 10.0; Win64; x64) AppleWebKit/537.36 (KHTML, like Gecko) Chrome/111.0.0.0 Safari/537.36" 4654 **4/4654588**
43.173.179.187 - - [22/Feb/2026:16:15:55 -0700] "POST / HTTP/1.1" 204 - "https://ftscreations.com/roulette-x5-om%C3%B3wienie-gry/" "Mozilla/5.0 (Windows NT 10.0; Win64; x64) AppleWebKit/537.36 (KHTML, like Gecko) Chrome/111.0.0.0 Safari/537.36" 2223 **2/2223483**
114.119.129.175 - - [22/Feb/2026:16:17:01 -0700] "GET /zagraj-w-solar-temple-online/ HTTP/1.1" 200 9106 "https://ftscreations.com/zagraj-w-solar-temple-online" "Mozilla/5.0 (Linux; Android 7.0;) AppleWebKit/537.36 (KHTML, like Gecko) Mobile Safari/537.36 (compatible; PetalBot;+https://webmaster.petalsearch.com/site/petalbot)" 4184 **4/4184566**
114.119.151.146 - - [22/Feb/2026:16:18:25 -0700] "GET /zagraj-w-double-diamond-za-darmo-w-trybie-demo/ HTTP/1.1" 200 9198 "https://ftscreations.com/zagraj-w-double-diamond-za-darmo-w-trybie-demo" "Mozilla/5.0 (Linux; Android 7.0;) AppleWebKit/537.36 (KHTML, like Gecko) Mobile Safari/537.36 (compatible; PetalBot;+https://webmaster.petalsearch.com/site/petalbot)" 4083 **4/4083715**
114.119.141.35 - - [22/Feb/2026:16:19:47 -0700] "GET /zagraj-na-automacie-za-darmo-lord-of-the-ocean/ HTTP/1.1" 200 9272 "https://ftscreations.com/zagraj-na-automacie-za-darmo-lord-of-the-ocean" "Mozilla/5.0 (Linux; Android 7.0;) AppleWebKit/537.36 (KHTML, like Gecko) Mobile Safari/537.36 (compatible; PetalBot;+https://webmaster.petalsearch.com/site/petalbot)" 6246 **6/6246260**
114.119.146.15 - - [22/Feb/2026:16:21:20 -0700] "GET /wild-wolf-mno%C5%BCniki-do-x500/ HTTP/1.1" 200 9100 "https://ftscreations.com/wild-wolf-mno%C5%BCniki-do-x500/" "Mozilla/5.0 (Linux; Android 7.0;) AppleWebKit/537.36 (KHTML, like Gecko) Mobile Safari/537.36 (compatible; PetalBot;+https://webmaster.petalsearch.com/site/petalbot)" 4042 **4/4042652**
47.82.11.17 - - [22/Feb/2026:16:21:51 -0700] "GET /red-baron-your-ultimate-guide-to-the-legendary/ HTTP/1.1" 200 9710 "https://ftscreations.com/" "Mozilla/5.0 (Macintosh; Intel Mac OS X 10_15_7) AppleWebKit/605.1.15 (KHTML, like Gecko) Version/16.2 Safari/605.1.15" 3393 **3/3393947**
114.119.159.62 - - [22/Feb/2026:16:22:34 -0700] "GET /wideo-diamond-explosion-7s/ HTTP/1.1" 200 8895 "https://ftscreations.com/wideo-diamond-explosion-7s" "Mozilla/5.0 (Linux; Android 7.0;) AppleWebKit/537.36 (KHTML, like Gecko) Mobile Safari/537.36 (compatible; PetalBot;+https://webmaster.petalsearch.com/site/petalbot)" 6298 **6/6298359**
114.119.149.66 - - [22/Feb/2026:16:24:01 -0700] "GET /viva-las-vegas-bez-rejestracji HTTP/1.1" 301 - "-" "Mozilla/5.0 (Linux; Android 7.0;) AppleWebKit/537.36 (KHTML, like Gecko) Mobile Safari/537.36 (compatible; PetalBot;+https://webmaster.petalsearch.com/site/petalbot)" 1956 **1/1956409**
114.119.149.66 - - [22/Feb/2026:16:24:05 -0700] "GET /viva-las-vegas-bez-rejestracji/ HTTP/1.1" 200 9396 "-" "Mozilla/5.0 (Linux; Android 7.0;) AppleWebKit/537.36 (KHTML, like Gecko) Mobile Safari/537.36 (compatible; PetalBot;+https://webmaster.petalsearch.com/site/petalbot)" 3588 **3/3588512**
114.119.136.249 - - [22/Feb/2026:16:25:28 -0700] "GET /vegas-nights-funkcjonalno%C5%9B%C4%87-upadku HTTP/1.1" 301 - "https://ftscreations.com/vegas-nights-funkcjonalno%C5%9B%C4%87-upadku" "Mozilla/5.0 (Linux; Android 7.0;) AppleWebKit/537.36 (KHTML, like Gecko) Mobile Safari/537.36 (compatible; PetalBot;+https://webmaster.petalsearch.com/site/petalbot)" 1893 **1/1893079**
114.119.136.249 - - [22/Feb/2026:16:25:32 -0700] "GET /vegas-nights-funkcjonalno%C5%9B%C4%87-upadku/ HTTP/1.1" 200 8891 "https://ftscreations.com/vegas-nights-funkcjonalno%C5%9B%C4%87-upadku" "Mozilla/5.0 (Linux; Android 7.0;) AppleWebKit/537.36 (KHTML, like Gecko) Mobile Safari/537.36 (compatible; PetalBot;+https://webmaster.petalsearch.com/site/petalbot)" 4943 **4/4943148**
47.82.11.63 - - [22/Feb/2026:16:25:45 -0700] "GET /spil-sites-uden-rofus-din-vejledning-til/ HTTP/1.1" 200 9898 "https://ftscreations.com/" "Mozilla/5.0 (Windows NT 10.0; Win64; x64) AppleWebKit/537.36 (KHTML, like Gecko) Chrome/135.0.0.0 Safari/537.36" 2958 **2/2958393**
114.119.151.146 - - [22/Feb/2026:16:26:45 -0700] "GET /uk%C5%82ad-kaskadowy-guardians-of-the-kingdom/ HTTP/1.1" 200 9216 "https://ftscreations.com/uk%C5%82ad-kaskadowy-guardians-of-the-kingdom/" "Mozilla/5.0 (Linux; Android 7.0;) AppleWebKit/537.36 (KHTML, like Gecko) Mobile Safari/537.36 (compatible; PetalBot;+https://webmaster.petalsearch.com/site/petalbot)" 5784 **5/5784800**
72.167.58.252 - - [22/Feb/2026:16:28:05 -0700] "POST /wp-cron.php?doing_wp_cron=1771802885.2239708900451660156250 HTTP/1.1" 200 - "https://ftscreations.com/wp-cron.php?doing_wp_cron=1771802885.2239708900451660156250" "WordPress/5.4.18; https://ftscreations.com" 2786 **2/2786414**
40.77.167.136 - - [22/Feb/2026:16:28:01 -0700] "GET /kompatybilny-z-komputerami-pc-oraz-telefonami-kom%C3%B3rkowymi-z-systemem-ios-i-android-w-systemie-book-of-rampage/ HTTP/2.0" 200 8886 "-" "Mozilla/5.0 AppleWebKit/537.36 (KHTML, like Gecko; compatible; bingbot/2.0; +http://www.bing.com/bingbot.htm) Chrome/116.0.1938.76 Safari/537.36" 7967 **7/7967004**
114.119.141.35 - - [22/Feb/2026:16:28:14 -0700] "GET /sloty-online-podobne-do-25-red-hot-7-clover-link HTTP/1.1" 301 - "https://ftscreations.com/sloty-online-podobne-do-25-red-hot-7-clover-link" "Mozilla/5.0 (Linux; Android 7.0;) AppleWebKit/537.36 (KHTML, like Gecko) Mobile Safari/537.36 (compatible; PetalBot;+https://webmaster.petalsearch.com/site/petalbot)" 3072 **3/3072418**
114.119.141.35 - - [22/Feb/2026:16:28:19 -0700] "GET /sloty-online-podobne-do-25-red-hot-7-clover-link/ HTTP/1.1" 200 9328 "https://ftscreations.com/sloty-online-podobne-do-25-red-hot-7-clover-link" "Mozilla/5.0 (Linux; Android 7.0;) AppleWebKit/537.36 (KHTML, like Gecko) Mobile Safari/537.36 (compatible; PetalBot;+https://webmaster.petalsearch.com/site/petalbot)" 6310 **6/6310178**
114.119.149.66 - - [22/Feb/2026:16:29:33 -0700] "GET /slot-wideo-gold-rush-with-johnny-cash/ HTTP/1.1" 200 9105 "https://ftscreations.com/slot-wideo-gold-rush-with-johnny-cash" "Mozilla/5.0 (Linux; Android 7.0;) AppleWebKit/537.36 (KHTML, like Gecko) Mobile Safari/537.36 (compatible; PetalBot;+https://webmaster.petalsearch.com/site/petalbot)" 3722 **3/3722177**
114.119.159.62 - - [22/Feb/2026:16:30:55 -0700] "GET /sk%C4%85d-pobra%C4%87-monopoly-money-grab/ HTTP/1.1" 200 9211 "https://ftscreations.com/sk%C4%85d-pobra%C4%87-monopoly-money-grab/" "Mozilla/5.0 (Linux; Android 7.0;) AppleWebKit/537.36 (KHTML, like Gecko) Mobile Safari/537.36 (compatible; PetalBot;+https://webmaster.petalsearch.com/site/petalbot)" 6743 **6/6743538**
114.119.129.175 - - [22/Feb/2026:16:32:19 -0700] "GET /rundy-bonusowe-darmowych-spin%C3%B3w-w-plinko/ HTTP/1.1" 200 9073 "https://ftscreations.com/rundy-bonusowe-darmowych-spin%C3%B3w-w-plinko/" "Mozilla/5.0 (Linux; Android 7.0;) AppleWebKit/537.36 (KHTML, like Gecko) Mobile Safari/537.36 (compatible; PetalBot;+https://webmaster.petalsearch.com/site/petalbot)" 5481 **5/5481132**
114.119.159.62 - - [22/Feb/2026:16:33:42 -0700] "GET /roma-plus-bonus%C3%B3w-i-dodatk%C3%B3w HTTP/1.1" 301 - "https://ftscreations.com/roma-plus-bonus%C3%B3w-i-dodatk%C3%B3w" "Mozilla/5.0 (Linux; Android 7.0;) AppleWebKit/537.36 (KHTML, like Gecko) Mobile Safari/537.36 (compatible; PetalBot;+https://webmaster.petalsearch.com/site/petalbot)" 2218 **2/2218379**
114.119.159.62 - - [22/Feb/2026:16:33:46 -0700] "GET /roma-plus-bonus%C3%B3w-i-dodatk%C3%B3w/ HTTP/1.1" 200 8940 "https://ftscreations.com/roma-plus-bonus%C3%B3w-i-dodatk%C3%B3w" "Mozilla/5.0 (Linux; Android 7.0;) AppleWebKit/537.36 (KHTML, like Gecko) Mobile Safari/537.36 (compatible; PetalBot;+https://webmaster.petalsearch.com/site/petalbot)" 2923 **2/2923648**
114.119.151.146 - - [22/Feb/2026:16:35:06 -0700] "GET /roleta-brasileira-uruchom-darmowe-spiny/ HTTP/1.1" 200 8909 "https://ftscreations.com/roleta-brasileira-uruchom-darmowe-spiny" "Mozilla/5.0 (Linux; Android 7.0;) AppleWebKit/537.36 (KHTML, like Gecko) Mobile Safari/537.36 (compatible; PetalBot;+https://webmaster.petalsearch.com/site/petalbot)" 4113 **4/4113876**
114.119.151.146 - - [22/Feb/2026:16:36:30 -0700] "GET /zak%C5%82ad-ante-w-egyptian-underworld HTTP/1.1" 301 - "-" "Mozilla/5.0 (Linux; Android 7.0;) AppleWebKit/537.36 (KHTML, like Gecko) Mobile Safari/537.36 (compatible; PetalBot;+https://webmaster.petalsearch.com/site/petalbot)" 3053 **3/3053481**
114.119.151.146 - - [22/Feb/2026:16:36:34 -0700] "GET /zak%C5%82ad-ante-w-egyptian-underworld/ HTTP/1.1" 200 8943 "-" "Mozilla/5.0 (Linux; Android 7.0;) AppleWebKit/537.36 (KHTML, like Gecko) Mobile Safari/537.36 (compatible; PetalBot;+https://webmaster.petalsearch.com/site/petalbot)" 6795 **6/6795211**
114.119.151.146 - - [22/Feb/2026:16:37:53 -0700] "GET /zagraj-w-darmowy-automat-cache-rush/ HTTP/1.1" 200 8768 "https://ftscreations.com/zagraj-w-darmowy-automat-cache-rush/" "Mozilla/5.0 (Linux; Android 7.0;) AppleWebKit/537.36 (KHTML, like Gecko) Mobile Safari/537.36 (compatible; PetalBot;+https://webmaster.petalsearch.com/site/petalbot)" 3552 **3/3552970**
34.16.29.246 - - [22/Feb/2026:16:39:09 -0700] "GET / HTTP/1.1" 200 4543 "-" "Mozilla/5.0 (compatible; DesignProbe/1.0)" 2355 **2/2355544**
114.119.146.15 - - [22/Feb/2026:16:39:18 -0700] "GET /zagraj-na-automacie-za-darmo-woonsters/ HTTP/1.1" 200 9110 "http://ftscreations.com/?p=7286" "Mozilla/5.0 (Linux; Android 7.0;) AppleWebKit/537.36 (KHTML, like Gecko) Mobile Safari/537.36 (compatible; PetalBot;+https://webmaster.petalsearch.com/site/petalbot)" 6955 **6/6955182**
114.119.151.146 - - [22/Feb/2026:16:40:40 -0700] "GET /zabawne-funkcje-w-automacie-cazino-cosmos HTTP/1.1" 301 - "-" "Mozilla/5.0 (Linux; Android 7.0;) AppleWebKit/537.36 (KHTML, like Gecko) Mobile Safari/537.36 (compatible; PetalBot;+https://webmaster.petalsearch.com/site/petalbot)" 3033 **3/3033984**
114.119.151.146 - - [22/Feb/2026:16:40:45 -0700] "GET /zabawne-funkcje-w-automacie-cazino-cosmos/ HTTP/1.1" 200 9032 "-" "Mozilla/5.0 (Linux; Android 7.0;) AppleWebKit/537.36 (KHTML, like Gecko) Mobile Safari/537.36 (compatible; PetalBot;+https://webmaster.petalsearch.com/site/petalbot)" 4410 **4/4410580**
114.119.129.175 - - [22/Feb/2026:16:42:11 -0700] "GET /symbol-w-parthenon-quest-for-immortality HTTP/1.1" 301 - "https://ftscreations.com/symbol-w-parthenon-quest-for-immortality" "Mozilla/5.0 (Linux; Android 7.0;) AppleWebKit/537.36 (KHTML, like Gecko) Mobile Safari/537.36 (compatible; PetalBot;+https://webmaster.petalsearch.com/site/petalbot)" 2975 **2/2975933**
114.119.129.175 - - [22/Feb/2026:16:42:17 -0700] "GET /symbol-w-parthenon-quest-for-immortality/ HTTP/1.1" 200 8992 "https://ftscreations.com/symbol-w-parthenon-quest-for-immortality" "Mozilla/5.0 (Linux; Android 7.0;) AppleWebKit/537.36 (KHTML, like Gecko) Mobile Safari/537.36 (compatible; PetalBot;+https://webmaster.petalsearch.com/site/petalbot)" 2271 **2/2271842**
114.119.151.146 - - [22/Feb/2026:16:43:32 -0700] "GET /rtp-i-zmienno%C5%9B%C4%87-automatu-temple-of-iris/ HTTP/1.1" 200 9456 "http://ftscreations.com/?p=9691" "Mozilla/5.0 (Linux; Android 7.0;) AppleWebKit/537.36 (KHTML, like Gecko) Mobile Safari/537.36 (compatible; PetalBot;+https://webmaster.petalsearch.com/site/petalbot)" 5720 **5/5720786**
114.119.136.249 - - [22/Feb/2026:16:44:54 -0700] "GET /ras-legend-wyp%C5%82ata/ HTTP/1.1" 200 9453 "https://ftscreations.com/ras-legend-wyp%C5%82ata/" "Mozilla/5.0 (Linux; Android 7.0;) AppleWebKit/537.36 (KHTML, like Gecko) Mobile Safari/537.36 (compatible; PetalBot;+https://webmaster.petalsearch.com/site/petalbot)" 3506 **3/3506648**