114.119.159.62 - - [22/Feb/2026:13:39:37 -0700] "GET / HTTP/1.1" 200 4543 "https://ftscreations.com/treasures-of-asgard-kwota-zak%C5%82ad%C3%B3w-wsp%C3%B3%C5%82czynnik-wygranych-i-wariancja" "Mozilla/5.0 (Linux; Android 7.0;) AppleWebKit/537.36 (KHTML, like Gecko) Mobile Safari/537.36 (compatible; PetalBot;+https://webmaster.petalsearch.com/site/petalbot)" 323 **0/323720**
114.119.129.175 - - [22/Feb/2026:13:41:01 -0700] "GET /newvsi/wp-content/uploads/2020/11/IMGP0109-scaled.jpg HTTP/1.1" 200 226556 "https://ftscreations.com/newvsi/impact/research/" "Mozilla/5.0 (Linux; Android 7.0;) AppleWebKit/537.36 (KHTML, like Gecko) Mobile Safari/537.36 (compatible; PetalBot;+https://webmaster.petalsearch.com/site/petalbot)" 26 **0/26021**
114.119.159.62 - - [22/Feb/2026:13:42:21 -0700] "GET /?p=9977 HTTP/1.1" 301 - "https://ftscreations.com/hypernova-10k-ways-wygrana/" "Mozilla/5.0 (Linux; Android 7.0;) AppleWebKit/537.36 (KHTML, like Gecko) Mobile Safari/537.36 (compatible; PetalBot;+https://webmaster.petalsearch.com/site/petalbot)" 231 **0/231768**
114.119.159.62 - - [22/Feb/2026:13:42:22 -0700] "GET /strategia-zarz%C4%85dzania-kapita%C5%82em-w-grach-chang-thai/ HTTP/1.1" 200 9221 "https://ftscreations.com/hypernova-10k-ways-wygrana/" "Mozilla/5.0 (Linux; Android 7.0;) AppleWebKit/537.36 (KHTML, like Gecko) Mobile Safari/537.36 (compatible; PetalBot;+https://webmaster.petalsearch.com/site/petalbot)" 434 **0/434006**
91.184.244.222 - - [22/Feb/2026:13:42:27 -0700] "GET /contact/ HTTP/1.0" 200 18638 "https://ftscreations.com/contact/" "Mozilla/5.0 (Windows NT 10.0; Win64; x64) AppleWebKit/537.36 (KHTML, like Gecko) Chrome/131.0.0.0 Safari/537.36 Avast/131.0.0.0" 448 **0/448868**
114.119.146.15 - - [22/Feb/2026:13:43:43 -0700] "GET /?p=9942 HTTP/1.1" 301 - "https://ftscreations.com/dragon-jackpot-roulette-kaskadowe-szpule/" "Mozilla/5.0 (Linux; Android 7.0;) AppleWebKit/537.36 (KHTML, like Gecko) Mobile Safari/537.36 (compatible; PetalBot;+https://webmaster.petalsearch.com/site/petalbot)" 408 **0/408509**
114.119.146.15 - - [22/Feb/2026:13:43:45 -0700] "GET /the-king-of-heroes-runda-bonusowa-darmowych-spin%C3%B3w/ HTTP/1.1" 200 9344 "https://ftscreations.com/dragon-jackpot-roulette-kaskadowe-szpule/" "Mozilla/5.0 (Linux; Android 7.0;) AppleWebKit/537.36 (KHTML, like Gecko) Mobile Safari/537.36 (compatible; PetalBot;+https://webmaster.petalsearch.com/site/petalbot)" 496 **0/496835**
114.119.146.15 - - [22/Feb/2026:13:45:14 -0700] "GET /?p=9940 HTTP/1.1" 301 - "https://ftscreations.com/automat-do-gry-bruno-bingo/" "Mozilla/5.0 (Linux; Android 7.0;) AppleWebKit/537.36 (KHTML, like Gecko) Mobile Safari/537.36 (compatible; PetalBot;+https://webmaster.petalsearch.com/site/petalbot)" 2829 **2/2829387**
114.119.146.15 - - [22/Feb/2026:13:45:18 -0700] "GET /analiza-gry-hazardowej-online-mega-fire-blaze-blackjack-live/ HTTP/1.1" 200 9306 "https://ftscreations.com/automat-do-gry-bruno-bingo/" "Mozilla/5.0 (Linux; Android 7.0;) AppleWebKit/537.36 (KHTML, like Gecko) Mobile Safari/537.36 (compatible; PetalBot;+https://webmaster.petalsearch.com/site/petalbot)" 4594 **4/4594189**
114.119.151.146 - - [22/Feb/2026:13:46:35 -0700] "GET /?p=9933 HTTP/1.1" 301 - "https://ftscreations.com/zwyci%C4%99skie-automaty-3-dancing-monkeys/" "Mozilla/5.0 (Linux; Android 7.0;) AppleWebKit/537.36 (KHTML, like Gecko) Mobile Safari/537.36 (compatible; PetalBot;+https://webmaster.petalsearch.com/site/petalbot)" 2683 **2/2683938**
114.119.151.146 - - [22/Feb/2026:13:46:40 -0700] "GET /darmowe-spiny-w-release-the-kraken/ HTTP/1.1" 200 9096 "https://ftscreations.com/zwyci%C4%99skie-automaty-3-dancing-monkeys/" "Mozilla/5.0 (Linux; Android 7.0;) AppleWebKit/537.36 (KHTML, like Gecko) Mobile Safari/537.36 (compatible; PetalBot;+https://webmaster.petalsearch.com/site/petalbot)" 5713 **5/5713770**
114.119.159.62 - - [22/Feb/2026:13:48:00 -0700] "GET /?p=9877 HTTP/1.1" 301 - "https://ftscreations.com/czy-w-grach-merlins-millions-superbet-hq-istnieje-progresywny-jackpot/" "Mozilla/5.0 (Linux; Android 7.0;) AppleWebKit/537.36 (KHTML, like Gecko) Mobile Safari/537.36 (compatible; PetalBot;+https://webmaster.petalsearch.com/site/petalbot)" 3646 **3/3646561**
114.119.159.62 - - [22/Feb/2026:13:48:04 -0700] "GET /znaczenie-symboli-w-greath-rhino/ HTTP/1.1" 200 9082 "https://ftscreations.com/czy-w-grach-merlins-millions-superbet-hq-istnieje-progresywny-jackpot/" "Mozilla/5.0 (Linux; Android 7.0;) AppleWebKit/537.36 (KHTML, like Gecko) Mobile Safari/537.36 (compatible; PetalBot;+https://webmaster.petalsearch.com/site/petalbot)" 5554 **5/5554006**
114.119.129.175 - - [22/Feb/2026:13:49:21 -0700] "GET /?p=9771 HTTP/1.1" 301 - "https://ftscreations.com/automaty-do-gier-9-races-to-glory/" "Mozilla/5.0 (Linux; Android 7.0;) AppleWebKit/537.36 (KHTML, like Gecko) Mobile Safari/537.36 (compatible; PetalBot;+https://webmaster.petalsearch.com/site/petalbot)" 3856 **3/3856979**
114.119.129.175 - - [22/Feb/2026:13:49:26 -0700] "GET /rainbow-riches-funkcja-zak%C5%82adu-ante/ HTTP/1.1" 200 9326 "https://ftscreations.com/automaty-do-gier-9-races-to-glory/" "Mozilla/5.0 (Linux; Android 7.0;) AppleWebKit/537.36 (KHTML, like Gecko) Mobile Safari/537.36 (compatible; PetalBot;+https://webmaster.petalsearch.com/site/petalbot)" 3746 **3/3746725**
114.119.142.93 - - [22/Feb/2026:13:50:44 -0700] "GET /?p=9767 HTTP/1.1" 301 - "https://ftscreations.com/lucky-lightning-mo%C5%BCliwo%C5%9B%C4%87-zwrotu/" "Mozilla/5.0 (Linux; Android 7.0;) AppleWebKit/537.36 (KHTML, like Gecko) Mobile Safari/537.36 (compatible; PetalBot;+https://webmaster.petalsearch.com/site/petalbot)" 1851 **1/1851433**
114.119.142.93 - - [22/Feb/2026:13:50:47 -0700] "GET /vinci-la-gallina-generator-liczb-losowych/ HTTP/1.1" 200 9056 "https://ftscreations.com/lucky-lightning-mo%C5%BCliwo%C5%9B%C4%87-zwrotu/" "Mozilla/5.0 (Linux; Android 7.0;) AppleWebKit/537.36 (KHTML, like Gecko) Mobile Safari/537.36 (compatible; PetalBot;+https://webmaster.petalsearch.com/site/petalbot)" 3310 **3/3310476**
114.119.141.35 - - [22/Feb/2026:13:52:08 -0700] "GET /?p=9755 HTTP/1.1" 301 - "https://ftscreations.com/immersive-roulette-unikalne-funkcje-automat%C3%B3w/" "Mozilla/5.0 (Linux; Android 7.0;) AppleWebKit/537.36 (KHTML, like Gecko) Mobile Safari/537.36 (compatible; PetalBot;+https://webmaster.petalsearch.com/site/petalbot)" 3468 **3/3468646**
114.119.141.35 - - [22/Feb/2026:13:52:13 -0700] "GET /super-star-27-funkcja-gry-kaskadowej/ HTTP/1.1" 200 9135 "https://ftscreations.com/immersive-roulette-unikalne-funkcje-automat%C3%B3w/" "Mozilla/5.0 (Linux; Android 7.0;) AppleWebKit/537.36 (KHTML, like Gecko) Mobile Safari/537.36 (compatible; PetalBot;+https://webmaster.petalsearch.com/site/petalbot)" 3418 **3/3418858**
114.119.129.175 - - [22/Feb/2026:13:53:32 -0700] "GET /?p=9723 HTTP/1.1" 301 - "https://ftscreations.com/gra-power-of-thor-megaways-na-prawdziwe-pieni%C4%85dze/" "Mozilla/5.0 (Linux; Android 7.0;) AppleWebKit/537.36 (KHTML, like Gecko) Mobile Safari/537.36 (compatible; PetalBot;+https://webmaster.petalsearch.com/site/petalbot)" 2254 **2/2254234**
114.119.129.175 - - [22/Feb/2026:13:53:35 -0700] "GET /tiger-rush-wysoka-zmienno%C5%9B%C4%87-i-stopa-wyp%C5%82at/ HTTP/1.1" 200 9200 "https://ftscreations.com/gra-power-of-thor-megaways-na-prawdziwe-pieni%C4%85dze/" "Mozilla/5.0 (Linux; Android 7.0;) AppleWebKit/537.36 (KHTML, like Gecko) Mobile Safari/537.36 (compatible; PetalBot;+https://webmaster.petalsearch.com/site/petalbot)" 6603 **6/6603264**
115.45.43.235 - - [22/Feb/2026:13:53:43 -0700] "GET /robots.txt HTTP/1.1" 200 153 "-" "Mozilla/5.0 (Windows NT 10.0; WOW64) AppleWebKit/537.36 (KHTML, like Gecko) Chrome/47.0.3543.145 UBrowser/6.2.3964.2 Safari/537.36" 8 **0/8148**
114.119.136.249 - - [22/Feb/2026:13:54:55 -0700] "GET /?p=9712 HTTP/1.1" 301 - "https://ftscreations.com/cygnus-2-symbol-rozproszenia-i-mno%C5%BCnik/" "Mozilla/5.0 (Linux; Android 7.0;) AppleWebKit/537.36 (KHTML, like Gecko) Mobile Safari/537.36 (compatible; PetalBot;+https://webmaster.petalsearch.com/site/petalbot)" 251 **0/251315**
114.119.136.249 - - [22/Feb/2026:13:54:57 -0700] "GET /fat-banker-minimalny-zak%C5%82ad/ HTTP/1.1" 200 9107 "https://ftscreations.com/cygnus-2-symbol-rozproszenia-i-mno%C5%BCnik/" "Mozilla/5.0 (Linux; Android 7.0;) AppleWebKit/537.36 (KHTML, like Gecko) Mobile Safari/537.36 (compatible; PetalBot;+https://webmaster.petalsearch.com/site/petalbot)" 285 **0/285565**
52.167.144.202 - - [22/Feb/2026:13:56:01 -0700] "GET /sitemaps.xml HTTP/2.0" 301 1 "-" "Mozilla/5.0 AppleWebKit/537.36 (KHTML, like Gecko; compatible; bingbot/2.0; +http://www.bing.com/bingbot.htm) Chrome/116.0.1938.76 Safari/537.36" 2587 **2/2587942**
40.77.167.12 - - [22/Feb/2026:13:56:10 -0700] "GET /sitemaps.xml HTTP/2.0" 404 3604 "-" "Mozilla/5.0 AppleWebKit/537.36 (KHTML, like Gecko; compatible; bingbot/2.0; +http://www.bing.com/bingbot.htm) Chrome/116.0.1938.76 Safari/537.36" 2165 **2/2165279**
114.119.149.66 - - [22/Feb/2026:13:56:26 -0700] "GET /?p=9689 HTTP/1.1" 301 - "https://ftscreations.com/wypr%C3%B3buj-gr%C4%99-book-of-all-ways-za-darmo/" "Mozilla/5.0 (Linux; Android 7.0;) AppleWebKit/537.36 (KHTML, like Gecko) Mobile Safari/537.36 (compatible; PetalBot;+https://webmaster.petalsearch.com/site/petalbot)" 190 **0/190783**
114.119.149.66 - - [22/Feb/2026:13:56:27 -0700] "GET /zappit-blackjack-maksymalna-wyp%C5%82ata/ HTTP/1.1" 200 9160 "https://ftscreations.com/wypr%C3%B3buj-gr%C4%99-book-of-all-ways-za-darmo/" "Mozilla/5.0 (Linux; Android 7.0;) AppleWebKit/537.36 (KHTML, like Gecko) Mobile Safari/537.36 (compatible; PetalBot;+https://webmaster.petalsearch.com/site/petalbot)" 444 **0/444556**
157.55.39.54 - - [22/Feb/2026:13:56:39 -0700] "GET /?feed=xmlsitemap1 HTTP/2.0" 404 132 "-" "Mozilla/5.0 AppleWebKit/537.36 (KHTML, like Gecko; compatible; bingbot/2.0; +http://www.bing.com/bingbot.htm) Chrome/116.0.1938.76 Safari/537.36" 828 **0/828474**
114.119.159.62 - - [22/Feb/2026:13:57:49 -0700] "GET /?p=9675 HTTP/1.1" 301 - "https://ftscreations.com/aviatrix-funkcja-mno%C5%BCnika-od-2x-do-500x/" "Mozilla/5.0 (Linux; Android 7.0;) AppleWebKit/537.36 (KHTML, like Gecko) Mobile Safari/537.36 (compatible; PetalBot;+https://webmaster.petalsearch.com/site/petalbot)" 278 **0/278875**
114.119.159.62 - - [22/Feb/2026:13:57:51 -0700] "GET /mental-w-kasynach-online/ HTTP/1.1" 200 9452 "https://ftscreations.com/aviatrix-funkcja-mno%C5%BCnika-od-2x-do-500x/" "Mozilla/5.0 (Linux; Android 7.0;) AppleWebKit/537.36 (KHTML, like Gecko) Mobile Safari/537.36 (compatible; PetalBot;+https://webmaster.petalsearch.com/site/petalbot)" 264 **0/264621**
114.119.146.15 - - [22/Feb/2026:13:59:06 -0700] "GET /?p=9673 HTTP/1.1" 301 - "https://ftscreations.com/reactoonz-upadek/" "Mozilla/5.0 (Linux; Android 7.0;) AppleWebKit/537.36 (KHTML, like Gecko) Mobile Safari/537.36 (compatible; PetalBot;+https://webmaster.petalsearch.com/site/petalbot)" 266 **0/266552**
114.119.146.15 - - [22/Feb/2026:13:59:07 -0700] "GET /book-of-inferno-min-zak%C5%82ad/ HTTP/1.1" 200 9236 "https://ftscreations.com/reactoonz-upadek/" "Mozilla/5.0 (Linux; Android 7.0;) AppleWebKit/537.36 (KHTML, like Gecko) Mobile Safari/537.36 (compatible; PetalBot;+https://webmaster.petalsearch.com/site/petalbot)" 3073 **3/3073102**
114.119.129.175 - - [22/Feb/2026:14:00:36 -0700] "GET /?p=9654 HTTP/1.1" 301 - "https://ftscreations.com/%C4%8Cerven%C3%A1-hore%C4%8Dka-symbole-i-symbole-mno%C5%BCnik%C3%B3w" "Mozilla/5.0 (Linux; Android 7.0;) AppleWebKit/537.36 (KHTML, like Gecko) Mobile Safari/537.36 (compatible; PetalBot;+https://webmaster.petalsearch.com/site/petalbot)" 356 **0/356488**
114.119.129.175 - - [22/Feb/2026:14:00:37 -0700] "GET /wskaz%C3%B3wki-jak-wygra%C4%87-du%C5%BCe-wygrane-w-mega-moolah-automatach-online/ HTTP/1.1" 200 9161 "https://ftscreations.com/%C4%8Cerven%C3%A1-hore%C4%8Dka-symbole-i-symbole-mno%C5%BCnik%C3%B3w" "Mozilla/5.0 (Linux; Android 7.0;) AppleWebKit/537.36 (KHTML, like Gecko) Mobile Safari/537.36 (compatible; PetalBot;+https://webmaster.petalsearch.com/site/petalbot)" 407 **0/407186**
47.128.124.19 - - [22/Feb/2026:14:01:20 -0700] "GET /robots.txt HTTP/1.1" 403 10344 "-" "Mozilla/5.0 (Linux; Android 5.0) AppleWebKit/537.36 (KHTML, like Gecko) Mobile Safari/537.36 (compatible; Bytespider; spider-feedback@bytedance.com)" 6 **0/6209**
114.119.129.175 - - [22/Feb/2026:14:02:02 -0700] "GET /?p=9642 HTTP/1.1" 301 - "https://ftscreations.com/peak-power-kaskadowa-mechanika-ko%C5%82owrotka/" "Mozilla/5.0 (Linux; Android 7.0;) AppleWebKit/537.36 (KHTML, like Gecko) Mobile Safari/537.36 (compatible; PetalBot;+https://webmaster.petalsearch.com/site/petalbot)" 261 **0/261782**
114.119.129.175 - - [22/Feb/2026:14:02:04 -0700] "GET /zasady-gry-w-kasynie-tombstone-rip/ HTTP/1.1" 200 9379 "https://ftscreations.com/peak-power-kaskadowa-mechanika-ko%C5%82owrotka/" "Mozilla/5.0 (Linux; Android 7.0;) AppleWebKit/537.36 (KHTML, like Gecko) Mobile Safari/537.36 (compatible; PetalBot;+https://webmaster.petalsearch.com/site/petalbot)" 311 **0/311550**
114.119.141.35 - - [22/Feb/2026:14:03:26 -0700] "GET /?p=9613 HTTP/1.1" 301 - "https://ftscreations.com/golden-dragon-strategia/" "Mozilla/5.0 (Linux; Android 7.0;) AppleWebKit/537.36 (KHTML, like Gecko) Mobile Safari/537.36 (compatible; PetalBot;+https://webmaster.petalsearch.com/site/petalbot)" 3708 **3/3708955**
114.119.141.35 - - [22/Feb/2026:14:03:31 -0700] "GET /joker-5-rtp-i-zmienno%C5%9B%C4%87/ HTTP/1.1" 200 9001 "https://ftscreations.com/golden-dragon-strategia/" "Mozilla/5.0 (Linux; Android 7.0;) AppleWebKit/537.36 (KHTML, like Gecko) Mobile Safari/537.36 (compatible; PetalBot;+https://webmaster.petalsearch.com/site/petalbot)" 6126 **6/6126814**
216.24.210.166 - - [22/Feb/2026:14:04:31 -0700] "GET /wp-login.php HTTP/1.1" 200 1826 "-" "Mozilla/5.0" 338 **0/338488**
216.24.210.166 - - [22/Feb/2026:14:04:32 -0700] "GET /?author=1 HTTP/1.1" 301 - "-" "Mozilla/5.0" 356 **0/356265**
216.24.210.166 - - [22/Feb/2026:14:04:32 -0700] "GET /?rest_route=/wp/v2/users HTTP/1.1" 200 1209 "-" "Mozilla/5.0" 337 **0/337515**
216.24.210.166 - - [22/Feb/2026:14:04:33 -0700] "GET /?author=2 HTTP/1.1" 301 - "-" "Mozilla/5.0" 310 **0/310596**
216.24.210.166 - - [22/Feb/2026:14:04:33 -0700] "GET /?rest_route=/wp/v2/users HTTP/1.1" 200 1209 "-" "Mozilla/5.0" 355 **0/355747**
114.119.151.146 - - [22/Feb/2026:14:04:45 -0700] "GET /?p=9604 HTTP/1.1" 301 - "https://ftscreations.com/energoonz-programy-lojalno%C5%9Bciowe-w-kasynach-online/" "Mozilla/5.0 (Linux; Android 7.0;) AppleWebKit/537.36 (KHTML, like Gecko) Mobile Safari/537.36 (compatible; PetalBot;+https://webmaster.petalsearch.com/site/petalbot)" 338 **0/338761**
114.119.151.146 - - [22/Feb/2026:14:04:47 -0700] "GET /graj-w-minesweeper-na-urz%C4%85dzeniach-mobilnych/ HTTP/1.1" 200 9006 "https://ftscreations.com/energoonz-programy-lojalno%C5%9Bciowe-w-kasynach-online/" "Mozilla/5.0 (Linux; Android 7.0;) AppleWebKit/537.36 (KHTML, like Gecko) Mobile Safari/537.36 (compatible; PetalBot;+https://webmaster.petalsearch.com/site/petalbot)" 513 **0/513821**
114.119.142.93 - - [22/Feb/2026:14:06:03 -0700] "GET /?p=9578 HTTP/1.1" 301 - "https://ftscreations.com/gates-of-troybook-of-dead-globalny-mno%C5%BCnik-progresywny/" "Mozilla/5.0 (Linux; Android 7.0;) AppleWebKit/537.36 (KHTML, like Gecko) Mobile Safari/537.36 (compatible; PetalBot;+https://webmaster.petalsearch.com/site/petalbot)" 2496 **2/2496873**
114.119.142.93 - - [22/Feb/2026:14:06:07 -0700] "GET /zagraj-w-automat-online-za-darmo-w-turbo-90/ HTTP/1.1" 200 9335 "https://ftscreations.com/gates-of-troybook-of-dead-globalny-mno%C5%BCnik-progresywny/" "Mozilla/5.0 (Linux; Android 7.0;) AppleWebKit/537.36 (KHTML, like Gecko) Mobile Safari/537.36 (compatible; PetalBot;+https://webmaster.petalsearch.com/site/petalbot)" 5373 **5/5373925**
114.119.141.35 - - [22/Feb/2026:14:07:28 -0700] "GET /?p=9564 HTTP/1.1" 301 - "https://ftscreations.com/zagraj-w-lucky-81-za-darmo-w-trybie-demo/" "Mozilla/5.0 (Linux; Android 7.0;) AppleWebKit/537.36 (KHTML, like Gecko) Mobile Safari/537.36 (compatible; PetalBot;+https://webmaster.petalsearch.com/site/petalbot)" 2047 **2/2047576**
114.119.141.35 - - [22/Feb/2026:14:07:32 -0700] "GET /darmowe-spiny-na-first-person-dream-catcher/ HTTP/1.1" 200 9258 "https://ftscreations.com/zagraj-w-lucky-81-za-darmo-w-trybie-demo/" "Mozilla/5.0 (Linux; Android 7.0;) AppleWebKit/537.36 (KHTML, like Gecko) Mobile Safari/537.36 (compatible; PetalBot;+https://webmaster.petalsearch.com/site/petalbot)" 3131 **3/3131281**
17.246.19.173 - - [22/Feb/2026:14:07:53 -0700] "GET /robots.txt HTTP/1.1" 200 153 "-" "Mozilla/5.0 (Macintosh; Intel Mac OS X 10_15_7) AppleWebKit/605.1.15 (KHTML, like Gecko) Version/17.4 Safari/605.1.15 (Applebot/0.1; +http://www.apple.com/go/applebot)" 6 **0/6594**
17.246.19.173 - - [22/Feb/2026:14:07:53 -0700] "GET /category/music/feed/ HTTP/1.1" 200 1164 "-" "Mozilla/5.0 (Macintosh; Intel Mac OS X 10_15_7) AppleWebKit/605.1.15 (KHTML, like Gecko) Version/17.4 Safari/605.1.15 (Applebot/0.1; +http://www.apple.com/go/applebot)" 3780 **3/3780656**
114.119.129.175 - - [22/Feb/2026:14:08:58 -0700] "GET /?p=9561 HTTP/1.1" 301 - "http://ftscreations.com/?p=9814" "Mozilla/5.0 (Linux; Android 7.0;) AppleWebKit/537.36 (KHTML, like Gecko) Mobile Safari/537.36 (compatible; PetalBot;+https://webmaster.petalsearch.com/site/petalbot)" 2357 **2/2357375**
114.119.129.175 - - [22/Feb/2026:14:09:03 -0700] "GET /zasady-gry-w-kasynie-american-gold-fever/ HTTP/1.1" 200 9090 "http://ftscreations.com/?p=9814" "Mozilla/5.0 (Linux; Android 7.0;) AppleWebKit/537.36 (KHTML, like Gecko) Mobile Safari/537.36 (compatible; PetalBot;+https://webmaster.petalsearch.com/site/petalbot)" 4030 **4/4030170**
40.77.167.143 - - [22/Feb/2026:14:09:51 -0700] "GET /elevator-pitch HTTP/2.0" 301 1 "-" "Mozilla/5.0 AppleWebKit/537.36 (KHTML, like Gecko; compatible; bingbot/2.0; +http://www.bing.com/bingbot.htm) Chrome/116.0.1938.76 Safari/537.36" 1879 **1/1879524**
40.77.167.143 - - [22/Feb/2026:14:09:54 -0700] "GET /elevator-pitch/ HTTP/2.0" 200 3971 "-" "Mozilla/5.0 AppleWebKit/537.36 (KHTML, like Gecko; compatible; bingbot/2.0; +http://www.bing.com/bingbot.htm) Chrome/116.0.1938.76 Safari/537.36" 3422 **3/3422752**
114.119.141.35 - - [22/Feb/2026:14:10:18 -0700] "GET /?p=9560 HTTP/1.1" 301 - "https://ftscreations.com/funkcja-darmowych-spin%C3%B3w-w-gold-rush-with-johnny-cash/" "Mozilla/5.0 (Linux; Android 7.0;) AppleWebKit/537.36 (KHTML, like Gecko) Mobile Safari/537.36 (compatible; PetalBot;+https://webmaster.petalsearch.com/site/petalbot)" 2281 **2/2281727**
114.119.141.35 - - [22/Feb/2026:14:10:22 -0700] "GET /funkcja-przewracania-w-royal-secrets/ HTTP/1.1" 200 8628 "https://ftscreations.com/funkcja-darmowych-spin%C3%B3w-w-gold-rush-with-johnny-cash/" "Mozilla/5.0 (Linux; Android 7.0;) AppleWebKit/537.36 (KHTML, like Gecko) Mobile Safari/537.36 (compatible; PetalBot;+https://webmaster.petalsearch.com/site/petalbot)" 4272 **4/4272620**
114.119.141.35 - - [22/Feb/2026:14:11:38 -0700] "GET /?p=9547 HTTP/1.1" 301 - "https://ftscreations.com/funkcja-tumble-w-respin-fruits/" "Mozilla/5.0 (Linux; Android 7.0;) AppleWebKit/537.36 (KHTML, like Gecko) Mobile Safari/537.36 (compatible; PetalBot;+https://webmaster.petalsearch.com/site/petalbot)" 2545 **2/2545573**
114.119.141.35 - - [22/Feb/2026:14:11:42 -0700] "GET /mno%C5%BCniki-w-grze-podstawowej-w-smiling-joker-2/ HTTP/1.1" 200 8968 "https://ftscreations.com/funkcja-tumble-w-respin-fruits/" "Mozilla/5.0 (Linux; Android 7.0;) AppleWebKit/537.36 (KHTML, like Gecko) Mobile Safari/537.36 (compatible; PetalBot;+https://webmaster.petalsearch.com/site/petalbot)" 5101 **5/5101859**
114.119.149.66 - - [22/Feb/2026:14:13:00 -0700] "GET /?p=9531 HTTP/1.1" 301 - "https://ftscreations.com/temat-i-oprawa-audiowizualna-fowl-play-centurion/" "Mozilla/5.0 (Linux; Android 7.0;) AppleWebKit/537.36 (KHTML, like Gecko) Mobile Safari/537.36 (compatible; PetalBot;+https://webmaster.petalsearch.com/site/petalbot)" 2640 **2/2640234**
114.119.149.66 - - [22/Feb/2026:14:13:04 -0700] "GET /mega-roulette-opcja-ante-bet-aby-zwi%C4%99kszy%C4%87-zak%C5%82ad/ HTTP/1.1" 200 9223 "https://ftscreations.com/temat-i-oprawa-audiowizualna-fowl-play-centurion/" "Mozilla/5.0 (Linux; Android 7.0;) AppleWebKit/537.36 (KHTML, like Gecko) Mobile Safari/537.36 (compatible; PetalBot;+https://webmaster.petalsearch.com/site/petalbot)" 4077 **4/4077351**
43.173.175.215 - - [22/Feb/2026:14:13:50 -0700] "GET /?p=13994 HTTP/1.1" 301 - "-" "Mozilla/5.0 (Windows NT 10.0; Win64; x64) AppleWebKit/537.36 (KHTML, like Gecko) Chrome/117.0.0.0 Safari/537.36" 3295 **3/3295332**
43.173.177.192 - - [22/Feb/2026:14:13:50 -0700] "GET /?p=5723 HTTP/1.1" 301 - "-" "Mozilla/5.0 (Windows NT 10.0; Win64; x64) AppleWebKit/537.36 (KHTML, like Gecko) Chrome/112.0.0.0 Safari/537.36" 3801 **3/3801498**
43.173.175.215 - - [22/Feb/2026:14:13:54 -0700] "GET /serviciile-de-divertisment-cu-ans-de-pe-online/ HTTP/1.1" 200 10537 "https://ftscreations.com/?p=13994" "Mozilla/5.0 (Windows NT 10.0; Win64; x64) AppleWebKit/537.36 (KHTML, like Gecko) Chrome/117.0.0.0 Safari/537.36" 2501 **2/2501924**
43.173.177.192 - - [22/Feb/2026:14:13:54 -0700] "GET /jak-gra%C4%87-na-automatach-fear-the-dark/ HTTP/1.1" 200 9309 "https://ftscreations.com/?p=5723" "Mozilla/5.0 (Windows NT 10.0; Win64; x64) AppleWebKit/537.36 (KHTML, like Gecko) Chrome/112.0.0.0 Safari/537.36" 4401 **4/4401898**
43.173.180.169 - - [22/Feb/2026:14:14:02 -0700] "POST / HTTP/1.1" 204 - "https://ftscreations.com/?p=13994" "Mozilla/5.0 (Windows NT 10.0; Win64; x64) AppleWebKit/537.36 (KHTML, like Gecko) Chrome/117.0.0.0 Safari/537.36" 1853 **1/1853725**
43.173.180.77 - - [22/Feb/2026:14:14:03 -0700] "POST / HTTP/1.1" 204 - "https://ftscreations.com/?p=5723" "Mozilla/5.0 (Windows NT 10.0; Win64; x64) AppleWebKit/537.36 (KHTML, like Gecko) Chrome/112.0.0.0 Safari/537.36" 2458 **2/2458135**
114.119.142.93 - - [22/Feb/2026:14:14:51 -0700] "GET /?p=9523 HTTP/1.1" 301 - "https://ftscreations.com/gemix-automat-do-gier-online/" "Mozilla/5.0 (Linux; Android 7.0;) AppleWebKit/537.36 (KHTML, like Gecko) Mobile Safari/537.36 (compatible; PetalBot;+https://webmaster.petalsearch.com/site/petalbot)" 1962 **1/1962351**
114.119.142.93 - - [22/Feb/2026:14:14:54 -0700] "GET /hiperbonus-w-automacie-butterfly-staxx-2/ HTTP/1.1" 200 9164 "https://ftscreations.com/gemix-automat-do-gier-online/" "Mozilla/5.0 (Linux; Android 7.0;) AppleWebKit/537.36 (KHTML, like Gecko) Mobile Safari/537.36 (compatible; PetalBot;+https://webmaster.petalsearch.com/site/petalbot)" 3805 **3/3805718**
43.173.176.171 - - [22/Feb/2026:14:15:28 -0700] "GET /?p=3489 HTTP/1.1" 301 - "http://ftscreations.com/?p=3489" "Mozilla/5.0 (Windows NT 10.0; Win64; x64) AppleWebKit/537.36 (KHTML, like Gecko) Chrome/116.0.0.0 Safari/537.36" 2205 **2/2205157**
43.173.181.47 - - [22/Feb/2026:14:15:29 -0700] "GET /?p=4207 HTTP/1.1" 301 - "http://ftscreations.com/?p=4207" "Mozilla/5.0 (Windows NT 10.0; Win64; x64) AppleWebKit/537.36 (KHTML, like Gecko) Chrome/104.0.5112.81 Safari/537.36" 1538 **1/1538793**
43.173.176.171 - - [22/Feb/2026:14:15:31 -0700] "GET /recenzje-prawdziwych-u%C5%BCytkownik%C3%B3w-gier-book-of-anunnaki/ HTTP/1.1" 200 9213 "https://ftscreations.com/?p=3489" "Mozilla/5.0 (Windows NT 10.0; Win64; x64) AppleWebKit/537.36 (KHTML, like Gecko) Chrome/116.0.0.0 Safari/537.36" 3116 **3/3116404**
43.173.181.47 - - [22/Feb/2026:14:15:31 -0700] "GET /najwi%C4%99kszych-wygranych-w-kasynie-w-gems-bonanza/ HTTP/1.1" 200 9220 "https://ftscreations.com/?p=4207" "Mozilla/5.0 (Windows NT 10.0; Win64; x64) AppleWebKit/537.36 (KHTML, like Gecko) Chrome/104.0.5112.81 Safari/537.36" 3915 **3/3915748**
43.173.174.214 - - [22/Feb/2026:14:15:37 -0700] "POST / HTTP/1.1" 204 - "http://ftscreations.com/" "Mozilla/5.0 (Windows NT 10.0; Win64; x64) AppleWebKit/537.36 (KHTML, like Gecko) Chrome/116.0.0.0 Safari/537.36" 2262 **2/2262767**
43.173.179.203 - - [22/Feb/2026:14:15:41 -0700] "POST / HTTP/1.1" 204 - "http://ftscreations.com/" "Mozilla/5.0 (Windows NT 10.0; Win64; x64) AppleWebKit/537.36 (KHTML, like Gecko) Chrome/104.0.5112.81 Safari/537.36" 1994 **1/1994851**
43.173.176.27 - - [22/Feb/2026:14:15:49 -0700] "GET /?p=13705 HTTP/1.1" 301 - "-" "Mozilla/5.0 (Windows NT 10.0; Win64; x64) AppleWebKit/537.36 (KHTML, like Gecko) Chrome/131.0.0.0 Safari/537.36" 2539 **2/2539124**
114.119.146.15 - - [22/Feb/2026:14:15:49 -0700] "GET /?p=9520 HTTP/1.1" 301 - "https://ftscreations.com/age-of-egypt-rzetelny-przegl%C4%85d/" "Mozilla/5.0 (Linux; Android 7.0;) AppleWebKit/537.36 (KHTML, like Gecko) Mobile Safari/537.36 (compatible; PetalBot;+https://webmaster.petalsearch.com/site/petalbot)" 2494 **2/2494297**
43.173.175.234 - - [22/Feb/2026:14:15:49 -0700] "GET /recenzje-prawdziwych-u%C5%BCytkownik%C3%B3w-gier-book-of-anunnaki/ HTTP/1.1" 200 9211 "-" "Mozilla/5.0 (Windows NT 10.0; Win64; x64) AppleWebKit/537.36 (KHTML, like Gecko) Chrome/109.0.0.0 Safari/537.36" 3123 **3/3123904**
114.119.146.15 - - [22/Feb/2026:14:15:53 -0700] "GET /action-bank-online-w-trybie-demo-bez-rejestracji/ HTTP/1.1" 200 9277 "https://ftscreations.com/age-of-egypt-rzetelny-przegl%C4%85d/" "Mozilla/5.0 (Linux; Android 7.0;) AppleWebKit/537.36 (KHTML, like Gecko) Mobile Safari/537.36 (compatible; PetalBot;+https://webmaster.petalsearch.com/site/petalbot)" 4731 **4/4731956**
43.173.172.194 - - [22/Feb/2026:14:15:55 -0700] "POST / HTTP/1.1" 204 - "https://ftscreations.com/recenzje-prawdziwych-u%C5%BCytkownik%C3%B3w-gier-book-of-anunnaki/" "Mozilla/5.0 (Windows NT 10.0; Win64; x64) AppleWebKit/537.36 (KHTML, like Gecko) Chrome/109.0.0.0 Safari/537.36" 3034 **3/3034582**
43.173.176.27 - - [22/Feb/2026:14:15:52 -0700] "GET /one-s-complete-resource-to-leon-casino-online/ HTTP/1.1" 200 10875 "https://ftscreations.com/?p=13705" "Mozilla/5.0 (Windows NT 10.0; Win64; x64) AppleWebKit/537.36 (KHTML, like Gecko) Chrome/131.0.0.0 Safari/537.36" 6213 **6/6213986**
114.119.149.66 - - [22/Feb/2026:14:17:14 -0700] "GET /?p=9500 HTTP/1.1" 301 - "https://ftscreations.com/kup-bonusy-legendary-battle-of-the-nian" "Mozilla/5.0 (Linux; Android 7.0;) AppleWebKit/537.36 (KHTML, like Gecko) Mobile Safari/537.36 (compatible; PetalBot;+https://webmaster.petalsearch.com/site/petalbot)" 2365 **2/2365938**
114.119.149.66 - - [22/Feb/2026:14:17:18 -0700] "GET /automatyczny-obr%C3%B3t-do-sky-queen/ HTTP/1.1" 200 9053 "https://ftscreations.com/kup-bonusy-legendary-battle-of-the-nian" "Mozilla/5.0 (Linux; Android 7.0;) AppleWebKit/537.36 (KHTML, like Gecko) Mobile Safari/537.36 (compatible; PetalBot;+https://webmaster.petalsearch.com/site/petalbot)" 4427 **4/4427823**
114.119.141.35 - - [22/Feb/2026:14:18:44 -0700] "GET /?p=9498 HTTP/1.1" 301 - "https://ftscreations.com/rtp-i-zmienno%C5%9B%C4%87-automatu-esqueleto-mariachi/" "Mozilla/5.0 (Linux; Android 7.0;) AppleWebKit/537.36 (KHTML, like Gecko) Mobile Safari/537.36 (compatible; PetalBot;+https://webmaster.petalsearch.com/site/petalbot)" 2996 **2/2996447**
102.0.8.139 - - [22/Feb/2026:14:18:44 -0700] "GET /understanding-payid-casino-banking-solutions-a-contemporary-financial/ HTTP/1.1" 200 10349 "-" "Mozilla/5.0 (Windows; U; Windows NT 5.1; en-US) AppleWebKit/532.1 (KHTML, like Gecko) Chrome/4.0.219.4 Safari/532.1" 4484 **4/4484250**
114.119.141.35 - - [22/Feb/2026:14:18:48 -0700] "GET /rtp-i-mo%C5%BCliwo%C5%9Bci-wygranej-w-automacie-diamond-quest/ HTTP/1.1" 200 9324 "https://ftscreations.com/rtp-i-zmienno%C5%9B%C4%87-automatu-esqueleto-mariachi/" "Mozilla/5.0 (Linux; Android 7.0;) AppleWebKit/537.36 (KHTML, like Gecko) Mobile Safari/537.36 (compatible; PetalBot;+https://webmaster.petalsearch.com/site/petalbot)" 2527 **2/2527437**
114.119.136.249 - - [22/Feb/2026:14:19:58 -0700] "GET /?p=9495 HTTP/1.1" 301 - "https://ftscreations.com/rtp-i-zmienno%C5%9B%C4%87-automatu-esqueleto-mariachi/" "Mozilla/5.0 (Linux; Android 7.0;) AppleWebKit/537.36 (KHTML, like Gecko) Mobile Safari/537.36 (compatible; PetalBot;+https://webmaster.petalsearch.com/site/petalbot)" 2611 **2/2611561**
114.119.136.249 - - [22/Feb/2026:14:20:02 -0700] "GET /age-of-the-gods-roulette-live-opcjonalna-opcja-zak%C5%82adu-ante-i-zakupu-bonusowego/ HTTP/1.1" 200 9306 "https://ftscreations.com/rtp-i-zmienno%C5%9B%C4%87-automatu-esqueleto-mariachi/" "Mozilla/5.0 (Linux; Android 7.0;) AppleWebKit/537.36 (KHTML, like Gecko) Mobile Safari/537.36 (compatible; PetalBot;+https://webmaster.petalsearch.com/site/petalbot)" 4407 **4/4407434**
114.119.149.66 - - [22/Feb/2026:14:21:27 -0700] "GET /?p=9469 HTTP/1.1" 301 - "https://ftscreations.com/wolf-fang-golden-sands-na-prawdziwe-pieni%C4%85dze/" "Mozilla/5.0 (Linux; Android 7.0;) AppleWebKit/537.36 (KHTML, like Gecko) Mobile Safari/537.36 (compatible; PetalBot;+https://webmaster.petalsearch.com/site/petalbot)" 2068 **2/2068086**
114.119.149.66 - - [22/Feb/2026:14:21:31 -0700] "GET /88-frenzy-fortune-unikalnych-funkcji-automat%C3%B3w-do-gier/ HTTP/1.1" 200 9352 "https://ftscreations.com/wolf-fang-golden-sands-na-prawdziwe-pieni%C4%85dze/" "Mozilla/5.0 (Linux; Android 7.0;) AppleWebKit/537.36 (KHTML, like Gecko) Mobile Safari/537.36 (compatible; PetalBot;+https://webmaster.petalsearch.com/site/petalbot)" 4755 **4/4755513**
114.119.151.146 - - [22/Feb/2026:14:22:45 -0700] "GET /?p=9465 HTTP/1.1" 301 - "https://ftscreations.com/gra-wild-link-zeus-z-bitcoinem/" "Mozilla/5.0 (Linux; Android 7.0;) AppleWebKit/537.36 (KHTML, like Gecko) Mobile Safari/537.36 (compatible; PetalBot;+https://webmaster.petalsearch.com/site/petalbot)" 2389 **2/2389612**
114.119.151.146 - - [22/Feb/2026:14:22:48 -0700] "GET /jackpot-na-wolf-blaze-wowpot-megaways/ HTTP/1.1" 200 9214 "https://ftscreations.com/gra-wild-link-zeus-z-bitcoinem/" "Mozilla/5.0 (Linux; Android 7.0;) AppleWebKit/537.36 (KHTML, like Gecko) Mobile Safari/537.36 (compatible; PetalBot;+https://webmaster.petalsearch.com/site/petalbot)" 4431 **4/4431741**
62.216.66.142 - - [22/Feb/2026:14:23:28 -0700] "GET / HTTP/2.0" 200 4157 "-" "Mozilla/5.0 (Windows NT 10.0; Win64; x64) AppleWebKit/537.36 (KHTML, like Gecko) Chrome/144.0.0.0 Safari/537.36" 4735 **4/4735040**
62.216.66.142 - - [22/Feb/2026:14:23:33 -0700] "GET /elevator-pitch/ HTTP/2.0" 200 3971 "-" "Mozilla/5.0 (Windows NT 10.0; Win64; x64) AppleWebKit/537.36 (KHTML, like Gecko) Chrome/144.0.0.0 Safari/537.36" 3357 **3/3357326**
62.216.66.142 - - [22/Feb/2026:14:23:36 -0700] "GET /contact/ HTTP/2.0" 200 4241 "-" "Mozilla/5.0 (Windows NT 10.0; Win64; x64) AppleWebKit/537.36 (KHTML, like Gecko) Chrome/144.0.0.0 Safari/537.36" 3073 **3/3073320**
62.216.66.142 - - [22/Feb/2026:14:23:40 -0700] "GET /wp-content/plugins/top-10/includes/js/top-10-tracker.min.js?ver=1.0 HTTP/2.0" 200 139 "-" "Mozilla/5.0 (Windows NT 10.0; Win64; x64) AppleWebKit/537.36 (KHTML, like Gecko) Chrome/144.0.0.0 Safari/537.36" 11 **0/11688**
62.216.66.142 - - [22/Feb/2026:14:23:40 -0700] "GET /wp-content/themes/photographer-wp/js/fastclick.js HTTP/2.0" 200 2434 "-" "Mozilla/5.0 (Windows NT 10.0; Win64; x64) AppleWebKit/537.36 (KHTML, like Gecko) Chrome/144.0.0.0 Safari/537.36" 20 **0/20266**
62.216.66.142 - - [22/Feb/2026:14:23:40 -0700] "GET /wp-includes/js/imagesloaded.min.js?ver=3.2.0 HTTP/2.0" 200 2445 "-" "Mozilla/5.0 (Windows NT 10.0; Win64; x64) AppleWebKit/537.36 (KHTML, like Gecko) Chrome/144.0.0.0 Safari/537.36" 9 **0/9960**
62.216.66.142 - - [22/Feb/2026:14:23:41 -0700] "GET /wp-content/themes/photographer-wp/js/photo-swipe/photoswipe.min.js HTTP/2.0" 200 11820 "-" "Mozilla/5.0 (Windows NT 10.0; Win64; x64) AppleWebKit/537.36 (KHTML, like Gecko) Chrome/144.0.0.0 Safari/537.36" 19 **0/19888**
62.216.66.142 - - [22/Feb/2026:14:23:41 -0700] "GET /wp-content/themes/photographer-wp/js/photo-swipe/photoswipe-ui-default.min.js HTTP/2.0" 200 3546 "-" "Mozilla/5.0 (Windows NT 10.0; Win64; x64) AppleWebKit/537.36 (KHTML, like Gecko) Chrome/144.0.0.0 Safari/537.36" 9 **0/9674**
114.119.146.15 - - [22/Feb/2026:14:24:15 -0700] "GET /?p=9442 HTTP/1.1" 301 - "https://ftscreations.com/amazing-link-zeus-efekt-kaskady/" "Mozilla/5.0 (Linux; Android 7.0;) AppleWebKit/537.36 (KHTML, like Gecko) Mobile Safari/537.36 (compatible; PetalBot;+https://webmaster.petalsearch.com/site/petalbot)" 2431 **2/2431852**
114.119.146.15 - - [22/Feb/2026:14:24:19 -0700] "GET /golden-offer-kasyna-internetowe/ HTTP/1.1" 200 9417 "https://ftscreations.com/amazing-link-zeus-efekt-kaskady/" "Mozilla/5.0 (Linux; Android 7.0;) AppleWebKit/537.36 (KHTML, like Gecko) Mobile Safari/537.36 (compatible; PetalBot;+https://webmaster.petalsearch.com/site/petalbot)" 2477 **2/2477953**
114.119.159.62 - - [22/Feb/2026:14:25:36 -0700] "GET /?p=9408 HTTP/1.1" 301 - "https://ftscreations.com/najwi%C4%99ksza-wygrana-na-muertos-multiplier-megaways/" "Mozilla/5.0 (Linux; Android 7.0;) AppleWebKit/537.36 (KHTML, like Gecko) Mobile Safari/537.36 (compatible; PetalBot;+https://webmaster.petalsearch.com/site/petalbot)" 3129 **3/3129190**
114.119.159.62 - - [22/Feb/2026:14:25:41 -0700] "GET /grafika-i-d%C5%BAwi%C4%99ki-w-buffalo-hold-and-win/ HTTP/1.1" 200 9224 "https://ftscreations.com/najwi%C4%99ksza-wygrana-na-muertos-multiplier-megaways/" "Mozilla/5.0 (Linux; Android 7.0;) AppleWebKit/537.36 (KHTML, like Gecko) Mobile Safari/537.36 (compatible; PetalBot;+https://webmaster.petalsearch.com/site/petalbot)" 7202 **7/7202700**
114.119.141.35 - - [22/Feb/2026:14:27:03 -0700] "GET /?p=9387 HTTP/1.1" 301 - "https://ftscreations.com/rozszerzony-symbol-wild-w-slocie-grand-junction-mountain-express/" "Mozilla/5.0 (Linux; Android 7.0;) AppleWebKit/537.36 (KHTML, like Gecko) Mobile Safari/537.36 (compatible; PetalBot;+https://webmaster.petalsearch.com/site/petalbot)" 2750 **2/2750879**
114.119.141.35 - - [22/Feb/2026:14:27:07 -0700] "GET /nowoczesna-grafika-i-z%C5%82o%C5%BCone-animacje-w-grze-energoonz/ HTTP/1.1" 200 9264 "https://ftscreations.com/rozszerzony-symbol-wild-w-slocie-grand-junction-mountain-express/" "Mozilla/5.0 (Linux; Android 7.0;) AppleWebKit/537.36 (KHTML, like Gecko) Mobile Safari/537.36 (compatible; PetalBot;+https://webmaster.petalsearch.com/site/petalbot)" 4903 **4/4903709**
114.119.151.146 - - [22/Feb/2026:14:28:28 -0700] "GET /?p=9386 HTTP/1.1" 301 - "https://ftscreations.com/big-red-ekscytuj%C4%85ce-funkcje-dodatkowe-w-grze" "Mozilla/5.0 (Linux; Android 7.0;) AppleWebKit/537.36 (KHTML, like Gecko) Mobile Safari/537.36 (compatible; PetalBot;+https://webmaster.petalsearch.com/site/petalbot)" 3368 **3/3368258**
72.167.58.252 - - [22/Feb/2026:14:28:30 -0700] "POST /wp-cron.php?doing_wp_cron=1771795710.0244369506835937500000 HTTP/1.1" 200 - "https://ftscreations.com/wp-cron.php?doing_wp_cron=1771795710.0244369506835937500000" "WordPress/5.4.18; https://ftscreations.com" 2977 **2/2977384**
114.119.151.146 - - [22/Feb/2026:14:28:32 -0700] "GET /numero-uno-bonusy/ HTTP/1.1" 200 9218 "https://ftscreations.com/big-red-ekscytuj%C4%85ce-funkcje-dodatkowe-w-grze" "Mozilla/5.0 (Linux; Android 7.0;) AppleWebKit/537.36 (KHTML, like Gecko) Mobile Safari/537.36 (compatible; PetalBot;+https://webmaster.petalsearch.com/site/petalbot)" 4362 **4/4362851**
47.82.11.35 - - [22/Feb/2026:14:29:23 -0700] "GET /mybitcoin-casino-din-totala-handbok-till-digitala/ HTTP/1.1" 200 10178 "https://ftscreations.com/" "Mozilla/5.0 (X11; CrOS x86_64 14541.0.0) AppleWebKit/537.36 (KHTML, like Gecko) Chrome/133.0.0.0 Safari/537.36" 4534 **4/4534932**
114.119.141.35 - - [22/Feb/2026:14:29:46 -0700] "GET /?p=9381 HTTP/1.1" 301 - "https://ftscreations.com/jak-ubiega%C4%87-si%C4%99-o-bonusy-i-promocje-dla-beauty-of-cleopatra" "Mozilla/5.0 (Linux; Android 7.0;) AppleWebKit/537.36 (KHTML, like Gecko) Mobile Safari/537.36 (compatible; PetalBot;+https://webmaster.petalsearch.com/site/petalbot)" 2717 **2/2717531**
114.119.141.35 - - [22/Feb/2026:14:29:50 -0700] "GET /coin-dozer-mno%C5%BCniki-500x/ HTTP/1.1" 200 9143 "https://ftscreations.com/jak-ubiega%C4%87-si%C4%99-o-bonusy-i-promocje-dla-beauty-of-cleopatra" "Mozilla/5.0 (Linux; Android 7.0;) AppleWebKit/537.36 (KHTML, like Gecko) Mobile Safari/537.36 (compatible; PetalBot;+https://webmaster.petalsearch.com/site/petalbot)" 3349 **3/3349800**
114.119.151.146 - - [22/Feb/2026:14:31:11 -0700] "GET /?p=9379 HTTP/1.1" 301 - "https://ftscreations.com/fortune-coin-szanse-na-wygran%C4%85/" "Mozilla/5.0 (Linux; Android 7.0;) AppleWebKit/537.36 (KHTML, like Gecko) Mobile Safari/537.36 (compatible; PetalBot;+https://webmaster.petalsearch.com/site/petalbot)" 3070 **3/3070733**
114.119.151.146 - - [22/Feb/2026:14:31:16 -0700] "GET /treasures-of-fire-scatter-pays-czym-s%C4%85-witryny-kasyn-z-darmowymi-spinami/ HTTP/1.1" 200 9193 "https://ftscreations.com/fortune-coin-szanse-na-wygran%C4%85/" "Mozilla/5.0 (Linux; Android 7.0;) AppleWebKit/537.36 (KHTML, like Gecko) Mobile Safari/537.36 (compatible; PetalBot;+https://webmaster.petalsearch.com/site/petalbot)" 3860 **3/3860001**
114.119.141.35 - - [22/Feb/2026:14:32:31 -0700] "GET /?p=9373 HTTP/1.1" 301 - "https://ftscreations.com/mage-fire-blaze-wild-pistolero-symboli-i-wyp%C5%82at" "Mozilla/5.0 (Linux; Android 7.0;) AppleWebKit/537.36 (KHTML, like Gecko) Mobile Safari/537.36 (compatible; PetalBot;+https://webmaster.petalsearch.com/site/petalbot)" 2888 **2/2888607**
114.119.141.35 - - [22/Feb/2026:14:32:35 -0700] "GET /aloha-king-elvis-funkcja-darmowych-spin%C3%B3w-z-mno%C5%BCnikami/ HTTP/1.1" 200 9084 "https://ftscreations.com/mage-fire-blaze-wild-pistolero-symboli-i-wyp%C5%82at" "Mozilla/5.0 (Linux; Android 7.0;) AppleWebKit/537.36 (KHTML, like Gecko) Mobile Safari/537.36 (compatible; PetalBot;+https://webmaster.petalsearch.com/site/petalbot)" 4261 **4/4261274**
114.119.146.15 - - [22/Feb/2026:14:33:53 -0700] "GET /?p=9365 HTTP/1.1" 301 - "https://ftscreations.com/kompatybilno%C5%9B%C4%87-z-urz%C4%85dzeniami-mobilnymi-w-scudamores-super-stakes/" "Mozilla/5.0 (Linux; Android 7.0;) AppleWebKit/537.36 (KHTML, like Gecko) Mobile Safari/537.36 (compatible; PetalBot;+https://webmaster.petalsearch.com/site/petalbot)" 2973 **2/2973649**
114.119.146.15 - - [22/Feb/2026:14:33:58 -0700] "GET /jackpoty-w-amazon-kingdom/ HTTP/1.1" 200 9204 "https://ftscreations.com/kompatybilno%C5%9B%C4%87-z-urz%C4%85dzeniami-mobilnymi-w-scudamores-super-stakes/" "Mozilla/5.0 (Linux; Android 7.0;) AppleWebKit/537.36 (KHTML, like Gecko) Mobile Safari/537.36 (compatible; PetalBot;+https://webmaster.petalsearch.com/site/petalbot)" 5729 **5/5729246**
114.119.142.93 - - [22/Feb/2026:14:35:27 -0700] "GET /?p=9357 HTTP/1.1" 301 - "https://ftscreations.com/jak-gra%C4%87-majestic-winter/" "Mozilla/5.0 (Linux; Android 7.0;) AppleWebKit/537.36 (KHTML, like Gecko) Mobile Safari/537.36 (compatible; PetalBot;+https://webmaster.petalsearch.com/site/petalbot)" 2915 **2/2915510**
114.119.142.93 - - [22/Feb/2026:14:35:30 -0700] "GET /golden-fish-tank-graj-w-przegl%C4%85darce-lub-telefonie-kom%C3%B3rkowym/ HTTP/1.1" 200 9298 "https://ftscreations.com/jak-gra%C4%87-majestic-winter/" "Mozilla/5.0 (Linux; Android 7.0;) AppleWebKit/537.36 (KHTML, like Gecko) Mobile Safari/537.36 (compatible; PetalBot;+https://webmaster.petalsearch.com/site/petalbot)" 4704 **4/4704270**
40.77.167.243 - - [22/Feb/2026:14:36:25 -0700] "GET /solar-temple-zwi%C4%99kszenie-prawdopodobie%C5%84stwa-pojawienia-si%C4%99-symboli-rozproszonych/ HTTP/2.0" 200 8658 "-" "Mozilla/5.0 AppleWebKit/537.36 (KHTML, like Gecko; compatible; bingbot/2.0; +http://www.bing.com/bingbot.htm) Chrome/116.0.1938.76 Safari/537.36" 6937 **6/6937776**
114.119.141.35 - - [22/Feb/2026:14:36:43 -0700] "GET /?p=9345 HTTP/1.1" 301 - "https://ftscreations.com/grafika-i-muzyka-w-lucky-farm-bonanza/" "Mozilla/5.0 (Linux; Android 7.0;) AppleWebKit/537.36 (KHTML, like Gecko) Mobile Safari/537.36 (compatible; PetalBot;+https://webmaster.petalsearch.com/site/petalbot)" 2759 **2/2759057**
114.119.141.35 - - [22/Feb/2026:14:36:48 -0700] "GET /joker-boom-plus-demo/ HTTP/1.1" 200 8915 "https://ftscreations.com/grafika-i-muzyka-w-lucky-farm-bonanza/" "Mozilla/5.0 (Linux; Android 7.0;) AppleWebKit/537.36 (KHTML, like Gecko) Mobile Safari/537.36 (compatible; PetalBot;+https://webmaster.petalsearch.com/site/petalbot)" 5370 **5/5370071**
114.119.141.35 - - [22/Feb/2026:14:38:10 -0700] "GET /?p=9335 HTTP/1.1" 301 - "https://ftscreations.com/podw%C3%B3jny-zysk-na-might-of-light" "Mozilla/5.0 (Linux; Android 7.0;) AppleWebKit/537.36 (KHTML, like Gecko) Mobile Safari/537.36 (compatible; PetalBot;+https://webmaster.petalsearch.com/site/petalbot)" 2555 **2/2555451**
114.119.141.35 - - [22/Feb/2026:14:38:13 -0700] "GET /king-cobra-unikalny-projekt-gry/ HTTP/1.1" 200 9325 "https://ftscreations.com/podw%C3%B3jny-zysk-na-might-of-light" "Mozilla/5.0 (Linux; Android 7.0;) AppleWebKit/537.36 (KHTML, like Gecko) Mobile Safari/537.36 (compatible; PetalBot;+https://webmaster.petalsearch.com/site/petalbot)" 5997 **5/5997908**
113.186.241.144 - - [22/Feb/2026:14:38:41 -0700] "GET /big-bass-splash-1000-das-auergewohnliche/ HTTP/1.1" 200 10442 "-" "Mozilla/5.0 (Macintosh; U; PPC Mac OS X; sv-se) AppleWebKit/418 (KHTML, like Gecko) Safari/417.9.3" 3229 **3/3229143**
114.119.146.15 - - [22/Feb/2026:14:39:29 -0700] "GET /?p=9334 HTTP/1.1" 301 - "https://ftscreations.com/gry-kasynowe-online-na-fruit-shop-megaways/" "Mozilla/5.0 (Linux; Android 7.0;) AppleWebKit/537.36 (KHTML, like Gecko) Mobile Safari/537.36 (compatible; PetalBot;+https://webmaster.petalsearch.com/site/petalbot)" 2155 **2/2155053**
114.119.146.15 - - [22/Feb/2026:14:39:32 -0700] "GET /rise-of-olypmus-zak%C5%82ady/ HTTP/1.1" 200 9212 "https://ftscreations.com/gry-kasynowe-online-na-fruit-shop-megaways/" "Mozilla/5.0 (Linux; Android 7.0;) AppleWebKit/537.36 (KHTML, like Gecko) Mobile Safari/537.36 (compatible; PetalBot;+https://webmaster.petalsearch.com/site/petalbot)" 3866 **3/3866324**
114.119.151.146 - - [22/Feb/2026:14:40:53 -0700] "GET /?p=9332 HTTP/1.1" 301 - "https://ftscreations.com/wypr%C3%B3buj-gr%C4%99-ashoka-za-darmo/" "Mozilla/5.0 (Linux; Android 7.0;) AppleWebKit/537.36 (KHTML, like Gecko) Mobile Safari/537.36 (compatible; PetalBot;+https://webmaster.petalsearch.com/site/petalbot)" 3038 **3/3038036**
114.119.151.146 - - [22/Feb/2026:14:40:57 -0700] "GET /9-pots-of-gold-megaways-rozgrywka-i-grafika/ HTTP/1.1" 200 9024 "https://ftscreations.com/wypr%C3%B3buj-gr%C4%99-ashoka-za-darmo/" "Mozilla/5.0 (Linux; Android 7.0;) AppleWebKit/537.36 (KHTML, like Gecko) Mobile Safari/537.36 (compatible; PetalBot;+https://webmaster.petalsearch.com/site/petalbot)" 4528 **4/4528713**
47.82.11.115 - - [22/Feb/2026:14:40:57 -0700] "GET /richville-gaming-site-your-top-location-for/ HTTP/1.1" 200 10180 "https://ftscreations.com/" "Mozilla/5.0 (Macintosh; Intel Mac OS X 10_15_7) AppleWebKit/605.1.15 (KHTML, like Gecko) Version/18.3.1 Safari/605.1.15" 5248 **5/5248144**
114.119.142.93 - - [22/Feb/2026:14:42:20 -0700] "GET /?p=9310 HTTP/1.1" 301 - "https://ftscreations.com/funkcje-specjalne-w-maszynie-extra-juicy" "Mozilla/5.0 (Linux; Android 7.0;) AppleWebKit/537.36 (KHTML, like Gecko) Mobile Safari/537.36 (compatible; PetalBot;+https://webmaster.petalsearch.com/site/petalbot)" 2241 **2/2241794**
114.119.142.93 - - [22/Feb/2026:14:42:24 -0700] "GET /maksymalna-wygrana-w-maszynie-temple-of-iris-2/ HTTP/1.1" 200 8940 "https://ftscreations.com/funkcje-specjalne-w-maszynie-extra-juicy" "Mozilla/5.0 (Linux; Android 7.0;) AppleWebKit/537.36 (KHTML, like Gecko) Mobile Safari/537.36 (compatible; PetalBot;+https://webmaster.petalsearch.com/site/petalbot)" 4399 **4/4399547**
114.119.141.35 - - [22/Feb/2026:14:43:40 -0700] "GET /?p=9300 HTTP/1.1" 301 - "https://ftscreations.com/maksymalna-wygrana-w-wysoko%C5%9Bci-5-000-krotno%C5%9Bci-zak%C5%82adu-w-book-of-ra/" "Mozilla/5.0 (Linux; Android 7.0;) AppleWebKit/537.36 (KHTML, like Gecko) Mobile Safari/537.36 (compatible; PetalBot;+https://webmaster.petalsearch.com/site/petalbot)" 2368 **2/2368267**
114.119.141.35 - - [22/Feb/2026:14:43:44 -0700] "GET /powr%C3%B3t-do-gracza-w-majestic-winter/ HTTP/1.1" 200 9040 "https://ftscreations.com/maksymalna-wygrana-w-wysoko%C5%9Bci-5-000-krotno%C5%9Bci-zak%C5%82adu-w-book-of-ra/" "Mozilla/5.0 (Linux; Android 7.0;) AppleWebKit/537.36 (KHTML, like Gecko) Mobile Safari/537.36 (compatible; PetalBot;+https://webmaster.petalsearch.com/site/petalbot)" 4487 **4/4487643**
114.119.146.15 - - [22/Feb/2026:14:45:10 -0700] "GET /?p=9292 HTTP/1.1" 301 - "https://ftscreations.com/co-jest-wyj%C4%85tkowego-w-g%C5%82%C3%B3wnym-slocie-persian-fortune" "Mozilla/5.0 (Linux; Android 7.0;) AppleWebKit/537.36 (KHTML, like Gecko) Mobile Safari/537.36 (compatible; PetalBot;+https://webmaster.petalsearch.com/site/petalbot)" 3274 **3/3274632**
114.119.146.15 - - [22/Feb/2026:14:45:15 -0700] "GET /extra-wild-pakiet-prezentowy-o-warto%C5%9Bci-do-1-400-000-usd/ HTTP/1.1" 200 8828 "https://ftscreations.com/co-jest-wyj%C4%85tkowego-w-g%C5%82%C3%B3wnym-slocie-persian-fortune" "Mozilla/5.0 (Linux; Android 7.0;) AppleWebKit/537.36 (KHTML, like Gecko) Mobile Safari/537.36 (compatible; PetalBot;+https://webmaster.petalsearch.com/site/petalbot)" 3033 **3/3033782**
114.119.149.66 - - [22/Feb/2026:14:46:28 -0700] "GET /?p=9291 HTTP/1.1" 301 - "https://ftscreations.com/funkcja-obracania-mental/" "Mozilla/5.0 (Linux; Android 7.0;) AppleWebKit/537.36 (KHTML, like Gecko) Mobile Safari/537.36 (compatible; PetalBot;+https://webmaster.petalsearch.com/site/petalbot)" 2312 **2/2312434**
114.119.149.66 - - [22/Feb/2026:14:46:31 -0700] "GET /zagraj-w-big-buffalo-megaways-na-telefonie-kom%C3%B3rkowym/ HTTP/1.1" 200 9218 "https://ftscreations.com/funkcja-obracania-mental/" "Mozilla/5.0 (Linux; Android 7.0;) AppleWebKit/537.36 (KHTML, like Gecko) Mobile Safari/537.36 (compatible; PetalBot;+https://webmaster.petalsearch.com/site/petalbot)" 4220 **4/4220197**
114.119.141.35 - - [22/Feb/2026:14:47:54 -0700] "GET /?p=9288 HTTP/1.1" 301 - "https://ftscreations.com/numero-uno-bonusy" "Mozilla/5.0 (Linux; Android 7.0;) AppleWebKit/537.36 (KHTML, like Gecko) Mobile Safari/537.36 (compatible; PetalBot;+https://webmaster.petalsearch.com/site/petalbot)" 1593 **1/1593552**
114.119.141.35 - - [22/Feb/2026:14:47:58 -0700] "GET /jak-obliczana-jest-wygrana-w-grze-kasynowej-wild-wild-riches-megaways/ HTTP/1.1" 200 8972 "https://ftscreations.com/numero-uno-bonusy" "Mozilla/5.0 (Linux; Android 7.0;) AppleWebKit/537.36 (KHTML, like Gecko) Mobile Safari/537.36 (compatible; PetalBot;+https://webmaster.petalsearch.com/site/petalbot)" 5039 **5/5039671**
114.119.129.175 - - [22/Feb/2026:14:49:16 -0700] "GET /?p=9281 HTTP/1.1" 301 - "https://ftscreations.com/automat-do-gier-mechanika-w-ninja-ways" "Mozilla/5.0 (Linux; Android 7.0;) AppleWebKit/537.36 (KHTML, like Gecko) Mobile Safari/537.36 (compatible; PetalBot;+https://webmaster.petalsearch.com/site/petalbot)" 4050 **4/4050482**
114.119.129.175 - - [22/Feb/2026:14:49:21 -0700] "GET /slot-rocket-dice-xy-wysoki-rtp/ HTTP/1.1" 200 8881 "https://ftscreations.com/automat-do-gier-mechanika-w-ninja-ways" "Mozilla/5.0 (Linux; Android 7.0;) AppleWebKit/537.36 (KHTML, like Gecko) Mobile Safari/537.36 (compatible; PetalBot;+https://webmaster.petalsearch.com/site/petalbot)" 5062 **5/5062047**
114.119.146.15 - - [22/Feb/2026:14:50:37 -0700] "GET /?p=9261 HTTP/1.1" 301 - "https://ftscreations.com/recenzja-automatu-la-mina-de-oro-plus/" "Mozilla/5.0 (Linux; Android 7.0;) AppleWebKit/537.36 (KHTML, like Gecko) Mobile Safari/537.36 (compatible; PetalBot;+https://webmaster.petalsearch.com/site/petalbot)" 2414 **2/2414808**
114.119.146.15 - - [22/Feb/2026:14:50:40 -0700] "GET /sloty-online-podobne-do-wild-joker-hot/ HTTP/1.1" 200 9361 "https://ftscreations.com/recenzja-automatu-la-mina-de-oro-plus/" "Mozilla/5.0 (Linux; Android 7.0;) AppleWebKit/537.36 (KHTML, like Gecko) Mobile Safari/537.36 (compatible; PetalBot;+https://webmaster.petalsearch.com/site/petalbot)" 5263 **5/5263887**
114.119.151.146 - - [22/Feb/2026:14:52:01 -0700] "GET /?p=9258 HTTP/1.1" 301 - "http://ftscreations.com/?p=9700" "Mozilla/5.0 (Linux; Android 7.0;) AppleWebKit/537.36 (KHTML, like Gecko) Mobile Safari/537.36 (compatible; PetalBot;+https://webmaster.petalsearch.com/site/petalbot)" 3170 **3/3170420**
114.119.151.146 - - [22/Feb/2026:14:52:05 -0700] "GET /dancing-bones-teoretyczny-zwrot-maszyny/ HTTP/1.1" 200 9143 "http://ftscreations.com/?p=9700" "Mozilla/5.0 (Linux; Android 7.0;) AppleWebKit/537.36 (KHTML, like Gecko) Mobile Safari/537.36 (compatible; PetalBot;+https://webmaster.petalsearch.com/site/petalbot)" 7204 **7/7204752**
114.119.129.175 - - [22/Feb/2026:14:53:28 -0700] "GET /?p=9254 HTTP/1.1" 301 - "https://ftscreations.com/flying-pigs-ko%C5%82owrotki/" "Mozilla/5.0 (Linux; Android 7.0;) AppleWebKit/537.36 (KHTML, like Gecko) Mobile Safari/537.36 (compatible; PetalBot;+https://webmaster.petalsearch.com/site/petalbot)" 2704 **2/2704924**
114.119.129.175 - - [22/Feb/2026:14:53:34 -0700] "GET /hand-of-gold-konserwatywne-zak%C5%82ady-na-automatach/ HTTP/1.1" 200 9123 "https://ftscreations.com/flying-pigs-ko%C5%82owrotki/" "Mozilla/5.0 (Linux; Android 7.0;) AppleWebKit/537.36 (KHTML, like Gecko) Mobile Safari/537.36 (compatible; PetalBot;+https://webmaster.petalsearch.com/site/petalbot)" 4845 **4/4845171**
114.119.142.93 - - [22/Feb/2026:14:54:50 -0700] "GET /?p=9253 HTTP/1.1" 301 - "https://ftscreations.com/funkcja-avalanche-sizzling-eggs/" "Mozilla/5.0 (Linux; Android 7.0;) AppleWebKit/537.36 (KHTML, like Gecko) Mobile Safari/537.36 (compatible; PetalBot;+https://webmaster.petalsearch.com/site/petalbot)" 2427 **2/2427427**
114.119.142.93 - - [22/Feb/2026:14:54:54 -0700] "GET /darmowe-spiny-i-symbole-bonusowe-w-blaze-million/ HTTP/1.1" 200 9211 "https://ftscreations.com/funkcja-avalanche-sizzling-eggs/" "Mozilla/5.0 (Linux; Android 7.0;) AppleWebKit/537.36 (KHTML, like Gecko) Mobile Safari/537.36 (compatible; PetalBot;+https://webmaster.petalsearch.com/site/petalbot)" 6162 **6/6162439**
114.119.151.146 - - [22/Feb/2026:14:56:12 -0700] "GET /?p=9239 HTTP/1.1" 301 - "https://ftscreations.com/25-red-hot-7-clover-link-gry-kasynowe-na-%C5%BCywo-i-bingo" "Mozilla/5.0 (Linux; Android 7.0;) AppleWebKit/537.36 (KHTML, like Gecko) Mobile Safari/537.36 (compatible; PetalBot;+https://webmaster.petalsearch.com/site/petalbot)" 2540 **2/2540145**
