HEX
Server: Apache
System: Linux p3plzcpnl489499.prod.phx3.secureserver.net 4.18.0-553.54.1.lve.el8.x86_64 #1 SMP Wed Jun 4 13:01:13 UTC 2025 x86_64
User: dwauav0tm6jp (6177017)
PHP: 7.4.33
Disabled: NONE
Upload Files
File: /home/dwauav0tm6jp/access-logs/ftscreations.com-ssl_log
43.173.181.202 - - [22/Feb/2026:05:14:45 -0700] "GET /tiki-torch-zagraj-w-tryb-demonstracyjny/ HTTP/1.1" 200 9217 "https://ftscreations.com/?p=3104" "Mozilla/5.0 (Windows NT 10.0; Win64; x64) AppleWebKit/537.36 (KHTML, like Gecko) Chrome/112.0.0.0 Safari/537.36" 3198 **3/3198720**
43.173.182.236 - - [22/Feb/2026:05:14:49 -0700] "POST / HTTP/1.1" 204 - "https://ftscreations.com/strategie-aby-wygra%C4%87-w-bloodthirst/" "Mozilla/5.0 (Windows NT 10.0; Win64; x64) AppleWebKit/537.36 (KHTML, like Gecko) Chrome/117.0.0.0 Safari/537.36" 1370 **1/1370264**
43.173.175.221 - - [22/Feb/2026:05:14:55 -0700] "POST / HTTP/1.1" 204 - "https://ftscreations.com/?p=3104" "Mozilla/5.0 (Windows NT 10.0; Win64; x64) AppleWebKit/537.36 (KHTML, like Gecko) Chrome/112.0.0.0 Safari/537.36" 2524 **2/2524493**
114.119.149.66 - - [22/Feb/2026:05:15:07 -0700] "GET /hypernova-10k-ways-wygrane-i-zak%C5%82ady/ HTTP/1.1" 200 8272 "https://ftscreations.com/hypernova-10k-ways-wygrane-i-zak%C5%82ady" "Mozilla/5.0 (Linux; Android 7.0;) AppleWebKit/537.36 (KHTML, like Gecko) Mobile Safari/537.36 (compatible; PetalBot;+https://webmaster.petalsearch.com/site/petalbot)" 3987 **3/3987209**
43.173.180.85 - - [22/Feb/2026:05:15:48 -0700] "GET /?p=13651 HTTP/1.1" 301 - "-" "Mozilla/5.0 (Windows NT 10.0; Win64; x64) AppleWebKit/537.36 (KHTML, like Gecko) Chrome/124.0.0.0 Safari/537.36" 2380 **2/2380730**
43.173.180.85 - - [22/Feb/2026:05:15:51 -0700] "GET /rolldorado-casino-euer-erstklassiges-spielerlebnis/ HTTP/1.1" 200 10689 "https://ftscreations.com/?p=13651" "Mozilla/5.0 (Windows NT 10.0; Win64; x64) AppleWebKit/537.36 (KHTML, like Gecko) Chrome/124.0.0.0 Safari/537.36" 3964 **3/3964297**
43.173.181.50 - - [22/Feb/2026:05:15:57 -0700] "POST / HTTP/1.1" 204 - "https://ftscreations.com/?p=13651" "Mozilla/5.0 (Windows NT 10.0; Win64; x64) AppleWebKit/537.36 (KHTML, like Gecko) Chrome/124.0.0.0 Safari/537.36" 2616 **2/2616324**
114.119.142.93 - - [22/Feb/2026:05:16:30 -0700] "GET /gry-kasynowe-minimalna-wyp%C5%82ata-totem-lightning/ HTTP/1.1" 200 9533 "https://ftscreations.com/gry-kasynowe-minimalna-wyp%C5%82ata-totem-lightning/" "Mozilla/5.0 (Linux; Android 7.0;) AppleWebKit/537.36 (KHTML, like Gecko) Mobile Safari/537.36 (compatible; PetalBot;+https://webmaster.petalsearch.com/site/petalbot)" 5343 **5/5343754**
165.22.104.180 - - [22/Feb/2026:05:17:11 -0700] "GET /wp-content/plugins/profile-builder/readme.txt HTTP/1.1" 404 16023 "-" "Mozlila/5.0 (Linux; Android 7.0; SM-G892A Bulid/NRD90M; wv) AppleWebKit/537.36 (KHTML, like Gecko) Version/4.0 Chrome/60.0.3112.107 Moblie Safari/537.36" 5575 **5/5575781**
114.119.149.66 - - [22/Feb/2026:05:17:53 -0700] "GET /gems-of-serengeti-symbol-mno%C5%BCnika/ HTTP/1.1" 200 9217 "https://ftscreations.com/gems-of-serengeti-symbol-mno%C5%BCnika/" "Mozilla/5.0 (Linux; Android 7.0;) AppleWebKit/537.36 (KHTML, like Gecko) Mobile Safari/537.36 (compatible; PetalBot;+https://webmaster.petalsearch.com/site/petalbot)" 5270 **5/5270598**
114.119.141.35 - - [22/Feb/2026:05:19:21 -0700] "GET /etablissement-de-jeu-en-direct-le-tres-payant/ HTTP/1.1" 200 10728 "https://ftscreations.com/casas-para-apuestas-mas-alla-de-territorio-espanol/" "Mozilla/5.0 (Linux; Android 7.0;) AppleWebKit/537.36 (KHTML, like Gecko) Mobile Safari/537.36 (compatible; PetalBot;+https://webmaster.petalsearch.com/site/petalbot)" 4669 **4/4669708**
114.119.151.146 - - [22/Feb/2026:05:20:41 -0700] "GET /divine-riches-diana-kaskadowy-system-wygrywania HTTP/1.1" 301 - "https://ftscreations.com/divine-riches-diana-kaskadowy-system-wygrywania" "Mozilla/5.0 (Linux; Android 7.0;) AppleWebKit/537.36 (KHTML, like Gecko) Mobile Safari/537.36 (compatible; PetalBot;+https://webmaster.petalsearch.com/site/petalbot)" 2106 **2/2106022**
114.119.151.146 - - [22/Feb/2026:05:20:44 -0700] "GET /divine-riches-diana-kaskadowy-system-wygrywania/ HTTP/1.1" 200 9437 "https://ftscreations.com/divine-riches-diana-kaskadowy-system-wygrywania" "Mozilla/5.0 (Linux; Android 7.0;) AppleWebKit/537.36 (KHTML, like Gecko) Mobile Safari/537.36 (compatible; PetalBot;+https://webmaster.petalsearch.com/site/petalbot)" 4132 **4/4132822**
114.119.149.66 - - [22/Feb/2026:05:22:04 -0700] "GET /cygnus-2-zwyci%C4%99ska-kombinacja-znika HTTP/1.1" 301 - "https://ftscreations.com/cygnus-2-zwyci%C4%99ska-kombinacja-znika" "Mozilla/5.0 (Linux; Android 7.0;) AppleWebKit/537.36 (KHTML, like Gecko) Mobile Safari/537.36 (compatible; PetalBot;+https://webmaster.petalsearch.com/site/petalbot)" 3057 **3/3057374**
114.119.149.66 - - [22/Feb/2026:05:22:07 -0700] "GET /cygnus-2-zwyci%C4%99ska-kombinacja-znika/ HTTP/1.1" 200 9040 "https://ftscreations.com/cygnus-2-zwyci%C4%99ska-kombinacja-znika" "Mozilla/5.0 (Linux; Android 7.0;) AppleWebKit/537.36 (KHTML, like Gecko) Mobile Safari/537.36 (compatible; PetalBot;+https://webmaster.petalsearch.com/site/petalbot)" 5268 **5/5268696**
114.119.129.175 - - [22/Feb/2026:05:23:28 -0700] "GET /crazy-cherry-pr%C3%B3bny/ HTTP/1.1" 200 9250 "https://ftscreations.com/crazy-cherry-pr%C3%B3bny/" "Mozilla/5.0 (Linux; Android 7.0;) AppleWebKit/537.36 (KHTML, like Gecko) Mobile Safari/537.36 (compatible; PetalBot;+https://webmaster.petalsearch.com/site/petalbot)" 5149 **5/5149843**
114.119.136.249 - - [22/Feb/2026:05:24:51 -0700] "GET /club-tropicana-darmowe-spiny-w-trybie-demonstracyjnym HTTP/1.1" 301 - "https://ftscreations.com/club-tropicana-darmowe-spiny-w-trybie-demonstracyjnym" "Mozilla/5.0 (Linux; Android 7.0;) AppleWebKit/537.36 (KHTML, like Gecko) Mobile Safari/537.36 (compatible; PetalBot;+https://webmaster.petalsearch.com/site/petalbot)" 2572 **2/2572531**
114.119.136.249 - - [22/Feb/2026:05:24:54 -0700] "GET /club-tropicana-darmowe-spiny-w-trybie-demonstracyjnym/ HTTP/1.1" 200 9393 "https://ftscreations.com/club-tropicana-darmowe-spiny-w-trybie-demonstracyjnym" "Mozilla/5.0 (Linux; Android 7.0;) AppleWebKit/537.36 (KHTML, like Gecko) Mobile Safari/537.36 (compatible; PetalBot;+https://webmaster.petalsearch.com/site/petalbot)" 5212 **5/5212130**
37.27.106.115 - - [22/Feb/2026:05:25:33 -0700] "GET /anakalpsate-ten-aplayse-toy-ragnaro-casino/ HTTP/1.1" 200 10598 "-" "Screaming Frog SEO Spider/19.8" 6717 **6/6717942**
37.27.106.115 - - [22/Feb/2026:05:25:35 -0700] "GET /froggybet-je-solide-bondgenoot-in-online-casino/ HTTP/1.1" 200 10439 "-" "Screaming Frog SEO Spider/19.8" 7225 **7/7225549**
37.27.106.115 - - [22/Feb/2026:05:25:40 -0700] "GET /highfly-casino-dein-zuverlassiger/ HTTP/1.1" 200 11214 "-" "Screaming Frog SEO Spider/19.8" 6442 **6/6442268**
37.27.106.115 - - [22/Feb/2026:05:25:43 -0700] "GET /rockysspin-spielcasino-euer-premium-partner-fur/ HTTP/1.1" 200 10182 "-" "Screaming Frog SEO Spider/19.8" 6136 **6/6136505**
37.27.106.115 - - [22/Feb/2026:05:25:47 -0700] "GET /wino-kasino-die-erstklassige-destination-fur/ HTTP/1.1" 200 11096 "-" "Screaming Frog SEO Spider/19.8" 5642 **5/5642747**
37.27.106.115 - - [22/Feb/2026:05:25:49 -0700] "GET /ybets-casino-eine-exzellente-adresse-fur/ HTTP/1.1" 200 11125 "-" "Screaming Frog SEO Spider/19.8" 5632 **5/5632843**
114.119.129.175 - - [22/Feb/2026:05:26:15 -0700] "GET /club-tropicana-darmowe-spiny-w-trybie-demonstracyjnym HTTP/1.1" 301 - "https://ftscreations.com/club-tropicana-darmowe-spiny-w-trybie-demonstracyjnym" "Mozilla/5.0 (Linux; Android 7.0;) AppleWebKit/537.36 (KHTML, like Gecko) Mobile Safari/537.36 (compatible; PetalBot;+https://webmaster.petalsearch.com/site/petalbot)" 4374 **4/4374426**
114.119.129.175 - - [22/Feb/2026:05:26:21 -0700] "GET /club-tropicana-darmowe-spiny-w-trybie-demonstracyjnym/ HTTP/1.1" 200 9394 "https://ftscreations.com/club-tropicana-darmowe-spiny-w-trybie-demonstracyjnym" "Mozilla/5.0 (Linux; Android 7.0;) AppleWebKit/537.36 (KHTML, like Gecko) Mobile Safari/537.36 (compatible; PetalBot;+https://webmaster.petalsearch.com/site/petalbot)" 2990 **2/2990069**
114.119.141.35 - - [22/Feb/2026:05:27:43 -0700] "GET /christmas-big-bass-bonanza-automatyczny-limit-obrot%C3%B3w-i-strat HTTP/1.1" 301 - "https://ftscreations.com/christmas-big-bass-bonanza-automatyczny-limit-obrot%C3%B3w-i-strat" "Mozilla/5.0 (Linux; Android 7.0;) AppleWebKit/537.36 (KHTML, like Gecko) Mobile Safari/537.36 (compatible; PetalBot;+https://webmaster.petalsearch.com/site/petalbot)" 2916 **2/2916160**
72.167.58.252 - - [22/Feb/2026:05:27:44 -0700] "POST /wp-cron.php?doing_wp_cron=1771763264.4383990764617919921875 HTTP/1.1" 200 - "https://ftscreations.com/wp-cron.php?doing_wp_cron=1771763264.4383990764617919921875" "WordPress/5.4.18; https://ftscreations.com" 1700 **1/1700864**
114.119.141.35 - - [22/Feb/2026:05:27:47 -0700] "GET /christmas-big-bass-bonanza-automatyczny-limit-obrot%C3%B3w-i-strat/ HTTP/1.1" 200 8956 "https://ftscreations.com/christmas-big-bass-bonanza-automatyczny-limit-obrot%C3%B3w-i-strat" "Mozilla/5.0 (Linux; Android 7.0;) AppleWebKit/537.36 (KHTML, like Gecko) Mobile Safari/537.36 (compatible; PetalBot;+https://webmaster.petalsearch.com/site/petalbot)" 3616 **3/3616649**
114.119.149.66 - - [22/Feb/2026:05:29:07 -0700] "GET /zak%C5%82ady-bonusowe-temple-of-iris/ HTTP/1.1" 200 8871 "https://ftscreations.com/zak%C5%82ady-bonusowe-temple-of-iris/" "Mozilla/5.0 (Linux; Android 7.0;) AppleWebKit/537.36 (KHTML, like Gecko) Mobile Safari/537.36 (compatible; PetalBot;+https://webmaster.petalsearch.com/site/petalbot)" 2301 **2/2301610**
114.119.151.146 - - [22/Feb/2026:05:30:45 -0700] "GET /tropical-island-zap%C5%82a%C4%87-gdziekolwiek HTTP/1.1" 301 - "https://ftscreations.com/tropical-island-zap%C5%82a%C4%87-gdziekolwiek" "Mozilla/5.0 (Linux; Android 7.0;) AppleWebKit/537.36 (KHTML, like Gecko) Mobile Safari/537.36 (compatible; PetalBot;+https://webmaster.petalsearch.com/site/petalbot)" 3822 **3/3822632**
114.119.151.146 - - [22/Feb/2026:05:30:51 -0700] "GET /tropical-island-zap%C5%82a%C4%87-gdziekolwiek/ HTTP/1.1" 200 9191 "https://ftscreations.com/tropical-island-zap%C5%82a%C4%87-gdziekolwiek" "Mozilla/5.0 (Linux; Android 7.0;) AppleWebKit/537.36 (KHTML, like Gecko) Mobile Safari/537.36 (compatible; PetalBot;+https://webmaster.petalsearch.com/site/petalbot)" 4797 **4/4797576**
114.119.142.93 - - [22/Feb/2026:05:31:50 -0700] "GET /spiny-i-bonusy-w-opal-fruits/ HTTP/1.1" 200 9180 "https://ftscreations.com/spiny-i-bonusy-w-opal-fruits/" "Mozilla/5.0 (Linux; Android 7.0;) AppleWebKit/537.36 (KHTML, like Gecko) Mobile Safari/537.36 (compatible; PetalBot;+https://webmaster.petalsearch.com/site/petalbot)" 1001 **1/1001839**
114.119.142.93 - - [22/Feb/2026:05:33:18 -0700] "GET /runda-specjalna-z-10-darmowymi-spinami-w-wild-clover/ HTTP/1.1" 200 8932 "https://ftscreations.com/runda-specjalna-z-10-darmowymi-spinami-w-wild-clover" "Mozilla/5.0 (Linux; Android 7.0;) AppleWebKit/537.36 (KHTML, like Gecko) Mobile Safari/537.36 (compatible; PetalBot;+https://webmaster.petalsearch.com/site/petalbot)" 5178 **5/5178868**
74.7.241.142 - - [22/Feb/2026:05:34:23 -0700] "GET /robots.txt HTTP/1.1" 200 132 "-" "Mozilla/5.0 (Macintosh; Intel Mac OS X 10_15_7) AppleWebKit/537.36 (KHTML, like Gecko) Chrome/131.0.0.0 Safari/537.36; compatible; OAI-SearchBot/1.3; robots.txt; +https://openai.com/searchbot" 4 **0/4498**
114.119.136.249 - - [22/Feb/2026:05:34:47 -0700] "GET /runda-bonusowa-jacks-or-better HTTP/1.1" 301 - "-" "Mozilla/5.0 (Linux; Android 7.0;) AppleWebKit/537.36 (KHTML, like Gecko) Mobile Safari/537.36 (compatible; PetalBot;+https://webmaster.petalsearch.com/site/petalbot)" 1956 **1/1956176**
114.119.136.249 - - [22/Feb/2026:05:34:50 -0700] "GET /runda-bonusowa-jacks-or-better/ HTTP/1.1" 200 9247 "-" "Mozilla/5.0 (Linux; Android 7.0;) AppleWebKit/537.36 (KHTML, like Gecko) Mobile Safari/537.36 (compatible; PetalBot;+https://webmaster.petalsearch.com/site/petalbot)" 3611 **3/3611365**
74.7.241.33 - - [22/Feb/2026:05:35:17 -0700] "GET / HTTP/1.1" 200 4157 "https://mail.2x9.co" "Mozilla/5.0 AppleWebKit/537.36 (KHTML, like Gecko; compatible; GPTBot/1.3; +https://openai.com/gptbot)" 4104 **4/4104836**
114.119.146.15 - - [22/Feb/2026:05:36:05 -0700] "GET /prawdziwe-pieni%C4%85dze-fortune-88/ HTTP/1.1" 200 9021 "https://ftscreations.com/prawdziwe-pieni%C4%85dze-fortune-88" "Mozilla/5.0 (Linux; Android 7.0;) AppleWebKit/537.36 (KHTML, like Gecko) Mobile Safari/537.36 (compatible; PetalBot;+https://webmaster.petalsearch.com/site/petalbot)" 4474 **4/4474177**
114.119.149.66 - - [22/Feb/2026:05:37:25 -0700] "GET /pimped-popularny-automat-do-gier-online HTTP/1.1" 301 - "-" "Mozilla/5.0 (Linux; Android 7.0;) AppleWebKit/537.36 (KHTML, like Gecko) Mobile Safari/537.36 (compatible; PetalBot;+https://webmaster.petalsearch.com/site/petalbot)" 2726 **2/2726916**
114.119.149.66 - - [22/Feb/2026:05:37:29 -0700] "GET /pimped-popularny-automat-do-gier-online/ HTTP/1.1" 200 9220 "-" "Mozilla/5.0 (Linux; Android 7.0;) AppleWebKit/537.36 (KHTML, like Gecko) Mobile Safari/537.36 (compatible; PetalBot;+https://webmaster.petalsearch.com/site/petalbot)" 5416 **5/5416026**
114.119.142.93 - - [22/Feb/2026:05:38:51 -0700] "GET /najlepsza-strona-do-gry-lucky-farm-bonanza/ HTTP/1.1" 200 9114 "https://ftscreations.com/najlepsza-strona-do-gry-lucky-farm-bonanza" "Mozilla/5.0 (Linux; Android 7.0;) AppleWebKit/537.36 (KHTML, like Gecko) Mobile Safari/537.36 (compatible; PetalBot;+https://webmaster.petalsearch.com/site/petalbot)" 5334 **5/5334440**
114.119.142.93 - - [22/Feb/2026:05:40:17 -0700] "GET /mega-masks-przegl%C4%85d-automat%C3%B3w-do-gier/ HTTP/1.1" 200 9030 "https://ftscreations.com/mega-masks-przegl%C4%85d-automat%C3%B3w-do-gier/" "Mozilla/5.0 (Linux; Android 7.0;) AppleWebKit/537.36 (KHTML, like Gecko) Mobile Safari/537.36 (compatible; PetalBot;+https://webmaster.petalsearch.com/site/petalbot)" 4843 **4/4843324**
114.119.149.66 - - [22/Feb/2026:05:41:39 -0700] "GET /kasyno-joker-pro/ HTTP/1.1" 200 9150 "https://ftscreations.com/kasyno-joker-pro" "Mozilla/5.0 (Linux; Android 7.0;) AppleWebKit/537.36 (KHTML, like Gecko) Mobile Safari/537.36 (compatible; PetalBot;+https://webmaster.petalsearch.com/site/petalbot)" 6981 **6/6981892**
114.119.149.66 - - [22/Feb/2026:05:43:01 -0700] "GET /jetx-funkcja-obracania/ HTTP/1.1" 200 8858 "https://ftscreations.com/jetx-funkcja-obracania/" "Mozilla/5.0 (Linux; Android 7.0;) AppleWebKit/537.36 (KHTML, like Gecko) Mobile Safari/537.36 (compatible; PetalBot;+https://webmaster.petalsearch.com/site/petalbot)" 5323 **5/5323019**
114.119.129.175 - - [22/Feb/2026:05:44:22 -0700] "GET /gry-hazardowe-w-book-of-the-priestess HTTP/1.1" 301 - "-" "Mozilla/5.0 (Linux; Android 7.0;) AppleWebKit/537.36 (KHTML, like Gecko) Mobile Safari/537.36 (compatible; PetalBot;+https://webmaster.petalsearch.com/site/petalbot)" 4076 **4/4076257**
114.119.129.175 - - [22/Feb/2026:05:44:28 -0700] "GET /gry-hazardowe-w-book-of-the-priestess/ HTTP/1.1" 200 8868 "-" "Mozilla/5.0 (Linux; Android 7.0;) AppleWebKit/537.36 (KHTML, like Gecko) Mobile Safari/537.36 (compatible; PetalBot;+https://webmaster.petalsearch.com/site/petalbot)" 7166 **7/7166120**
114.119.146.15 - - [22/Feb/2026:05:45:49 -0700] "GET /chilli-heat-megaways-powr%C3%B3t-tego-slotu/ HTTP/1.1" 200 9571 "https://ftscreations.com/chilli-heat-megaways-powr%C3%B3t-tego-slotu/" "Mozilla/5.0 (Linux; Android 7.0;) AppleWebKit/537.36 (KHTML, like Gecko) Mobile Safari/537.36 (compatible; PetalBot;+https://webmaster.petalsearch.com/site/petalbot)" 5584 **5/5584224**
114.119.146.15 - - [22/Feb/2026:05:47:16 -0700] "GET /chilli-heat-megaways-powr%C3%B3t-tego-slotu HTTP/1.1" 301 - "https://ftscreations.com/blog/page/13" "Mozilla/5.0 (Linux; Android 7.0;) AppleWebKit/537.36 (KHTML, like Gecko) Mobile Safari/537.36 (compatible; PetalBot;+https://webmaster.petalsearch.com/site/petalbot)" 5131 **5/5131218**
114.119.146.15 - - [22/Feb/2026:05:47:22 -0700] "GET /chilli-heat-megaways-powr%C3%B3t-tego-slotu/ HTTP/1.1" 200 9571 "https://ftscreations.com/blog/page/13" "Mozilla/5.0 (Linux; Android 7.0;) AppleWebKit/537.36 (KHTML, like Gecko) Mobile Safari/537.36 (compatible; PetalBot;+https://webmaster.petalsearch.com/site/petalbot)" 4559 **4/4559474**
114.119.129.175 - - [22/Feb/2026:05:48:32 -0700] "GET /chilli-heat-megaways-mno%C5%BCnik%C3%B3w-500x HTTP/1.1" 301 - "-" "Mozilla/5.0 (Linux; Android 7.0;) AppleWebKit/537.36 (KHTML, like Gecko) Mobile Safari/537.36 (compatible; PetalBot;+https://webmaster.petalsearch.com/site/petalbot)" 3032 **3/3032625**
114.119.129.175 - - [22/Feb/2026:05:48:36 -0700] "GET /chilli-heat-megaways-mno%C5%BCnik%C3%B3w-500x/ HTTP/1.1" 200 9146 "-" "Mozilla/5.0 (Linux; Android 7.0;) AppleWebKit/537.36 (KHTML, like Gecko) Mobile Safari/537.36 (compatible; PetalBot;+https://webmaster.petalsearch.com/site/petalbot)" 7391 **7/7391019**
114.119.142.93 - - [22/Feb/2026:05:50:03 -0700] "GET /charakterystyka-techniczna-slotu-hot-wild-100/ HTTP/1.1" 200 9458 "https://ftscreations.com/charakterystyka-techniczna-slotu-hot-wild-100/" "Mozilla/5.0 (Linux; Android 7.0;) AppleWebKit/537.36 (KHTML, like Gecko) Mobile Safari/537.36 (compatible; PetalBot;+https://webmaster.petalsearch.com/site/petalbot)" 5466 **5/5466112**
114.119.151.146 - - [22/Feb/2026:05:51:20 -0700] "GET /zwrot-dla-gracza-i-zmienno%C5%9B%C4%87-w-fruit-snap/ HTTP/1.1" 200 9195 "https://ftscreations.com/zwrot-dla-gracza-i-zmienno%C5%9B%C4%87-w-fruit-snap/" "Mozilla/5.0 (Linux; Android 7.0;) AppleWebKit/537.36 (KHTML, like Gecko) Mobile Safari/537.36 (compatible; PetalBot;+https://webmaster.petalsearch.com/site/petalbot)" 3899 **3/3899321**
114.119.129.175 - - [22/Feb/2026:05:52:48 -0700] "GET /wolf-run-demo/ HTTP/1.1" 200 9171 "https://ftscreations.com/wolf-run-demo/" "Mozilla/5.0 (Linux; Android 7.0;) AppleWebKit/537.36 (KHTML, like Gecko) Mobile Safari/537.36 (compatible; PetalBot;+https://webmaster.petalsearch.com/site/petalbot)" 6592 **6/6592289**
114.119.142.93 - - [22/Feb/2026:05:54:39 -0700] "GET /vampire-bride-poradnik-do-gry-i-porady/ HTTP/1.1" 200 9132 "https://ftscreations.com/vampire-bride-poradnik-do-gry-i-porady" "Mozilla/5.0 (Linux; Android 7.0;) AppleWebKit/537.36 (KHTML, like Gecko) Mobile Safari/537.36 (compatible; PetalBot;+https://webmaster.petalsearch.com/site/petalbot)" 7598 **7/7598256**
114.119.146.15 - - [22/Feb/2026:05:55:32 -0700] "GET /strategie-gry-flaming-fox/ HTTP/1.1" 200 8978 "https://ftscreations.com/strategie-gry-flaming-fox" "Mozilla/5.0 (Linux; Android 7.0;) AppleWebKit/537.36 (KHTML, like Gecko) Mobile Safari/537.36 (compatible; PetalBot;+https://webmaster.petalsearch.com/site/petalbot)" 2801 **2/2801797**
114.119.136.249 - - [22/Feb/2026:05:56:55 -0700] "GET /rozwijaj%C4%85cy-si%C4%99-symbol-wild-w-automacie-mochimon/ HTTP/1.1" 200 8898 "https://ftscreations.com/rozwijaj%C4%85cy-si%C4%99-symbol-wild-w-automacie-mochimon/" "Mozilla/5.0 (Linux; Android 7.0;) AppleWebKit/537.36 (KHTML, like Gecko) Mobile Safari/537.36 (compatible; PetalBot;+https://webmaster.petalsearch.com/site/petalbot)" 6129 **6/6129668**
114.119.149.66 - - [22/Feb/2026:05:58:18 -0700] "GET /royal-secrets-wysoka-wariancja-i-du%C5%BCy-potencja%C5%82-wygranej/ HTTP/1.1" 200 8931 "https://ftscreations.com/royal-secrets-wysoka-wariancja-i-du%C5%BCy-potencja%C5%82-wygranej/" "Mozilla/5.0 (Linux; Android 7.0;) AppleWebKit/537.36 (KHTML, like Gecko) Mobile Safari/537.36 (compatible; PetalBot;+https://webmaster.petalsearch.com/site/petalbot)" 5211 **5/5211160**
114.119.136.249 - - [22/Feb/2026:05:59:49 -0700] "GET /portfolio/embedded-software/death_to_stock_above_3-custom HTTP/1.1" 301 - "https://ftscreations.com/portfolio/embedded-software" "Mozilla/5.0 (Linux; Android 7.0;) AppleWebKit/537.36 (KHTML, like Gecko) Mobile Safari/537.36 (compatible; PetalBot;+https://webmaster.petalsearch.com/site/petalbot)" 3309 **3/3309868**
114.119.136.249 - - [22/Feb/2026:05:59:53 -0700] "GET /portfolio/embedded-software/death_to_stock_above_3-custom/ HTTP/1.1" 200 5038 "https://ftscreations.com/portfolio/embedded-software" "Mozilla/5.0 (Linux; Android 7.0;) AppleWebKit/537.36 (KHTML, like Gecko) Mobile Safari/537.36 (compatible; PetalBot;+https://webmaster.petalsearch.com/site/petalbot)" 2144 **2/2144138**
114.119.159.62 - - [22/Feb/2026:06:01:08 -0700] "GET /piggy-riches-megaways-tabela-wyp%C5%82at/ HTTP/1.1" 200 9270 "https://ftscreations.com/piggy-riches-megaways-tabela-wyp%C5%82at" "Mozilla/5.0 (Linux; Android 7.0;) AppleWebKit/537.36 (KHTML, like Gecko) Mobile Safari/537.36 (compatible; PetalBot;+https://webmaster.petalsearch.com/site/petalbot)" 3071 **3/3071353**
114.119.142.93 - - [22/Feb/2026:06:02:34 -0700] "GET /opinie-shamans-dream-2/ HTTP/1.1" 200 9114 "https://ftscreations.com/opinie-shamans-dream-2/" "Mozilla/5.0 (Linux; Android 7.0;) AppleWebKit/537.36 (KHTML, like Gecko) Mobile Safari/537.36 (compatible; PetalBot;+https://webmaster.petalsearch.com/site/petalbot)" 3827 **3/3827747**
114.119.141.35 - - [22/Feb/2026:06:03:56 -0700] "GET /oce%C5%84-ten-automat-crazy-monkey HTTP/1.1" 301 - "-" "Mozilla/5.0 (Linux; Android 7.0;) AppleWebKit/537.36 (KHTML, like Gecko) Mobile Safari/537.36 (compatible; PetalBot;+https://webmaster.petalsearch.com/site/petalbot)" 2370 **2/2370063**
114.119.141.35 - - [22/Feb/2026:06:04:00 -0700] "GET /oce%C5%84-ten-automat-crazy-monkey/ HTTP/1.1" 200 9314 "-" "Mozilla/5.0 (Linux; Android 7.0;) AppleWebKit/537.36 (KHTML, like Gecko) Mobile Safari/537.36 (compatible; PetalBot;+https://webmaster.petalsearch.com/site/petalbot)" 5243 **5/5243411**
114.119.149.66 - - [22/Feb/2026:06:05:20 -0700] "GET /lucky-jack-book-of-rebirth-egyptian-darkness-funkcja-darmowych-spin%C3%B3w-z-mno%C5%BCnikami/ HTTP/1.1" 200 9607 "https://ftscreations.com/lucky-jack-book-of-rebirth-egyptian-darkness-funkcja-darmowych-spin%C3%B3w-z-mno%C5%BCnikami/" "Mozilla/5.0 (Linux; Android 7.0;) AppleWebKit/537.36 (KHTML, like Gecko) Mobile Safari/537.36 (compatible; PetalBot;+https://webmaster.petalsearch.com/site/petalbot)" 5637 **5/5637038**
114.119.141.35 - - [22/Feb/2026:06:06:39 -0700] "GET /jackpoty-w-story-of-odin/ HTTP/1.1" 200 9158 "https://ftscreations.com/jackpoty-w-story-of-odin/" "Mozilla/5.0 (Linux; Android 7.0;) AppleWebKit/537.36 (KHTML, like Gecko) Mobile Safari/537.36 (compatible; PetalBot;+https://webmaster.petalsearch.com/site/petalbot)" 5714 **5/5714607**
114.119.149.66 - - [22/Feb/2026:06:08:07 -0700] "GET /hand-of-gold-konserwatywne-zak%C5%82ady-na-automatach/ HTTP/1.1" 200 9124 "http://ftscreations.com/?p=9254" "Mozilla/5.0 (Linux; Android 7.0;) AppleWebKit/537.36 (KHTML, like Gecko) Mobile Safari/537.36 (compatible; PetalBot;+https://webmaster.petalsearch.com/site/petalbot)" 4837 **4/4837856**
114.119.136.249 - - [22/Feb/2026:06:09:27 -0700] "GET /gra-na-%C5%BCywo-lucky-88/ HTTP/1.1" 200 9130 "https://ftscreations.com/gra-na-%C5%BCywo-lucky-88/" "Mozilla/5.0 (Linux; Android 7.0;) AppleWebKit/537.36 (KHTML, like Gecko) Mobile Safari/537.36 (compatible; PetalBot;+https://webmaster.petalsearch.com/site/petalbot)" 5819 **5/5819873**
43.173.177.246 - - [22/Feb/2026:06:10:31 -0700] "GET /?p=3742 HTTP/1.1" 301 - "-" "Mozilla/5.0 (Windows NT 10.0; Win64; x64) AppleWebKit/537.36 (KHTML, like Gecko) Chrome/133.0.0.0 Safari/537.36" 2446 **2/2446240**
43.173.173.119 - - [22/Feb/2026:06:10:32 -0700] "GET /?p=13655 HTTP/1.1" 301 - "-" "Mozilla/5.0 (Windows NT 10.0; Win64; x64) AppleWebKit/537.36 (KHTML, like Gecko) Chrome/131.0.0.0 Safari/537.36" 2859 **2/2859122**
43.173.177.49 - - [22/Feb/2026:06:10:33 -0700] "GET /?p=3295 HTTP/1.1" 301 - "http://ftscreations.com/?p=3295" "Mozilla/5.0 (Windows NT 10.0; Win64; x64) AppleWebKit/537.36 (KHTML, like Gecko) Chrome/131.0.0.0 Safari/537.36" 4062 **4/4062213**
43.173.172.63 - - [22/Feb/2026:06:10:33 -0700] "GET /?p=6399 HTTP/1.1" 301 - "-" "Mozilla/5.0 (Windows NT 10.0; Win64; x64) AppleWebKit/537.36 (KHTML, like Gecko) Chrome/112.0.0.0 Safari/537.36" 5848 **5/5848199**
43.173.173.119 - - [22/Feb/2026:06:10:35 -0700] "GET /wbets-casino-je-perfecte-plek-voor-digitale/ HTTP/1.1" 200 10043 "https://ftscreations.com/?p=13655" "Mozilla/5.0 (Windows NT 10.0; Win64; x64) AppleWebKit/537.36 (KHTML, like Gecko) Chrome/131.0.0.0 Safari/537.36" 6498 **6/6498605**
43.173.177.246 - - [22/Feb/2026:06:10:34 -0700] "GET /rejestracja-w-kasynie-online-z-roulette-x2/ HTTP/1.1" 200 9177 "https://ftscreations.com/?p=3742" "Mozilla/5.0 (Windows NT 10.0; Win64; x64) AppleWebKit/537.36 (KHTML, like Gecko) Chrome/133.0.0.0 Safari/537.36" 7798 **7/7798944**
43.173.177.49 - - [22/Feb/2026:06:10:37 -0700] "GET /recenzja-maszyny-hellcatraz-2-dream-drop/ HTTP/1.1" 200 8824 "https://ftscreations.com/?p=3295" "Mozilla/5.0 (Windows NT 10.0; Win64; x64) AppleWebKit/537.36 (KHTML, like Gecko) Chrome/131.0.0.0 Safari/537.36" 6108 **6/6108481**
43.173.172.63 - - [22/Feb/2026:06:10:39 -0700] "GET /sk%C4%85d-mam-wiedzie%C4%87-%C5%BCe-czas-przesta%C4%87-gra%C4%87-oasis-riches-diamond-link/ HTTP/1.1" 200 9358 "https://ftscreations.com/?p=6399" "Mozilla/5.0 (Windows NT 10.0; Win64; x64) AppleWebKit/537.36 (KHTML, like Gecko) Chrome/112.0.0.0 Safari/537.36" 6079 **6/6079025**
43.173.176.29 - - [22/Feb/2026:06:10:43 -0700] "GET /?p=6399 HTTP/1.1" 301 - "-" "Mozilla/5.0 (Windows NT 10.0; Win64; x64) AppleWebKit/537.36 (KHTML, like Gecko) Chrome/105.0.0.0 Safari/537.3" 2091 **2/2091930**
43.173.180.213 - - [22/Feb/2026:06:10:42 -0700] "GET /?p=13655 HTTP/1.1" 301 - "-" "Mozilla/5.0 (Windows NT 10.0; Win64; x64) AppleWebKit/537.36 (KHTML, like Gecko) Chrome/131.0.0.0 Safari/537.36" 4672 **4/4672562**
43.173.172.170 - - [22/Feb/2026:06:10:43 -0700] "GET /?p=3295 HTTP/1.1" 301 - "http://ftscreations.com/?p=3295" "Mozilla/5.0 (Windows NT 10.0; Win64; x64) AppleWebKit/537.36 (KHTML, like Gecko) Chrome/104.0.5112.81 Safari/537.36" 3505 **3/3505321**
43.173.174.84 - - [22/Feb/2026:06:10:43 -0700] "GET /?p=3742 HTTP/1.1" 301 - "-" "Mozilla/5.0 (Windows NT 10.0; Win64; x64) AppleWebKit/537.36 (KHTML, like Gecko) Chrome/133.0.0.0 Safari/537.36" 4182 **4/4182205**
43.173.174.84 - - [22/Feb/2026:06:10:48 -0700] "GET /rejestracja-w-kasynie-online-z-roulette-x2/ HTTP/1.1" 200 9177 "https://ftscreations.com/?p=3742" "Mozilla/5.0 (Windows NT 10.0; Win64; x64) AppleWebKit/537.36 (KHTML, like Gecko) Chrome/133.0.0.0 Safari/537.36" 4045 **4/4045853**
43.173.172.170 - - [22/Feb/2026:06:10:48 -0700] "GET /recenzja-maszyny-hellcatraz-2-dream-drop/ HTTP/1.1" 200 8824 "https://ftscreations.com/?p=3295" "Mozilla/5.0 (Windows NT 10.0; Win64; x64) AppleWebKit/537.36 (KHTML, like Gecko) Chrome/104.0.5112.81 Safari/537.36" 4234 **4/4234781**
43.173.180.213 - - [22/Feb/2026:06:10:47 -0700] "GET /wbets-casino-je-perfecte-plek-voor-digitale/ HTTP/1.1" 200 10045 "https://ftscreations.com/?p=13655" "Mozilla/5.0 (Windows NT 10.0; Win64; x64) AppleWebKit/537.36 (KHTML, like Gecko) Chrome/131.0.0.0 Safari/537.36" 5122 **5/5122979**
43.173.176.29 - - [22/Feb/2026:06:10:46 -0700] "GET /sk%C4%85d-mam-wiedzie%C4%87-%C5%BCe-czas-przesta%C4%87-gra%C4%87-oasis-riches-diamond-link/ HTTP/1.1" 200 9358 "https://ftscreations.com/?p=6399" "Mozilla/5.0 (Windows NT 10.0; Win64; x64) AppleWebKit/537.36 (KHTML, like Gecko) Chrome/105.0.0.0 Safari/537.3" 7209 **7/7209814**
114.119.151.146 - - [22/Feb/2026:06:10:55 -0700] "GET /fruity-gold-symbole-i-wyp%C5%82aty-o-wy%C5%BCszej-warto%C5%9Bci HTTP/1.1" 301 - "https://ftscreations.com/blog/page/13" "Mozilla/5.0 (Linux; Android 7.0;) AppleWebKit/537.36 (KHTML, like Gecko) Mobile Safari/537.36 (compatible; PetalBot;+https://webmaster.petalsearch.com/site/petalbot)" 2750 **2/2750474**
114.119.151.146 - - [22/Feb/2026:06:10:58 -0700] "GET /fruity-gold-symbole-i-wyp%C5%82aty-o-wy%C5%BCszej-warto%C5%9Bci/ HTTP/1.1" 200 9259 "https://ftscreations.com/blog/page/13" "Mozilla/5.0 (Linux; Android 7.0;) AppleWebKit/537.36 (KHTML, like Gecko) Mobile Safari/537.36 (compatible; PetalBot;+https://webmaster.petalsearch.com/site/petalbot)" 5475 **5/5475349**
43.173.180.104 - - [22/Feb/2026:06:11:36 -0700] "GET /?p=3473 HTTP/1.1" 301 - "http://ftscreations.com/?p=3473" "Mozilla/5.0 (Windows NT 10.0; Win64; x64) AppleWebKit/537.36 (KHTML, like Gecko) Chrome/104.0.5112.81 Safari/537.36" 2569 **2/2569036**
43.173.172.73 - - [22/Feb/2026:06:11:36 -0700] "GET /recenzja-maszyny-hellcatraz-2-dream-drop/ HTTP/1.1" 200 8824 "-" "Mozilla/5.0 (Windows NT 10.0; Win64; x64) AppleWebKit/537.36 (KHTML, like Gecko) Chrome/105.0.0.0 Safari/537.3" 7454 **7/7454809**
43.173.180.104 - - [22/Feb/2026:06:11:39 -0700] "GET /amazons-battle-slot/ HTTP/1.1" 200 9192 "https://ftscreations.com/?p=3473" "Mozilla/5.0 (Windows NT 10.0; Win64; x64) AppleWebKit/537.36 (KHTML, like Gecko) Chrome/104.0.5112.81 Safari/537.36" 8833 **8/8833964**
43.173.181.100 - - [22/Feb/2026:06:11:49 -0700] "POST / HTTP/1.1" 204 - "https://ftscreations.com/recenzja-maszyny-hellcatraz-2-dream-drop/" "Mozilla/5.0 (Windows NT 10.0; Win64; x64) AppleWebKit/537.36 (KHTML, like Gecko) Chrome/105.0.0.0 Safari/537.3" 3977 **3/3977124**
43.173.177.199 - - [22/Feb/2026:06:11:47 -0700] "GET /?p=3473 HTTP/1.1" 301 - "http://ftscreations.com/?p=3473" "Mozilla/5.0 (Windows NT 10.0; Win64; x64) AppleWebKit/537.36 (KHTML, like Gecko) Chrome/107.0.0.0 Safari/537.36" 7552 **7/7552771**
43.173.177.199 - - [22/Feb/2026:06:11:55 -0700] "GET /amazons-battle-slot/ HTTP/1.1" 200 9190 "https://ftscreations.com/?p=3473" "Mozilla/5.0 (Windows NT 10.0; Win64; x64) AppleWebKit/537.36 (KHTML, like Gecko) Chrome/107.0.0.0 Safari/537.36" 5121 **5/5121426**
114.119.149.66 - - [22/Feb/2026:06:12:16 -0700] "GET /five-star-power-reels-darmowe-gry-automatowe/ HTTP/1.1" 200 8915 "https://ftscreations.com/five-star-power-reels-darmowe-gry-automatowe/" "Mozilla/5.0 (Linux; Android 7.0;) AppleWebKit/537.36 (KHTML, like Gecko) Mobile Safari/537.36 (compatible; PetalBot;+https://webmaster.petalsearch.com/site/petalbot)" 2591 **2/2591532**
43.173.182.50 - - [22/Feb/2026:06:12:28 -0700] "GET /?p=13701 HTTP/1.1" 301 - "-" "Mozilla/5.0 (Windows NT 10.0; Win64; x64) AppleWebKit/537.36 (KHTML, like Gecko) Chrome/106.0.5249.119 Safari/537.36" 1942 **1/1942328**
43.173.177.100 - - [22/Feb/2026:06:12:27 -0700] "GET /amazons-battle-slot/ HTTP/1.1" 200 9191 "-" "Mozilla/5.0 (Windows NT 10.0; Win64; x64) AppleWebKit/537.36 (KHTML, like Gecko) Chrome/124.0.0.0 Safari/537.36" 3034 **3/3034981**
43.173.182.50 - - [22/Feb/2026:06:12:30 -0700] "GET /game-universe-casino-locul-tu-premium-destinat/ HTTP/1.1" 200 10299 "https://ftscreations.com/?p=13701" "Mozilla/5.0 (Windows NT 10.0; Win64; x64) AppleWebKit/537.36 (KHTML, like Gecko) Chrome/106.0.5249.119 Safari/537.36" 2186 **2/2186808**
43.173.179.71 - - [22/Feb/2026:06:12:35 -0700] "POST / HTTP/1.1" 204 - "https://ftscreations.com/amazons-battle-slot/" "Mozilla/5.0 (Windows NT 10.0; Win64; x64) AppleWebKit/537.36 (KHTML, like Gecko) Chrome/124.0.0.0 Safari/537.36" 1467 **1/1467141**
43.173.176.171 - - [22/Feb/2026:06:12:39 -0700] "POST / HTTP/1.1" 204 - "https://ftscreations.com/?p=13701" "Mozilla/5.0 (Windows NT 10.0; Win64; x64) AppleWebKit/537.36 (KHTML, like Gecko) Chrome/106.0.5249.119 Safari/537.36" 1418 **1/1418550**
43.173.178.30 - - [22/Feb/2026:06:13:32 -0700] "GET /?p=4391 HTTP/1.1" 301 - "http://ftscreations.com/?p=4391" "Mozilla/5.0 (Windows NT 10.0; Win64; x64) AppleWebKit/537.36 (KHTML, like Gecko) Chrome/105.0.0.0 Safari/537.3" 299 **0/299599**
43.173.178.117 - - [22/Feb/2026:06:13:32 -0700] "GET /221b-baker-street-ko%C5%82owrotki/ HTTP/1.1" 200 9196 "-" "Mozilla/5.0 (Windows NT 10.0; Win64; x64) AppleWebKit/537.36 (KHTML, like Gecko) Chrome/116.0.0.0 Safari/537.36" 715 **0/715747**
43.173.178.30 - - [22/Feb/2026:06:13:33 -0700] "GET /bonus-depozytowy-1-of-a-kind/ HTTP/1.1" 200 8912 "https://ftscreations.com/?p=4391" "Mozilla/5.0 (Windows NT 10.0; Win64; x64) AppleWebKit/537.36 (KHTML, like Gecko) Chrome/105.0.0.0 Safari/537.3" 365 **0/365024**
43.173.176.247 - - [22/Feb/2026:06:13:37 -0700] "POST / HTTP/1.1" 204 - "https://ftscreations.com/221b-baker-street-ko%C5%82owrotki/" "Mozilla/5.0 (Windows NT 10.0; Win64; x64) AppleWebKit/537.36 (KHTML, like Gecko) Chrome/116.0.0.0 Safari/537.36" 574 **0/574594**
43.173.174.15 - - [22/Feb/2026:06:13:37 -0700] "POST / HTTP/1.1" 204 - "http://ftscreations.com/" "Mozilla/5.0 (Windows NT 10.0; Win64; x64) AppleWebKit/537.36 (KHTML, like Gecko) Chrome/105.0.0.0 Safari/537.3" 686 **0/686931**
114.119.142.93 - - [22/Feb/2026:06:13:40 -0700] "GET /zarabiaj-prawdziwe-pieni%C4%85dze-w-extra-chilli-epic-spins/ HTTP/1.1" 200 9337 "https://ftscreations.com/zarabiaj-prawdziwe-pieni%C4%85dze-w-extra-chilli-epic-spins" "Mozilla/5.0 (Linux; Android 7.0;) AppleWebKit/537.36 (KHTML, like Gecko) Mobile Safari/537.36 (compatible; PetalBot;+https://webmaster.petalsearch.com/site/petalbot)" 739 **0/739278**
43.173.173.81 - - [22/Feb/2026:06:14:29 -0700] "GET /bonus-depozytowy-1-of-a-kind/ HTTP/1.1" 200 8910 "-" "Mozilla/5.0 (Windows NT 10.0; Win64; x64) AppleWebKit/537.36 (KHTML, like Gecko) Chrome/103.0.0.0 Safari/537.36" 447 **0/447479**
43.173.175.104 - - [22/Feb/2026:06:14:32 -0700] "POST / HTTP/1.1" 204 - "https://ftscreations.com/bonus-depozytowy-1-of-a-kind/" "Mozilla/5.0 (Windows NT 10.0; Win64; x64) AppleWebKit/537.36 (KHTML, like Gecko) Chrome/103.0.0.0 Safari/537.36" 259 **0/259729**
114.119.142.93 - - [22/Feb/2026:06:15:04 -0700] "GET /zagraj-w-mysterious-egypt-za-darmo/ HTTP/1.1" 200 9210 "https://ftscreations.com/zagraj-w-mysterious-egypt-za-darmo" "Mozilla/5.0 (Linux; Android 7.0;) AppleWebKit/537.36 (KHTML, like Gecko) Mobile Safari/537.36 (compatible; PetalBot;+https://webmaster.petalsearch.com/site/petalbot)" 910 **0/910605**
114.119.136.249 - - [22/Feb/2026:06:16:25 -0700] "GET /wp-content/uploads/2015/10/Death_to_stock_above_8-Custom-scaled.jpg HTTP/1.1" 200 588078 "https://ftscreations.com/portfolio/embedded-software/death_to_stock_above_8-custom/" "Mozilla/5.0 (Linux; Android 7.0;) AppleWebKit/537.36 (KHTML, like Gecko) Mobile Safari/537.36 (compatible; PetalBot;+https://webmaster.petalsearch.com/site/petalbot)" 557 **0/557905**
114.119.149.66 - - [22/Feb/2026:06:17:50 -0700] "GET /triple-gold-powr%C3%B3t-tego-slotu/ HTTP/1.1" 200 9509 "https://ftscreations.com/triple-gold-powr%C3%B3t-tego-slotu/" "Mozilla/5.0 (Linux; Android 7.0;) AppleWebKit/537.36 (KHTML, like Gecko) Mobile Safari/537.36 (compatible; PetalBot;+https://webmaster.petalsearch.com/site/petalbot)" 404 **0/404205**
114.119.146.15 - - [22/Feb/2026:06:19:14 -0700] "GET /rise-of-olypmus-100-symbole-mno%C5%BCnik%C3%B3w-do-x500 HTTP/1.1" 301 - "-" "Mozilla/5.0 (Linux; Android 7.0;) AppleWebKit/537.36 (KHTML, like Gecko) Mobile Safari/537.36 (compatible; PetalBot;+https://webmaster.petalsearch.com/site/petalbot)" 208 **0/208092**
114.119.146.15 - - [22/Feb/2026:06:19:16 -0700] "GET /rise-of-olypmus-100-symbole-mno%C5%BCnik%C3%B3w-do-x500/ HTTP/1.1" 200 9128 "-" "Mozilla/5.0 (Linux; Android 7.0;) AppleWebKit/537.36 (KHTML, like Gecko) Mobile Safari/537.36 (compatible; PetalBot;+https://webmaster.petalsearch.com/site/petalbot)" 313 **0/313891**
114.119.151.146 - - [22/Feb/2026:06:20:43 -0700] "GET /powr%C3%B3t-do-gracza-w-winstar/ HTTP/1.1" 200 8978 "https://ftscreations.com/powr%C3%B3t-do-gracza-w-winstar" "Mozilla/5.0 (Linux; Android 7.0;) AppleWebKit/537.36 (KHTML, like Gecko) Mobile Safari/537.36 (compatible; PetalBot;+https://webmaster.petalsearch.com/site/petalbot)" 504 **0/504592**
114.119.142.93 - - [22/Feb/2026:06:22:04 -0700] "GET /power-ball-wysoka-zmienno%C5%9B%C4%87-i-wysoki-potencja%C5%82-wygranej/ HTTP/1.1" 200 9509 "https://ftscreations.com/power-ball-wysoka-zmienno%C5%9B%C4%87-i-wysoki-potencja%C5%82-wygranej/" "Mozilla/5.0 (Linux; Android 7.0;) AppleWebKit/537.36 (KHTML, like Gecko) Mobile Safari/537.36 (compatible; PetalBot;+https://webmaster.petalsearch.com/site/petalbot)" 381 **0/381766**
114.119.159.62 - - [22/Feb/2026:06:23:30 -0700] "GET /plusy-i-minusy-mega-fire-blaze-blackjack-live/ HTTP/1.1" 200 9019 "https://ftscreations.com/plusy-i-minusy-mega-fire-blaze-blackjack-live/" "Mozilla/5.0 (Linux; Android 7.0;) AppleWebKit/537.36 (KHTML, like Gecko) Mobile Safari/537.36 (compatible; PetalBot;+https://webmaster.petalsearch.com/site/petalbot)" 4137 **4/4137664**
114.119.151.146 - - [22/Feb/2026:06:24:48 -0700] "GET /pierino-al-mare-kasyno-kryptograficzne-z-opcj%C4%85-zakupu-kryptowalut HTTP/1.1" 301 - "https://ftscreations.com/pierino-al-mare-kasyno-kryptograficzne-z-opcj%C4%85-zakupu-kryptowalut" "Mozilla/5.0 (Linux; Android 7.0;) AppleWebKit/537.36 (KHTML, like Gecko) Mobile Safari/537.36 (compatible; PetalBot;+https://webmaster.petalsearch.com/site/petalbot)" 2101 **2/2101739**
114.119.151.146 - - [22/Feb/2026:06:24:50 -0700] "GET /pierino-al-mare-kasyno-kryptograficzne-z-opcj%C4%85-zakupu-kryptowalut/ HTTP/1.1" 200 9324 "https://ftscreations.com/pierino-al-mare-kasyno-kryptograficzne-z-opcj%C4%85-zakupu-kryptowalut" "Mozilla/5.0 (Linux; Android 7.0;) AppleWebKit/537.36 (KHTML, like Gecko) Mobile Safari/537.36 (compatible; PetalBot;+https://webmaster.petalsearch.com/site/petalbot)" 6249 **6/6249854**
114.119.149.66 - - [22/Feb/2026:06:26:19 -0700] "GET /mno%C5%BCniki-nagr%C3%B3d-w-starlight-christmas HTTP/1.1" 301 - "-" "Mozilla/5.0 (Linux; Android 7.0;) AppleWebKit/537.36 (KHTML, like Gecko) Mobile Safari/537.36 (compatible; PetalBot;+https://webmaster.petalsearch.com/site/petalbot)" 2837 **2/2837079**
114.119.149.66 - - [22/Feb/2026:06:26:23 -0700] "GET /mno%C5%BCniki-nagr%C3%B3d-w-starlight-christmas/ HTTP/1.1" 200 9525 "-" "Mozilla/5.0 (Linux; Android 7.0;) AppleWebKit/537.36 (KHTML, like Gecko) Mobile Safari/537.36 (compatible; PetalBot;+https://webmaster.petalsearch.com/site/petalbot)" 3146 **3/3146590**
72.167.58.252 - - [22/Feb/2026:06:27:43 -0700] "POST /wp-cron.php?doing_wp_cron=1771766863.7283620834350585937500 HTTP/1.1" 200 - "https://ftscreations.com/wp-cron.php?doing_wp_cron=1771766863.7283620834350585937500" "WordPress/5.4.18; https://ftscreations.com" 424 **0/424031**
114.119.136.249 - - [22/Feb/2026:06:27:43 -0700] "GET /mighty-sparta-otw%C3%B3r HTTP/1.1" 301 - "-" "Mozilla/5.0 (Linux; Android 7.0;) AppleWebKit/537.36 (KHTML, like Gecko) Mobile Safari/537.36 (compatible; PetalBot;+https://webmaster.petalsearch.com/site/petalbot)" 697 **0/697076**
114.119.136.249 - - [22/Feb/2026:06:27:45 -0700] "GET /mighty-sparta-otw%C3%B3r/ HTTP/1.1" 200 9235 "-" "Mozilla/5.0 (Linux; Android 7.0;) AppleWebKit/537.36 (KHTML, like Gecko) Mobile Safari/537.36 (compatible; PetalBot;+https://webmaster.petalsearch.com/site/petalbot)" 492 **0/492601**
20.199.120.254 - - [22/Feb/2026:06:28:47 -0700] "GET /wp-content/plugins/hellopress/wp_filemanager.php HTTP/1.1" 404 16023 "-" "-" 3858 **3/3858547**
20.199.120.254 - - [22/Feb/2026:06:28:54 -0700] "GET /sm.php HTTP/1.1" 404 16023 "-" "-" 5258 **5/5258888**
114.119.159.62 - - [22/Feb/2026:06:28:57 -0700] "GET /kasyno-joker-pro HTTP/1.1" 301 - "-" "Mozilla/5.0 (Linux; Android 7.0;) AppleWebKit/537.36 (KHTML, like Gecko) Mobile Safari/537.36 (compatible; PetalBot;+https://webmaster.petalsearch.com/site/petalbot)" 3484 **3/3484248**
114.119.159.62 - - [22/Feb/2026:06:29:02 -0700] "GET /kasyno-joker-pro/ HTTP/1.1" 200 9150 "-" "Mozilla/5.0 (Linux; Android 7.0;) AppleWebKit/537.36 (KHTML, like Gecko) Mobile Safari/537.36 (compatible; PetalBot;+https://webmaster.petalsearch.com/site/petalbot)" 4390 **4/4390225**
20.199.120.254 - - [22/Feb/2026:06:29:03 -0700] "GET /sc.php HTTP/1.1" 404 16023 "-" "-" 4094 **4/4094438**
20.199.120.254 - - [22/Feb/2026:06:29:07 -0700] "GET /ioxi-o.php HTTP/1.1" 404 16023 "-" "-" 4408 **4/4408050**
20.199.120.254 - - [22/Feb/2026:06:29:12 -0700] "GET /admin.php HTTP/1.1" 404 16023 "-" "-" 2621 **2/2621872**
114.119.159.62 - - [22/Feb/2026:06:30:23 -0700] "GET /kaskadowe-zwyci%C4%99skie-kombinacje-w-first-person-dream-catcher HTTP/1.1" 301 - "https://ftscreations.com/kaskadowe-zwyci%C4%99skie-kombinacje-w-first-person-dream-catcher" "Mozilla/5.0 (Linux; Android 7.0;) AppleWebKit/537.36 (KHTML, like Gecko) Mobile Safari/537.36 (compatible; PetalBot;+https://webmaster.petalsearch.com/site/petalbot)" 2983 **2/2983491**
114.119.159.62 - - [22/Feb/2026:06:30:27 -0700] "GET /kaskadowe-zwyci%C4%99skie-kombinacje-w-first-person-dream-catcher/ HTTP/1.1" 200 9354 "https://ftscreations.com/kaskadowe-zwyci%C4%99skie-kombinacje-w-first-person-dream-catcher" "Mozilla/5.0 (Linux; Android 7.0;) AppleWebKit/537.36 (KHTML, like Gecko) Mobile Safari/537.36 (compatible; PetalBot;+https://webmaster.petalsearch.com/site/petalbot)" 5468 **5/5468254**
114.119.129.175 - - [22/Feb/2026:06:31:49 -0700] "GET /imponuj%C4%85ca-rozgrywka-i-grafika-na-automatach-multi-diamonds-81 HTTP/1.1" 301 - "-" "Mozilla/5.0 (Linux; Android 7.0;) AppleWebKit/537.36 (KHTML, like Gecko) Mobile Safari/537.36 (compatible; PetalBot;+https://webmaster.petalsearch.com/site/petalbot)" 2425 **2/2425787**
114.119.129.175 - - [22/Feb/2026:06:31:52 -0700] "GET /imponuj%C4%85ca-rozgrywka-i-grafika-na-automatach-multi-diamonds-81/ HTTP/1.1" 200 9095 "-" "Mozilla/5.0 (Linux; Android 7.0;) AppleWebKit/537.36 (KHTML, like Gecko) Mobile Safari/537.36 (compatible; PetalBot;+https://webmaster.petalsearch.com/site/petalbot)" 6097 **6/6097468**
114.119.159.62 - - [22/Feb/2026:06:33:09 -0700] "GET /hot-hot-chilli-pot-system-pay-anywhere HTTP/1.1" 301 - "https://ftscreations.com/hot-hot-chilli-pot-system-pay-anywhere" "Mozilla/5.0 (Linux; Android 7.0;) AppleWebKit/537.36 (KHTML, like Gecko) Mobile Safari/537.36 (compatible; PetalBot;+https://webmaster.petalsearch.com/site/petalbot)" 4497 **4/4497779**
114.119.159.62 - - [22/Feb/2026:06:33:14 -0700] "GET /hot-hot-chilli-pot-system-pay-anywhere/ HTTP/1.1" 200 9389 "https://ftscreations.com/hot-hot-chilli-pot-system-pay-anywhere" "Mozilla/5.0 (Linux; Android 7.0;) AppleWebKit/537.36 (KHTML, like Gecko) Mobile Safari/537.36 (compatible; PetalBot;+https://webmaster.petalsearch.com/site/petalbot)" 4740 **4/4740305**
114.119.141.35 - - [22/Feb/2026:06:34:32 -0700] "GET /grand-wheel-pe%C5%82na-recenzja-automatu/ HTTP/1.1" 200 8867 "https://ftscreations.com/grand-wheel-pe%C5%82na-recenzja-automatu" "Mozilla/5.0 (Linux; Android 7.0;) AppleWebKit/537.36 (KHTML, like Gecko) Mobile Safari/537.36 (compatible; PetalBot;+https://webmaster.petalsearch.com/site/petalbot)" 5923 **5/5923937**
114.119.136.249 - - [22/Feb/2026:06:35:57 -0700] "GET /zmienno%C5%9B%C4%87-slot%C3%B3w-winstar/ HTTP/1.1" 200 9251 "https://ftscreations.com/zmienno%C5%9B%C4%87-slot%C3%B3w-winstar" "Mozilla/5.0 (Linux; Android 7.0;) AppleWebKit/537.36 (KHTML, like Gecko) Mobile Safari/537.36 (compatible; PetalBot;+https://webmaster.petalsearch.com/site/petalbot)" 895 **0/895198**
3.93.253.174 - - [22/Feb/2026:06:36:42 -0700] "GET /skills/ HTTP/1.1" 403 10338 "-" "Mozilla/5.0 AppleWebKit/537.36 (KHTML, like Gecko; compatible; Amazonbot/0.1; +https://developer.amazon.com/support/amazonbot) Chrome/119.0.6045.214 Safari/537.36" 6 **0/6682**
44.207.252.58 - - [22/Feb/2026:06:36:45 -0700] "GET /introduction-to-digital-photography/ HTTP/1.1" 403 10396 "-" "Mozilla/5.0 AppleWebKit/537.36 (KHTML, like Gecko; compatible; Amazonbot/0.1; +https://developer.amazon.com/support/amazonbot) Chrome/119.0.6045.214 Safari/537.36" 5 **0/5845**
3.94.157.25 - - [22/Feb/2026:06:36:49 -0700] "GET /portfolio/3d-printing/ HTTP/1.1" 403 10368 "-" "Mozilla/5.0 AppleWebKit/537.36 (KHTML, like Gecko; compatible; Amazonbot/0.1; +https://developer.amazon.com/support/amazonbot) Chrome/119.0.6045.214 Safari/537.36" 5 **0/5945**
114.119.142.93 - - [22/Feb/2026:06:37:20 -0700] "GET /runda-bonusowa-na-7-chakras/ HTTP/1.1" 200 8785 "https://ftscreations.com/runda-bonusowa-na-7-chakras" "Mozilla/5.0 (Linux; Android 7.0;) AppleWebKit/537.36 (KHTML, like Gecko) Mobile Safari/537.36 (compatible; PetalBot;+https://webmaster.petalsearch.com/site/petalbot)" 493 **0/493078**
18.211.228.200 - - [22/Feb/2026:06:37:58 -0700] "HEAD /introduction-to-digital-photography/ HTTP/1.1" 200 - "-" "Mozilla/5.0 AppleWebKit/605.1.15 (KHTML, like Gecko) Chrome/139.0.0.0 Safari/605.1.15" 1933 **1/1933742**
18.235.172.249 - - [22/Feb/2026:06:38:29 -0700] "HEAD /portfolio/3d-printing/ HTTP/1.1" 200 - "-" "Mozilla/5.0 AppleWebKit/605.1.15 (KHTML, like Gecko) Chrome/139.0.0.0 Safari/605.1.15" 351 **0/351908**
114.119.146.15 - - [22/Feb/2026:06:38:43 -0700] "GET /rtp-i-zmienno%C5%9B%C4%87-rome-fight-for-gold/ HTTP/1.1" 200 9287 "https://ftscreations.com/rtp-i-zmienno%C5%9B%C4%87-rome-fight-for-gold" "Mozilla/5.0 (Linux; Android 7.0;) AppleWebKit/537.36 (KHTML, like Gecko) Mobile Safari/537.36 (compatible; PetalBot;+https://webmaster.petalsearch.com/site/petalbot)" 5453 **5/5453707**
100.27.121.171 - - [22/Feb/2026:06:38:49 -0700] "HEAD /skills/ HTTP/1.1" 200 - "-" "Mozilla/5.0 AppleWebKit/605.1.15 (KHTML, like Gecko) Chrome/139.0.0.0 Safari/605.1.15" 644 **0/644268**
114.119.159.62 - - [22/Feb/2026:06:40:07 -0700] "GET /ocean-spray-darmowa-gra-na-automacie HTTP/1.1" 301 - "https://ftscreations.com/ocean-spray-darmowa-gra-na-automacie" "Mozilla/5.0 (Linux; Android 7.0;) AppleWebKit/537.36 (KHTML, like Gecko) Mobile Safari/537.36 (compatible; PetalBot;+https://webmaster.petalsearch.com/site/petalbot)" 339 **0/339159**
114.119.159.62 - - [22/Feb/2026:06:40:09 -0700] "GET /ocean-spray-darmowa-gra-na-automacie/ HTTP/1.1" 200 9123 "https://ftscreations.com/ocean-spray-darmowa-gra-na-automacie" "Mozilla/5.0 (Linux; Android 7.0;) AppleWebKit/537.36 (KHTML, like Gecko) Mobile Safari/537.36 (compatible; PetalBot;+https://webmaster.petalsearch.com/site/petalbot)" 259 **0/259622**
52.167.144.184 - - [22/Feb/2026:06:40:36 -0700] "GET /tag/child/ HTTP/2.0" 200 6160 "-" "Mozilla/5.0 AppleWebKit/537.36 (KHTML, like Gecko; compatible; bingbot/2.0; +http://www.bing.com/bingbot.htm) Chrome/116.0.1938.76 Safari/537.36" 645 **0/645823**
72.167.58.252 - - [22/Feb/2026:06:41:42 -0700] "POST /newvsi/wp-cron.php?doing_wp_cron=1771767702.0826349258422851562500 HTTP/1.1" 200 - "-" "WordPress/6.6.4; https://ftscreations.com/newvsi" 16 **0/16503**
114.119.149.66 - - [22/Feb/2026:06:41:39 -0700] "GET /newvsi/covid19 HTTP/1.1" 301 - "-" "Mozilla/5.0 (Linux; Android 7.0;) AppleWebKit/537.36 (KHTML, like Gecko) Mobile Safari/537.36 (compatible; PetalBot;+https://webmaster.petalsearch.com/site/petalbot)" 2589 **2/2589301**
114.119.149.66 - - [22/Feb/2026:06:41:42 -0700] "GET /newvsi/covid19/ HTTP/1.1" 500 2703 "-" "Mozilla/5.0 (Linux; Android 7.0;) AppleWebKit/537.36 (KHTML, like Gecko) Mobile Safari/537.36 (compatible; PetalBot;+https://webmaster.petalsearch.com/site/petalbot)" 1190 **1/1190265**
72.167.58.252 - - [22/Feb/2026:06:41:47 -0700] "GET /newvsi/?wp_scrape_key=de0932ee67afc26a6dc080ab36ef1ec9&wp_scrape_nonce=1771767705 HTTP/1.1" 500 906 "-" "WordPress/6.6.4; https://ftscreations.com/newvsi" 691 **0/691307**
72.167.58.252 - - [22/Feb/2026:06:41:56 -0700] "GET /newvsi/?wp_scrape_key=6812d530407fc498d00e9d7440873f53&wp_scrape_nonce=1771767714 HTTP/1.1" 500 906 "-" "WordPress/6.6.4; https://ftscreations.com/newvsi" 1204 **1/1204507**
72.167.58.252 - - [22/Feb/2026:06:42:07 -0700] "POST /newvsi/wp-admin/admin-ajax.php HTTP/1.1" 200 21 "-" "WordPress/6.6.4; https://ftscreations.com/newvsi" 2533 **2/2533847**
72.167.58.252 - - [22/Feb/2026:06:42:08 -0700] "POST /newvsi/wp-admin/admin-ajax.php?action=as_async_request_queue_runner&nonce=d6a2f02bf1 HTTP/1.1" 200 - "-" "WordPress/6.6.4; https://ftscreations.com/newvsi" 5885 **5/5885888**
114.119.141.35 - - [22/Feb/2026:06:42:54 -0700] "GET /natychmiastowe-symbole-nagr%C3%B3d-w-hot-slot-777-rubies/ HTTP/1.1" 200 9078 "https://ftscreations.com/natychmiastowe-symbole-nagr%C3%B3d-w-hot-slot-777-rubies" "Mozilla/5.0 (Linux; Android 7.0;) AppleWebKit/537.36 (KHTML, like Gecko) Mobile Safari/537.36 (compatible; PetalBot;+https://webmaster.petalsearch.com/site/petalbot)" 5102 **5/5102818**
114.119.151.146 - - [22/Feb/2026:06:44:18 -0700] "GET /mega-moolah-gra-w-kasynie/ HTTP/1.1" 200 9219 "https://ftscreations.com/mega-moolah-gra-w-kasynie" "Mozilla/5.0 (Linux; Android 7.0;) AppleWebKit/537.36 (KHTML, like Gecko) Mobile Safari/537.36 (compatible; PetalBot;+https://webmaster.petalsearch.com/site/petalbot)" 4320 **4/4320156**
114.119.142.93 - - [22/Feb/2026:06:45:41 -0700] "GET /mechanizm-gry-viva-las-vegas HTTP/1.1" 301 - "http://ftscreations.com/?p=8630" "Mozilla/5.0 (Linux; Android 7.0;) AppleWebKit/537.36 (KHTML, like Gecko) Mobile Safari/537.36 (compatible; PetalBot;+https://webmaster.petalsearch.com/site/petalbot)" 2565 **2/2565742**
114.119.142.93 - - [22/Feb/2026:06:45:45 -0700] "GET /mechanizm-gry-viva-las-vegas/ HTTP/1.1" 200 9241 "http://ftscreations.com/?p=8630" "Mozilla/5.0 (Linux; Android 7.0;) AppleWebKit/537.36 (KHTML, like Gecko) Mobile Safari/537.36 (compatible; PetalBot;+https://webmaster.petalsearch.com/site/petalbot)" 6034 **6/6034443**
114.119.159.62 - - [22/Feb/2026:06:47:05 -0700] "GET /mechanika-wyp%C5%82at-rozproszonych-w-king-of-cards HTTP/1.1" 301 - "https://ftscreations.com/mechanika-wyp%C5%82at-rozproszonych-w-king-of-cards" "Mozilla/5.0 (Linux; Android 7.0;) AppleWebKit/537.36 (KHTML, like Gecko) Mobile Safari/537.36 (compatible; PetalBot;+https://webmaster.petalsearch.com/site/petalbot)" 3108 **3/3108643**
114.119.159.62 - - [22/Feb/2026:06:47:08 -0700] "GET /mechanika-wyp%C5%82at-rozproszonych-w-king-of-cards/ HTTP/1.1" 200 9057 "https://ftscreations.com/mechanika-wyp%C5%82at-rozproszonych-w-king-of-cards" "Mozilla/5.0 (Linux; Android 7.0;) AppleWebKit/537.36 (KHTML, like Gecko) Mobile Safari/537.36 (compatible; PetalBot;+https://webmaster.petalsearch.com/site/petalbot)" 5326 **5/5326475**
114.119.142.93 - - [22/Feb/2026:06:48:30 -0700] "GET /lucky-fish-gra-w-kasynie-online/ HTTP/1.1" 200 9138 "https://ftscreations.com/lucky-fish-gra-w-kasynie-online" "Mozilla/5.0 (Linux; Android 7.0;) AppleWebKit/537.36 (KHTML, like Gecko) Mobile Safari/537.36 (compatible; PetalBot;+https://webmaster.petalsearch.com/site/petalbot)" 4111 **4/4111483**
