114.119.142.93 - - [22/Feb/2026:08:59:38 -0700] "GET /bonus-depozytowy-1-of-a-kind/ HTTP/1.1" 200 8912 "-" "Mozilla/5.0 (Linux; Android 7.0;) AppleWebKit/537.36 (KHTML, like Gecko) Mobile Safari/537.36 (compatible; PetalBot;+https://webmaster.petalsearch.com/site/petalbot)" 5924 **5/5924329**
114.119.136.249 - - [22/Feb/2026:09:00:56 -0700] "GET /bonus-darmowych-spin%C3%B3w-w-reel-em-in-a-bit-fishy HTTP/1.1" 301 - "-" "Mozilla/5.0 (Linux; Android 7.0;) AppleWebKit/537.36 (KHTML, like Gecko) Mobile Safari/537.36 (compatible; PetalBot;+https://webmaster.petalsearch.com/site/petalbot)" 1939 **1/1939420**
114.119.136.249 - - [22/Feb/2026:09:00:59 -0700] "GET /bonus-darmowych-spin%C3%B3w-w-reel-em-in-a-bit-fishy/ HTTP/1.1" 200 9218 "-" "Mozilla/5.0 (Linux; Android 7.0;) AppleWebKit/537.36 (KHTML, like Gecko) Mobile Safari/537.36 (compatible; PetalBot;+https://webmaster.petalsearch.com/site/petalbot)" 3645 **3/3645597**
114.119.146.15 - - [22/Feb/2026:09:02:18 -0700] "GET /bonanza-%C5%9Arednia-do-du%C5%BCej-zmienno%C5%9Bci HTTP/1.1" 301 - "-" "Mozilla/5.0 (Linux; Android 7.0;) AppleWebKit/537.36 (KHTML, like Gecko) Mobile Safari/537.36 (compatible; PetalBot;+https://webmaster.petalsearch.com/site/petalbot)" 3215 **3/3215530**
114.119.146.15 - - [22/Feb/2026:09:02:22 -0700] "GET /bonanza-%C5%9Arednia-do-du%C5%BCej-zmienno%C5%9Bci/ HTTP/1.1" 200 9165 "-" "Mozilla/5.0 (Linux; Android 7.0;) AppleWebKit/537.36 (KHTML, like Gecko) Mobile Safari/537.36 (compatible; PetalBot;+https://webmaster.petalsearch.com/site/petalbot)" 5961 **5/5961686**
114.119.149.66 - - [22/Feb/2026:09:03:44 -0700] "GET /bomba-z-mno%C5%BCnikiem-w-space-xy/ HTTP/1.1" 200 9214 "https://ftscreations.com/bomba-z-mno%C5%BCnikiem-w-space-xy" "Mozilla/5.0 (Linux; Android 7.0;) AppleWebKit/537.36 (KHTML, like Gecko) Mobile Safari/537.36 (compatible; PetalBot;+https://webmaster.petalsearch.com/site/petalbot)" 3884 **3/3884324**
114.119.141.35 - - [22/Feb/2026:09:05:03 -0700] "GET /blue-wizard-megaways-5-b%C4%99bn%C3%B3w-i-10-linii-wygrywaj%C4%85cych/ HTTP/1.1" 200 9196 "https://ftscreations.com/blue-wizard-megaways-5-b%C4%99bn%C3%B3w-i-10-linii-wygrywaj%C4%85cych" "Mozilla/5.0 (Linux; Android 7.0;) AppleWebKit/537.36 (KHTML, like Gecko) Mobile Safari/537.36 (compatible; PetalBot;+https://webmaster.petalsearch.com/site/petalbot)" 6230 **6/6230302**
114.119.129.175 - - [22/Feb/2026:09:06:25 -0700] "GET /blood-kombinacje-nagr%C3%B3d-sk%C5%82adaj%C4%85ce-si%C4%99-z-8-lub-wi%C4%99cej-identycznych-symboli HTTP/1.1" 301 - "-" "Mozilla/5.0 (Linux; Android 7.0;) AppleWebKit/537.36 (KHTML, like Gecko) Mobile Safari/537.36 (compatible; PetalBot;+https://webmaster.petalsearch.com/site/petalbot)" 3781 **3/3781262**
114.119.129.175 - - [22/Feb/2026:09:06:29 -0700] "GET /blood-kombinacje-nagr%C3%B3d-sk%C5%82adaj%C4%85ce-si%C4%99-z-8-lub-wi%C4%99cej-identycznych-symboli/ HTTP/1.1" 200 9348 "-" "Mozilla/5.0 (Linux; Android 7.0;) AppleWebKit/537.36 (KHTML, like Gecko) Mobile Safari/537.36 (compatible; PetalBot;+https://webmaster.petalsearch.com/site/petalbot)" 5066 **5/5066867**
114.119.136.249 - - [22/Feb/2026:09:07:48 -0700] "GET /blood-and-shadow-mo%C5%BCna-odtwarza%C4%87-na-r%C3%B3%C5%BCnych-urz%C4%85dzeniach/ HTTP/1.1" 200 9549 "https://ftscreations.com/blood-and-shadow-mo%C5%BCna-odtwarza%C4%87-na-r%C3%B3%C5%BCnych-urz%C4%85dzeniach/" "Mozilla/5.0 (Linux; Android 7.0;) AppleWebKit/537.36 (KHTML, like Gecko) Mobile Safari/537.36 (compatible; PetalBot;+https://webmaster.petalsearch.com/site/petalbot)" 6947 **6/6947204**
114.119.159.62 - - [22/Feb/2026:09:09:14 -0700] "GET /blog/page/8 HTTP/1.1" 301 - "https://ftscreations.com/blog/page/7" "Mozilla/5.0 (Linux; Android 7.0;) AppleWebKit/537.36 (KHTML, like Gecko) Mobile Safari/537.36 (compatible; PetalBot;+https://webmaster.petalsearch.com/site/petalbot)" 2838 **2/2838602**
43.173.177.126 - - [22/Feb/2026:09:09:18 -0700] "GET /?p=3399 HTTP/1.1" 301 - "-" "Mozilla/5.0 (Windows NT 10.0; Win64; x64) AppleWebKit/537.36 (KHTML, like Gecko) Chrome/131.0.0.0 Safari/537.36" 2537 **2/2537749**
43.173.181.91 - - [22/Feb/2026:09:09:18 -0700] "GET /?p=3627 HTTP/1.1" 301 - "-" "Mozilla/5.0 (Windows NT 10.0; Win64; x64) AppleWebKit/537.36 (KHTML, like Gecko) Chrome/111.0.0.0 Safari/537.36" 3177 **3/3177268**
114.119.159.62 - - [22/Feb/2026:09:09:17 -0700] "GET /blog/page/8/ HTTP/1.1" 200 10100 "https://ftscreations.com/blog/page/7" "Mozilla/5.0 (Linux; Android 7.0;) AppleWebKit/537.36 (KHTML, like Gecko) Mobile Safari/537.36 (compatible; PetalBot;+https://webmaster.petalsearch.com/site/petalbot)" 3836 **3/3836945**
43.173.181.91 - - [22/Feb/2026:09:09:22 -0700] "GET /lucky-win-strategia/ HTTP/1.1" 200 8733 "https://ftscreations.com/?p=3627" "Mozilla/5.0 (Windows NT 10.0; Win64; x64) AppleWebKit/537.36 (KHTML, like Gecko) Chrome/111.0.0.0 Safari/537.36" 3297 **3/3297327**
43.173.177.126 - - [22/Feb/2026:09:09:21 -0700] "GET /fishin-frenzy-the-big-catch-megaways-automat-do-gier-online/ HTTP/1.1" 200 9140 "https://ftscreations.com/?p=3399" "Mozilla/5.0 (Windows NT 10.0; Win64; x64) AppleWebKit/537.36 (KHTML, like Gecko) Chrome/131.0.0.0 Safari/537.36" 4414 **4/4414652**
43.173.178.210 - - [22/Feb/2026:09:09:31 -0700] "POST / HTTP/1.1" 204 - "https://ftscreations.com/?p=3627" "Mozilla/5.0 (Windows NT 10.0; Win64; x64) AppleWebKit/537.36 (KHTML, like Gecko) Chrome/111.0.0.0 Safari/537.36" 3900 **3/3900694**
43.173.177.110 - - [22/Feb/2026:09:09:32 -0700] "POST / HTTP/1.1" 204 - "https://ftscreations.com/?p=3399" "Mozilla/5.0 (Windows NT 10.0; Win64; x64) AppleWebKit/537.36 (KHTML, like Gecko) Chrome/131.0.0.0 Safari/537.36" 3160 **3/3160667**
43.173.174.93 - - [22/Feb/2026:09:09:35 -0700] "GET /?p=3627 HTTP/1.1" 301 - "-" "Mozilla/5.0 (Windows NT 10.0; Win64; x64) AppleWebKit/537.36 (KHTML, like Gecko) Chrome/112.0.0.0 Safari/537.36" 2526 **2/2526761**
43.173.174.93 - - [22/Feb/2026:09:09:39 -0700] "GET /lucky-win-strategia/ HTTP/1.1" 200 8734 "https://ftscreations.com/?p=3627" "Mozilla/5.0 (Windows NT 10.0; Win64; x64) AppleWebKit/537.36 (KHTML, like Gecko) Chrome/112.0.0.0 Safari/537.36" 4964 **4/4964927**
114.119.146.15 - - [22/Feb/2026:09:10:41 -0700] "GET /blog/page/45/ HTTP/1.1" 200 9147 "https://ftscreations.com/blog/page/44/" "Mozilla/5.0 (Linux; Android 7.0;) AppleWebKit/537.36 (KHTML, like Gecko) Mobile Safari/537.36 (compatible; PetalBot;+https://webmaster.petalsearch.com/site/petalbot)" 7792 **7/7792205**
43.173.181.201 - - [22/Feb/2026:09:11:02 -0700] "GET /?p=3459 HTTP/1.1" 301 - "-" "Mozilla/5.0 (Windows NT 10.0; Win64; x64) AppleWebKit/537.36 (KHTML, like Gecko) Chrome/124.0.0.0 Safari/537.36" 3487 **3/3487385**
43.173.179.101 - - [22/Feb/2026:09:11:02 -0700] "GET /50-lions-online-w-wersji-demonstracyjnej/ HTTP/1.1" 200 9248 "-" "Mozilla/5.0 (Windows NT 10.0; Win64; x64) AppleWebKit/537.36 (KHTML, like Gecko) Chrome/133.0.0.0 Safari/537.36" 5256 **5/5256147**
43.173.181.201 - - [22/Feb/2026:09:11:06 -0700] "GET /miss-cherry-fruits-opcjonalna-opcja-zak%C5%82adu-ante-i-zakupu-bonusowego/ HTTP/1.1" 200 9258 "https://ftscreations.com/?p=3459" "Mozilla/5.0 (Windows NT 10.0; Win64; x64) AppleWebKit/537.36 (KHTML, like Gecko) Chrome/124.0.0.0 Safari/537.36" 4492 **4/4492308**
43.173.180.252 - - [22/Feb/2026:09:11:12 -0700] "POST / HTTP/1.1" 204 - "https://ftscreations.com/50-lions-online-w-wersji-demonstracyjnej/" "Mozilla/5.0 (Windows NT 10.0; Win64; x64) AppleWebKit/537.36 (KHTML, like Gecko) Chrome/133.0.0.0 Safari/537.36" 3222 **3/3222830**
43.173.182.217 - - [22/Feb/2026:09:11:14 -0700] "POST / HTTP/1.1" 204 - "https://ftscreations.com/?p=3459" "Mozilla/5.0 (Windows NT 10.0; Win64; x64) AppleWebKit/537.36 (KHTML, like Gecko) Chrome/124.0.0.0 Safari/537.36" 2744 **2/2744574**
114.119.136.249 - - [22/Feb/2026:09:11:59 -0700] "GET /blog/page/45/ HTTP/1.1" 200 9147 "https://ftscreations.com/blog/page/46/" "Mozilla/5.0 (Linux; Android 7.0;) AppleWebKit/537.36 (KHTML, like Gecko) Mobile Safari/537.36 (compatible; PetalBot;+https://webmaster.petalsearch.com/site/petalbot)" 6584 **6/6584099**
114.119.142.93 - - [22/Feb/2026:09:13:20 -0700] "GET /blog/page/20/ HTTP/1.1" 200 10243 "https://ftscreations.com/blog/page/21" "Mozilla/5.0 (Linux; Android 7.0;) AppleWebKit/537.36 (KHTML, like Gecko) Mobile Safari/537.36 (compatible; PetalBot;+https://webmaster.petalsearch.com/site/petalbot)" 753 **0/753730**
114.119.141.35 - - [22/Feb/2026:09:14:46 -0700] "GET /blog/page/20 HTTP/1.1" 301 - "https://ftscreations.com/blog/page/19" "Mozilla/5.0 (Linux; Android 7.0;) AppleWebKit/537.36 (KHTML, like Gecko) Mobile Safari/537.36 (compatible; PetalBot;+https://webmaster.petalsearch.com/site/petalbot)" 3256 **3/3256466**
114.119.141.35 - - [22/Feb/2026:09:14:50 -0700] "GET /blog/page/20/ HTTP/1.1" 200 10243 "https://ftscreations.com/blog/page/19" "Mozilla/5.0 (Linux; Android 7.0;) AppleWebKit/537.36 (KHTML, like Gecko) Mobile Safari/537.36 (compatible; PetalBot;+https://webmaster.petalsearch.com/site/petalbot)" 6375 **6/6375797**
114.119.141.35 - - [22/Feb/2026:09:16:07 -0700] "GET /blog/page/17 HTTP/1.1" 301 - "https://ftscreations.com/blog/page/18" "Mozilla/5.0 (Linux; Android 7.0;) AppleWebKit/537.36 (KHTML, like Gecko) Mobile Safari/537.36 (compatible; PetalBot;+https://webmaster.petalsearch.com/site/petalbot)" 2560 **2/2560579**
114.119.141.35 - - [22/Feb/2026:09:16:11 -0700] "GET /blog/page/17/ HTTP/1.1" 200 9735 "https://ftscreations.com/blog/page/18" "Mozilla/5.0 (Linux; Android 7.0;) AppleWebKit/537.36 (KHTML, like Gecko) Mobile Safari/537.36 (compatible; PetalBot;+https://webmaster.petalsearch.com/site/petalbot)" 6269 **6/6269127**
40.77.167.25 - - [22/Feb/2026:09:16:46 -0700] "GET /metaphor-elethera-ap-epaltheyse-exantletiks-odegs/ HTTP/2.0" 200 10804 "-" "Mozilla/5.0 AppleWebKit/537.36 (KHTML, like Gecko; compatible; bingbot/2.0; +http://www.bing.com/bingbot.htm) Chrome/116.0.1938.76 Safari/537.36" 471 **0/471275**
114.119.151.146 - - [22/Feb/2026:09:17:32 -0700] "GET /black-bull-runda-darmowych-spin%C3%B3w-z-progresywnym-mno%C5%BCnikiem HTTP/1.1" 301 - "https://ftscreations.com/black-bull-runda-darmowych-spin%C3%B3w-z-progresywnym-mno%C5%BCnikiem" "Mozilla/5.0 (Linux; Android 7.0;) AppleWebKit/537.36 (KHTML, like Gecko) Mobile Safari/537.36 (compatible; PetalBot;+https://webmaster.petalsearch.com/site/petalbot)" 3489 **3/3489723**
114.119.151.146 - - [22/Feb/2026:09:17:36 -0700] "GET /black-bull-runda-darmowych-spin%C3%B3w-z-progresywnym-mno%C5%BCnikiem/ HTTP/1.1" 200 9508 "https://ftscreations.com/black-bull-runda-darmowych-spin%C3%B3w-z-progresywnym-mno%C5%BCnikiem" "Mozilla/5.0 (Linux; Android 7.0;) AppleWebKit/537.36 (KHTML, like Gecko) Mobile Safari/537.36 (compatible; PetalBot;+https://webmaster.petalsearch.com/site/petalbot)" 4619 **4/4619670**
202.76.184.136 - - [22/Feb/2026:09:18:42 -0700] "GET /online-gambling-payid-based-withdrawal-quick-plus-safe-financial-for/ HTTP/1.1" 200 10092 "-" "Mozilla/5.0 (X11; U; Linux i686; fr-FR; rv:1.9.2.10) Gecko/20100914 Firefox/3.6.10" 6130 **6/6130556**
114.119.129.175 - - [22/Feb/2026:09:18:58 -0700] "GET /big-game-motyw-i-grafika/ HTTP/1.1" 200 9195 "https://ftscreations.com/big-game-motyw-i-grafika" "Mozilla/5.0 (Linux; Android 7.0;) AppleWebKit/537.36 (KHTML, like Gecko) Mobile Safari/537.36 (compatible; PetalBot;+https://webmaster.petalsearch.com/site/petalbot)" 6071 **6/6071352**
114.119.136.249 - - [22/Feb/2026:09:20:18 -0700] "GET /big-football-bonus-test-i-ocena-automatu/ HTTP/1.1" 200 9257 "https://ftscreations.com/big-football-bonus-test-i-ocena-automatu/" "Mozilla/5.0 (Linux; Android 7.0;) AppleWebKit/537.36 (KHTML, like Gecko) Mobile Safari/537.36 (compatible; PetalBot;+https://webmaster.petalsearch.com/site/petalbot)" 4209 **4/4209128**
114.119.151.146 - - [22/Feb/2026:09:21:47 -0700] "GET /big-football-bonus-szybkie-tempo-i-zabawa/ HTTP/1.1" 200 9099 "https://ftscreations.com/big-football-bonus-szybkie-tempo-i-zabawa/" "Mozilla/5.0 (Linux; Android 7.0;) AppleWebKit/537.36 (KHTML, like Gecko) Mobile Safari/537.36 (compatible; PetalBot;+https://webmaster.petalsearch.com/site/petalbot)" 4738 **4/4738043**
114.119.146.15 - - [22/Feb/2026:09:23:11 -0700] "GET /bezpieczne-kasyna-online-i-strony-bukmacherskie-magical-amazon/ HTTP/1.1" 200 9269 "https://ftscreations.com/bezpieczne-kasyna-online-i-strony-bukmacherskie-magical-amazon" "Mozilla/5.0 (Linux; Android 7.0;) AppleWebKit/537.36 (KHTML, like Gecko) Mobile Safari/537.36 (compatible; PetalBot;+https://webmaster.petalsearch.com/site/petalbot)" 6519 **6/6519622**
104.210.140.139 - - [22/Feb/2026:09:24:23 -0700] "GET /robots.txt HTTP/1.1" 200 132 "-" "Mozilla/5.0 (Macintosh; Intel Mac OS X 10_15_7) AppleWebKit/537.36 (KHTML, like Gecko) Chrome/131.0.0.0 Safari/537.36; compatible; OAI-SearchBot/1.0; +https://openai.com/searchbot" 4 **0/4535**
114.119.151.146 - - [22/Feb/2026:09:24:35 -0700] "GET /bezpieczne-kasyna-online-i-strony-bukmacherskie-magical-amazon HTTP/1.1" 301 - "https://ftscreations.com/bezpieczne-kasyna-online-i-strony-bukmacherskie-magical-amazon" "Mozilla/5.0 (Linux; Android 7.0;) AppleWebKit/537.36 (KHTML, like Gecko) Mobile Safari/537.36 (compatible; PetalBot;+https://webmaster.petalsearch.com/site/petalbot)" 2982 **2/2982346**
114.119.151.146 - - [22/Feb/2026:09:24:39 -0700] "GET /bezpieczne-kasyna-online-i-strony-bukmacherskie-magical-amazon/ HTTP/1.1" 200 9268 "https://ftscreations.com/bezpieczne-kasyna-online-i-strony-bukmacherskie-magical-amazon" "Mozilla/5.0 (Linux; Android 7.0;) AppleWebKit/537.36 (KHTML, like Gecko) Mobile Safari/537.36 (compatible; PetalBot;+https://webmaster.petalsearch.com/site/petalbot)" 3126 **3/3126115**
115.45.40.223 - - [22/Feb/2026:09:25:37 -0700] "GET /robots.txt HTTP/1.1" 200 153 "-" "Mozilla/5.0 (Windows NT 10.0; WOW64) AppleWebKit/537.36 (KHTML, like Gecko) Chrome/75.0.3017.141 Safari/537.36 QIHU 360EE" 5 **0/5740**
114.119.151.146 - - [22/Feb/2026:09:25:55 -0700] "GET /bezpiecze%C5%84stwo-w-%C4%8Cerven%C3%A1-hore%C4%8Dka/ HTTP/1.1" 200 9213 "https://ftscreations.com/bezpiecze%C5%84stwo-w-%C4%8Cerven%C3%A1-hore%C4%8Dka/" "Mozilla/5.0 (Linux; Android 7.0;) AppleWebKit/537.36 (KHTML, like Gecko) Mobile Safari/537.36 (compatible; PetalBot;+https://webmaster.petalsearch.com/site/petalbot)" 5605 **5/5605993**
114.119.151.146 - - [22/Feb/2026:09:27:21 -0700] "GET /benji-killed-in-vegas-tabela-wyp%C5%82at/ HTTP/1.1" 200 8989 "https://ftscreations.com/benji-killed-in-vegas-tabela-wyp%C5%82at" "Mozilla/5.0 (Linux; Android 7.0;) AppleWebKit/537.36 (KHTML, like Gecko) Mobile Safari/537.36 (compatible; PetalBot;+https://webmaster.petalsearch.com/site/petalbot)" 7868 **7/7868379**
72.167.58.252 - - [22/Feb/2026:09:28:49 -0700] "POST /wp-cron.php?doing_wp_cron=1771777729.3319609165191650390625 HTTP/1.1" 200 - "https://ftscreations.com/wp-cron.php?doing_wp_cron=1771777729.3319609165191650390625" "WordPress/5.4.18; https://ftscreations.com" 3496 **3/3496848**
114.119.149.66 - - [22/Feb/2026:09:28:46 -0700] "GET /balloonies-strategia/ HTTP/1.1" 200 9074 "https://ftscreations.com/balloonies-strategia" "Mozilla/5.0 (Linux; Android 7.0;) AppleWebKit/537.36 (KHTML, like Gecko) Mobile Safari/537.36 (compatible; PetalBot;+https://webmaster.petalsearch.com/site/petalbot)" 7448 **7/7448266**
66.249.79.5 - - [22/Feb/2026:09:28:56 -0700] "GET /hvordan-finne-og-plukke-trygge-casino-for-en-trygg/ HTTP/1.1" 200 9623 "-" "Mozilla/5.0 (Linux; Android 6.0.1; Nexus 5X Build/MMB29P) AppleWebKit/537.36 (KHTML, like Gecko) Chrome/144.0.7559.132 Mobile Safari/537.36 (compatible; Googlebot/2.1; +http://www.google.com/bot.html)" 6350 **6/6350076**
66.249.79.5 - - [22/Feb/2026:09:29:05 -0700] "GET /wp-includes/js/jquery/jquery-migrate.min.js?ver=1.4.1 HTTP/1.1" 200 3826 "https://ftscreations.com/hvordan-finne-og-plukke-trygge-casino-for-en-trygg/" "Mozilla/5.0 (Linux; Android 6.0.1; Nexus 5X Build/MMB29P) AppleWebKit/537.36 (KHTML, like Gecko) Chrome/144.0.7559.132 Mobile Safari/537.36 (compatible; Googlebot/2.1; +http://www.google.com/bot.html)" 10 **0/10063**
66.249.79.5 - - [22/Feb/2026:09:29:06 -0700] "GET /wp-content/themes/photographer-wp/js/main.js HTTP/1.1" 200 5390 "https://ftscreations.com/hvordan-finne-og-plukke-trygge-casino-for-en-trygg/" "Mozilla/5.0 (Linux; Android 6.0.1; Nexus 5X Build/MMB29P) AppleWebKit/537.36 (KHTML, like Gecko) Chrome/144.0.7559.132 Mobile Safari/537.36 (compatible; Googlebot/2.1; +http://www.google.com/bot.html)" 10 **0/10250**
66.249.79.4 - - [22/Feb/2026:09:29:06 -0700] "GET /wp-content/themes/photographer-wp/js/jquery.uniform/uniform.default.css HTTP/1.1" 200 1649 "https://ftscreations.com/hvordan-finne-og-plukke-trygge-casino-for-en-trygg/" "Mozilla/5.0 (Linux; Android 6.0.1; Nexus 5X Build/MMB29P) AppleWebKit/537.36 (KHTML, like Gecko) Chrome/144.0.7559.132 Mobile Safari/537.36 (compatible; Googlebot/2.1; +http://www.google.com/bot.html)" 13 **0/13871**
66.249.79.4 - - [22/Feb/2026:09:29:01 -0700] "GET /udenlandske-spilleplatforme-din-guide-til/ HTTP/1.1" 200 9021 "-" "Mozilla/5.0 (Linux; Android 6.0.1; Nexus 5X Build/MMB29P) AppleWebKit/537.36 (KHTML, like Gecko) Chrome/144.0.7559.132 Mobile Safari/537.36 (compatible; Googlebot/2.1; +http://www.google.com/bot.html)" 7627 **7/7627830**
66.249.79.4 - - [22/Feb/2026:09:29:06 -0700] "POST / HTTP/1.1" 204 - "https://ftscreations.com/hvordan-finne-og-plukke-trygge-casino-for-en-trygg/" "Mozilla/5.0 (Linux; Android 6.0.1; Nexus 5X Build/MMB29P) AppleWebKit/537.36 (KHTML, like Gecko) Chrome/144.0.7559.132 Mobile Safari/537.36 (compatible; Googlebot/2.1; +http://www.google.com/bot.html)" 3514 **3/3514772**
66.249.79.5 - - [22/Feb/2026:09:29:06 -0700] "GET /spil-sites-uden-rofus-din-vejledning-til/ HTTP/1.1" 200 9899 "-" "Mozilla/5.0 (Linux; Android 6.0.1; Nexus 5X Build/MMB29P) AppleWebKit/537.36 (KHTML, like Gecko) Chrome/144.0.7559.132 Mobile Safari/537.36 (compatible; Googlebot/2.1; +http://www.google.com/bot.html)" 5559 **5/5559972**
66.249.79.4 - - [22/Feb/2026:09:29:14 -0700] "GET /wp-includes/js/jquery/jquery.masonry.min.js?ver=3.1.2b HTTP/1.1" 200 628 "https://ftscreations.com/spil-sites-uden-rofus-din-vejledning-til/" "Mozilla/5.0 (Linux; Android 6.0.1; Nexus 5X Build/MMB29P) AppleWebKit/537.36 (KHTML, like Gecko) Chrome/144.0.7559.132 Mobile Safari/537.36 (compatible; Googlebot/2.1; +http://www.google.com/bot.html)" 8 **0/8097**
66.249.79.4 - - [22/Feb/2026:09:29:15 -0700] "GET /wp-content/themes/photographer-wp/js/jquery.uniform/uniform.default.css HTTP/1.1" 200 1649 "https://ftscreations.com/udenlandske-spilleplatforme-din-guide-til/" "Mozilla/5.0 (Linux; Android 6.0.1; Nexus 5X Build/MMB29P) AppleWebKit/537.36 (KHTML, like Gecko) Chrome/144.0.7559.132 Mobile Safari/537.36 (compatible; Googlebot/2.1; +http://www.google.com/bot.html)" 6 **0/6188**
66.249.79.4 - - [22/Feb/2026:09:29:15 -0700] "GET /wp-includes/js/jquery/jquery.js?ver=1.12.4-wp HTTP/1.1" 200 32866 "https://ftscreations.com/udenlandske-spilleplatforme-din-guide-til/" "Mozilla/5.0 (Linux; Android 6.0.1; Nexus 5X Build/MMB29P) AppleWebKit/537.36 (KHTML, like Gecko) Chrome/144.0.7559.132 Mobile Safari/537.36 (compatible; Googlebot/2.1; +http://www.google.com/bot.html)" 23 **0/23756**
66.249.79.4 - - [22/Feb/2026:09:29:15 -0700] "POST / HTTP/1.1" 204 - "https://ftscreations.com/udenlandske-spilleplatforme-din-guide-til/" "Mozilla/5.0 (Linux; Android 6.0.1; Nexus 5X Build/MMB29P) AppleWebKit/537.36 (KHTML, like Gecko) Chrome/144.0.7559.132 Mobile Safari/537.36 (compatible; Googlebot/2.1; +http://www.google.com/bot.html)" 2752 **2/2752384**
66.249.79.4 - - [22/Feb/2026:09:29:14 -0700] "POST / HTTP/1.1" 204 - "https://ftscreations.com/spil-sites-uden-rofus-din-vejledning-til/" "Mozilla/5.0 (Linux; Android 6.0.1; Nexus 5X Build/MMB29P) AppleWebKit/537.36 (KHTML, like Gecko) Chrome/144.0.7559.132 Mobile Safari/537.36 (compatible; Googlebot/2.1; +http://www.google.com/bot.html)" 3926 **3/3926895**
114.119.146.15 - - [22/Feb/2026:09:30:10 -0700] "GET /znaczenie-symboli-w-queen-of-the-nile HTTP/1.1" 301 - "-" "Mozilla/5.0 (Linux; Android 7.0;) AppleWebKit/537.36 (KHTML, like Gecko) Mobile Safari/537.36 (compatible; PetalBot;+https://webmaster.petalsearch.com/site/petalbot)" 1980 **1/1980211**
114.119.146.15 - - [22/Feb/2026:09:30:14 -0700] "GET /znaczenie-symboli-w-queen-of-the-nile/ HTTP/1.1" 200 8812 "-" "Mozilla/5.0 (Linux; Android 7.0;) AppleWebKit/537.36 (KHTML, like Gecko) Mobile Safari/537.36 (compatible; PetalBot;+https://webmaster.petalsearch.com/site/petalbot)" 3532 **3/3532935**
66.249.79.4 - - [22/Feb/2026:09:31:12 -0700] "GET /kasino-ekskl-rofus-sikr-komplet-spillefrihed/ HTTP/1.1" 200 10197 "-" "Mozilla/5.0 (Linux; Android 6.0.1; Nexus 5X Build/MMB29P) AppleWebKit/537.36 (KHTML, like Gecko) Chrome/144.0.7559.132 Mobile Safari/537.36 (compatible; Googlebot/2.1; +http://www.google.com/bot.html)" 4238 **4/4238484**
66.249.79.4 - - [22/Feb/2026:09:31:19 -0700] "POST / HTTP/1.1" 204 - "https://ftscreations.com/kasino-ekskl-rofus-sikr-komplet-spillefrihed/" "Mozilla/5.0 (Linux; Android 6.0.1; Nexus 5X Build/MMB29P) AppleWebKit/537.36 (KHTML, like Gecko) Chrome/144.0.7559.132 Mobile Safari/537.36 (compatible; Googlebot/2.1; +http://www.google.com/bot.html)" 2728 **2/2728270**
114.119.151.146 - - [22/Feb/2026:09:31:30 -0700] "GET /zbierz-kombinacj%C4%99-symboli-w-zeus-rush-fever/ HTTP/1.1" 200 9347 "https://ftscreations.com/zbierz-kombinacj%C4%99-symboli-w-zeus-rush-fever/" "Mozilla/5.0 (Linux; Android 7.0;) AppleWebKit/537.36 (KHTML, like Gecko) Mobile Safari/537.36 (compatible; PetalBot;+https://webmaster.petalsearch.com/site/petalbot)" 5754 **5/5754516**
40.77.167.77 - - [22/Feb/2026:09:31:47 -0700] "GET /da-vincis-mystery-zwyci%C4%99skie-kaskady-lub-funkcja-lawiny/ HTTP/2.0" 200 8922 "-" "Mozilla/5.0 AppleWebKit/537.36 (KHTML, like Gecko; compatible; bingbot/2.0; +http://www.bing.com/bingbot.htm) Chrome/116.0.1938.76 Safari/537.36" 6418 **6/6418571**
114.119.141.35 - - [22/Feb/2026:09:32:57 -0700] "GET /zagraj-w-double-game-kryptowalutami/ HTTP/1.1" 200 9170 "https://ftscreations.com/zagraj-w-double-game-kryptowalutami/" "Mozilla/5.0 (Linux; Android 7.0;) AppleWebKit/537.36 (KHTML, like Gecko) Mobile Safari/537.36 (compatible; PetalBot;+https://webmaster.petalsearch.com/site/petalbot)" 2267 **2/2267269**
114.119.141.35 - - [22/Feb/2026:09:34:20 -0700] "GET /zagraj-w-darmowe-demo-automatu-multi-spin/ HTTP/1.1" 200 9012 "https://ftscreations.com/zagraj-w-darmowe-demo-automatu-multi-spin" "Mozilla/5.0 (Linux; Android 7.0;) AppleWebKit/537.36 (KHTML, like Gecko) Mobile Safari/537.36 (compatible; PetalBot;+https://webmaster.petalsearch.com/site/petalbot)" 4916 **4/4916178**
114.119.141.35 - - [22/Feb/2026:09:35:43 -0700] "GET /zagraj-w-apparatus-w-kasynie-i-otrzymaj-kod-bonusowy/ HTTP/1.1" 200 9327 "https://ftscreations.com/zagraj-w-apparatus-w-kasynie-i-otrzymaj-kod-bonusowy" "Mozilla/5.0 (Linux; Android 7.0;) AppleWebKit/537.36 (KHTML, like Gecko) Mobile Safari/537.36 (compatible; PetalBot;+https://webmaster.petalsearch.com/site/petalbot)" 4777 **4/4777771**
114.119.141.35 - - [22/Feb/2026:09:37:03 -0700] "GET /zagraj-w-7-gold-gigablox-w-kasynie-i-otrzymaj-kod-bonusowy/ HTTP/1.1" 200 9138 "https://ftscreations.com/zagraj-w-7-gold-gigablox-w-kasynie-i-otrzymaj-kod-bonusowy/" "Mozilla/5.0 (Linux; Android 7.0;) AppleWebKit/537.36 (KHTML, like Gecko) Mobile Safari/537.36 (compatible; PetalBot;+https://webmaster.petalsearch.com/site/petalbot)" 5789 **5/5789355**
114.119.136.249 - - [22/Feb/2026:09:38:25 -0700] "GET /wysoka-zmienno%C5%9B%C4%87-w-double-diamond HTTP/1.1" 301 - "-" "Mozilla/5.0 (Linux; Android 7.0;) AppleWebKit/537.36 (KHTML, like Gecko) Mobile Safari/537.36 (compatible; PetalBot;+https://webmaster.petalsearch.com/site/petalbot)" 2942 **2/2942063**
114.119.136.249 - - [22/Feb/2026:09:38:30 -0700] "GET /wysoka-zmienno%C5%9B%C4%87-w-double-diamond/ HTTP/1.1" 200 9285 "-" "Mozilla/5.0 (Linux; Android 7.0;) AppleWebKit/537.36 (KHTML, like Gecko) Mobile Safari/537.36 (compatible; PetalBot;+https://webmaster.petalsearch.com/site/petalbot)" 4228 **4/4228016**
114.119.129.175 - - [22/Feb/2026:09:39:51 -0700] "GET /wysoka-zmienno%C5%9B%C4%87-i-rtp-w-slocie-arcade-bomb/ HTTP/1.1" 200 9194 "https://ftscreations.com/wysoka-zmienno%C5%9B%C4%87-i-rtp-w-slocie-arcade-bomb/" "Mozilla/5.0 (Linux; Android 7.0;) AppleWebKit/537.36 (KHTML, like Gecko) Mobile Safari/537.36 (compatible; PetalBot;+https://webmaster.petalsearch.com/site/petalbot)" 6356 **6/6356274**
114.119.142.93 - - [22/Feb/2026:09:41:16 -0700] "GET /wskaz%C3%B3wki-sztuczki-kody-i-strategie-dla-the-mighty-toro/ HTTP/1.1" 200 8965 "https://ftscreations.com/wskaz%C3%B3wki-sztuczki-kody-i-strategie-dla-the-mighty-toro/" "Mozilla/5.0 (Linux; Android 7.0;) AppleWebKit/537.36 (KHTML, like Gecko) Mobile Safari/537.36 (compatible; PetalBot;+https://webmaster.petalsearch.com/site/petalbot)" 2670 **2/2670903**
114.119.149.66 - - [22/Feb/2026:09:42:39 -0700] "GET /wilds-of-fortune-pole-gry-6x5/ HTTP/1.1" 200 9091 "https://ftscreations.com/wilds-of-fortune-pole-gry-6x5/" "Mozilla/5.0 (Linux; Android 7.0;) AppleWebKit/537.36 (KHTML, like Gecko) Mobile Safari/537.36 (compatible; PetalBot;+https://webmaster.petalsearch.com/site/petalbot)" 3122 **3/3122334**
114.119.136.249 - - [22/Feb/2026:09:44:00 -0700] "GET /understanding-payid-casino-banking-solutions-a-contemporary-financial/ HTTP/1.1" 200 10347 "https://ftscreations.com/the-current-transformation-for-immediate-payment-methods-supporting/" "Mozilla/5.0 (Linux; Android 7.0;) AppleWebKit/537.36 (KHTML, like Gecko) Mobile Safari/537.36 (compatible; PetalBot;+https://webmaster.petalsearch.com/site/petalbot)" 4997 **4/4997322**
114.119.141.35 - - [22/Feb/2026:09:45:25 -0700] "GET /ultimate-crystals-mechanika-gry HTTP/1.1" 301 - "https://ftscreations.com/ultimate-crystals-mechanika-gry" "Mozilla/5.0 (Linux; Android 7.0;) AppleWebKit/537.36 (KHTML, like Gecko) Mobile Safari/537.36 (compatible; PetalBot;+https://webmaster.petalsearch.com/site/petalbot)" 3397 **3/3397424**
114.119.141.35 - - [22/Feb/2026:09:45:29 -0700] "GET /ultimate-crystals-mechanika-gry/ HTTP/1.1" 200 9066 "https://ftscreations.com/ultimate-crystals-mechanika-gry" "Mozilla/5.0 (Linux; Android 7.0;) AppleWebKit/537.36 (KHTML, like Gecko) Mobile Safari/537.36 (compatible; PetalBot;+https://webmaster.petalsearch.com/site/petalbot)" 5227 **5/5227101**
114.119.141.35 - - [22/Feb/2026:09:46:48 -0700] "GET /tryb-demonstracyjny-bez-rejestracji-i-pobierania-na-dragons-chance/ HTTP/1.1" 200 8979 "http://ftscreations.com/?p=7025" "Mozilla/5.0 (Linux; Android 7.0;) AppleWebKit/537.36 (KHTML, like Gecko) Mobile Safari/537.36 (compatible; PetalBot;+https://webmaster.petalsearch.com/site/petalbot)" 3238 **3/3238740**
114.119.136.249 - - [22/Feb/2026:09:48:13 -0700] "GET /symbole-wild-i-scatter-w-automacie-mega-masks HTTP/1.1" 301 - "-" "Mozilla/5.0 (Linux; Android 7.0;) AppleWebKit/537.36 (KHTML, like Gecko) Mobile Safari/537.36 (compatible; PetalBot;+https://webmaster.petalsearch.com/site/petalbot)" 1965 **1/1965321**
114.119.136.249 - - [22/Feb/2026:09:48:16 -0700] "GET /symbole-wild-i-scatter-w-automacie-mega-masks/ HTTP/1.1" 200 9049 "-" "Mozilla/5.0 (Linux; Android 7.0;) AppleWebKit/537.36 (KHTML, like Gecko) Mobile Safari/537.36 (compatible; PetalBot;+https://webmaster.petalsearch.com/site/petalbot)" 3705 **3/3705157**
207.46.13.52 - - [22/Feb/2026:09:48:53 -0700] "GET /golden-dragon-opinie/ HTTP/2.0" 200 8385 "-" "Mozilla/5.0 AppleWebKit/537.36 (KHTML, like Gecko; compatible; bingbot/2.0; +http://www.bing.com/bingbot.htm) Chrome/116.0.1938.76 Safari/537.36" 3129 **3/3129573**
114.119.149.66 - - [22/Feb/2026:09:49:39 -0700] "GET /super-duper-zwyci%C4%99skie-kombinacje-i-wyp%C5%82aty/ HTTP/1.1" 200 9201 "http://ftscreations.com/?p=7565" "Mozilla/5.0 (Linux; Android 7.0;) AppleWebKit/537.36 (KHTML, like Gecko) Mobile Safari/537.36 (compatible; PetalBot;+https://webmaster.petalsearch.com/site/petalbot)" 5514 **5/5514571**
114.119.146.15 - - [22/Feb/2026:09:51:00 -0700] "GET /strategie-na-zwi%C4%99kszenie-zarobk%C3%B3w-w-olympus-zeus-megaways/ HTTP/1.1" 200 8898 "http://ftscreations.com/?p=7459" "Mozilla/5.0 (Linux; Android 7.0;) AppleWebKit/537.36 (KHTML, like Gecko) Mobile Safari/537.36 (compatible; PetalBot;+https://webmaster.petalsearch.com/site/petalbot)" 6980 **6/6980253**
114.119.136.249 - - [22/Feb/2026:09:52:23 -0700] "GET /symbol-sticky-wild-w-automacie-super-star-27/ HTTP/1.1" 200 9213 "https://ftscreations.com/symbol-sticky-wild-w-automacie-super-star-27" "Mozilla/5.0 (Linux; Android 7.0;) AppleWebKit/537.36 (KHTML, like Gecko) Mobile Safari/537.36 (compatible; PetalBot;+https://webmaster.petalsearch.com/site/petalbot)" 6054 **6/6054334**
114.119.141.35 - - [22/Feb/2026:09:53:55 -0700] "GET /strategie-i-wskaz%C3%B3wki-dla-fortune-88/ HTTP/1.1" 200 9303 "https://ftscreations.com/strategie-i-wskaz%C3%B3wki-dla-fortune-88" "Mozilla/5.0 (Linux; Android 7.0;) AppleWebKit/537.36 (KHTML, like Gecko) Mobile Safari/537.36 (compatible; PetalBot;+https://webmaster.petalsearch.com/site/petalbot)" 4658 **4/4658585**
114.119.142.93 - - [22/Feb/2026:09:55:16 -0700] "GET /runda-specjalna-z-10-darmowymi-spinami-w-9-pots-of-gold-megaways/ HTTP/1.1" 200 9045 "https://ftscreations.com/runda-specjalna-z-10-darmowymi-spinami-w-9-pots-of-gold-megaways" "Mozilla/5.0 (Linux; Android 7.0;) AppleWebKit/537.36 (KHTML, like Gecko) Mobile Safari/537.36 (compatible; PetalBot;+https://webmaster.petalsearch.com/site/petalbot)" 3787 **3/3787949**
114.119.142.93 - - [22/Feb/2026:09:56:33 -0700] "GET /runda-bonusowa-na-fire-in-the-hole/ HTTP/1.1" 200 9075 "https://ftscreations.com/runda-bonusowa-na-fire-in-the-hole/" "Mozilla/5.0 (Linux; Android 7.0;) AppleWebKit/537.36 (KHTML, like Gecko) Mobile Safari/537.36 (compatible; PetalBot;+https://webmaster.petalsearch.com/site/petalbot)" 4351 **4/4351302**
66.249.79.5 - - [22/Feb/2026:09:57:31 -0700] "GET /ads.txt HTTP/1.1" 404 3604 "-" "Mozilla/5.0 (compatible; Googlebot/2.1; +http://www.google.com/bot.html)" 3974 **3/3974614**
66.249.79.5 - - [22/Feb/2026:09:57:56 -0700] "GET /casas-para-apuestas-mas-alla-de-territorio-espanol/ HTTP/1.1" 200 10369 "-" "Mozilla/5.0 (Linux; Android 6.0.1; Nexus 5X Build/MMB29P) AppleWebKit/537.36 (KHTML, like Gecko) Chrome/144.0.7559.132 Mobile Safari/537.36 (compatible; Googlebot/2.1; +http://www.google.com/bot.html)" 4876 **4/4876749**
66.249.79.5 - - [22/Feb/2026:09:57:59 -0700] "GET /plataformas-de-casino-en-linea-del-continente/ HTTP/1.1" 200 9750 "-" "Mozilla/5.0 (Linux; Android 6.0.1; Nexus 5X Build/MMB29P) AppleWebKit/537.36 (KHTML, like Gecko) Chrome/144.0.7559.132 Mobile Safari/537.36 (compatible; Googlebot/2.1; +http://www.google.com/bot.html)" 5458 **5/5458688**
114.119.141.35 - - [22/Feb/2026:09:58:03 -0700] "GET /runda-bonusowa-darmowych-spin%C3%B3w-w-mega-fire-blaze-roulette-live HTTP/1.1" 301 - "-" "Mozilla/5.0 (Linux; Android 7.0;) AppleWebKit/537.36 (KHTML, like Gecko) Mobile Safari/537.36 (compatible; PetalBot;+https://webmaster.petalsearch.com/site/petalbot)" 2857 **2/2857555**
66.249.79.4 - - [22/Feb/2026:09:58:04 -0700] "GET /etablissement-de-jeu-en-direct-le-tres-payant/ HTTP/1.1" 200 10190 "-" "Mozilla/5.0 (Linux; Android 6.0.1; Nexus 5X Build/MMB29P) AppleWebKit/537.36 (KHTML, like Gecko) Chrome/144.0.7559.132 Mobile Safari/537.36 (compatible; Googlebot/2.1; +http://www.google.com/bot.html)" 5909 **5/5909880**
66.249.79.4 - - [22/Feb/2026:09:58:07 -0700] "POST / HTTP/1.1" 204 - "https://ftscreations.com/casas-para-apuestas-mas-alla-de-territorio-espanol/" "Mozilla/5.0 (Linux; Android 6.0.1; Nexus 5X Build/MMB29P) AppleWebKit/537.36 (KHTML, like Gecko) Chrome/144.0.7559.132 Mobile Safari/537.36 (compatible; Googlebot/2.1; +http://www.google.com/bot.html)" 3629 **3/3629102**
114.119.141.35 - - [22/Feb/2026:09:58:07 -0700] "GET /runda-bonusowa-darmowych-spin%C3%B3w-w-mega-fire-blaze-roulette-live/ HTTP/1.1" 200 9785 "-" "Mozilla/5.0 (Linux; Android 7.0;) AppleWebKit/537.36 (KHTML, like Gecko) Mobile Safari/537.36 (compatible; PetalBot;+https://webmaster.petalsearch.com/site/petalbot)" 5221 **5/5221839**
66.249.79.4 - - [22/Feb/2026:09:58:08 -0700] "GET /digger-treasure-the-supreme-mining-adventure-in/ HTTP/1.1" 200 10020 "-" "Mozilla/5.0 (Linux; Android 6.0.1; Nexus 5X Build/MMB29P) AppleWebKit/537.36 (KHTML, like Gecko) Chrome/144.0.7559.132 Mobile Safari/537.36 (compatible; Googlebot/2.1; +http://www.google.com/bot.html)" 4598 **4/4598034**
66.249.79.4 - - [22/Feb/2026:09:58:12 -0700] "POST / HTTP/1.1" 204 - "https://ftscreations.com/plataformas-de-casino-en-linea-del-continente/" "Mozilla/5.0 (Linux; Android 6.0.1; Nexus 5X Build/MMB29P) AppleWebKit/537.36 (KHTML, like Gecko) Chrome/144.0.7559.132 Mobile Safari/537.36 (compatible; Googlebot/2.1; +http://www.google.com/bot.html)" 2431 **2/2431943**
66.249.79.4 - - [22/Feb/2026:09:58:13 -0700] "POST / HTTP/1.1" 204 - "https://ftscreations.com/etablissement-de-jeu-en-direct-le-tres-payant/" "Mozilla/5.0 (Linux; Android 6.0.1; Nexus 5X Build/MMB29P) AppleWebKit/537.36 (KHTML, like Gecko) Chrome/144.0.7559.132 Mobile Safari/537.36 (compatible; Googlebot/2.1; +http://www.google.com/bot.html)" 2799 **2/2799672**
66.249.79.4 - - [22/Feb/2026:09:58:15 -0700] "POST / HTTP/1.1" 204 - "https://ftscreations.com/digger-treasure-the-supreme-mining-adventure-in/" "Mozilla/5.0 (Linux; Android 6.0.1; Nexus 5X Build/MMB29P) AppleWebKit/537.36 (KHTML, like Gecko) Chrome/144.0.7559.132 Mobile Safari/537.36 (compatible; Googlebot/2.1; +http://www.google.com/bot.html)" 2773 **2/2773754**
66.249.79.4 - - [22/Feb/2026:09:58:16 -0700] "GET /fortune-of-olympus-das-himmlische-spielerlebnis-am/ HTTP/1.1" 200 9885 "-" "Mozilla/5.0 (Linux; Android 6.0.1; Nexus 5X Build/MMB29P) AppleWebKit/537.36 (KHTML, like Gecko) Chrome/144.0.7559.132 Mobile Safari/537.36 (compatible; Googlebot/2.1; +http://www.google.com/bot.html)" 4070 **4/4070344**
66.249.79.4 - - [22/Feb/2026:09:58:20 -0700] "GET /fortune-of-olympus-das-gottliche-spielvergnugen-am/ HTTP/1.1" 200 9951 "-" "Mozilla/5.0 (Linux; Android 6.0.1; Nexus 5X Build/MMB29P) AppleWebKit/537.36 (KHTML, like Gecko) Chrome/144.0.7559.132 Mobile Safari/537.36 (compatible; Googlebot/2.1; +http://www.google.com/bot.html)" 4310 **4/4310796**
66.249.79.4 - - [22/Feb/2026:09:58:25 -0700] "POST / HTTP/1.1" 204 - "https://ftscreations.com/fortune-of-olympus-das-himmlische-spielerlebnis-am/" "Mozilla/5.0 (Linux; Android 6.0.1; Nexus 5X Build/MMB29P) AppleWebKit/537.36 (KHTML, like Gecko) Chrome/144.0.7559.132 Mobile Safari/537.36 (compatible; Googlebot/2.1; +http://www.google.com/bot.html)" 2394 **2/2394931**
66.249.79.4 - - [22/Feb/2026:09:58:24 -0700] "GET /fortune-of-olympus-uw-mythische-reis-start-hier/ HTTP/1.1" 200 9937 "-" "Mozilla/5.0 (Linux; Android 6.0.1; Nexus 5X Build/MMB29P) AppleWebKit/537.36 (KHTML, like Gecko) Chrome/144.0.7559.132 Mobile Safari/537.36 (compatible; Googlebot/2.1; +http://www.google.com/bot.html)" 6142 **6/6142894**
66.249.79.4 - - [22/Feb/2026:09:58:28 -0700] "POST / HTTP/1.1" 204 - "https://ftscreations.com/fortune-of-olympus-das-gottliche-spielvergnugen-am/" "Mozilla/5.0 (Linux; Android 6.0.1; Nexus 5X Build/MMB29P) AppleWebKit/537.36 (KHTML, like Gecko) Chrome/144.0.7559.132 Mobile Safari/537.36 (compatible; Googlebot/2.1; +http://www.google.com/bot.html)" 2714 **2/2714923**
66.249.79.4 - - [22/Feb/2026:09:58:32 -0700] "POST / HTTP/1.1" 204 - "https://ftscreations.com/fortune-of-olympus-uw-mythische-reis-start-hier/" "Mozilla/5.0 (Linux; Android 6.0.1; Nexus 5X Build/MMB29P) AppleWebKit/537.36 (KHTML, like Gecko) Chrome/144.0.7559.132 Mobile Safari/537.36 (compatible; Googlebot/2.1; +http://www.google.com/bot.html)" 2384 **2/2384747**
114.119.142.93 - - [22/Feb/2026:09:59:23 -0700] "GET /ruleta-grand-croupier-mar%C3%ADa-lapiedra-opinii HTTP/1.1" 301 - "-" "Mozilla/5.0 (Linux; Android 7.0;) AppleWebKit/537.36 (KHTML, like Gecko) Mobile Safari/537.36 (compatible; PetalBot;+https://webmaster.petalsearch.com/site/petalbot)" 3362 **3/3362734**
114.119.142.93 - - [22/Feb/2026:09:59:28 -0700] "GET /ruleta-grand-croupier-mar%C3%ADa-lapiedra-opinii/ HTTP/1.1" 200 9213 "-" "Mozilla/5.0 (Linux; Android 7.0;) AppleWebKit/537.36 (KHTML, like Gecko) Mobile Safari/537.36 (compatible; PetalBot;+https://webmaster.petalsearch.com/site/petalbot)" 5993 **5/5993977**
114.119.151.146 - - [22/Feb/2026:10:00:46 -0700] "GET /queen-of-hearts-deluxe-strajk/ HTTP/1.1" 200 9359 "http://ftscreations.com/?p=8962" "Mozilla/5.0 (Linux; Android 7.0;) AppleWebKit/537.36 (KHTML, like Gecko) Mobile Safari/537.36 (compatible; PetalBot;+https://webmaster.petalsearch.com/site/petalbot)" 5091 **5/5091067**
66.249.79.6 - - [22/Feb/2026:10:01:25 -0700] "GET /avia-fly-2-kompendium-po-jedynej-z-maksymalnie/ HTTP/1.1" 200 9628 "-" "Mozilla/5.0 (Linux; Android 6.0.1; Nexus 5X Build/MMB29P) AppleWebKit/537.36 (KHTML, like Gecko) Chrome/144.0.7559.132 Mobile Safari/537.36 (compatible; Googlebot/2.1; +http://www.google.com/bot.html)" 5565 **5/5565521**
66.249.79.5 - - [22/Feb/2026:10:01:37 -0700] "POST / HTTP/1.1" 204 - "https://ftscreations.com/avia-fly-2-kompendium-po-jedynej-z-maksymalnie/" "Mozilla/5.0 (Linux; Android 6.0.1; Nexus 5X Build/MMB29P) AppleWebKit/537.36 (KHTML, like Gecko) Chrome/144.0.7559.132 Mobile Safari/537.36 (compatible; Googlebot/2.1; +http://www.google.com/bot.html)" 3140 **3/3140197**
66.249.79.4 - - [22/Feb/2026:10:01:57 -0700] "POST / HTTP/1.1" 204 - "https://ftscreations.com/plataformas-de-casino-en-linea-del-continente/" "Mozilla/5.0 (Linux; Android 6.0.1; Nexus 5X Build/MMB29P) AppleWebKit/537.36 (KHTML, like Gecko) Chrome/144.0.7559.132 Mobile Safari/537.36 (compatible; Googlebot/2.1; +http://www.google.com/bot.html)" 2768 **2/2768784**
114.119.151.146 - - [22/Feb/2026:10:02:14 -0700] "GET /prawdziwe-pieni%C4%85dze-might-of-ra HTTP/1.1" 301 - "https://ftscreations.com/prawdziwe-pieni%C4%85dze-might-of-ra/" "Mozilla/5.0 (Linux; Android 7.0;) AppleWebKit/537.36 (KHTML, like Gecko) Mobile Safari/537.36 (compatible; PetalBot;+https://webmaster.petalsearch.com/site/petalbot)" 2345 **2/2345447**
114.119.151.146 - - [22/Feb/2026:10:02:17 -0700] "GET /prawdziwe-pieni%C4%85dze-might-of-ra/ HTTP/1.1" 200 8925 "https://ftscreations.com/prawdziwe-pieni%C4%85dze-might-of-ra/" "Mozilla/5.0 (Linux; Android 7.0;) AppleWebKit/537.36 (KHTML, like Gecko) Mobile Safari/537.36 (compatible; PetalBot;+https://webmaster.petalsearch.com/site/petalbot)" 5104 **5/5104688**
114.119.129.175 - - [22/Feb/2026:10:03:38 -0700] "GET /pe%C5%82ny-przegl%C4%85d-bramek-do-gier-dragon-ball-analiza HTTP/1.1" 301 - "https://ftscreations.com/pe%C5%82ny-przegl%C4%85d-bramek-do-gier-dragon-ball-analiza" "Mozilla/5.0 (Linux; Android 7.0;) AppleWebKit/537.36 (KHTML, like Gecko) Mobile Safari/537.36 (compatible; PetalBot;+https://webmaster.petalsearch.com/site/petalbot)" 2708 **2/2708090**
114.119.129.175 - - [22/Feb/2026:10:03:42 -0700] "GET /pe%C5%82ny-przegl%C4%85d-bramek-do-gier-dragon-ball-analiza/ HTTP/1.1" 200 9232 "https://ftscreations.com/pe%C5%82ny-przegl%C4%85d-bramek-do-gier-dragon-ball-analiza" "Mozilla/5.0 (Linux; Android 7.0;) AppleWebKit/537.36 (KHTML, like Gecko) Mobile Safari/537.36 (compatible; PetalBot;+https://webmaster.petalsearch.com/site/petalbot)" 4480 **4/4480190**
114.119.159.62 - - [22/Feb/2026:10:05:52 -0700] "GET /pandoras-box-of-evil-kaskadowa-gra-wideo/ HTTP/1.1" 200 9342 "https://ftscreations.com/pandoras-box-of-evil-kaskadowa-gra-wideo/" "Mozilla/5.0 (Linux; Android 7.0;) AppleWebKit/537.36 (KHTML, like Gecko) Mobile Safari/537.36 (compatible; PetalBot;+https://webmaster.petalsearch.com/site/petalbot)" 329 **0/329900**
114.119.141.35 - - [22/Feb/2026:10:06:33 -0700] "GET /nv-casino-profesjonalna-platforma-do-zabawy-online/ HTTP/1.1" 200 10327 "https://ftscreations.com/casino-lizaro-casino-su-sitio-de-diversion-premium/" "Mozilla/5.0 (Linux; Android 7.0;) AppleWebKit/537.36 (KHTML, like Gecko) Mobile Safari/537.36 (compatible; PetalBot;+https://webmaster.petalsearch.com/site/petalbot)" 5986 **5/5986486**
72.167.58.252 - - [22/Feb/2026:10:07:46 -0700] "POST /newvsi/wp-cron.php?doing_wp_cron=1771780066.4718840122222900390625 HTTP/1.1" 200 - "-" "WordPress/6.6.4; https://ftscreations.com/newvsi" 19 **0/19011**
114.119.146.15 - - [22/Feb/2026:10:07:44 -0700] "GET /newvsi/visit/stars-to-sea/ HTTP/1.1" 500 2703 "https://ftscreations.com/newvsi/learn/" "Mozilla/5.0 (Linux; Android 7.0;) AppleWebKit/537.36 (KHTML, like Gecko) Mobile Safari/537.36 (compatible; PetalBot;+https://webmaster.petalsearch.com/site/petalbot)" 2305 **2/2305310**
72.167.58.252 - - [22/Feb/2026:10:07:52 -0700] "GET /newvsi/?wp_scrape_key=8f7db905a9800fa1dce4f27817a81b24&wp_scrape_nonce=1771780070 HTTP/1.1" 500 906 "-" "WordPress/6.6.4; https://ftscreations.com/newvsi" 8791 **8/8791155**
72.167.58.252 - - [22/Feb/2026:10:08:26 -0700] "GET /newvsi/?wp_scrape_key=930e8d3ec168241a0345532a378c6283&wp_scrape_nonce=1771780104 HTTP/1.1" 500 906 "-" "WordPress/6.6.4; https://ftscreations.com/newvsi" 797 **0/797817**
114.119.136.249 - - [22/Feb/2026:10:09:10 -0700] "GET /mo%C5%BCna-gra%C4%87-na-urz%C4%85dzeniach-mobilnych-i-tabletach-deck-the-halls/ HTTP/1.1" 200 9077 "https://ftscreations.com/mo%C5%BCna-gra%C4%87-na-urz%C4%85dzeniach-mobilnych-i-tabletach-deck-the-halls" "Mozilla/5.0 (Linux; Android 7.0;) AppleWebKit/537.36 (KHTML, like Gecko) Mobile Safari/537.36 (compatible; PetalBot;+https://webmaster.petalsearch.com/site/petalbot)" 259 **0/259051**
114.119.129.175 - - [22/Feb/2026:10:10:31 -0700] "GET /mno%C5%BCniki-podczas-gry-podstawowej-w-piggy-riches/ HTTP/1.1" 200 9093 "https://ftscreations.com/mno%C5%BCniki-podczas-gry-podstawowej-w-piggy-riches/" "Mozilla/5.0 (Linux; Android 7.0;) AppleWebKit/537.36 (KHTML, like Gecko) Mobile Safari/537.36 (compatible; PetalBot;+https://webmaster.petalsearch.com/site/petalbot)" 314 **0/314612**
114.119.141.35 - - [22/Feb/2026:10:11:57 -0700] "GET /miles-bellhouse-and-the-gears-of-time-formularz-demonstracyjny HTTP/1.1" 301 - "-" "Mozilla/5.0 (Linux; Android 7.0;) AppleWebKit/537.36 (KHTML, like Gecko) Mobile Safari/537.36 (compatible; PetalBot;+https://webmaster.petalsearch.com/site/petalbot)" 2759 **2/2759404**
114.119.141.35 - - [22/Feb/2026:10:12:01 -0700] "GET /miles-bellhouse-and-the-gears-of-time-formularz-demonstracyjny/ HTTP/1.1" 200 9249 "-" "Mozilla/5.0 (Linux; Android 7.0;) AppleWebKit/537.36 (KHTML, like Gecko) Mobile Safari/537.36 (compatible; PetalBot;+https://webmaster.petalsearch.com/site/petalbot)" 6561 **6/6561468**
185.93.89.110 - - [22/Feb/2026:10:12:45 -0700] "GET /portfolio//.git/HEAD HTTP/1.1" 301 - "-" "Go-http-client/1.1" 617 **0/617964**
185.93.89.110 - - [22/Feb/2026:10:12:45 -0700] "GET /portfolio/.git/HEAD HTTP/1.1" 301 - "https://ftscreations.com/portfolio//.git/HEAD" "Go-http-client/1.1" 389 **0/389439**
185.93.89.110 - - [22/Feb/2026:10:12:46 -0700] "GET /heads-and-tails-xy-podw%C3%B3jna-szansa-na-wygran%C4%85/ HTTP/1.1" 200 9397 "https://ftscreations.com/portfolio/.git/HEAD" "Go-http-client/1.1" 603 **0/603996**
114.119.149.66 - - [22/Feb/2026:10:13:18 -0700] "GET /mega-rise-symbol-mno%C5%BCnika/ HTTP/1.1" 200 9114 "https://ftscreations.com/mega-rise-symbol-mno%C5%BCnika" "Mozilla/5.0 (Linux; Android 7.0;) AppleWebKit/537.36 (KHTML, like Gecko) Mobile Safari/537.36 (compatible; PetalBot;+https://webmaster.petalsearch.com/site/petalbot)" 586 **0/586039**
43.173.182.238 - - [22/Feb/2026:10:13:18 -0700] "GET /?p=13663 HTTP/1.1" 301 - "-" "Mozilla/5.0 (Windows NT 10.0; Win64; x64) AppleWebKit/537.36 (KHTML, like Gecko) Chrome/105.0.0.0 Safari/537.3" 666 **0/666634**
43.173.175.254 - - [22/Feb/2026:10:13:19 -0700] "GET /?p=3492 HTTP/1.1" 301 - "-" "Mozilla/5.0 (Windows NT 10.0; Win64; x64) AppleWebKit/537.36 (KHTML, like Gecko) Chrome/112.0.0.0 Safari/537.36" 706 **0/706716**
43.173.175.186 - - [22/Feb/2026:10:13:19 -0700] "GET /gra-cai-shen-ye/ HTTP/1.1" 200 9007 "-" "Mozilla/5.0 (Windows NT 10.0; Win64; x64) AppleWebKit/537.36 (KHTML, like Gecko) Chrome/124.0.0.0 Safari/537.36" 1481 **1/1481537**
43.173.182.238 - - [22/Feb/2026:10:13:19 -0700] "GET /ice-fishing-game-to-sygkekrimno-paichndi-psarmatos/ HTTP/1.1" 200 11344 "https://ftscreations.com/?p=13663" "Mozilla/5.0 (Windows NT 10.0; Win64; x64) AppleWebKit/537.36 (KHTML, like Gecko) Chrome/105.0.0.0 Safari/537.3" 1258 **1/1258706**
43.173.180.137 - - [22/Feb/2026:10:13:20 -0700] "GET /?p=4506 HTTP/1.1" 301 - "-" "Mozilla/5.0 (Windows NT 10.0; Win64; x64) AppleWebKit/537.36 (KHTML, like Gecko) Chrome/131.0.0.0 Safari/537.36" 1083 **1/1083921**
43.173.175.254 - - [22/Feb/2026:10:13:20 -0700] "GET /gold-rush-with-johnny-cash-pe%C5%82na-recenzja-automatu/ HTTP/1.1" 200 9314 "https://ftscreations.com/?p=3492" "Mozilla/5.0 (Windows NT 10.0; Win64; x64) AppleWebKit/537.36 (KHTML, like Gecko) Chrome/112.0.0.0 Safari/537.36" 900 **0/900741**
43.173.180.137 - - [22/Feb/2026:10:13:21 -0700] "GET /w-kasynie-online-holy-hand-grenaderoulette-en-vivo-live-casino/ HTTP/1.1" 200 9064 "https://ftscreations.com/?p=4506" "Mozilla/5.0 (Windows NT 10.0; Win64; x64) AppleWebKit/537.36 (KHTML, like Gecko) Chrome/131.0.0.0 Safari/537.36" 618 **0/618412**
43.173.182.201 - - [22/Feb/2026:10:13:23 -0700] "POST / HTTP/1.1" 204 - "https://ftscreations.com/?p=13663" "Mozilla/5.0 (Windows NT 10.0; Win64; x64) AppleWebKit/537.36 (KHTML, like Gecko) Chrome/105.0.0.0 Safari/537.3" 432 **0/432491**
43.173.176.175 - - [22/Feb/2026:10:13:27 -0700] "POST / HTTP/1.1" 204 - "https://ftscreations.com/?p=4506" "Mozilla/5.0 (Windows NT 10.0; Win64; x64) AppleWebKit/537.36 (KHTML, like Gecko) Chrome/131.0.0.0 Safari/537.36" 215 **0/215178**
43.173.182.20 - - [22/Feb/2026:10:13:28 -0700] "POST / HTTP/1.1" 204 - "https://ftscreations.com/gra-cai-shen-ye/" "Mozilla/5.0 (Windows NT 10.0; Win64; x64) AppleWebKit/537.36 (KHTML, like Gecko) Chrome/124.0.0.0 Safari/537.36" 422 **0/422530**
43.173.181.139 - - [22/Feb/2026:10:13:32 -0700] "POST / HTTP/1.1" 204 - "https://ftscreations.com/?p=3492" "Mozilla/5.0 (Windows NT 10.0; Win64; x64) AppleWebKit/537.36 (KHTML, like Gecko) Chrome/112.0.0.0 Safari/537.36" 319 **0/319078**
114.119.151.146 - - [22/Feb/2026:10:14:41 -0700] "GET /wodospad-w-candy-monsta/ HTTP/1.1" 200 9100 "https://ftscreations.com/wodospad-w-candy-monsta/" "Mozilla/5.0 (Linux; Android 7.0;) AppleWebKit/537.36 (KHTML, like Gecko) Mobile Safari/537.36 (compatible; PetalBot;+https://webmaster.petalsearch.com/site/petalbot)" 763 **0/763656**
43.173.181.20 - - [22/Feb/2026:10:14:43 -0700] "GET /?p=2896 HTTP/1.1" 301 - "-" "Mozilla/5.0 (Windows NT 10.0; Win64; x64) AppleWebKit/537.36 (KHTML, like Gecko) Chrome/120.0.0.0 Safari/537.36" 2979 **2/2979577**
192.144.148.122 - - [22/Feb/2026:10:14:45 -0700] "GET / HTTP/1.1" 200 4544 "http://ftscreations.com" "Mozilla/5.0 (iPhone; CPU iPhone OS 13_2_3 like Mac OS X) AppleWebKit/605.1.15 (KHTML, like Gecko) Version/13.0.3 Mobile/15E148 Safari/604.1" 2556 **2/2556600**
43.173.181.20 - - [22/Feb/2026:10:14:46 -0700] "GET /symbole-mno%C5%BCnik%C3%B3w-w-legendary-battle-of-the-nian/ HTTP/1.1" 200 9152 "https://ftscreations.com/?p=2896" "Mozilla/5.0 (Windows NT 10.0; Win64; x64) AppleWebKit/537.36 (KHTML, like Gecko) Chrome/120.0.0.0 Safari/537.36" 1569 **1/1569443**
43.173.179.144 - - [22/Feb/2026:10:14:55 -0700] "POST / HTTP/1.1" 204 - "https://ftscreations.com/?p=2896" "Mozilla/5.0 (Windows NT 10.0; Win64; x64) AppleWebKit/537.36 (KHTML, like Gecko) Chrome/120.0.0.0 Safari/537.36" 381 **0/381406**
114.119.146.15 - - [22/Feb/2026:10:16:07 -0700] "GET /wersja-gry-wieloosobowa-chance-machine-20/ HTTP/1.1" 200 8759 "https://ftscreations.com/wersja-gry-wieloosobowa-chance-machine-20/" "Mozilla/5.0 (Linux; Android 7.0;) AppleWebKit/537.36 (KHTML, like Gecko) Mobile Safari/537.36 (compatible; PetalBot;+https://webmaster.petalsearch.com/site/petalbot)" 492 **0/492902**
114.119.129.175 - - [22/Feb/2026:10:17:29 -0700] "GET /vegas-blackjack-rundy-bonusowe HTTP/1.1" 301 - "https://ftscreations.com/vegas-blackjack-rundy-bonusowe" "Mozilla/5.0 (Linux; Android 7.0;) AppleWebKit/537.36 (KHTML, like Gecko) Mobile Safari/537.36 (compatible; PetalBot;+https://webmaster.petalsearch.com/site/petalbot)" 172 **0/172948**
114.119.129.175 - - [22/Feb/2026:10:17:30 -0700] "GET /vegas-blackjack-rundy-bonusowe/ HTTP/1.1" 200 9000 "https://ftscreations.com/vegas-blackjack-rundy-bonusowe" "Mozilla/5.0 (Linux; Android 7.0;) AppleWebKit/537.36 (KHTML, like Gecko) Mobile Safari/537.36 (compatible; PetalBot;+https://webmaster.petalsearch.com/site/petalbot)" 414 **0/414338**
114.119.141.35 - - [22/Feb/2026:10:18:55 -0700] "GET /typ-gry-wideo-vikings/ HTTP/1.1" 200 9477 "https://ftscreations.com/typ-gry-wideo-vikings" "Mozilla/5.0 (Linux; Android 7.0;) AppleWebKit/537.36 (KHTML, like Gecko) Mobile Safari/537.36 (compatible; PetalBot;+https://webmaster.petalsearch.com/site/petalbot)" 318 **0/318576**
114.119.151.146 - - [22/Feb/2026:10:20:17 -0700] "GET /symbole-i-funkcja-specjalna-w-red-card/ HTTP/1.1" 200 9258 "https://ftscreations.com/symbole-i-funkcja-specjalna-w-red-card/" "Mozilla/5.0 (Linux; Android 7.0;) AppleWebKit/537.36 (KHTML, like Gecko) Mobile Safari/537.36 (compatible; PetalBot;+https://webmaster.petalsearch.com/site/petalbot)" 5513 **5/5513933**
114.119.159.62 - - [22/Feb/2026:10:21:48 -0700] "GET /multiplier-spots-dla-zwi%C4%99kszonych-nagr%C3%B3d-w-slingo-da-vinci-diamonds/ HTTP/1.1" 200 9568 "https://ftscreations.com/multiplier-spots-dla-zwi%C4%99kszonych-nagr%C3%B3d-w-slingo-da-vinci-diamonds/" "Mozilla/5.0 (Linux; Android 7.0;) AppleWebKit/537.36 (KHTML, like Gecko) Mobile Safari/537.36 (compatible; PetalBot;+https://webmaster.petalsearch.com/site/petalbot)" 3070 **3/3070534**
114.119.159.62 - - [22/Feb/2026:10:23:06 -0700] "GET /mechanika-wyp%C5%82at-rozproszonych-w-big-bass-splash/ HTTP/1.1" 200 9233 "https://ftscreations.com/mechanika-wyp%C5%82at-rozproszonych-w-big-bass-splash/" "Mozilla/5.0 (Linux; Android 7.0;) AppleWebKit/537.36 (KHTML, like Gecko) Mobile Safari/537.36 (compatible; PetalBot;+https://webmaster.petalsearch.com/site/petalbot)" 5966 **5/5966792**
