114.119.159.62 - - [21/Feb/2026:21:15:56 -0700] "GET /?p=9852 HTTP/1.1" 301 - "https://ftscreations.com/versailles-gold-gra-automatowa/" "Mozilla/5.0 (Linux; Android 7.0;) AppleWebKit/537.36 (KHTML, like Gecko) Mobile Safari/537.36 (compatible; PetalBot;+https://webmaster.petalsearch.com/site/petalbot)" 222 **0/222446**
114.119.159.62 - - [21/Feb/2026:21:15:57 -0700] "GET /przegl%C4%85d-kasyn-online-oferuj%C4%85cych-hot-slot-777-stars/ HTTP/1.1" 200 9047 "https://ftscreations.com/versailles-gold-gra-automatowa/" "Mozilla/5.0 (Linux; Android 7.0;) AppleWebKit/537.36 (KHTML, like Gecko) Mobile Safari/537.36 (compatible; PetalBot;+https://webmaster.petalsearch.com/site/petalbot)" 569 **0/569787**
43.173.182.224 - - [21/Feb/2026:21:16:16 -0700] "GET /gladorius-urz%C4%85dzenia-mobilne/ HTTP/1.1" 200 9243 "-" "Mozilla/5.0 (Windows NT 10.0; Win64; x64) AppleWebKit/537.36 (KHTML, like Gecko) Chrome/106.0.5249.119 Safari/537.36" 258 **0/258730**
43.173.182.150 - - [21/Feb/2026:21:16:16 -0700] "GET /reel-snails-zwi%C4%99ksz-wygrane-dzi%C4%99ki-mno%C5%BCnikom/ HTTP/1.1" 200 9172 "-" "Mozilla/5.0 (Windows NT 10.0; Win64; x64) AppleWebKit/537.36 (KHTML, like Gecko) Chrome/116.0.0.0 Safari/537.36" 370 **0/370298**
43.173.180.32 - - [21/Feb/2026:21:16:18 -0700] "POST / HTTP/1.1" 204 - "https://ftscreations.com/gladorius-urz%C4%85dzenia-mobilne/" "Mozilla/5.0 (Windows NT 10.0; Win64; x64) AppleWebKit/537.36 (KHTML, like Gecko) Chrome/106.0.5249.119 Safari/537.36" 242 **0/242650**
43.173.181.211 - - [21/Feb/2026:21:16:19 -0700] "GET /reel-snails-zwi%C4%99ksz-wygrane-dzi%C4%99ki-mno%C5%BCnikom/ HTTP/1.1" 200 9172 "-" "Mozilla/5.0 (Windows NT 10.0; Win64; x64) AppleWebKit/537.36 (KHTML, like Gecko) Chrome/105.0.0.0 Safari/537.3" 651 **0/651532**
114.119.141.35 - - [21/Feb/2026:21:17:20 -0700] "GET /?p=9851 HTTP/1.1" 301 - "https://ftscreations.com/mechanik-upadk%C3%B3w-w-plinko/" "Mozilla/5.0 (Linux; Android 7.0;) AppleWebKit/537.36 (KHTML, like Gecko) Mobile Safari/537.36 (compatible; PetalBot;+https://webmaster.petalsearch.com/site/petalbot)" 259 **0/259185**
114.119.141.35 - - [21/Feb/2026:21:17:21 -0700] "GET /riddle-of-the-sphinx-zwyci%C4%99skie-kaskady-lub-funkcja-lawiny/ HTTP/1.1" 200 9051 "https://ftscreations.com/mechanik-upadk%C3%B3w-w-plinko/" "Mozilla/5.0 (Linux; Android 7.0;) AppleWebKit/537.36 (KHTML, like Gecko) Mobile Safari/537.36 (compatible; PetalBot;+https://webmaster.petalsearch.com/site/petalbot)" 291 **0/291499**
114.119.129.175 - - [21/Feb/2026:21:18:44 -0700] "GET /?p=9817 HTTP/1.1" 301 - "https://ftscreations.com/eforce-mechanika-gry-bez-zwyci%C4%99skich-linii/" "Mozilla/5.0 (Linux; Android 7.0;) AppleWebKit/537.36 (KHTML, like Gecko) Mobile Safari/537.36 (compatible; PetalBot;+https://webmaster.petalsearch.com/site/petalbot)" 165 **0/165059**
114.119.129.175 - - [21/Feb/2026:21:18:45 -0700] "GET /darmowe-spiny-i-bonusy-bez-depozytu-w-action-jack/ HTTP/1.1" 200 9403 "https://ftscreations.com/eforce-mechanika-gry-bez-zwyci%C4%99skich-linii/" "Mozilla/5.0 (Linux; Android 7.0;) AppleWebKit/537.36 (KHTML, like Gecko) Mobile Safari/537.36 (compatible; PetalBot;+https://webmaster.petalsearch.com/site/petalbot)" 481 **0/481036**
66.249.79.5 - - [21/Feb/2026:21:19:48 -0700] "GET /fortune-of-olympus-la-experiencia-divina-en-slots/ HTTP/1.1" 200 9764 "-" "Mozilla/5.0 (Linux; Android 6.0.1; Nexus 5X Build/MMB29P) AppleWebKit/537.36 (KHTML, like Gecko) Chrome/144.0.7559.132 Mobile Safari/537.36 (compatible; Googlebot/2.1; +http://www.google.com/bot.html)" 285 **0/285164**
114.119.129.175 - - [21/Feb/2026:21:20:09 -0700] "GET /?p=9805 HTTP/1.1" 301 - "http://ftscreations.com/?p=9922" "Mozilla/5.0 (Linux; Android 7.0;) AppleWebKit/537.36 (KHTML, like Gecko) Mobile Safari/537.36 (compatible; PetalBot;+https://webmaster.petalsearch.com/site/petalbot)" 252 **0/252493**
114.119.129.175 - - [21/Feb/2026:21:20:12 -0700] "GET /gry-w-kasynie-3-lucky-rainbows-najlepsze-sposoby-na-skorzystanie-z-bonus%C3%B3w-i-promocji/ HTTP/1.1" 200 9357 "http://ftscreations.com/?p=9922" "Mozilla/5.0 (Linux; Android 7.0;) AppleWebKit/537.36 (KHTML, like Gecko) Mobile Safari/537.36 (compatible; PetalBot;+https://webmaster.petalsearch.com/site/petalbot)" 265 **0/265618**
66.249.79.4 - - [21/Feb/2026:21:20:25 -0700] "GET /wp-content/themes/photographer-wp/js/modernizr.min.js HTTP/1.1" 200 6023 "https://ftscreations.com/fortune-of-olympus-la-experiencia-divina-en-slots/" "Mozilla/5.0 (Linux; Android 6.0.1; Nexus 5X Build/MMB29P) AppleWebKit/537.36 (KHTML, like Gecko) Chrome/144.0.7559.132 Mobile Safari/537.36 (compatible; Googlebot/2.1; +http://www.google.com/bot.html)" 7 **0/7224**
66.249.79.5 - - [21/Feb/2026:21:20:26 -0700] "POST / HTTP/1.1" 204 - "https://ftscreations.com/fortune-of-olympus-la-experiencia-divina-en-slots/" "Mozilla/5.0 (Linux; Android 6.0.1; Nexus 5X Build/MMB29P) AppleWebKit/537.36 (KHTML, like Gecko) Chrome/144.0.7559.132 Mobile Safari/537.36 (compatible; Googlebot/2.1; +http://www.google.com/bot.html)" 170 **0/170901**
114.119.141.35 - - [21/Feb/2026:21:21:38 -0700] "GET /?p=9801 HTTP/1.1" 301 - "https://ftscreations.com/strategie-obstawiania-gier-kasynowych-81-hot-ways/" "Mozilla/5.0 (Linux; Android 7.0;) AppleWebKit/537.36 (KHTML, like Gecko) Mobile Safari/537.36 (compatible; PetalBot;+https://webmaster.petalsearch.com/site/petalbot)" 322 **0/322082**
114.119.141.35 - - [21/Feb/2026:21:21:40 -0700] "GET /gry-w-kasynie-joker-boom-najlepsze-sposoby-na-skorzystanie-z-bonus%C3%B3w-i-promocji/ HTTP/1.1" 200 9018 "https://ftscreations.com/strategie-obstawiania-gier-kasynowych-81-hot-ways/" "Mozilla/5.0 (Linux; Android 7.0;) AppleWebKit/537.36 (KHTML, like Gecko) Mobile Safari/537.36 (compatible; PetalBot;+https://webmaster.petalsearch.com/site/petalbot)" 494 **0/494950**
114.119.142.93 - - [21/Feb/2026:21:22:58 -0700] "GET /?p=9786 HTTP/1.1" 301 - "https://ftscreations.com/miles-bellhouse-and-the-gears-of-time-linii-p%C5%82atniczych/" "Mozilla/5.0 (Linux; Android 7.0;) AppleWebKit/537.36 (KHTML, like Gecko) Mobile Safari/537.36 (compatible; PetalBot;+https://webmaster.petalsearch.com/site/petalbot)" 206 **0/206303**
114.119.142.93 - - [21/Feb/2026:21:23:00 -0700] "GET /strategie-wygrywania-w-grach-hazardowych-gold-rush-cash-collect-w-wirtualnych-kasynach/ HTTP/1.1" 200 9184 "https://ftscreations.com/miles-bellhouse-and-the-gears-of-time-linii-p%C5%82atniczych/" "Mozilla/5.0 (Linux; Android 7.0;) AppleWebKit/537.36 (KHTML, like Gecko) Mobile Safari/537.36 (compatible; PetalBot;+https://webmaster.petalsearch.com/site/petalbot)" 362 **0/362477**
114.119.149.66 - - [21/Feb/2026:21:24:20 -0700] "GET /zwyci%C4%99skie-automaty-slingo-rainbow-riches/ HTTP/1.1" 200 9107 "https://ftscreations.com/zwyci%C4%99skie-automaty-slingo-rainbow-riches/" "Mozilla/5.0 (Linux; Android 7.0;) AppleWebKit/537.36 (KHTML, like Gecko) Mobile Safari/537.36 (compatible; PetalBot;+https://webmaster.petalsearch.com/site/petalbot)" 445 **0/445015**
114.119.142.93 - - [21/Feb/2026:21:25:42 -0700] "GET /zasady-gry-w-kasynie-nine-balls/ HTTP/1.1" 200 9201 "https://ftscreations.com/zasady-gry-w-kasynie-nine-balls/" "Mozilla/5.0 (Linux; Android 7.0;) AppleWebKit/537.36 (KHTML, like Gecko) Mobile Safari/537.36 (compatible; PetalBot;+https://webmaster.petalsearch.com/site/petalbot)" 355 **0/355584**
114.119.146.15 - - [21/Feb/2026:21:27:10 -0700] "GET /zagraj-w-now%C4%85-darmow%C4%85-gr%C4%99-automatow%C4%85-triple-diamond/ HTTP/1.1" 200 9289 "https://ftscreations.com/zagraj-w-now%C4%85-darmow%C4%85-gr%C4%99-automatow%C4%85-triple-diamond/" "Mozilla/5.0 (Linux; Android 7.0;) AppleWebKit/537.36 (KHTML, like Gecko) Mobile Safari/537.36 (compatible; PetalBot;+https://webmaster.petalsearch.com/site/petalbot)" 530 **0/530559**
72.167.58.252 - - [21/Feb/2026:21:28:30 -0700] "POST /wp-cron.php?doing_wp_cron=1771734510.5353810787200927734375 HTTP/1.1" 200 - "https://ftscreations.com/wp-cron.php?doing_wp_cron=1771734510.5353810787200927734375" "WordPress/5.4.18; https://ftscreations.com" 374 **0/374895**
114.119.141.35 - - [21/Feb/2026:21:28:30 -0700] "GET /zagraj-w-iron-bank-po-po%C5%82udniu/ HTTP/1.1" 200 9236 "http://ftscreations.com/?p=7181" "Mozilla/5.0 (Linux; Android 7.0;) AppleWebKit/537.36 (KHTML, like Gecko) Mobile Safari/537.36 (compatible; PetalBot;+https://webmaster.petalsearch.com/site/petalbot)" 677 **0/677050**
114.119.142.93 - - [21/Feb/2026:21:29:53 -0700] "GET /zabawne-funkcje-w-automacie-star-joker/ HTTP/1.1" 200 8787 "https://ftscreations.com/zabawne-funkcje-w-automacie-star-joker/" "Mozilla/5.0 (Linux; Android 7.0;) AppleWebKit/537.36 (KHTML, like Gecko) Mobile Safari/537.36 (compatible; PetalBot;+https://webmaster.petalsearch.com/site/petalbot)" 345 **0/345183**
43.163.104.54 - - [21/Feb/2026:21:30:20 -0700] "GET / HTTP/1.1" 301 - "http://www.ftscreations.com" "Mozilla/5.0 (iPhone; CPU iPhone OS 13_2_3 like Mac OS X) AppleWebKit/605.1.15 (KHTML, like Gecko) Version/13.0.3 Mobile/15E148 Safari/604.1" 530 **0/530509**
43.163.104.54 - - [21/Feb/2026:21:30:22 -0700] "GET / HTTP/1.1" 200 4544 "https://www.ftscreations.com/" "Mozilla/5.0 (iPhone; CPU iPhone OS 13_2_3 like Mac OS X) AppleWebKit/605.1.15 (KHTML, like Gecko) Version/13.0.3 Mobile/15E148 Safari/604.1" 248 **0/248544**
114.119.151.146 - - [21/Feb/2026:21:31:17 -0700] "GET /wygrana-w-automacie-animal-madness/ HTTP/1.1" 200 8991 "https://ftscreations.com/wygrana-w-automacie-animal-madness/" "Mozilla/5.0 (Linux; Android 7.0;) AppleWebKit/537.36 (KHTML, like Gecko) Mobile Safari/537.36 (compatible; PetalBot;+https://webmaster.petalsearch.com/site/petalbot)" 2975 **2/2975349**
74.7.241.142 - - [21/Feb/2026:21:31:53 -0700] "GET /robots.txt HTTP/1.1" 200 132 "-" "Mozilla/5.0 (Macintosh; Intel Mac OS X 10_15_7) AppleWebKit/537.36 (KHTML, like Gecko) Chrome/131.0.0.0 Safari/537.36; compatible; OAI-SearchBot/1.3; robots.txt; +https://openai.com/searchbot" 6 **0/6810**
74.7.241.33 - - [21/Feb/2026:21:31:53 -0700] "GET /?feed=xmlsitemap1 HTTP/1.1" 404 132 "-" "Mozilla/5.0 AppleWebKit/537.36 (KHTML, like Gecko; compatible; GPTBot/1.3; +https://openai.com/gptbot)" 3015 **3/3015539**
114.119.142.93 - - [21/Feb/2026:21:32:38 -0700] "GET /wska%C5%BAnik-wyp%C5%82at-i-zmienno%C5%9B%C4%87-great-27/ HTTP/1.1" 200 8942 "https://ftscreations.com/wska%C5%BAnik-wyp%C5%82at-i-zmienno%C5%9B%C4%87-great-27" "Mozilla/5.0 (Linux; Android 7.0;) AppleWebKit/537.36 (KHTML, like Gecko) Mobile Safari/537.36 (compatible; PetalBot;+https://webmaster.petalsearch.com/site/petalbot)" 3468 **3/3468033**
114.119.146.15 - - [21/Feb/2026:21:34:54 -0700] "GET /winshark-spielcasino-professionelle-platform-fur/ HTTP/1.1" 200 10054 "https://ftscreations.com/money-train-2-kwota-zak%C5%82ad%C3%B3w-wsp%C3%B3%C5%82czynnik-wygranych-i-wariancja/" "Mozilla/5.0 (Linux; Android 7.0;) AppleWebKit/537.36 (KHTML, like Gecko) Mobile Safari/537.36 (compatible; PetalBot;+https://webmaster.petalsearch.com/site/petalbot)" 5115 **5/5115278**
114.119.141.35 - - [21/Feb/2026:21:35:26 -0700] "GET /wild-wild-riches-uk%C5%82ad-6-b%C4%99bn%C3%B3w-i-5-rz%C4%99d%C3%B3w/ HTTP/1.1" 200 9152 "https://ftscreations.com/blog/page/18" "Mozilla/5.0 (Linux; Android 7.0;) AppleWebKit/537.36 (KHTML, like Gecko) Mobile Safari/537.36 (compatible; PetalBot;+https://webmaster.petalsearch.com/site/petalbot)" 3098 **3/3098267**
114.119.159.62 - - [21/Feb/2026:21:36:49 -0700] "GET /war-of-bets-sloty/ HTTP/1.1" 200 9097 "https://ftscreations.com/war-of-bets-sloty/" "Mozilla/5.0 (Linux; Android 7.0;) AppleWebKit/537.36 (KHTML, like Gecko) Mobile Safari/537.36 (compatible; PetalBot;+https://webmaster.petalsearch.com/site/petalbot)" 5956 **5/5956101**
114.119.129.175 - - [21/Feb/2026:21:38:14 -0700] "GET /ultimate-crystals-bezpo%C5%9Bredni-zakup-darmowych-spin%C3%B3w-w-grze HTTP/1.1" 301 - "-" "Mozilla/5.0 (Linux; Android 7.0;) AppleWebKit/537.36 (KHTML, like Gecko) Mobile Safari/537.36 (compatible; PetalBot;+https://webmaster.petalsearch.com/site/petalbot)" 2310 **2/2310490**
114.119.129.175 - - [21/Feb/2026:21:38:17 -0700] "GET /ultimate-crystals-bezpo%C5%9Bredni-zakup-darmowych-spin%C3%B3w-w-grze/ HTTP/1.1" 200 9623 "-" "Mozilla/5.0 (Linux; Android 7.0;) AppleWebKit/537.36 (KHTML, like Gecko) Mobile Safari/537.36 (compatible; PetalBot;+https://webmaster.petalsearch.com/site/petalbot)" 2720 **2/2720414**
114.119.141.35 - - [21/Feb/2026:21:39:37 -0700] "GET /turnieje-slotowe-w-jungle-wild/ HTTP/1.1" 200 9360 "https://ftscreations.com/turnieje-slotowe-w-jungle-wild/" "Mozilla/5.0 (Linux; Android 7.0;) AppleWebKit/537.36 (KHTML, like Gecko) Mobile Safari/537.36 (compatible; PetalBot;+https://webmaster.petalsearch.com/site/petalbot)" 6910 **6/6910220**
223.15.245.170 - - [21/Feb/2026:21:40:04 -0700] "GET / HTTP/1.1" 200 4544 "http://ftscreations.com" "Mozilla/5.0 (iPhone; CPU iPhone OS 13_2_3 like Mac OS X) AppleWebKit/605.1.15 (KHTML, like Gecko) Version/13.0.3 Mobile/15E148 Safari/604.1" 5510 **5/5510504**
114.119.149.66 - - [21/Feb/2026:21:41:01 -0700] "GET /tiktak-bet-jouw-perfecte-bestemming-voor-online/ HTTP/1.1" 200 10621 "https://ftscreations.com/spinrollz-gaming-spielbank-dein-individuelles/" "Mozilla/5.0 (Linux; Android 7.0;) AppleWebKit/537.36 (KHTML, like Gecko) Mobile Safari/537.36 (compatible; PetalBot;+https://webmaster.petalsearch.com/site/petalbot)" 4004 **4/4004054**
114.119.151.146 - - [21/Feb/2026:21:42:24 -0700] "GET /the-shadow-order-r%C3%B3%C5%BCne-ikony-i-funkcje HTTP/1.1" 301 - "-" "Mozilla/5.0 (Linux; Android 7.0;) AppleWebKit/537.36 (KHTML, like Gecko) Mobile Safari/537.36 (compatible; PetalBot;+https://webmaster.petalsearch.com/site/petalbot)" 255 **0/255779**
114.119.151.146 - - [21/Feb/2026:21:42:26 -0700] "GET /the-shadow-order-r%C3%B3%C5%BCne-ikony-i-funkcje/ HTTP/1.1" 200 9039 "-" "Mozilla/5.0 (Linux; Android 7.0;) AppleWebKit/537.36 (KHTML, like Gecko) Mobile Safari/537.36 (compatible; PetalBot;+https://webmaster.petalsearch.com/site/petalbot)" 356 **0/356238**
114.119.146.15 - - [21/Feb/2026:21:43:47 -0700] "GET /testo-02/ HTTP/1.1" 200 4985 "https://ftscreations.com/testo-04/" "Mozilla/5.0 (Linux; Android 7.0;) AppleWebKit/537.36 (KHTML, like Gecko) Mobile Safari/537.36 (compatible; PetalBot;+https://webmaster.petalsearch.com/site/petalbot)" 290 **0/290379**
114.119.151.146 - - [21/Feb/2026:21:45:11 -0700] "GET /tajemnicze-symbole-legendary-battle-of-the-nian HTTP/1.1" 301 - "https://ftscreations.com/tajemnicze-symbole-legendary-battle-of-the-nian" "Mozilla/5.0 (Linux; Android 7.0;) AppleWebKit/537.36 (KHTML, like Gecko) Mobile Safari/537.36 (compatible; PetalBot;+https://webmaster.petalsearch.com/site/petalbot)" 218 **0/218273**
114.119.151.146 - - [21/Feb/2026:21:45:12 -0700] "GET /tajemnicze-symbole-legendary-battle-of-the-nian/ HTTP/1.1" 200 9232 "https://ftscreations.com/tajemnicze-symbole-legendary-battle-of-the-nian" "Mozilla/5.0 (Linux; Android 7.0;) AppleWebKit/537.36 (KHTML, like Gecko) Mobile Safari/537.36 (compatible; PetalBot;+https://webmaster.petalsearch.com/site/petalbot)" 399 **0/399816**
114.119.136.249 - - [21/Feb/2026:21:46:35 -0700] "GET /wild-west-gold-megaways-informacje-o-grach-online/ HTTP/1.1" 200 9392 "https://ftscreations.com/wild-west-gold-megaways-informacje-o-grach-online/" "Mozilla/5.0 (Linux; Android 7.0;) AppleWebKit/537.36 (KHTML, like Gecko) Mobile Safari/537.36 (compatible; PetalBot;+https://webmaster.petalsearch.com/site/petalbot)" 289 **0/289573**
114.119.159.62 - - [21/Feb/2026:21:48:04 -0700] "GET /twin-spin-najlepsze-oferty-kasyn HTTP/1.1" 301 - "https://ftscreations.com/twin-spin-najlepsze-oferty-kasyn" "Mozilla/5.0 (Linux; Android 7.0;) AppleWebKit/537.36 (KHTML, like Gecko) Mobile Safari/537.36 (compatible; PetalBot;+https://webmaster.petalsearch.com/site/petalbot)" 188 **0/188137**
114.119.159.62 - - [21/Feb/2026:21:48:05 -0700] "GET /twin-spin-najlepsze-oferty-kasyn/ HTTP/1.1" 200 9478 "https://ftscreations.com/twin-spin-najlepsze-oferty-kasyn" "Mozilla/5.0 (Linux; Android 7.0;) AppleWebKit/537.36 (KHTML, like Gecko) Mobile Safari/537.36 (compatible; PetalBot;+https://webmaster.petalsearch.com/site/petalbot)" 449 **0/449618**
114.119.149.66 - - [21/Feb/2026:21:49:24 -0700] "GET /triple-diamind-wskaz%C3%B3wek-dotycz%C4%85cych-gry-na-automatach/ HTTP/1.1" 200 9442 "https://ftscreations.com/triple-diamind-wskaz%C3%B3wek-dotycz%C4%85cych-gry-na-automatach/" "Mozilla/5.0 (Linux; Android 7.0;) AppleWebKit/537.36 (KHTML, like Gecko) Mobile Safari/537.36 (compatible; PetalBot;+https://webmaster.petalsearch.com/site/petalbot)" 302 **0/302773**
114.119.151.146 - - [21/Feb/2026:21:50:46 -0700] "GET /tag/park/ HTTP/1.1" 200 6723 "https://ftscreations.com/tag/park/" "Mozilla/5.0 (Linux; Android 7.0;) AppleWebKit/537.36 (KHTML, like Gecko) Mobile Safari/537.36 (compatible; PetalBot;+https://webmaster.petalsearch.com/site/petalbot)" 3526 **3/3526983**
114.119.129.175 - - [21/Feb/2026:21:52:09 -0700] "GET /system-wyp%C5%82at-w-gypsy-moon/ HTTP/1.1" 200 9025 "https://ftscreations.com/system-wyp%C5%82at-w-gypsy-moon/" "Mozilla/5.0 (Linux; Android 7.0;) AppleWebKit/537.36 (KHTML, like Gecko) Mobile Safari/537.36 (compatible; PetalBot;+https://webmaster.petalsearch.com/site/petalbot)" 5023 **5/5023685**
114.119.149.66 - - [21/Feb/2026:21:53:33 -0700] "GET /symbole-mno%C5%BCnik%C3%B3w-w-liczbie-kiss-my-chainsaw HTTP/1.1" 301 - "-" "Mozilla/5.0 (Linux; Android 7.0;) AppleWebKit/537.36 (KHTML, like Gecko) Mobile Safari/537.36 (compatible; PetalBot;+https://webmaster.petalsearch.com/site/petalbot)" 3207 **3/3207167**
114.119.149.66 - - [21/Feb/2026:21:53:37 -0700] "GET /symbole-mno%C5%BCnik%C3%B3w-w-liczbie-kiss-my-chainsaw/ HTTP/1.1" 200 9167 "-" "Mozilla/5.0 (Linux; Android 7.0;) AppleWebKit/537.36 (KHTML, like Gecko) Mobile Safari/537.36 (compatible; PetalBot;+https://webmaster.petalsearch.com/site/petalbot)" 6853 **6/6853175**
114.119.149.66 - - [21/Feb/2026:21:54:56 -0700] "GET /symbol-w-big-wild-buffalo/ HTTP/1.1" 200 9017 "https://ftscreations.com/symbol-w-big-wild-buffalo" "Mozilla/5.0 (Linux; Android 7.0;) AppleWebKit/537.36 (KHTML, like Gecko) Mobile Safari/537.36 (compatible; PetalBot;+https://webmaster.petalsearch.com/site/petalbot)" 4121 **4/4121207**
114.119.146.15 - - [21/Feb/2026:21:56:26 -0700] "GET /sword-of-ares-cykle-wyp%C5%82at-w-automatach/ HTTP/1.1" 200 9000 "https://ftscreations.com/sword-of-ares-cykle-wyp%C5%82at-w-automatach" "Mozilla/5.0 (Linux; Android 7.0;) AppleWebKit/537.36 (KHTML, like Gecko) Mobile Safari/537.36 (compatible; PetalBot;+https://webmaster.petalsearch.com/site/petalbot)" 3996 **3/3996792**
114.119.151.146 - - [21/Feb/2026:21:57:47 -0700] "GET /supreme-hot-symbole-i-grafika HTTP/1.1" 301 - "-" "Mozilla/5.0 (Linux; Android 7.0;) AppleWebKit/537.36 (KHTML, like Gecko) Mobile Safari/537.36 (compatible; PetalBot;+https://webmaster.petalsearch.com/site/petalbot)" 3979 **3/3979220**
114.119.151.146 - - [21/Feb/2026:21:57:51 -0700] "GET /supreme-hot-symbole-i-grafika/ HTTP/1.1" 200 9289 "-" "Mozilla/5.0 (Linux; Android 7.0;) AppleWebKit/537.36 (KHTML, like Gecko) Mobile Safari/537.36 (compatible; PetalBot;+https://webmaster.petalsearch.com/site/petalbot)" 4274 **4/4274640**
114.119.129.175 - - [21/Feb/2026:21:59:13 -0700] "GET /supreme-hot-rundy-bonusowe/ HTTP/1.1" 200 9314 "https://ftscreations.com/supreme-hot-rundy-bonusowe/" "Mozilla/5.0 (Linux; Android 7.0;) AppleWebKit/537.36 (KHTML, like Gecko) Mobile Safari/537.36 (compatible; PetalBot;+https://webmaster.petalsearch.com/site/petalbot)" 4435 **4/4435610**
114.119.146.15 - - [21/Feb/2026:22:00:31 -0700] "GET /strategie-i-wskaz%C3%B3wki-fruit-cocktail/ HTTP/1.1" 200 9312 "https://ftscreations.com/strategie-i-wskaz%C3%B3wki-fruit-cocktail/" "Mozilla/5.0 (Linux; Android 7.0;) AppleWebKit/537.36 (KHTML, like Gecko) Mobile Safari/537.36 (compatible; PetalBot;+https://webmaster.petalsearch.com/site/petalbot)" 5246 **5/5246079**
207.46.13.168 - - [21/Feb/2026:22:01:51 -0700] "GET /?feed=xmlsitemap1 HTTP/2.0" 404 132 "-" "Mozilla/5.0 AppleWebKit/537.36 (KHTML, like Gecko; compatible; bingbot/2.0; +http://www.bing.com/bingbot.htm) Chrome/116.0.1938.76 Safari/537.36" 644 **0/644817**
114.119.141.35 - - [21/Feb/2026:22:01:58 -0700] "GET /story-of-medusa-gra-automatowa/ HTTP/1.1" 200 8960 "https://ftscreations.com/story-of-medusa-gra-automatowa/" "Mozilla/5.0 (Linux; Android 7.0;) AppleWebKit/537.36 (KHTML, like Gecko) Mobile Safari/537.36 (compatible; PetalBot;+https://webmaster.petalsearch.com/site/petalbot)" 409 **0/409537**
114.119.141.35 - - [21/Feb/2026:22:03:18 -0700] "GET /spin-town-runda-bonusowa-darmowych-spin%C3%B3w-z-du%C5%BC%C4%85-zmienno%C5%9Bci%C4%85/ HTTP/1.1" 200 9040 "https://ftscreations.com/spin-town-runda-bonusowa-darmowych-spin%C3%B3w-z-du%C5%BC%C4%85-zmienno%C5%9Bci%C4%85" "Mozilla/5.0 (Linux; Android 7.0;) AppleWebKit/537.36 (KHTML, like Gecko) Mobile Safari/537.36 (compatible; PetalBot;+https://webmaster.petalsearch.com/site/petalbot)" 458 **0/458777**
114.119.136.249 - - [21/Feb/2026:22:04:46 -0700] "GET /skargi-i-recenzje-u%C5%BCytkownik%C3%B3w-holy-hand-grenade/ HTTP/1.1" 200 9141 "https://ftscreations.com/skargi-i-recenzje-u%C5%BCytkownik%C3%B3w-holy-hand-grenade" "Mozilla/5.0 (Linux; Android 7.0;) AppleWebKit/537.36 (KHTML, like Gecko) Mobile Safari/537.36 (compatible; PetalBot;+https://webmaster.petalsearch.com/site/petalbot)" 336 **0/336098**
114.119.151.146 - - [21/Feb/2026:22:06:10 -0700] "GET /sizzling-eggs-mechanika-gry-i-dzia%C5%82anie/ HTTP/1.1" 200 8773 "https://ftscreations.com/sizzling-eggs-mechanika-gry-i-dzia%C5%82anie/" "Mozilla/5.0 (Linux; Android 7.0;) AppleWebKit/537.36 (KHTML, like Gecko) Mobile Safari/537.36 (compatible; PetalBot;+https://webmaster.petalsearch.com/site/petalbot)" 320 **0/320314**
114.119.151.146 - - [21/Feb/2026:22:07:31 -0700] "GET /siberian-storm-darmowa-gra-w-wersji-demo/ HTTP/1.1" 200 9249 "https://ftscreations.com/siberian-storm-darmowa-gra-w-wersji-demo" "Mozilla/5.0 (Linux; Android 7.0;) AppleWebKit/537.36 (KHTML, like Gecko) Mobile Safari/537.36 (compatible; PetalBot;+https://webmaster.petalsearch.com/site/petalbot)" 1024 **1/1024073**
115.45.42.169 - - [21/Feb/2026:22:07:48 -0700] "GET /robots.txt HTTP/1.1" 200 153 "-" "Mozilla/5.0 (Windows NT 10.0; WOW64) AppleWebKit/537.36 (KHTML, like Gecko) Chrome/86.0.3366.107 Safari/537.36 SE 2.X MetaSr 1.0" 6 **0/6845**
114.119.146.15 - - [21/Feb/2026:22:08:55 -0700] "GET /warlords-crystals-of-power-najwy%C5%BCsza-wyp%C5%82ata/ HTTP/1.1" 200 9603 "http://ftscreations.com/?p=7177" "Mozilla/5.0 (Linux; Android 7.0;) AppleWebKit/537.36 (KHTML, like Gecko) Mobile Safari/537.36 (compatible; PetalBot;+https://webmaster.petalsearch.com/site/petalbot)" 526 **0/526816**
114.119.141.35 - - [21/Feb/2026:22:10:18 -0700] "GET /tiki-fruits-zasada-kaskady/ HTTP/1.1" 200 9077 "https://ftscreations.com/tiki-fruits-zasada-kaskady" "Mozilla/5.0 (Linux; Android 7.0;) AppleWebKit/537.36 (KHTML, like Gecko) Mobile Safari/537.36 (compatible; PetalBot;+https://webmaster.petalsearch.com/site/petalbot)" 1339 **1/1339694**
114.119.151.146 - - [21/Feb/2026:22:11:41 -0700] "GET /tajemnicze-symbole-mighty-sparta/ HTTP/1.1" 200 9384 "https://ftscreations.com/tajemnicze-symbole-mighty-sparta" "Mozilla/5.0 (Linux; Android 7.0;) AppleWebKit/537.36 (KHTML, like Gecko) Mobile Safari/537.36 (compatible; PetalBot;+https://webmaster.petalsearch.com/site/petalbot)" 305 **0/305961**
114.119.151.146 - - [21/Feb/2026:22:13:08 -0700] "GET /seven-books-unlimited-bonus HTTP/1.1" 301 - "-" "Mozilla/5.0 (Linux; Android 7.0;) AppleWebKit/537.36 (KHTML, like Gecko) Mobile Safari/537.36 (compatible; PetalBot;+https://webmaster.petalsearch.com/site/petalbot)" 317 **0/317237**
114.119.151.146 - - [21/Feb/2026:22:13:10 -0700] "GET /seven-books-unlimited-bonus/ HTTP/1.1" 200 8988 "-" "Mozilla/5.0 (Linux; Android 7.0;) AppleWebKit/537.36 (KHTML, like Gecko) Mobile Safari/537.36 (compatible; PetalBot;+https://webmaster.petalsearch.com/site/petalbot)" 423 **0/423996**
114.119.149.66 - - [21/Feb/2026:22:14:29 -0700] "GET /runda-bonusowa-darmowych-spin%C3%B3w-w-siberian-storm/ HTTP/1.1" 200 9252 "https://ftscreations.com/runda-bonusowa-darmowych-spin%C3%B3w-w-siberian-storm" "Mozilla/5.0 (Linux; Android 7.0;) AppleWebKit/537.36 (KHTML, like Gecko) Mobile Safari/537.36 (compatible; PetalBot;+https://webmaster.petalsearch.com/site/petalbot)" 439 **0/439950**
138.197.90.147 - - [21/Feb/2026:22:14:56 -0700] "GET / HTTP/1.1" 200 12361 "-" "Mozilla/5.0 (X11; Linux x86_64) AppleWebKit/537.36 (KHTML, like Gecko) Chrome/142.0.0.0 Safari/537.36" 68 **0/68057**
114.119.136.249 - - [21/Feb/2026:22:15:50 -0700] "GET /royal-dragon-klaster-p%C5%82aci-i-wysokie-wyp%C5%82aty/ HTTP/1.1" 200 9180 "https://ftscreations.com/royal-dragon-klaster-p%C5%82aci-i-wysokie-wyp%C5%82aty" "Mozilla/5.0 (Linux; Android 7.0;) AppleWebKit/537.36 (KHTML, like Gecko) Mobile Safari/537.36 (compatible; PetalBot;+https://webmaster.petalsearch.com/site/petalbot)" 276 **0/276829**
114.119.151.146 - - [21/Feb/2026:22:17:15 -0700] "GET /recenzje-prawdziwych-u%C5%BCytkownik%C3%B3w-gier-pigeons-from-space HTTP/1.1" 301 - "http://ftscreations.com/?p=3518" "Mozilla/5.0 (Linux; Android 7.0;) AppleWebKit/537.36 (KHTML, like Gecko) Mobile Safari/537.36 (compatible; PetalBot;+https://webmaster.petalsearch.com/site/petalbot)" 198 **0/198719**
114.119.151.146 - - [21/Feb/2026:22:17:17 -0700] "GET /recenzje-prawdziwych-u%C5%BCytkownik%C3%B3w-gier-pigeons-from-space/ HTTP/1.1" 200 9407 "http://ftscreations.com/?p=3518" "Mozilla/5.0 (Linux; Android 7.0;) AppleWebKit/537.36 (KHTML, like Gecko) Mobile Safari/537.36 (compatible; PetalBot;+https://webmaster.petalsearch.com/site/petalbot)" 365 **0/365281**
114.119.146.15 - - [21/Feb/2026:22:18:38 -0700] "GET /rainbow-riches-free-spins-darmowe-spiny-z-rosn%C4%85cymi-mno%C5%BCnikami/ HTTP/1.1" 200 9388 "https://ftscreations.com/rainbow-riches-free-spins-darmowe-spiny-z-rosn%C4%85cymi-mno%C5%BCnikami" "Mozilla/5.0 (Linux; Android 7.0;) AppleWebKit/537.36 (KHTML, like Gecko) Mobile Safari/537.36 (compatible; PetalBot;+https://webmaster.petalsearch.com/site/petalbot)" 336 **0/336777**
52.167.144.160 - - [21/Feb/2026:22:19:14 -0700] "GET /darmowe-spiny-i-funkcje-bonusowe-w-automacie-four-fruits-2/ HTTP/2.0" 200 8570 "-" "Mozilla/5.0 AppleWebKit/537.36 (KHTML, like Gecko; compatible; bingbot/2.0; +http://www.bing.com/bingbot.htm) Chrome/116.0.1938.76 Safari/537.36" 313 **0/313208**
114.119.129.175 - - [21/Feb/2026:22:20:02 -0700] "GET /rabbit-royale-wra%C5%BCenia-audiowizualne HTTP/1.1" 301 - "-" "Mozilla/5.0 (Linux; Android 7.0;) AppleWebKit/537.36 (KHTML, like Gecko) Mobile Safari/537.36 (compatible; PetalBot;+https://webmaster.petalsearch.com/site/petalbot)" 321 **0/321847**
114.119.129.175 - - [21/Feb/2026:22:20:03 -0700] "GET /rabbit-royale-wra%C5%BCenia-audiowizualne/ HTTP/1.1" 200 9328 "-" "Mozilla/5.0 (Linux; Android 7.0;) AppleWebKit/537.36 (KHTML, like Gecko) Mobile Safari/537.36 (compatible; PetalBot;+https://webmaster.petalsearch.com/site/petalbot)" 427 **0/427986**
114.119.149.66 - - [21/Feb/2026:22:21:30 -0700] "GET /quantum-roulette-gra-kasynowa-na-%C5%BCywo-z-ko%C5%82em HTTP/1.1" 301 - "https://ftscreations.com/quantum-roulette-gra-kasynowa-na-%C5%BCywo-z-ko%C5%82em" "Mozilla/5.0 (Linux; Android 7.0;) AppleWebKit/537.36 (KHTML, like Gecko) Mobile Safari/537.36 (compatible; PetalBot;+https://webmaster.petalsearch.com/site/petalbot)" 177 **0/177370**
114.119.149.66 - - [21/Feb/2026:22:21:31 -0700] "GET /quantum-roulette-gra-kasynowa-na-%C5%BCywo-z-ko%C5%82em/ HTTP/1.1" 200 9256 "https://ftscreations.com/quantum-roulette-gra-kasynowa-na-%C5%BCywo-z-ko%C5%82em" "Mozilla/5.0 (Linux; Android 7.0;) AppleWebKit/537.36 (KHTML, like Gecko) Mobile Safari/537.36 (compatible; PetalBot;+https://webmaster.petalsearch.com/site/petalbot)" 325 **0/325138**
114.119.151.146 - - [21/Feb/2026:22:22:51 -0700] "GET /pragmatic-play-w-joker-party-6/ HTTP/1.1" 200 9276 "https://ftscreations.com/blog/page/47/" "Mozilla/5.0 (Linux; Android 7.0;) AppleWebKit/537.36 (KHTML, like Gecko) Mobile Safari/537.36 (compatible; PetalBot;+https://webmaster.petalsearch.com/site/petalbot)" 331 **0/331991**
114.119.142.93 - - [21/Feb/2026:22:24:13 -0700] "GET /podstawowe-symbole-w-grze-w-vilk-and-little-red/ HTTP/1.1" 200 9183 "https://ftscreations.com/blog/page/51/" "Mozilla/5.0 (Linux; Android 7.0;) AppleWebKit/537.36 (KHTML, like Gecko) Mobile Safari/537.36 (compatible; PetalBot;+https://webmaster.petalsearch.com/site/petalbot)" 333 **0/333011**
114.119.129.175 - - [21/Feb/2026:22:25:38 -0700] "GET /pharaohs-falls-mno%C5%BCnik%C3%B3w-podczas-gry/ HTTP/1.1" 200 9511 "http://ftscreations.com/?p=8195" "Mozilla/5.0 (Linux; Android 7.0;) AppleWebKit/537.36 (KHTML, like Gecko) Mobile Safari/537.36 (compatible; PetalBot;+https://webmaster.petalsearch.com/site/petalbot)" 369 **0/369634**
114.119.146.15 - - [21/Feb/2026:22:27:00 -0700] "GET /panda-king-wirowanie/ HTTP/1.1" 200 9038 "https://ftscreations.com/panda-king-wirowanie" "Mozilla/5.0 (Linux; Android 7.0;) AppleWebKit/537.36 (KHTML, like Gecko) Mobile Safari/537.36 (compatible; PetalBot;+https://webmaster.petalsearch.com/site/petalbot)" 250 **0/250867**
114.119.151.146 - - [21/Feb/2026:22:28:24 -0700] "GET /panda-king-rozproszenie HTTP/1.1" 301 - "-" "Mozilla/5.0 (Linux; Android 7.0;) AppleWebKit/537.36 (KHTML, like Gecko) Mobile Safari/537.36 (compatible; PetalBot;+https://webmaster.petalsearch.com/site/petalbot)" 4356 **4/4356051**
72.167.58.252 - - [21/Feb/2026:22:28:27 -0700] "POST /wp-cron.php?doing_wp_cron=1771738107.1306009292602539062500 HTTP/1.1" 200 - "https://ftscreations.com/wp-cron.php?doing_wp_cron=1771738107.1306009292602539062500" "WordPress/5.4.18; https://ftscreations.com" 2927 **2/2927795**
114.119.151.146 - - [21/Feb/2026:22:28:29 -0700] "GET /panda-king-rozproszenie/ HTTP/1.1" 200 9025 "-" "Mozilla/5.0 (Linux; Android 7.0;) AppleWebKit/537.36 (KHTML, like Gecko) Mobile Safari/537.36 (compatible; PetalBot;+https://webmaster.petalsearch.com/site/petalbot)" 6239 **6/6239967**
114.119.129.175 - - [21/Feb/2026:22:29:47 -0700] "GET /otrzymywanie-darmowych-spin%C3%B3w-w-automacie-90-ball HTTP/1.1" 301 - "https://ftscreations.com/otrzymywanie-darmowych-spin%C3%B3w-w-automacie-90-ball" "Mozilla/5.0 (Linux; Android 7.0;) AppleWebKit/537.36 (KHTML, like Gecko) Mobile Safari/537.36 (compatible; PetalBot;+https://webmaster.petalsearch.com/site/petalbot)" 2983 **2/2983278**
114.119.129.175 - - [21/Feb/2026:22:29:51 -0700] "GET /otrzymywanie-darmowych-spin%C3%B3w-w-automacie-90-ball/ HTTP/1.1" 200 9037 "https://ftscreations.com/otrzymywanie-darmowych-spin%C3%B3w-w-automacie-90-ball" "Mozilla/5.0 (Linux; Android 7.0;) AppleWebKit/537.36 (KHTML, like Gecko) Mobile Safari/537.36 (compatible; PetalBot;+https://webmaster.petalsearch.com/site/petalbot)" 4250 **4/4250864**
114.119.146.15 - - [21/Feb/2026:22:31:10 -0700] "GET /zak%C5%82ad-w-wild-piranha/ HTTP/1.1" 200 9005 "https://ftscreations.com/zak%C5%82ad-w-wild-piranha" "Mozilla/5.0 (Linux; Android 7.0;) AppleWebKit/537.36 (KHTML, like Gecko) Mobile Safari/537.36 (compatible; PetalBot;+https://webmaster.petalsearch.com/site/petalbot)" 3641 **3/3641464**
114.119.129.175 - - [21/Feb/2026:22:32:34 -0700] "GET /symbole-wild-i-scatter-w-automacie-action-jack HTTP/1.1" 301 - "https://ftscreations.com/symbole-wild-i-scatter-w-automacie-action-jack" "Mozilla/5.0 (Linux; Android 7.0;) AppleWebKit/537.36 (KHTML, like Gecko) Mobile Safari/537.36 (compatible; PetalBot;+https://webmaster.petalsearch.com/site/petalbot)" 3363 **3/3363816**
114.119.129.175 - - [21/Feb/2026:22:32:38 -0700] "GET /symbole-wild-i-scatter-w-automacie-action-jack/ HTTP/1.1" 200 9081 "https://ftscreations.com/symbole-wild-i-scatter-w-automacie-action-jack" "Mozilla/5.0 (Linux; Android 7.0;) AppleWebKit/537.36 (KHTML, like Gecko) Mobile Safari/537.36 (compatible; PetalBot;+https://webmaster.petalsearch.com/site/petalbot)" 4949 **4/4949558**
114.119.136.249 - - [21/Feb/2026:22:34:01 -0700] "GET /przegl%C4%85d-kasyn-online-oferuj%C4%85cych-book-of-golden-sands HTTP/1.1" 301 - "-" "Mozilla/5.0 (Linux; Android 7.0;) AppleWebKit/537.36 (KHTML, like Gecko) Mobile Safari/537.36 (compatible; PetalBot;+https://webmaster.petalsearch.com/site/petalbot)" 3075 **3/3075793**
114.119.136.249 - - [21/Feb/2026:22:34:05 -0700] "GET /przegl%C4%85d-kasyn-online-oferuj%C4%85cych-book-of-golden-sands/ HTTP/1.1" 200 9084 "-" "Mozilla/5.0 (Linux; Android 7.0;) AppleWebKit/537.36 (KHTML, like Gecko) Mobile Safari/537.36 (compatible; PetalBot;+https://webmaster.petalsearch.com/site/petalbot)" 3554 **3/3554953**
141.98.11.224 - - [21/Feb/2026:22:35:00 -0700] "GET / HTTP/1.0" 200 18161 "https://ftscreations.com/" "Mozilla/5.0 (Windows NT 10.0; Win64; x64) AppleWebKit/537.36 (KHTML, like Gecko) Chrome/130.0.0.0 Safari/537.36 CCleaner/130.0.0.0" 2529 **2/2529000**
141.98.11.224 - - [21/Feb/2026:22:35:03 -0700] "GET /contact/ HTTP/1.0" 200 18639 "https://ftscreations.com/contact/" "Mozilla/5.0 (Windows NT 10.0; Win64; x64) AppleWebKit/537.36 (KHTML, like Gecko) Chrome/130.0.0.0 Safari/537.36 CCleaner/130.0.0.0" 3063 **3/3063921**
198.235.24.17 - - [21/Feb/2026:22:35:09 -0700] "GET / HTTP/1.1" 301 - "-" "Hello from Palo Alto Networks, find out more about our scans in https://docs-cortex.paloaltonetworks.com/r/1/Cortex-Xpanse/Scanning-activity" 2870 **2/2870497**
141.98.11.224 - - [21/Feb/2026:22:35:07 -0700] "POST /wp-content/themes/photographer-wp/send-mail.php HTTP/1.0" 200 7 "https://ftscreations.com/contact/" "Mozilla/5.0 (Windows NT 10.0; Win64; x64) AppleWebKit/537.36 (KHTML, like Gecko) Chrome/130.0.0.0 Safari/537.36 CCleaner/130.0.0.0" 5658 **5/5658168**
198.235.24.17 - - [21/Feb/2026:22:35:13 -0700] "GET / HTTP/1.1" 200 18160 "-" "Hello from Palo Alto Networks, find out more about our scans in https://docs-cortex.paloaltonetworks.com/r/1/Cortex-Xpanse/Scanning-activity" 3673 **3/3673559**
114.119.151.146 - - [21/Feb/2026:22:35:21 -0700] "GET /opcje-zak%C5%82ad%C3%B3w-i-mechanika-gier-na-automatach-double-game/ HTTP/1.1" 200 9150 "https://ftscreations.com/opcje-zak%C5%82ad%C3%B3w-i-mechanika-gier-na-automatach-double-game/" "Mozilla/5.0 (Linux; Android 7.0;) AppleWebKit/537.36 (KHTML, like Gecko) Mobile Safari/537.36 (compatible; PetalBot;+https://webmaster.petalsearch.com/site/petalbot)" 5054 **5/5054417**
114.119.159.62 - - [21/Feb/2026:22:36:45 -0700] "GET /online-gambling-payid-based-withdrawal-quick-plus-safe-financial-for/ HTTP/1.1" 200 10092 "https://ftscreations.com/wersja-online-popularnej-gry-karcianej-rainbow-riches-free-spins/" "Mozilla/5.0 (Linux; Android 7.0;) AppleWebKit/537.36 (KHTML, like Gecko) Mobile Safari/537.36 (compatible; PetalBot;+https://webmaster.petalsearch.com/site/petalbot)" 2536 **2/2536556**
43.173.179.147 - - [21/Feb/2026:22:37:50 -0700] "GET /?p=4528 HTTP/1.1" 301 - "-" "Mozilla/5.0 (Windows NT 10.0; Win64; x64) AppleWebKit/537.36 (KHTML, like Gecko) Chrome/117.0.0.0 Safari/537.36" 2668 **2/2668853**
43.173.179.147 - - [21/Feb/2026:22:37:53 -0700] "GET /zagraj-w-darmowe-demo-automatu-bingo-90/ HTTP/1.1" 200 9227 "https://ftscreations.com/?p=4528" "Mozilla/5.0 (Windows NT 10.0; Win64; x64) AppleWebKit/537.36 (KHTML, like Gecko) Chrome/117.0.0.0 Safari/537.36" 3998 **3/3998879**
43.173.169.178 - - [21/Feb/2026:22:38:03 -0700] "POST / HTTP/1.1" 204 - "https://ftscreations.com/?p=4528" "Mozilla/5.0 (Windows NT 10.0; Win64; x64) AppleWebKit/537.36 (KHTML, like Gecko) Chrome/117.0.0.0 Safari/537.36" 3084 **3/3084603**
114.119.141.35 - - [21/Feb/2026:22:38:10 -0700] "GET /odpowiedzialne-obstawianie-na-cleopatra HTTP/1.1" 301 - "-" "Mozilla/5.0 (Linux; Android 7.0;) AppleWebKit/537.36 (KHTML, like Gecko) Mobile Safari/537.36 (compatible; PetalBot;+https://webmaster.petalsearch.com/site/petalbot)" 2947 **2/2947864**
114.119.141.35 - - [21/Feb/2026:22:38:14 -0700] "GET /odpowiedzialne-obstawianie-na-cleopatra/ HTTP/1.1" 200 9049 "-" "Mozilla/5.0 (Linux; Android 7.0;) AppleWebKit/537.36 (KHTML, like Gecko) Mobile Safari/537.36 (compatible; PetalBot;+https://webmaster.petalsearch.com/site/petalbot)" 3761 **3/3761552**
114.119.129.175 - - [21/Feb/2026:22:39:31 -0700] "GET /ocean-spray-darmowa-gra-na-automacie HTTP/1.1" 301 - "https://ftscreations.com/ocean-spray-darmowa-gra-na-automacie" "Mozilla/5.0 (Linux; Android 7.0;) AppleWebKit/537.36 (KHTML, like Gecko) Mobile Safari/537.36 (compatible; PetalBot;+https://webmaster.petalsearch.com/site/petalbot)" 2960 **2/2960799**
114.119.129.175 - - [21/Feb/2026:22:39:35 -0700] "GET /ocean-spray-darmowa-gra-na-automacie/ HTTP/1.1" 200 9124 "https://ftscreations.com/ocean-spray-darmowa-gra-na-automacie" "Mozilla/5.0 (Linux; Android 7.0;) AppleWebKit/537.36 (KHTML, like Gecko) Mobile Safari/537.36 (compatible; PetalBot;+https://webmaster.petalsearch.com/site/petalbot)" 3915 **3/3915549**
114.119.141.35 - - [21/Feb/2026:22:40:55 -0700] "GET /najlepsze-kasyna-na-prawdziwe-pieni%C4%85dze-dla-the-rollzone/ HTTP/1.1" 200 9298 "https://ftscreations.com/najlepsze-kasyna-na-prawdziwe-pieni%C4%85dze-dla-the-rollzone/" "Mozilla/5.0 (Linux; Android 7.0;) AppleWebKit/537.36 (KHTML, like Gecko) Mobile Safari/537.36 (compatible; PetalBot;+https://webmaster.petalsearch.com/site/petalbot)" 3347 **3/3347616**
114.119.142.93 - - [21/Feb/2026:22:42:19 -0700] "GET /mystic-manor-symbole-mno%C5%BCnik%C3%B3w-do-x500/ HTTP/1.1" 200 9313 "https://ftscreations.com/mystic-manor-symbole-mno%C5%BCnik%C3%B3w-do-x500/" "Mozilla/5.0 (Linux; Android 7.0;) AppleWebKit/537.36 (KHTML, like Gecko) Mobile Safari/537.36 (compatible; PetalBot;+https://webmaster.petalsearch.com/site/petalbot)" 5047 **5/5047163**
47.82.11.74 - - [21/Feb/2026:22:43:33 -0700] "GET /chicken-road-dwa-rozgrywka-kasyno-w-sieci-nowej/ HTTP/1.1" 200 10189 "https://ftscreations.com/" "Mozilla/5.0 (Windows NT 10.0; Win64; x64) AppleWebKit/537.36 (KHTML, like Gecko) Chrome/135.0.0.0 Safari/537.36" 4283 **4/4283827**
114.119.141.35 - - [21/Feb/2026:22:43:41 -0700] "GET /mystery-apollo-ii-kaskadowa-gra-wideo/ HTTP/1.1" 200 9108 "https://ftscreations.com/mystery-apollo-ii-kaskadowa-gra-wideo" "Mozilla/5.0 (Linux; Android 7.0;) AppleWebKit/537.36 (KHTML, like Gecko) Mobile Safari/537.36 (compatible; PetalBot;+https://webmaster.petalsearch.com/site/petalbot)" 4207 **4/4207644**
47.82.11.171 - - [21/Feb/2026:22:44:14 -0700] "GET /red-baron-o-lendario-slot-de-batalha-aereo-nos/ HTTP/1.1" 200 9896 "https://ftscreations.com/" "Mozilla/5.0 (Windows NT 10.0; Win64; x64) AppleWebKit/537.36 (KHTML, like Gecko) Chrome/135.0.0.0 Safari/537.36 Edg/135.0.0.0" 5463 **5/5463202**
114.119.159.62 - - [21/Feb/2026:22:45:05 -0700] "GET /mno%C5%BCnik-w-pixies-of-the-forest/ HTTP/1.1" 200 9257 "https://ftscreations.com/mno%C5%BCnik-w-pixies-of-the-forest/" "Mozilla/5.0 (Linux; Android 7.0;) AppleWebKit/537.36 (KHTML, like Gecko) Mobile Safari/537.36 (compatible; PetalBot;+https://webmaster.petalsearch.com/site/petalbot)" 3454 **3/3454315**
114.119.146.15 - - [21/Feb/2026:22:46:29 -0700] "GET /min-zak%C5%82ad-w-20p-roulette/ HTTP/1.1" 200 9098 "https://ftscreations.com/min-zak%C5%82ad-w-20p-roulette" "Mozilla/5.0 (Linux; Android 7.0;) AppleWebKit/537.36 (KHTML, like Gecko) Mobile Safari/537.36 (compatible; PetalBot;+https://webmaster.petalsearch.com/site/petalbot)" 5114 **5/5114840**
114.119.149.66 - - [21/Feb/2026:22:47:52 -0700] "GET /mega-money-maks-zak%C5%82ad/ HTTP/1.1" 200 9237 "https://ftscreations.com/mega-money-maks-zak%C5%82ad" "Mozilla/5.0 (Linux; Android 7.0;) AppleWebKit/537.36 (KHTML, like Gecko) Mobile Safari/537.36 (compatible; PetalBot;+https://webmaster.petalsearch.com/site/petalbot)" 4366 **4/4366355**
114.119.151.146 - - [21/Feb/2026:22:49:16 -0700] "GET /mechanizm-gry-gates-of-olympus HTTP/1.1" 301 - "-" "Mozilla/5.0 (Linux; Android 7.0;) AppleWebKit/537.36 (KHTML, like Gecko) Mobile Safari/537.36 (compatible; PetalBot;+https://webmaster.petalsearch.com/site/petalbot)" 1949 **1/1949967**
114.119.151.146 - - [21/Feb/2026:22:49:19 -0700] "GET /mechanizm-gry-gates-of-olympus/ HTTP/1.1" 200 9213 "-" "Mozilla/5.0 (Linux; Android 7.0;) AppleWebKit/537.36 (KHTML, like Gecko) Mobile Safari/537.36 (compatible; PetalBot;+https://webmaster.petalsearch.com/site/petalbot)" 1757 **1/1757774**
114.119.151.146 - - [21/Feb/2026:22:50:40 -0700] "GET /mechanika-przebijania-wszystkich-%C5%9Bcie%C5%BCek-w-pharaohs-falls HTTP/1.1" 301 - "https://ftscreations.com/mechanika-przebijania-wszystkich-%C5%9Bcie%C5%BCek-w-pharaohs-falls" "Mozilla/5.0 (Linux; Android 7.0;) AppleWebKit/537.36 (KHTML, like Gecko) Mobile Safari/537.36 (compatible; PetalBot;+https://webmaster.petalsearch.com/site/petalbot)" 3088 **3/3088747**
114.119.151.146 - - [21/Feb/2026:22:50:43 -0700] "GET /mechanika-przebijania-wszystkich-%C5%9Bcie%C5%BCek-w-pharaohs-falls/ HTTP/1.1" 200 8940 "https://ftscreations.com/mechanika-przebijania-wszystkich-%C5%9Bcie%C5%BCek-w-pharaohs-falls" "Mozilla/5.0 (Linux; Android 7.0;) AppleWebKit/537.36 (KHTML, like Gecko) Mobile Safari/537.36 (compatible; PetalBot;+https://webmaster.petalsearch.com/site/petalbot)" 4345 **4/4345384**
114.119.149.66 - - [21/Feb/2026:22:52:03 -0700] "GET /mechanik-p%C5%82atno%C5%9Bci-rozproszonej-piggy-bank-bills HTTP/1.1" 301 - "https://ftscreations.com/mechanik-p%C5%82atno%C5%9Bci-rozproszonej-piggy-bank-bills" "Mozilla/5.0 (Linux; Android 7.0;) AppleWebKit/537.36 (KHTML, like Gecko) Mobile Safari/537.36 (compatible; PetalBot;+https://webmaster.petalsearch.com/site/petalbot)" 3682 **3/3682184**
114.119.149.66 - - [21/Feb/2026:22:52:07 -0700] "GET /mechanik-p%C5%82atno%C5%9Bci-rozproszonej-piggy-bank-bills/ HTTP/1.1" 200 9216 "https://ftscreations.com/mechanik-p%C5%82atno%C5%9Bci-rozproszonej-piggy-bank-bills" "Mozilla/5.0 (Linux; Android 7.0;) AppleWebKit/537.36 (KHTML, like Gecko) Mobile Safari/537.36 (compatible; PetalBot;+https://webmaster.petalsearch.com/site/petalbot)" 5319 **5/5319203**
114.119.151.146 - - [21/Feb/2026:22:53:26 -0700] "GET /mayan-gods-r%C3%B3%C5%BCnych-typ%C3%B3w-automat%C3%B3w HTTP/1.1" 301 - "-" "Mozilla/5.0 (Linux; Android 7.0;) AppleWebKit/537.36 (KHTML, like Gecko) Mobile Safari/537.36 (compatible; PetalBot;+https://webmaster.petalsearch.com/site/petalbot)" 1772 **1/1772801**
114.119.151.146 - - [21/Feb/2026:22:53:30 -0700] "GET /mayan-gods-r%C3%B3%C5%BCnych-typ%C3%B3w-automat%C3%B3w/ HTTP/1.1" 200 9511 "-" "Mozilla/5.0 (Linux; Android 7.0;) AppleWebKit/537.36 (KHTML, like Gecko) Mobile Safari/537.36 (compatible; PetalBot;+https://webmaster.petalsearch.com/site/petalbot)" 3932 **3/3932006**
52.3.156.186 - - [21/Feb/2026:22:53:34 -0700] "GET /elevator-pitch/ HTTP/1.1" 403 10356 "-" "Mozilla/5.0 AppleWebKit/537.36 (KHTML, like Gecko; compatible; Amazonbot/0.1; +https://developer.amazon.com/support/amazonbot) Chrome/119.0.6045.214 Safari/537.36" 6 **0/6773**
114.119.141.35 - - [21/Feb/2026:22:54:51 -0700] "GET /mayan-cache-wielko%C5%9B%C4%87-zak%C5%82adu-i-szanse-na-wygran%C4%85 HTTP/1.1" 301 - "https://ftscreations.com/mayan-cache-wielko%C5%9B%C4%87-zak%C5%82adu-i-szanse-na-wygran%C4%85" "Mozilla/5.0 (Linux; Android 7.0;) AppleWebKit/537.36 (KHTML, like Gecko) Mobile Safari/537.36 (compatible; PetalBot;+https://webmaster.petalsearch.com/site/petalbot)" 2123 **2/2123471**
114.119.141.35 - - [21/Feb/2026:22:54:54 -0700] "GET /mayan-cache-wielko%C5%9B%C4%87-zak%C5%82adu-i-szanse-na-wygran%C4%85/ HTTP/1.1" 200 9481 "https://ftscreations.com/mayan-cache-wielko%C5%9B%C4%87-zak%C5%82adu-i-szanse-na-wygran%C4%85" "Mozilla/5.0 (Linux; Android 7.0;) AppleWebKit/537.36 (KHTML, like Gecko) Mobile Safari/537.36 (compatible; PetalBot;+https://webmaster.petalsearch.com/site/petalbot)" 2468 **2/2468786**
3.222.97.188 - - [21/Feb/2026:22:55:01 -0700] "HEAD /elevator-pitch/ HTTP/1.1" 200 - "-" "Mozilla/5.0 AppleWebKit/605.1.15 (KHTML, like Gecko) Chrome/139.0.0.0 Safari/605.1.15" 2793 **2/2793678**
114.119.159.62 - - [21/Feb/2026:22:56:13 -0700] "GET /max-niereem%C3%A9ny-mountain-legends-2 HTTP/1.1" 301 - "https://ftscreations.com/max-niereem%C3%A9ny-mountain-legends-2" "Mozilla/5.0 (Linux; Android 7.0;) AppleWebKit/537.36 (KHTML, like Gecko) Mobile Safari/537.36 (compatible; PetalBot;+https://webmaster.petalsearch.com/site/petalbot)" 2227 **2/2227021**
114.119.159.62 - - [21/Feb/2026:22:56:16 -0700] "GET /max-niereem%C3%A9ny-mountain-legends-2/ HTTP/1.1" 200 9148 "https://ftscreations.com/max-niereem%C3%A9ny-mountain-legends-2" "Mozilla/5.0 (Linux; Android 7.0;) AppleWebKit/537.36 (KHTML, like Gecko) Mobile Safari/537.36 (compatible; PetalBot;+https://webmaster.petalsearch.com/site/petalbot)" 4774 **4/4774536**
114.119.136.249 - - [21/Feb/2026:22:58:17 -0700] "GET /maszyna-do-gry-w-big-bass-bonanza-hold-and-spinner/ HTTP/1.1" 200 9147 "https://ftscreations.com/maszyna-do-gry-w-big-bass-bonanza-hold-and-spinner" "Mozilla/5.0 (Linux; Android 7.0;) AppleWebKit/537.36 (KHTML, like Gecko) Mobile Safari/537.36 (compatible; PetalBot;+https://webmaster.petalsearch.com/site/petalbot)" 340 **0/340495**
114.119.146.15 - - [21/Feb/2026:22:59:01 -0700] "GET /maksymalna-wygrana-5000x-na-journey-flirt/ HTTP/1.1" 200 9249 "https://ftscreations.com/maksymalna-wygrana-5000x-na-journey-flirt" "Mozilla/5.0 (Linux; Android 7.0;) AppleWebKit/537.36 (KHTML, like Gecko) Mobile Safari/537.36 (compatible; PetalBot;+https://webmaster.petalsearch.com/site/petalbot)" 320 **0/320142**
114.119.151.146 - - [21/Feb/2026:23:00:24 -0700] "GET /madame-voodoo-automat-z-wysokim-rtp/ HTTP/1.1" 200 9232 "https://ftscreations.com/madame-voodoo-automat-z-wysokim-rtp/" "Mozilla/5.0 (Linux; Android 7.0;) AppleWebKit/537.36 (KHTML, like Gecko) Mobile Safari/537.36 (compatible; PetalBot;+https://webmaster.petalsearch.com/site/petalbot)" 374 **0/374841**
114.119.151.146 - - [21/Feb/2026:23:01:48 -0700] "GET /lotto-scratch-zdob%C4%85d%C5%BA-pi%C4%99%C4%87-symboli-scatter-i-otrzymaj-darmowe-spiny/ HTTP/1.1" 200 9095 "https://ftscreations.com/lotto-scratch-zdob%C4%85d%C5%BA-pi%C4%99%C4%87-symboli-scatter-i-otrzymaj-darmowe-spiny" "Mozilla/5.0 (Linux; Android 7.0;) AppleWebKit/537.36 (KHTML, like Gecko) Mobile Safari/537.36 (compatible; PetalBot;+https://webmaster.petalsearch.com/site/petalbot)" 280 **0/280249**
114.119.146.15 - - [21/Feb/2026:23:03:11 -0700] "GET /lord-of-the-ocean-maksymalna-wygrana-do-5000-razy/ HTTP/1.1" 200 9024 "https://ftscreations.com/lord-of-the-ocean-maksymalna-wygrana-do-5000-razy/" "Mozilla/5.0 (Linux; Android 7.0;) AppleWebKit/537.36 (KHTML, like Gecko) Mobile Safari/537.36 (compatible; PetalBot;+https://webmaster.petalsearch.com/site/petalbot)" 492 **0/492443**
47.82.13.228 - - [21/Feb/2026:23:03:15 -0700] "GET /elevator-pitch/ HTTP/2.0" 200 4376 "-" "Mozilla/5.0 (Windows NT 10.0; Win64; x64) AppleWebKit/537.36 (KHTML, like Gecko) Chrome/136.0.0.0 Safari/537.36" 228 **0/228276**
114.119.142.93 - - [21/Feb/2026:23:04:34 -0700] "GET /linie-wyp%C5%82at-i-wyp%C5%82aty-w-juan-mu%C3%B1oz/ HTTP/1.1" 200 9181 "https://ftscreations.com/linie-wyp%C5%82at-i-wyp%C5%82aty-w-juan-mu%C3%B1oz" "Mozilla/5.0 (Linux; Android 7.0;) AppleWebKit/537.36 (KHTML, like Gecko) Mobile Safari/537.36 (compatible; PetalBot;+https://webmaster.petalsearch.com/site/petalbot)" 388 **0/388410**
114.119.136.249 - - [21/Feb/2026:23:05:58 -0700] "GET /licencje-i-regulamin-kasyna-online-jokers-jewels/ HTTP/1.1" 200 9366 "https://ftscreations.com/licencje-i-regulamin-kasyna-online-jokers-jewels" "Mozilla/5.0 (Linux; Android 7.0;) AppleWebKit/537.36 (KHTML, like Gecko) Mobile Safari/537.36 (compatible; PetalBot;+https://webmaster.petalsearch.com/site/petalbot)" 526 **0/526299**
114.119.131.246 - - [21/Feb/2026:23:07:18 -0700] "GET /robots.txt HTTP/1.1" 200 153 "-" "Mozilla/5.0 (compatible;PetalBot;+https://webmaster.petalsearch.com/site/petalbot)" 8 **0/8451**
114.119.159.62 - - [21/Feb/2026:23:07:22 -0700] "GET /legend-of-azteca-koncepcja-gry-i-projekt-tematyczny/ HTTP/1.1" 200 8797 "http://ftscreations.com/?p=6720" "Mozilla/5.0 (Linux; Android 7.0;) AppleWebKit/537.36 (KHTML, like Gecko) Mobile Safari/537.36 (compatible; PetalBot;+https://webmaster.petalsearch.com/site/petalbot)" 2690 **2/2690166**
114.119.159.62 - - [21/Feb/2026:23:08:45 -0700] "GET /kompatybilny-z-komputerami-pc-telefonami-kom%C3%B3rkowymi-z-systemem-ios-i-android-fish-eye HTTP/1.1" 301 - "https://ftscreations.com/kompatybilny-z-komputerami-pc-telefonami-kom%C3%B3rkowymi-z-systemem-ios-i-android-fish-eye" "Mozilla/5.0 (Linux; Android 7.0;) AppleWebKit/537.36 (KHTML, like Gecko) Mobile Safari/537.36 (compatible; PetalBot;+https://webmaster.petalsearch.com/site/petalbot)" 3148 **3/3148100**
114.119.159.62 - - [21/Feb/2026:23:08:49 -0700] "GET /kompatybilny-z-komputerami-pc-telefonami-kom%C3%B3rkowymi-z-systemem-ios-i-android-fish-eye/ HTTP/1.1" 200 9243 "https://ftscreations.com/kompatybilny-z-komputerami-pc-telefonami-kom%C3%B3rkowymi-z-systemem-ios-i-android-fish-eye" "Mozilla/5.0 (Linux; Android 7.0;) AppleWebKit/537.36 (KHTML, like Gecko) Mobile Safari/537.36 (compatible; PetalBot;+https://webmaster.petalsearch.com/site/petalbot)" 4625 **4/4625775**
114.119.149.66 - - [21/Feb/2026:23:10:08 -0700] "GET /keno-teoretyczny-zwrot-maszyny/ HTTP/1.1" 200 9274 "https://ftscreations.com/keno-teoretyczny-zwrot-maszyny/" "Mozilla/5.0 (Linux; Android 7.0;) AppleWebKit/537.36 (KHTML, like Gecko) Mobile Safari/537.36 (compatible; PetalBot;+https://webmaster.petalsearch.com/site/petalbot)" 404 **0/404164**
114.119.151.146 - - [21/Feb/2026:23:11:32 -0700] "GET /kasyno-online-w-big-bass-keeping-it-reel/ HTTP/1.1" 200 9213 "https://ftscreations.com/kasyno-online-w-big-bass-keeping-it-reel" "Mozilla/5.0 (Linux; Android 7.0;) AppleWebKit/537.36 (KHTML, like Gecko) Mobile Safari/537.36 (compatible; PetalBot;+https://webmaster.petalsearch.com/site/petalbot)" 1167 **1/1167551**
43.163.22.90 - - [21/Feb/2026:23:12:17 -0700] "GET /?p=13581 HTTP/1.1" 301 - "-" "Mozilla/5.0 (Windows NT 10.0; Win64; x64) AppleWebKit/537.36 (KHTML, like Gecko) Chrome/131.0.0.0 Safari/537.36" 170 **0/170083**
43.173.174.66 - - [21/Feb/2026:23:12:17 -0700] "GET /?p=3190 HTTP/1.1" 301 - "-" "Mozilla/5.0 (Windows NT 10.0; Win64; x64) AppleWebKit/537.36 (KHTML, like Gecko) Chrome/131.0.0.0 Safari/537.36" 478 **0/478010**
