66.249.79.4 - - [21/Feb/2026:06:26:35 -0700] "GET /roman-casino-wasza-przepustka-do-uniwersum-hazardu/ HTTP/1.1" 200 10361 "-" "Mozilla/5.0 (Linux; Android 6.0.1; Nexus 5X Build/MMB29P) AppleWebKit/537.36 (KHTML, like Gecko) Chrome/144.0.7559.132 Mobile Safari/537.36 (compatible; Googlebot/2.1; +http://www.google.com/bot.html)" 425 **0/425104**
66.249.79.4 - - [21/Feb/2026:06:26:48 -0700] "POST / HTTP/1.1" 204 - "https://ftscreations.com/rodeo-slots-the-place-where-frontier-adventure/" "Mozilla/5.0 (Linux; Android 6.0.1; Nexus 5X Build/MMB29P) AppleWebKit/537.36 (KHTML, like Gecko) Chrome/144.0.7559.132 Mobile Safari/537.36 (compatible; Googlebot/2.1; +http://www.google.com/bot.html)" 260 **0/260998**
114.119.149.66 - - [21/Feb/2026:06:27:07 -0700] "GET /prawdziwe-pieni%C4%85dze-hell-mania/ HTTP/1.1" 200 8822 "https://ftscreations.com/prawdziwe-pieni%C4%85dze-hell-mania" "Mozilla/5.0 (Linux; Android 7.0;) AppleWebKit/537.36 (KHTML, like Gecko) Mobile Safari/537.36 (compatible; PetalBot;+https://webmaster.petalsearch.com/site/petalbot)" 591 **0/591140**
66.249.79.6 - - [21/Feb/2026:06:27:23 -0700] "POST / HTTP/1.1" 204 - "https://ftscreations.com/roman-casino-wasza-przepustka-do-uniwersum-hazardu/" "Mozilla/5.0 (Linux; Android 6.0.1; Nexus 5X Build/MMB29P) AppleWebKit/537.36 (KHTML, like Gecko) Chrome/144.0.7559.132 Mobile Safari/537.36 (compatible; Googlebot/2.1; +http://www.google.com/bot.html)" 219 **0/219087**
72.167.58.252 - - [21/Feb/2026:06:28:55 -0700] "POST /wp-cron.php?doing_wp_cron=1771680535.7271749973297119140625 HTTP/1.1" 200 - "https://ftscreations.com/wp-cron.php?doing_wp_cron=1771680535.7271749973297119140625" "WordPress/5.4.18; https://ftscreations.com" 182 **0/182274**
114.119.142.93 - - [21/Feb/2026:06:28:55 -0700] "GET /prawdziwe-pieni%C4%85dze-animal-madness/ HTTP/1.1" 200 9056 "https://ftscreations.com/prawdziwe-pieni%C4%85dze-animal-madness" "Mozilla/5.0 (Linux; Android 7.0;) AppleWebKit/537.36 (KHTML, like Gecko) Mobile Safari/537.36 (compatible; PetalBot;+https://webmaster.petalsearch.com/site/petalbot)" 735 **0/735421**
114.119.146.15 - - [21/Feb/2026:06:30:02 -0700] "GET /portfolio/ HTTP/1.1" 200 4653 "https://ftscreations.com/wild-swarm-zak%C5%82ad" "Mozilla/5.0 (Linux; Android 7.0;) AppleWebKit/537.36 (KHTML, like Gecko) Mobile Safari/537.36 (compatible; PetalBot;+https://webmaster.petalsearch.com/site/petalbot)" 618 **0/618944**
114.119.146.15 - - [21/Feb/2026:06:31:27 -0700] "GET /por%C3%B3wnanie-z-respin-joker HTTP/1.1" 301 - "-" "Mozilla/5.0 (Linux; Android 7.0;) AppleWebKit/537.36 (KHTML, like Gecko) Mobile Safari/537.36 (compatible; PetalBot;+https://webmaster.petalsearch.com/site/petalbot)" 190 **0/190887**
114.119.146.15 - - [21/Feb/2026:06:31:28 -0700] "GET /por%C3%B3wnanie-z-respin-joker/ HTTP/1.1" 200 9061 "-" "Mozilla/5.0 (Linux; Android 7.0;) AppleWebKit/537.36 (KHTML, like Gecko) Mobile Safari/537.36 (compatible; PetalBot;+https://webmaster.petalsearch.com/site/petalbot)" 302 **0/302263**
114.119.129.175 - - [21/Feb/2026:06:32:41 -0700] "GET /popularno%C5%9B%C4%87-i-do%C5%9Bwiadczenia-graczy-z-jokers-jewels/ HTTP/1.1" 200 9317 "https://ftscreations.com/popularno%C5%9B%C4%87-i-do%C5%9Bwiadczenia-graczy-z-jokers-jewels" "Mozilla/5.0 (Linux; Android 7.0;) AppleWebKit/537.36 (KHTML, like Gecko) Mobile Safari/537.36 (compatible; PetalBot;+https://webmaster.petalsearch.com/site/petalbot)" 270 **0/270404**
114.119.159.62 - - [21/Feb/2026:06:34:13 -0700] "GET /podw%C3%B3jna-wygrana-w-wild-west-gold-megaways/ HTTP/1.1" 200 9119 "https://ftscreations.com/podw%C3%B3jna-wygrana-w-wild-west-gold-megaways/" "Mozilla/5.0 (Linux; Android 7.0;) AppleWebKit/537.36 (KHTML, like Gecko) Mobile Safari/537.36 (compatible; PetalBot;+https://webmaster.petalsearch.com/site/petalbot)" 345 **0/345130**
114.119.136.249 - - [21/Feb/2026:06:35:30 -0700] "GET /piggy-pirates-wra%C5%BCenia-audiowizualne/ HTTP/1.1" 200 9059 "https://ftscreations.com/piggy-pirates-wra%C5%BCenia-audiowizualne" "Mozilla/5.0 (Linux; Android 7.0;) AppleWebKit/537.36 (KHTML, like Gecko) Mobile Safari/537.36 (compatible; PetalBot;+https://webmaster.petalsearch.com/site/petalbot)" 369 **0/369499**
114.119.142.93 - - [21/Feb/2026:06:36:57 -0700] "GET /phoenix-reborn-grafika-i-d%C5%BAwi%C4%99k/ HTTP/1.1" 200 9344 "http://ftscreations.com/?p=5766" "Mozilla/5.0 (Linux; Android 7.0;) AppleWebKit/537.36 (KHTML, like Gecko) Mobile Safari/537.36 (compatible; PetalBot;+https://webmaster.petalsearch.com/site/petalbot)" 364 **0/364158**
66.249.79.6 - - [21/Feb/2026:06:37:58 -0700] "GET /total-gaming-kompleksowy-guide-po-oferowanej/ HTTP/1.1" 200 10094 "-" "Mozilla/5.0 (Linux; Android 6.0.1; Nexus 5X Build/MMB29P) AppleWebKit/537.36 (KHTML, like Gecko) Chrome/144.0.7559.132 Mobile Safari/537.36 (compatible; Googlebot/2.1; +http://www.google.com/bot.html)" 333 **0/333189**
114.119.146.15 - - [21/Feb/2026:06:38:22 -0700] "GET /panther-moon-darmowe-spiny-z-dodatkowymi-mno%C5%BCnikami/ HTTP/1.1" 200 8836 "https://ftscreations.com/panther-moon-darmowe-spiny-z-dodatkowymi-mno%C5%BCnikami/" "Mozilla/5.0 (Linux; Android 7.0;) AppleWebKit/537.36 (KHTML, like Gecko) Mobile Safari/537.36 (compatible; PetalBot;+https://webmaster.petalsearch.com/site/petalbot)" 265 **0/265689**
114.119.142.93 - - [21/Feb/2026:06:39:43 -0700] "GET /panda-king-wersja-demonstracyjna-gry-na-fantastyczne-pieni%C4%85dze/ HTTP/1.1" 200 9215 "https://ftscreations.com/panda-king-wersja-demonstracyjna-gry-na-fantastyczne-pieni%C4%85dze" "Mozilla/5.0 (Linux; Android 7.0;) AppleWebKit/537.36 (KHTML, like Gecko) Mobile Safari/537.36 (compatible; PetalBot;+https://webmaster.petalsearch.com/site/petalbot)" 294 **0/294553**
114.119.149.66 - - [21/Feb/2026:06:41:07 -0700] "GET /opcja-zakupu-bonusowego-w-immortal-romance-video-bingo/ HTTP/1.1" 200 9322 "https://ftscreations.com/opcja-zakupu-bonusowego-w-immortal-romance-video-bingo/" "Mozilla/5.0 (Linux; Android 7.0;) AppleWebKit/537.36 (KHTML, like Gecko) Mobile Safari/537.36 (compatible; PetalBot;+https://webmaster.petalsearch.com/site/petalbot)" 299 **0/299935**
114.119.136.249 - - [21/Feb/2026:06:42:35 -0700] "GET /opcja-zak%C5%82adu-ante-w-fowl-play-gold/ HTTP/1.1" 200 9648 "http://ftscreations.com/?p=7293" "Mozilla/5.0 (Linux; Android 7.0;) AppleWebKit/537.36 (KHTML, like Gecko) Mobile Safari/537.36 (compatible; PetalBot;+https://webmaster.petalsearch.com/site/petalbot)" 1626 **1/1626265**
157.55.39.15 - - [21/Feb/2026:06:43:04 -0700] "GET /portfolio/embedded-software/death_to_stock_above_5-custom/ HTTP/2.0" 200 4590 "-" "Mozilla/5.0 AppleWebKit/537.36 (KHTML, like Gecko; compatible; bingbot/2.0; +http://www.bing.com/bingbot.htm) Chrome/116.0.1938.76 Safari/537.36" 220 **0/220089**
202.76.129.1 - - [21/Feb/2026:06:43:39 -0700] "GET /ghid-exhaustiv-privind-siturile-de-pariuri-de-ans/ HTTP/1.1" 200 10643 "-" "Mozilla/5.0 (X11; U; Linux i686; en-US) AppleWebKit/534.2 (KHTML, like Gecko) Chrome/6.0.453.1 Safari/534.2" 231 **0/231340**
114.119.142.93 - - [21/Feb/2026:06:43:59 -0700] "GET /opcja-ante-bet-aktywowana-w-book-of-99 HTTP/1.1" 301 - "-" "Mozilla/5.0 (Linux; Android 7.0;) AppleWebKit/537.36 (KHTML, like Gecko) Mobile Safari/537.36 (compatible; PetalBot;+https://webmaster.petalsearch.com/site/petalbot)" 226 **0/226488**
114.119.142.93 - - [21/Feb/2026:06:44:01 -0700] "GET /opcja-ante-bet-aktywowana-w-book-of-99/ HTTP/1.1" 200 9023 "-" "Mozilla/5.0 (Linux; Android 7.0;) AppleWebKit/537.36 (KHTML, like Gecko) Mobile Safari/537.36 (compatible; PetalBot;+https://webmaster.petalsearch.com/site/petalbot)" 383 **0/383049**
114.119.159.62 - - [21/Feb/2026:06:45:18 -0700] "GET /obstawianie-kryptowalutami-w-wild-link-frenzy/ HTTP/1.1" 200 9346 "https://ftscreations.com/obstawianie-kryptowalutami-w-wild-link-frenzy/" "Mozilla/5.0 (Linux; Android 7.0;) AppleWebKit/537.36 (KHTML, like Gecko) Mobile Safari/537.36 (compatible; PetalBot;+https://webmaster.petalsearch.com/site/petalbot)" 293 **0/293495**
114.119.142.93 - - [21/Feb/2026:06:46:42 -0700] "GET /obs%C5%82uga-klienta-w-road-rage/ HTTP/1.1" 200 9324 "https://ftscreations.com/obs%C5%82uga-klienta-w-road-rage/" "Mozilla/5.0 (Linux; Android 7.0;) AppleWebKit/537.36 (KHTML, like Gecko) Mobile Safari/537.36 (compatible; PetalBot;+https://webmaster.petalsearch.com/site/petalbot)" 328 **0/328292**
18.97.9.96 - - [21/Feb/2026:06:47:14 -0700] "GET /robots.txt HTTP/1.1" 200 309 "-" "Mozilla/5.0 AppleWebKit/537.36 (KHTML, like Gecko; compatible; PerplexityBot/1.0; +https://perplexity.ai/perplexitybot)" 17 **0/17571**
18.97.9.102 - - [21/Feb/2026:06:47:14 -0700] "GET / HTTP/1.1" 200 4544 "-" "Mozilla/5.0 AppleWebKit/537.36 (KHTML, like Gecko; compatible; PerplexityBot/1.0; +https://perplexity.ai/perplexitybot)" 233 **0/233408**
114.119.146.15 - - [21/Feb/2026:06:49:28 -0700] "GET /night-of-the-scarabs-kaskadowanie-wygrywa/ HTTP/1.1" 200 9044 "https://ftscreations.com/night-of-the-scarabs-kaskadowanie-wygrywa" "Mozilla/5.0 (Linux; Android 7.0;) AppleWebKit/537.36 (KHTML, like Gecko) Mobile Safari/537.36 (compatible; PetalBot;+https://webmaster.petalsearch.com/site/petalbot)" 286 **0/286765**
72.167.58.252 - - [21/Feb/2026:06:50:56 -0700] "POST /newvsi/wp-cron.php?doing_wp_cron=1771681856.5181810855865478515625 HTTP/1.1" 200 - "-" "WordPress/6.6.4; https://ftscreations.com/newvsi" 27 **0/27562**
114.119.136.249 - - [21/Feb/2026:06:50:54 -0700] "GET /newvsi/leadership-team HTTP/1.1" 301 - "-" "Mozilla/5.0 (Linux; Android 7.0;) AppleWebKit/537.36 (KHTML, like Gecko) Mobile Safari/537.36 (compatible; PetalBot;+https://webmaster.petalsearch.com/site/petalbot)" 1925 **1/1925126**
72.167.58.252 - - [21/Feb/2026:06:50:58 -0700] "POST /newvsi/wp-cron.php HTTP/1.1" 200 - "-" "WordPress/6.6.4; https://ftscreations.com/newvsi" 13 **0/13184**
114.119.136.249 - - [21/Feb/2026:06:50:58 -0700] "GET /newvsi/leadership-team/ HTTP/1.1" 500 2703 "-" "Mozilla/5.0 (Linux; Android 7.0;) AppleWebKit/537.36 (KHTML, like Gecko) Mobile Safari/537.36 (compatible; PetalBot;+https://webmaster.petalsearch.com/site/petalbot)" 565 **0/565701**
72.167.58.252 - - [21/Feb/2026:06:50:58 -0700] "GET /newvsi/ HTTP/1.1" 500 2703 "-" "WordPress/6.6.4; https://ftscreations.com/newvsi" 773 **0/773634**
72.167.58.252 - - [21/Feb/2026:06:50:59 -0700] "GET /newvsi/ HTTP/1.1" 500 2703 "-" "WordPress/6.6.4; https://ftscreations.com/newvsi" 561 **0/561672**
72.167.58.252 - - [21/Feb/2026:06:51:04 -0700] "GET /newvsi/?wp_scrape_key=26ef953d7847f9f0de76528bad1d7bb7&wp_scrape_nonce=1771681862 HTTP/1.1" 500 906 "-" "WordPress/6.6.4; https://ftscreations.com/newvsi" 484 **0/484866**
72.167.58.252 - - [21/Feb/2026:06:51:12 -0700] "GET /newvsi/?wp_scrape_key=f1c8852f5fcefea54aad70bbeca5dbef&wp_scrape_nonce=1771681870 HTTP/1.1" 500 906 "-" "WordPress/6.6.4; https://ftscreations.com/newvsi" 624 **0/624372**
72.167.58.252 - - [21/Feb/2026:06:51:22 -0700] "POST /newvsi/wp-admin/admin-ajax.php HTTP/1.1" 200 21 "-" "WordPress/6.6.4; https://ftscreations.com/newvsi" 2468 **2/2468735**
72.167.58.252 - - [21/Feb/2026:06:51:23 -0700] "POST /newvsi/wp-admin/admin-ajax.php?action=as_async_request_queue_runner&nonce=9f6fc63986 HTTP/1.1" 200 - "-" "WordPress/6.6.4; https://ftscreations.com/newvsi" 5631 **5/5631699**
114.119.151.146 - - [21/Feb/2026:06:52:18 -0700] "GET /narcos-maksymalna-wygrana-na-1-obr%C3%B3t/ HTTP/1.1" 200 8832 "https://ftscreations.com/narcos-maksymalna-wygrana-na-1-obr%C3%B3t" "Mozilla/5.0 (Linux; Android 7.0;) AppleWebKit/537.36 (KHTML, like Gecko) Mobile Safari/537.36 (compatible; PetalBot;+https://webmaster.petalsearch.com/site/petalbot)" 383 **0/383801**
47.82.11.17 - - [21/Feb/2026:06:53:34 -0700] "GET /digits7-casino-the-premier-location-for-high-end/ HTTP/1.1" 200 10192 "https://ftscreations.com/" "Mozilla/5.0 (Windows NT 10.0; Win64; x64) AppleWebKit/537.36 (KHTML, like Gecko) Chrome/135.0.0.0 Safari/537.36" 258 **0/258539**
114.119.136.249 - - [21/Feb/2026:06:53:45 -0700] "GET /najwi%C4%99ksza-wygrana-w-ashoka/ HTTP/1.1" 200 9233 "https://ftscreations.com/najwi%C4%99ksza-wygrana-w-ashoka" "Mozilla/5.0 (Linux; Android 7.0;) AppleWebKit/537.36 (KHTML, like Gecko) Mobile Safari/537.36 (compatible; PetalBot;+https://webmaster.petalsearch.com/site/petalbot)" 353 **0/353988**
114.119.129.175 - - [21/Feb/2026:06:55:02 -0700] "GET /najlepsze-strategie-dla-luck-of-the-irish-slotu/ HTTP/1.1" 200 9016 "https://ftscreations.com/najlepsze-strategie-dla-luck-of-the-irish-slotu/" "Mozilla/5.0 (Linux; Android 7.0;) AppleWebKit/537.36 (KHTML, like Gecko) Mobile Safari/537.36 (compatible; PetalBot;+https://webmaster.petalsearch.com/site/petalbot)" 354 **0/354109**
66.249.79.5 - - [21/Feb/2026:06:56:22 -0700] "GET /highfly-casino-ihr-premium-partner-fur-exzellentes/ HTTP/1.1" 200 9918 "-" "Mozilla/5.0 (Linux; Android 6.0.1; Nexus 5X Build/MMB29P) AppleWebKit/537.36 (KHTML, like Gecko) Chrome/144.0.7559.132 Mobile Safari/537.36 (compatible; Googlebot/2.1; +http://www.google.com/bot.html)" 417 **0/417745**
66.249.79.5 - - [21/Feb/2026:06:56:25 -0700] "GET /god-of-casino-euer-premium-ziel-fur-erstklassiges/ HTTP/1.1" 200 10676 "-" "Mozilla/5.0 (Linux; Android 6.0.1; Nexus 5X Build/MMB29P) AppleWebKit/537.36 (KHTML, like Gecko) Chrome/144.0.7559.132 Mobile Safari/537.36 (compatible; Googlebot/2.1; +http://www.google.com/bot.html)" 254 **0/254154**
114.119.146.15 - - [21/Feb/2026:06:56:26 -0700] "GET /najlepsze-kasyna-online-z-benji-killed-in-vegas HTTP/1.1" 301 - "https://ftscreations.com/najlepsze-kasyna-online-z-benji-killed-in-vegas" "Mozilla/5.0 (Linux; Android 7.0;) AppleWebKit/537.36 (KHTML, like Gecko) Mobile Safari/537.36 (compatible; PetalBot;+https://webmaster.petalsearch.com/site/petalbot)" 244 **0/244574**
66.249.79.4 - - [21/Feb/2026:06:56:26 -0700] "GET /highfly-casino-euer-spitzenpartner-fur-exzellentes/ HTTP/1.1" 200 9949 "-" "Mozilla/5.0 (Linux; Android 6.0.1; Nexus 5X Build/MMB29P) AppleWebKit/537.36 (KHTML, like Gecko) Chrome/144.0.7559.132 Mobile Safari/537.36 (compatible; Googlebot/2.1; +http://www.google.com/bot.html)" 391 **0/391406**
66.249.79.5 - - [21/Feb/2026:06:56:27 -0700] "GET /n1bet-deine-professionelle-plattform-fur/ HTTP/1.1" 200 9676 "-" "Mozilla/5.0 (Linux; Android 6.0.1; Nexus 5X Build/MMB29P) AppleWebKit/537.36 (KHTML, like Gecko) Chrome/144.0.7559.132 Mobile Safari/537.36 (compatible; Googlebot/2.1; +http://www.google.com/bot.html)" 285 **0/285537**
66.249.79.5 - - [21/Feb/2026:06:56:28 -0700] "GET /onlyspins-spielcasino-deine-erstklassige-gaming/ HTTP/1.1" 200 10510 "-" "Mozilla/5.0 (Linux; Android 6.0.1; Nexus 5X Build/MMB29P) AppleWebKit/537.36 (KHTML, like Gecko) Chrome/144.0.7559.132 Mobile Safari/537.36 (compatible; Googlebot/2.1; +http://www.google.com/bot.html)" 375 **0/375848**
114.119.146.15 - - [21/Feb/2026:06:56:27 -0700] "GET /najlepsze-kasyna-online-z-benji-killed-in-vegas/ HTTP/1.1" 200 9067 "https://ftscreations.com/najlepsze-kasyna-online-z-benji-killed-in-vegas" "Mozilla/5.0 (Linux; Android 7.0;) AppleWebKit/537.36 (KHTML, like Gecko) Mobile Safari/537.36 (compatible; PetalBot;+https://webmaster.petalsearch.com/site/petalbot)" 466 **0/466058**
66.249.79.5 - - [21/Feb/2026:06:56:29 -0700] "POST / HTTP/1.1" 204 - "https://ftscreations.com/highfly-casino-euer-spitzenpartner-fur-exzellentes/" "Mozilla/5.0 (Linux; Android 6.0.1; Nexus 5X Build/MMB29P) AppleWebKit/537.36 (KHTML, like Gecko) Chrome/144.0.7559.132 Mobile Safari/537.36 (compatible; Googlebot/2.1; +http://www.google.com/bot.html)" 202 **0/202625**
66.249.79.4 - - [21/Feb/2026:06:56:31 -0700] "POST / HTTP/1.1" 204 - "https://ftscreations.com/n1bet-deine-professionelle-plattform-fur/" "Mozilla/5.0 (Linux; Android 6.0.1; Nexus 5X Build/MMB29P) AppleWebKit/537.36 (KHTML, like Gecko) Chrome/144.0.7559.132 Mobile Safari/537.36 (compatible; Googlebot/2.1; +http://www.google.com/bot.html)" 197 **0/197831**
66.249.79.4 - - [21/Feb/2026:06:56:35 -0700] "POST / HTTP/1.1" 204 - "https://ftscreations.com/onlyspins-spielcasino-deine-erstklassige-gaming/" "Mozilla/5.0 (Linux; Android 6.0.1; Nexus 5X Build/MMB29P) AppleWebKit/537.36 (KHTML, like Gecko) Chrome/144.0.7559.132 Mobile Safari/537.36 (compatible; Googlebot/2.1; +http://www.google.com/bot.html)" 166 **0/166288**
114.119.141.35 - - [21/Feb/2026:06:57:56 -0700] "GET /najlepsze-kasyna-na-prawdziwe-pieni%C4%85dze-z-automatami-w-marios-cup/ HTTP/1.1" 200 9191 "https://ftscreations.com/najlepsze-kasyna-na-prawdziwe-pieni%C4%85dze-z-automatami-w-marios-cup" "Mozilla/5.0 (Linux; Android 7.0;) AppleWebKit/537.36 (KHTML, like Gecko) Mobile Safari/537.36 (compatible; PetalBot;+https://webmaster.petalsearch.com/site/petalbot)" 689 **0/689682**
114.119.136.249 - - [21/Feb/2026:06:59:13 -0700] "GET /najlepsze-kasyna-na-prawdziwe-pieni%C4%85dze-dla-super-flip/ HTTP/1.1" 200 9262 "https://ftscreations.com/najlepsze-kasyna-na-prawdziwe-pieni%C4%85dze-dla-super-flip/" "Mozilla/5.0 (Linux; Android 7.0;) AppleWebKit/537.36 (KHTML, like Gecko) Mobile Safari/537.36 (compatible; PetalBot;+https://webmaster.petalsearch.com/site/petalbot)" 300 **0/300950**
114.119.136.249 - - [21/Feb/2026:07:00:45 -0700] "GET /najlepsze-gry-kasynowe-keno/ HTTP/1.1" 200 9211 "https://ftscreations.com/najlepsze-gry-kasynowe-keno" "Mozilla/5.0 (Linux; Android 7.0;) AppleWebKit/537.36 (KHTML, like Gecko) Mobile Safari/537.36 (compatible; PetalBot;+https://webmaster.petalsearch.com/site/petalbot)" 317 **0/317138**
114.119.146.15 - - [21/Feb/2026:07:02:01 -0700] "GET /multi-hot-5-maksymalna-wygrana-na-1-obr%C3%B3t/ HTTP/1.1" 200 9010 "https://ftscreations.com/multi-hot-5-maksymalna-wygrana-na-1-obr%C3%B3t" "Mozilla/5.0 (Linux; Android 7.0;) AppleWebKit/537.36 (KHTML, like Gecko) Mobile Safari/537.36 (compatible; PetalBot;+https://webmaster.petalsearch.com/site/petalbot)" 368 **0/368335**
114.119.151.146 - - [21/Feb/2026:07:03:28 -0700] "GET /money-train-zmienno%C5%9B%C4%87-i-stawki-wyp%C5%82at/ HTTP/1.1" 200 9060 "https://ftscreations.com/money-train-zmienno%C5%9B%C4%87-i-stawki-wyp%C5%82at/" "Mozilla/5.0 (Linux; Android 7.0;) AppleWebKit/537.36 (KHTML, like Gecko) Mobile Safari/537.36 (compatible; PetalBot;+https://webmaster.petalsearch.com/site/petalbot)" 283 **0/283883**
114.119.159.62 - - [21/Feb/2026:07:04:51 -0700] "GET /minesweeper-obr%C3%B3bka-graficzna-i-animacja HTTP/1.1" 301 - "https://ftscreations.com/minesweeper-obr%C3%B3bka-graficzna-i-animacja" "Mozilla/5.0 (Linux; Android 7.0;) AppleWebKit/537.36 (KHTML, like Gecko) Mobile Safari/537.36 (compatible; PetalBot;+https://webmaster.petalsearch.com/site/petalbot)" 185 **0/185830**
114.119.159.62 - - [21/Feb/2026:07:04:53 -0700] "GET /minesweeper-obr%C3%B3bka-graficzna-i-animacja/ HTTP/1.1" 200 9174 "https://ftscreations.com/minesweeper-obr%C3%B3bka-graficzna-i-animacja" "Mozilla/5.0 (Linux; Android 7.0;) AppleWebKit/537.36 (KHTML, like Gecko) Mobile Safari/537.36 (compatible; PetalBot;+https://webmaster.petalsearch.com/site/petalbot)" 272 **0/272977**
114.119.146.15 - - [21/Feb/2026:07:06:19 -0700] "GET /midnight-fruits-dziki-symbol-i-symbole-rozproszone HTTP/1.1" 301 - "https://ftscreations.com/midnight-fruits-dziki-symbol-i-symbole-rozproszone" "Mozilla/5.0 (Linux; Android 7.0;) AppleWebKit/537.36 (KHTML, like Gecko) Mobile Safari/537.36 (compatible; PetalBot;+https://webmaster.petalsearch.com/site/petalbot)" 188 **0/188743**
114.119.146.15 - - [21/Feb/2026:07:06:22 -0700] "GET /midnight-fruits-dziki-symbol-i-symbole-rozproszone/ HTTP/1.1" 200 9014 "https://ftscreations.com/midnight-fruits-dziki-symbol-i-symbole-rozproszone" "Mozilla/5.0 (Linux; Android 7.0;) AppleWebKit/537.36 (KHTML, like Gecko) Mobile Safari/537.36 (compatible; PetalBot;+https://webmaster.petalsearch.com/site/petalbot)" 262 **0/262115**
14.188.75.58 - - [21/Feb/2026:07:06:45 -0700] "GET /betroyal-spielbank-ihre-premium-anlaufstelle-fur/ HTTP/1.1" 200 10306 "-" "Mozilla/5.0 (Macintosh; U; Intel Mac OS X 10.6; he; rv:1.9.1b4pre) Gecko/20100405 Firefox/3.6.3plugin1" 263 **0/263357**
114.119.136.249 - - [21/Feb/2026:07:07:43 -0700] "GET /mega-dragon-mno%C5%BCniki/ HTTP/1.1" 200 8810 "http://ftscreations.com/?p=9152" "Mozilla/5.0 (Linux; Android 7.0;) AppleWebKit/537.36 (KHTML, like Gecko) Mobile Safari/537.36 (compatible; PetalBot;+https://webmaster.petalsearch.com/site/petalbot)" 349 **0/349901**
114.119.136.249 - - [21/Feb/2026:07:08:58 -0700] "GET /mechanizm-gry-break-da-bank-again-megaways/ HTTP/1.1" 200 9051 "https://ftscreations.com/mechanizm-gry-break-da-bank-again-megaways" "Mozilla/5.0 (Linux; Android 7.0;) AppleWebKit/537.36 (KHTML, like Gecko) Mobile Safari/537.36 (compatible; PetalBot;+https://webmaster.petalsearch.com/site/petalbot)" 324 **0/324783**
114.119.142.93 - - [21/Feb/2026:07:10:25 -0700] "GET /mechanika-wyp%C5%82at-rozproszonych-w-king-of-cards/ HTTP/1.1" 200 9058 "https://ftscreations.com/mechanika-wyp%C5%82at-rozproszonych-w-king-of-cards" "Mozilla/5.0 (Linux; Android 7.0;) AppleWebKit/537.36 (KHTML, like Gecko) Mobile Safari/537.36 (compatible; PetalBot;+https://webmaster.petalsearch.com/site/petalbot)" 355 **0/355315**
47.128.116.253 - - [21/Feb/2026:07:11:01 -0700] "GET /robots.txt HTTP/1.1" 403 10346 "-" "Mozilla/5.0 (Linux; Android 5.0) AppleWebKit/537.36 (KHTML, like Gecko) Mobile Safari/537.36 (compatible; Bytespider; spider-feedback@bytedance.com)" 10 **0/10281**
114.119.129.175 - - [21/Feb/2026:07:11:42 -0700] "GET /mayan-gods-gra-kasynowa-online-kompatybilna-ze-wszystkimi-urz%C4%85dzeniami-mobilnymi/ HTTP/1.1" 200 9007 "https://ftscreations.com/mayan-gods-gra-kasynowa-online-kompatybilna-ze-wszystkimi-urz%C4%85dzeniami-mobilnymi" "Mozilla/5.0 (Linux; Android 7.0;) AppleWebKit/537.36 (KHTML, like Gecko) Mobile Safari/537.36 (compatible; PetalBot;+https://webmaster.petalsearch.com/site/petalbot)" 291 **0/291273**
114.119.146.15 - - [21/Feb/2026:07:13:05 -0700] "GET /maszyna-do-gry-w-attila HTTP/1.1" 301 - "-" "Mozilla/5.0 (Linux; Android 7.0;) AppleWebKit/537.36 (KHTML, like Gecko) Mobile Safari/537.36 (compatible; PetalBot;+https://webmaster.petalsearch.com/site/petalbot)" 187 **0/187302**
114.119.146.15 - - [21/Feb/2026:07:13:06 -0700] "GET /maszyna-do-gry-w-attila/ HTTP/1.1" 200 9352 "-" "Mozilla/5.0 (Linux; Android 7.0;) AppleWebKit/537.36 (KHTML, like Gecko) Mobile Safari/537.36 (compatible; PetalBot;+https://webmaster.petalsearch.com/site/petalbot)" 293 **0/293920**
114.119.151.146 - - [21/Feb/2026:07:14:31 -0700] "GET /maksymalna-wygrana-w-multi-spin/ HTTP/1.1" 200 9248 "https://ftscreations.com/maksymalna-wygrana-w-multi-spin/" "Mozilla/5.0 (Linux; Android 7.0;) AppleWebKit/537.36 (KHTML, like Gecko) Mobile Safari/537.36 (compatible; PetalBot;+https://webmaster.petalsearch.com/site/petalbot)" 266 **0/266658**
114.119.141.35 - - [21/Feb/2026:07:15:53 -0700] "GET /magic-powers-megaways-parametry-gier-slotowych-online/ HTTP/1.1" 200 9557 "https://ftscreations.com/magic-powers-megaways-parametry-gier-slotowych-online/" "Mozilla/5.0 (Linux; Android 7.0;) AppleWebKit/537.36 (KHTML, like Gecko) Mobile Safari/537.36 (compatible; PetalBot;+https://webmaster.petalsearch.com/site/petalbot)" 294 **0/294947**
114.119.159.62 - - [21/Feb/2026:07:17:23 -0700] "GET /lucky-jimmy-z-p%C5%82atno%C5%9Bci%C4%85-grupow%C4%85/ HTTP/1.1" 200 9021 "https://ftscreations.com/lucky-jimmy-z-p%C5%82atno%C5%9Bci%C4%85-grupow%C4%85/" "Mozilla/5.0 (Linux; Android 7.0;) AppleWebKit/537.36 (KHTML, like Gecko) Mobile Safari/537.36 (compatible; PetalBot;+https://webmaster.petalsearch.com/site/petalbot)" 466 **0/466384**
14.191.227.231 - - [21/Feb/2026:07:18:45 -0700] "GET /infinity-casino-votre-propre-plateforme-de/ HTTP/1.1" 200 10325 "-" "Mozilla/5.0 (X11; U; Linux i686; ru; rv:1.9.3a5pre) Gecko/20100526 Firefox/3.7a5pre" 361 **0/361234**
43.173.174.184 - - [21/Feb/2026:07:18:46 -0700] "GET /?p=13703 HTTP/1.1" 301 - "-" "Mozilla/5.0 (Windows NT 10.0; Win64; x64) AppleWebKit/537.36 (KHTML, like Gecko) Chrome/116.0.0.0 Safari/537.36" 229 **0/229081**
43.173.174.184 - - [21/Feb/2026:07:18:46 -0700] "GET /beleef-de-rapiditeit-van-spelen-bij-casinobrand/ HTTP/1.1" 200 10206 "https://ftscreations.com/?p=13703" "Mozilla/5.0 (Windows NT 10.0; Win64; x64) AppleWebKit/537.36 (KHTML, like Gecko) Chrome/116.0.0.0 Safari/537.36" 309 **0/309634**
43.173.182.219 - - [21/Feb/2026:07:18:51 -0700] "POST / HTTP/1.1" 204 - "https://ftscreations.com/?p=13703" "Mozilla/5.0 (Windows NT 10.0; Win64; x64) AppleWebKit/537.36 (KHTML, like Gecko) Chrome/116.0.0.0 Safari/537.36" 252 **0/252907**
114.119.136.249 - - [21/Feb/2026:07:18:51 -0700] "GET /lucky-jack-book-of-rebirth-egyptian-darkness-funkcjonalno%C5%9B%C4%87-upadku HTTP/1.1" 301 - "-" "Mozilla/5.0 (Linux; Android 7.0;) AppleWebKit/537.36 (KHTML, like Gecko) Mobile Safari/537.36 (compatible; PetalBot;+https://webmaster.petalsearch.com/site/petalbot)" 231 **0/231223**
114.119.136.249 - - [21/Feb/2026:07:18:53 -0700] "GET /lucky-jack-book-of-rebirth-egyptian-darkness-funkcjonalno%C5%9B%C4%87-upadku/ HTTP/1.1" 200 9085 "-" "Mozilla/5.0 (Linux; Android 7.0;) AppleWebKit/537.36 (KHTML, like Gecko) Mobile Safari/537.36 (compatible; PetalBot;+https://webmaster.petalsearch.com/site/petalbot)" 563 **0/563038**
43.173.180.238 - - [21/Feb/2026:07:19:42 -0700] "GET /?p=3844 HTTP/1.1" 301 - "-" "Mozilla/5.0 (Windows NT 10.0; Win64; x64) AppleWebKit/537.36 (KHTML, like Gecko) Chrome/124.0.0.0 Safari/537.36" 332 **0/332414**
43.173.181.13 - - [21/Feb/2026:07:19:42 -0700] "GET /?p=3171 HTTP/1.1" 301 - "-" "Mozilla/5.0 (Windows NT 10.0; Win64; x64) AppleWebKit/537.36 (KHTML, like Gecko) Chrome/109.0.0.0 Safari/537.36" 347 **0/347577**
43.173.180.238 - - [21/Feb/2026:07:19:42 -0700] "GET /book-of-dead-obszary-zak%C5%82ad%C3%B3w-i-szanse-na-wygran%C4%85/ HTTP/1.1" 200 9216 "https://ftscreations.com/?p=3844" "Mozilla/5.0 (Windows NT 10.0; Win64; x64) AppleWebKit/537.36 (KHTML, like Gecko) Chrome/124.0.0.0 Safari/537.36" 454 **0/454035**
43.173.181.13 - - [21/Feb/2026:07:19:42 -0700] "GET /crazy-monkey-najlepsze-strategie-i-taktyki/ HTTP/1.1" 200 8886 "https://ftscreations.com/?p=3171" "Mozilla/5.0 (Windows NT 10.0; Win64; x64) AppleWebKit/537.36 (KHTML, like Gecko) Chrome/109.0.0.0 Safari/537.36" 392 **0/392974**
43.173.181.45 - - [21/Feb/2026:07:19:48 -0700] "POST / HTTP/1.1" 204 - "https://ftscreations.com/?p=3171" "Mozilla/5.0 (Windows NT 10.0; Win64; x64) AppleWebKit/537.36 (KHTML, like Gecko) Chrome/109.0.0.0 Safari/537.36" 236 **0/236696**
43.173.174.237 - - [21/Feb/2026:07:19:48 -0700] "POST / HTTP/1.1" 204 - "https://ftscreations.com/?p=3844" "Mozilla/5.0 (Windows NT 10.0; Win64; x64) AppleWebKit/537.36 (KHTML, like Gecko) Chrome/124.0.0.0 Safari/537.36" 324 **0/324648**
114.119.141.35 - - [21/Feb/2026:07:20:03 -0700] "GET /lucky-fish-podstawowe-symbole-i-rysunki/ HTTP/1.1" 200 9331 "https://ftscreations.com/lucky-fish-podstawowe-symbole-i-rysunki/" "Mozilla/5.0 (Linux; Android 7.0;) AppleWebKit/537.36 (KHTML, like Gecko) Mobile Safari/537.36 (compatible; PetalBot;+https://webmaster.petalsearch.com/site/petalbot)" 672 **0/672389**
114.119.151.146 - - [21/Feb/2026:07:21:25 -0700] "GET /luck-of-the-irish-losowe-mno%C5%BCniki-do-500x/ HTTP/1.1" 200 9129 "http://ftscreations.com/?p=6694" "Mozilla/5.0 (Linux; Android 7.0;) AppleWebKit/537.36 (KHTML, like Gecko) Mobile Safari/537.36 (compatible; PetalBot;+https://webmaster.petalsearch.com/site/petalbot)" 268 **0/268397**
43.173.176.97 - - [21/Feb/2026:07:22:42 -0700] "GET /?p=3520 HTTP/1.1" 301 - "-" "Mozilla/5.0 (Windows NT 10.0; Win64; x64) AppleWebKit/537.36 (KHTML, like Gecko) Chrome/107.0.0.0 Safari/537.36" 373 **0/373226**
43.173.173.59 - - [21/Feb/2026:07:22:41 -0700] "GET /zarz%C4%85dzanie-kapita%C5%82em-w-rio-gems/ HTTP/1.1" 200 9314 "-" "Mozilla/5.0 (Windows NT 10.0; Win64; x64) AppleWebKit/537.36 (KHTML, like Gecko) Chrome/124.0.0.0 Safari/537.36" 474 **0/474203**
43.173.176.97 - - [21/Feb/2026:07:22:42 -0700] "GET /gry-kasynowe-online-w-ultimate-hot/ HTTP/1.1" 200 8925 "https://ftscreations.com/?p=3520" "Mozilla/5.0 (Windows NT 10.0; Win64; x64) AppleWebKit/537.36 (KHTML, like Gecko) Chrome/107.0.0.0 Safari/537.36" 327 **0/327633**
43.173.178.151 - - [21/Feb/2026:07:22:46 -0700] "POST / HTTP/1.1" 204 - "https://ftscreations.com/zarz%C4%85dzanie-kapita%C5%82em-w-rio-gems/" "Mozilla/5.0 (Windows NT 10.0; Win64; x64) AppleWebKit/537.36 (KHTML, like Gecko) Chrome/124.0.0.0 Safari/537.36" 186 **0/186402**
43.173.176.131 - - [21/Feb/2026:07:22:49 -0700] "POST / HTTP/1.1" 204 - "https://ftscreations.com/?p=3520" "Mozilla/5.0 (Windows NT 10.0; Win64; x64) AppleWebKit/537.36 (KHTML, like Gecko) Chrome/107.0.0.0 Safari/537.36" 185 **0/185373**
114.119.146.15 - - [21/Feb/2026:07:22:49 -0700] "GET /licencje-i-regulamin-kasyna-online-jokers-jewels HTTP/1.1" 301 - "-" "Mozilla/5.0 (Linux; Android 7.0;) AppleWebKit/537.36 (KHTML, like Gecko) Mobile Safari/537.36 (compatible; PetalBot;+https://webmaster.petalsearch.com/site/petalbot)" 200 **0/200001**
114.119.146.15 - - [21/Feb/2026:07:22:51 -0700] "GET /licencje-i-regulamin-kasyna-online-jokers-jewels/ HTTP/1.1" 200 9367 "-" "Mozilla/5.0 (Linux; Android 7.0;) AppleWebKit/537.36 (KHTML, like Gecko) Mobile Safari/537.36 (compatible; PetalBot;+https://webmaster.petalsearch.com/site/petalbot)" 547 **0/547067**
43.173.182.155 - - [21/Feb/2026:07:23:01 -0700] "GET /mno%C5%BCniki-w-chance-machine-5/ HTTP/1.1" 200 9258 "-" "Mozilla/5.0 (Windows NT 10.0; Win64; x64) AppleWebKit/537.36 (KHTML, like Gecko) Chrome/116.0.0.0 Safari/537.36" 382 **0/382339**
43.173.176.73 - - [21/Feb/2026:07:23:10 -0700] "POST / HTTP/1.1" 204 - "https://ftscreations.com/mno%C5%BCniki-w-chance-machine-5/" "Mozilla/5.0 (Windows NT 10.0; Win64; x64) AppleWebKit/537.36 (KHTML, like Gecko) Chrome/116.0.0.0 Safari/537.36" 212 **0/212860**
114.119.149.66 - - [21/Feb/2026:07:24:15 -0700] "GET /legendary-diamonds-bonus-powitalny HTTP/1.1" 301 - "-" "Mozilla/5.0 (Linux; Android 7.0;) AppleWebKit/537.36 (KHTML, like Gecko) Mobile Safari/537.36 (compatible; PetalBot;+https://webmaster.petalsearch.com/site/petalbot)" 199 **0/199749**
114.119.149.66 - - [21/Feb/2026:07:24:16 -0700] "GET /legendary-diamonds-bonus-powitalny/ HTTP/1.1" 200 9310 "-" "Mozilla/5.0 (Linux; Android 7.0;) AppleWebKit/537.36 (KHTML, like Gecko) Mobile Safari/537.36 (compatible; PetalBot;+https://webmaster.petalsearch.com/site/petalbot)" 604 **0/604139**
43.173.181.45 - - [21/Feb/2026:07:24:57 -0700] "GET /?p=13693 HTTP/1.1" 301 - "-" "Mozilla/5.0 (Windows NT 10.0; Win64; x64) AppleWebKit/537.36 (KHTML, like Gecko) Chrome/103.0.0.0 Safari/537.36" 259 **0/259890**
43.173.181.45 - - [21/Feb/2026:07:24:57 -0700] "GET /aztec-paradise-where-historical-treasures-satisfy/ HTTP/1.1" 200 11113 "https://ftscreations.com/?p=13693" "Mozilla/5.0 (Windows NT 10.0; Win64; x64) AppleWebKit/537.36 (KHTML, like Gecko) Chrome/103.0.0.0 Safari/537.36" 268 **0/268973**
43.173.181.156 - - [21/Feb/2026:07:25:00 -0700] "POST / HTTP/1.1" 204 - "https://ftscreations.com/?p=13693" "Mozilla/5.0 (Windows NT 10.0; Win64; x64) AppleWebKit/537.36 (KHTML, like Gecko) Chrome/103.0.0.0 Safari/537.36" 195 **0/195808**
114.119.149.66 - - [21/Feb/2026:07:25:36 -0700] "GET /kylling-vei-2-din-ultimate-hndbok-til-gaming/ HTTP/1.1" 200 10761 "https://ftscreations.com/blog/page/16" "Mozilla/5.0 (Linux; Android 7.0;) AppleWebKit/537.36 (KHTML, like Gecko) Mobile Safari/537.36 (compatible; PetalBot;+https://webmaster.petalsearch.com/site/petalbot)" 519 **0/519643**
115.45.43.182 - - [21/Feb/2026:07:26:52 -0700] "GET /robots.txt HTTP/1.1" 200 153 "-" "Mozilla/5.0 (Windows NT 10.0; WOW64) AppleWebKit/537.36 (KHTML, like Gecko) Chrome/73.0.4109.127 Safari/537.36 LBBROWSER" 4 **0/4262**
114.119.136.249 - - [21/Feb/2026:07:27:00 -0700] "GET /kup-gr%C4%99-bonusow%C4%85-the-dog-house-multihold HTTP/1.1" 301 - "https://ftscreations.com/kup-gr%C4%99-bonusow%C4%85-the-dog-house-multihold" "Mozilla/5.0 (Linux; Android 7.0;) AppleWebKit/537.36 (KHTML, like Gecko) Mobile Safari/537.36 (compatible; PetalBot;+https://webmaster.petalsearch.com/site/petalbot)" 169 **0/169667**
114.119.136.249 - - [21/Feb/2026:07:27:00 -0700] "GET /kup-gr%C4%99-bonusow%C4%85-the-dog-house-multihold/ HTTP/1.1" 200 9089 "https://ftscreations.com/kup-gr%C4%99-bonusow%C4%85-the-dog-house-multihold" "Mozilla/5.0 (Linux; Android 7.0;) AppleWebKit/537.36 (KHTML, like Gecko) Mobile Safari/537.36 (compatible; PetalBot;+https://webmaster.petalsearch.com/site/petalbot)" 393 **0/393013**
66.249.79.5 - - [21/Feb/2026:07:27:02 -0700] "GET /vincispin-casino-euer-vertrauenswurdiger-anbieter/ HTTP/1.1" 200 10442 "-" "Mozilla/5.0 (Linux; Android 6.0.1; Nexus 5X Build/MMB29P) AppleWebKit/537.36 (KHTML, like Gecko) Chrome/144.0.7559.132 Mobile Safari/537.36 (compatible; Googlebot/2.1; +http://www.google.com/bot.html)" 232 **0/232438**
66.249.79.4 - - [21/Feb/2026:07:27:03 -0700] "GET /coconut-casino-your-portal-to-premium-gaming-fun/ HTTP/1.1" 200 9923 "-" "Mozilla/5.0 (Linux; Android 6.0.1; Nexus 5X Build/MMB29P) AppleWebKit/537.36 (KHTML, like Gecko) Chrome/144.0.7559.132 Mobile Safari/537.36 (compatible; Googlebot/2.1; +http://www.google.com/bot.html)" 268 **0/268770**
66.249.79.5 - - [21/Feb/2026:07:27:21 -0700] "GET /wp-content/themes/photographer-wp/js/jquery.fluidbox/fluidbox.css HTTP/1.1" 200 480 "https://ftscreations.com/coconut-casino-your-portal-to-premium-gaming-fun/" "Mozilla/5.0 (Linux; Android 6.0.1; Nexus 5X Build/MMB29P) AppleWebKit/537.36 (KHTML, like Gecko) Chrome/144.0.7559.132 Mobile Safari/537.36 (compatible; Googlebot/2.1; +http://www.google.com/bot.html)" 6 **0/6395**
72.167.58.252 - - [21/Feb/2026:07:27:57 -0700] "POST /wp-cron.php?doing_wp_cron=1771684077.7966840267181396484375 HTTP/1.1" 200 - "https://ftscreations.com/wp-cron.php?doing_wp_cron=1771684077.7966840267181396484375" "WordPress/5.4.18; https://ftscreations.com" 229 **0/229022**
66.249.79.4 - - [21/Feb/2026:07:27:57 -0700] "GET /captainslots-jouw-destinatie-voor-hoogwaardige/ HTTP/1.1" 200 10368 "-" "Mozilla/5.0 (Linux; Android 6.0.1; Nexus 5X Build/MMB29P) AppleWebKit/537.36 (KHTML, like Gecko) Chrome/144.0.7559.132 Mobile Safari/537.36 (compatible; Googlebot/2.1; +http://www.google.com/bot.html)" 511 **0/511410**
114.119.136.249 - - [21/Feb/2026:07:28:26 -0700] "GET /kup-bonusy-w-bonanza-megaways HTTP/1.1" 301 - "https://ftscreations.com/kup-bonusy-w-bonanza-megaways" "Mozilla/5.0 (Linux; Android 7.0;) AppleWebKit/537.36 (KHTML, like Gecko) Mobile Safari/537.36 (compatible; PetalBot;+https://webmaster.petalsearch.com/site/petalbot)" 182 **0/182418**
114.119.136.249 - - [21/Feb/2026:07:28:28 -0700] "GET /kup-bonusy-w-bonanza-megaways/ HTTP/1.1" 200 9083 "https://ftscreations.com/kup-bonusy-w-bonanza-megaways" "Mozilla/5.0 (Linux; Android 7.0;) AppleWebKit/537.36 (KHTML, like Gecko) Mobile Safari/537.36 (compatible; PetalBot;+https://webmaster.petalsearch.com/site/petalbot)" 267 **0/267845**
66.249.79.5 - - [21/Feb/2026:07:29:27 -0700] "GET /slotlair-a-vossa-nova-experiencia-de-jogo-digital/ HTTP/1.1" 200 9515 "-" "Mozilla/5.0 (Linux; Android 6.0.1; Nexus 5X Build/MMB29P) AppleWebKit/537.36 (KHTML, like Gecko) Chrome/144.0.7559.132 Mobile Safari/537.36 (compatible; Googlebot/2.1; +http://www.google.com/bot.html)" 266 **0/266344**
66.249.79.4 - - [21/Feb/2026:07:29:44 -0700] "POST / HTTP/1.1" 204 - "https://ftscreations.com/slotlair-a-vossa-nova-experiencia-de-jogo-digital/" "Mozilla/5.0 (Linux; Android 6.0.1; Nexus 5X Build/MMB29P) AppleWebKit/537.36 (KHTML, like Gecko) Chrome/144.0.7559.132 Mobile Safari/537.36 (compatible; Googlebot/2.1; +http://www.google.com/bot.html)" 178 **0/178699**
114.119.159.62 - - [21/Feb/2026:07:29:47 -0700] "GET /konstrukcja-rowkowa-first-person-dream-catcher HTTP/1.1" 301 - "https://ftscreations.com/konstrukcja-rowkowa-first-person-dream-catcher" "Mozilla/5.0 (Linux; Android 7.0;) AppleWebKit/537.36 (KHTML, like Gecko) Mobile Safari/537.36 (compatible; PetalBot;+https://webmaster.petalsearch.com/site/petalbot)" 297 **0/297642**
114.119.159.62 - - [21/Feb/2026:07:29:49 -0700] "GET /konstrukcja-rowkowa-first-person-dream-catcher/ HTTP/1.1" 200 9153 "https://ftscreations.com/konstrukcja-rowkowa-first-person-dream-catcher" "Mozilla/5.0 (Linux; Android 7.0;) AppleWebKit/537.36 (KHTML, like Gecko) Mobile Safari/537.36 (compatible; PetalBot;+https://webmaster.petalsearch.com/site/petalbot)" 467 **0/467531**
113.164.41.192 - - [21/Feb/2026:07:30:44 -0700] "GET /lucky-splash-ihr-anlaufpunkt-fur-erstklassige-casino-unterhaltung/ HTTP/1.1" 200 10485 "-" "Mozilla/5.0 (Macintosh; U; Intel Mac OS X 10_6_4; en-US) AppleWebKit/534.3 (KHTML, like Gecko) Chrome/6.0.458.1 Safari/534.3" 268 **0/268902**
114.119.142.93 - - [21/Feb/2026:07:31:12 -0700] "GET /kompatybilny-z-komputerami-pc-oraz-telefonami-kom%C3%B3rkowymi-z-systemem-ios-i-android-w-systemie-gladiator-legends/ HTTP/1.1" 200 9591 "https://ftscreations.com/kompatybilny-z-komputerami-pc-oraz-telefonami-kom%C3%B3rkowymi-z-systemem-ios-i-android-w-systemie-gladiator-legends/" "Mozilla/5.0 (Linux; Android 7.0;) AppleWebKit/537.36 (KHTML, like Gecko) Mobile Safari/537.36 (compatible; PetalBot;+https://webmaster.petalsearch.com/site/petalbot)" 380 **0/380630**
66.249.79.4 - - [21/Feb/2026:07:31:30 -0700] "GET /leon-bet-casino-online-your-gateway-to-premium/ HTTP/1.1" 200 10385 "-" "Mozilla/5.0 (Linux; Android 6.0.1; Nexus 5X Build/MMB29P) AppleWebKit/537.36 (KHTML, like Gecko) Chrome/144.0.7559.132 Mobile Safari/537.36 (compatible; Googlebot/2.1; +http://www.google.com/bot.html)" 252 **0/252515**
114.119.146.15 - - [21/Feb/2026:07:32:34 -0700] "GET /kasyno-gra-88-fortunes-online-za-darmo HTTP/1.1" 301 - "http://ftscreations.com/?p=3275" "Mozilla/5.0 (Linux; Android 7.0;) AppleWebKit/537.36 (KHTML, like Gecko) Mobile Safari/537.36 (compatible; PetalBot;+https://webmaster.petalsearch.com/site/petalbot)" 222 **0/222369**
114.119.146.15 - - [21/Feb/2026:07:32:35 -0700] "GET /kasyno-gra-88-fortunes-online-za-darmo/ HTTP/1.1" 200 9013 "http://ftscreations.com/?p=3275" "Mozilla/5.0 (Linux; Android 7.0;) AppleWebKit/537.36 (KHTML, like Gecko) Mobile Safari/537.36 (compatible; PetalBot;+https://webmaster.petalsearch.com/site/petalbot)" 409 **0/409146**
114.119.142.93 - - [21/Feb/2026:07:33:57 -0700] "GET /jungle-wild-wysokie-stawki/ HTTP/1.1" 200 9154 "https://ftscreations.com/jungle-wild-wysokie-stawki/" "Mozilla/5.0 (Linux; Android 7.0;) AppleWebKit/537.36 (KHTML, like Gecko) Mobile Safari/537.36 (compatible; PetalBot;+https://webmaster.petalsearch.com/site/petalbot)" 281 **0/281514**
114.119.136.249 - - [21/Feb/2026:07:35:26 -0700] "GET /juicy-fruits-progresywny-globalny-mno%C5%BCnik/ HTTP/1.1" 200 9212 "https://ftscreations.com/juicy-fruits-progresywny-globalny-mno%C5%BCnik/" "Mozilla/5.0 (Linux; Android 7.0;) AppleWebKit/537.36 (KHTML, like Gecko) Mobile Safari/537.36 (compatible; PetalBot;+https://webmaster.petalsearch.com/site/petalbot)" 303 **0/303108**
114.119.141.35 - - [21/Feb/2026:07:36:51 -0700] "GET /jokers-jewels-automat-kasynowy-z-6-b%C4%99bnami-i-5-liniami HTTP/1.1" 301 - "-" "Mozilla/5.0 (Linux; Android 7.0;) AppleWebKit/537.36 (KHTML, like Gecko) Mobile Safari/537.36 (compatible; PetalBot;+https://webmaster.petalsearch.com/site/petalbot)" 194 **0/194778**
114.119.141.35 - - [21/Feb/2026:07:36:53 -0700] "GET /jokers-jewels-automat-kasynowy-z-6-b%C4%99bnami-i-5-liniami/ HTTP/1.1" 200 9249 "-" "Mozilla/5.0 (Linux; Android 7.0;) AppleWebKit/537.36 (KHTML, like Gecko) Mobile Safari/537.36 (compatible; PetalBot;+https://webmaster.petalsearch.com/site/petalbot)" 275 **0/275525**
114.119.159.62 - - [21/Feb/2026:07:38:22 -0700] "GET /jokers-five-urz%C4%85dzenia-mobilne/ HTTP/1.1" 200 9180 "https://ftscreations.com/jokers-five-urz%C4%85dzenia-mobilne/" "Mozilla/5.0 (Linux; Android 7.0;) AppleWebKit/537.36 (KHTML, like Gecko) Mobile Safari/537.36 (compatible; PetalBot;+https://webmaster.petalsearch.com/site/petalbot)" 303 **0/303303**
114.119.136.249 - - [21/Feb/2026:07:39:40 -0700] "GET /john-hunter-and-the-book-of-tut-kompatybilno%C5%9B%C4%87-z-telefonami-kom%C3%B3rkowymi-i-tabletami/ HTTP/1.1" 200 9543 "http://ftscreations.com/?p=7243" "Mozilla/5.0 (Linux; Android 7.0;) AppleWebKit/537.36 (KHTML, like Gecko) Mobile Safari/537.36 (compatible; PetalBot;+https://webmaster.petalsearch.com/site/petalbot)" 291 **0/291610**
114.119.149.66 - - [21/Feb/2026:07:41:20 -0700] "GET /jewel-scarabs-funkcja-pays-anywhere/ HTTP/1.1" 200 9090 "https://ftscreations.com/jewel-scarabs-funkcja-pays-anywhere" "Mozilla/5.0 (Linux; Android 7.0;) AppleWebKit/537.36 (KHTML, like Gecko) Mobile Safari/537.36 (compatible; PetalBot;+https://webmaster.petalsearch.com/site/petalbot)" 269 **0/269276**
114.119.129.175 - - [21/Feb/2026:07:42:19 -0700] "GET /jakie-karty-maj%C4%85-jaki-kolor-w-grze-giganimals-gigablox/ HTTP/1.1" 200 9340 "http://ftscreations.com/?p=7323" "Mozilla/5.0 (Linux; Android 7.0;) AppleWebKit/537.36 (KHTML, like Gecko) Mobile Safari/537.36 (compatible; PetalBot;+https://webmaster.petalsearch.com/site/petalbot)" 336 **0/336624**
197.218.117.23 - - [21/Feb/2026:07:42:46 -0700] "GET /plinko-das-wohl-legendarste-glucksspiel-in-der/ HTTP/1.1" 200 10818 "-" "Mozilla/5.0 (X11; U; Linux i686; en-US) AppleWebKit/534.13 (KHTML, like Gecko) Ubuntu/9.10 Chromium/9.0.592.0 Chrome/9.0.592.0 Safari/534.13" 256 **0/256518**
114.119.149.66 - - [21/Feb/2026:07:43:43 -0700] "GET /jaka-jest-najlepsza-aplikacja-mobilna-dla-kasyna-african-elephant/ HTTP/1.1" 200 9058 "https://ftscreations.com/jaka-jest-najlepsza-aplikacja-mobilna-dla-kasyna-african-elephant" "Mozilla/5.0 (Linux; Android 7.0;) AppleWebKit/537.36 (KHTML, like Gecko) Mobile Safari/537.36 (compatible; PetalBot;+https://webmaster.petalsearch.com/site/petalbot)" 326 **0/326699**
114.119.149.66 - - [21/Feb/2026:07:45:16 -0700] "GET /jak-zdoby%C4%87-darmowe-automaty-w-treasure-box-2/ HTTP/1.1" 200 9286 "http://ftscreations.com/?p=7676" "Mozilla/5.0 (Linux; Android 7.0;) AppleWebKit/537.36 (KHTML, like Gecko) Mobile Safari/537.36 (compatible; PetalBot;+https://webmaster.petalsearch.com/site/petalbot)" 308 **0/308284**
114.119.129.175 - - [21/Feb/2026:07:46:38 -0700] "GET /jak-wygra%C4%87-w-automacie-vegas-blackjack HTTP/1.1" 301 - "https://ftscreations.com/jak-wygra%C4%87-w-automacie-vegas-blackjack" "Mozilla/5.0 (Linux; Android 7.0;) AppleWebKit/537.36 (KHTML, like Gecko) Mobile Safari/537.36 (compatible; PetalBot;+https://webmaster.petalsearch.com/site/petalbot)" 169 **0/169537**
114.119.129.175 - - [21/Feb/2026:07:46:39 -0700] "GET /jak-wygra%C4%87-w-automacie-vegas-blackjack/ HTTP/1.1" 200 9301 "https://ftscreations.com/jak-wygra%C4%87-w-automacie-vegas-blackjack" "Mozilla/5.0 (Linux; Android 7.0;) AppleWebKit/537.36 (KHTML, like Gecko) Mobile Safari/537.36 (compatible; PetalBot;+https://webmaster.petalsearch.com/site/petalbot)" 381 **0/381840**
114.119.146.15 - - [21/Feb/2026:07:47:54 -0700] "GET /jak-wygra%C4%87-na-automatach-wild-vegas/ HTTP/1.1" 200 9312 "https://ftscreations.com/jak-wygra%C4%87-na-automatach-wild-vegas" "Mozilla/5.0 (Linux; Android 7.0;) AppleWebKit/537.36 (KHTML, like Gecko) Mobile Safari/537.36 (compatible; PetalBot;+https://webmaster.petalsearch.com/site/petalbot)" 312 **0/312598**
114.119.129.175 - - [21/Feb/2026:07:49:17 -0700] "GET /jak-uruchomi%C4%87-darmowe-spiny-w-9-coins/ HTTP/1.1" 200 9156 "https://ftscreations.com/jak-uruchomi%C4%87-darmowe-spiny-w-9-coins" "Mozilla/5.0 (Linux; Android 7.0;) AppleWebKit/537.36 (KHTML, like Gecko) Mobile Safari/537.36 (compatible; PetalBot;+https://webmaster.petalsearch.com/site/petalbot)" 350 **0/350858**
114.119.142.93 - - [21/Feb/2026:07:50:41 -0700] "GET /jak-oceni%C4%87-bezpiecze%C5%84stwo-kasyna-do-gry-rabbit-garden/ HTTP/1.1" 200 9150 "https://ftscreations.com/jak-oceni%C4%87-bezpiecze%C5%84stwo-kasyna-do-gry-rabbit-garden/" "Mozilla/5.0 (Linux; Android 7.0;) AppleWebKit/537.36 (KHTML, like Gecko) Mobile Safari/537.36 (compatible; PetalBot;+https://webmaster.petalsearch.com/site/petalbot)" 493 **0/493163**
114.119.129.175 - - [21/Feb/2026:07:52:12 -0700] "GET /jak-obstawia%C4%87-du%C5%BCe-zak%C5%82ady-w-grze-franks-farm-w-kasynie HTTP/1.1" 301 - "https://ftscreations.com/jak-obstawia%C4%87-du%C5%BCe-zak%C5%82ady-w-grze-franks-farm-w-kasynie" "Mozilla/5.0 (Linux; Android 7.0;) AppleWebKit/537.36 (KHTML, like Gecko) Mobile Safari/537.36 (compatible; PetalBot;+https://webmaster.petalsearch.com/site/petalbot)" 205 **0/205997**
114.119.129.175 - - [21/Feb/2026:07:52:14 -0700] "GET /jak-obstawia%C4%87-du%C5%BCe-zak%C5%82ady-w-grze-franks-farm-w-kasynie/ HTTP/1.1" 200 9340 "https://ftscreations.com/jak-obstawia%C4%87-du%C5%BCe-zak%C5%82ady-w-grze-franks-farm-w-kasynie" "Mozilla/5.0 (Linux; Android 7.0;) AppleWebKit/537.36 (KHTML, like Gecko) Mobile Safari/537.36 (compatible; PetalBot;+https://webmaster.petalsearch.com/site/petalbot)" 338 **0/338842**
114.119.159.62 - - [21/Feb/2026:07:53:38 -0700] "GET /jak-gra%C4%87-w-ninja-ways-w-kasynie HTTP/1.1" 301 - "-" "Mozilla/5.0 (Linux; Android 7.0;) AppleWebKit/537.36 (KHTML, like Gecko) Mobile Safari/537.36 (compatible; PetalBot;+https://webmaster.petalsearch.com/site/petalbot)" 168 **0/168881**
114.119.159.62 - - [21/Feb/2026:07:53:39 -0700] "GET /jak-gra%C4%87-w-ninja-ways-w-kasynie/ HTTP/1.1" 200 9294 "-" "Mozilla/5.0 (Linux; Android 7.0;) AppleWebKit/537.36 (KHTML, like Gecko) Mobile Safari/537.36 (compatible; PetalBot;+https://webmaster.petalsearch.com/site/petalbot)" 277 **0/277575**
31.221.160.52 - - [21/Feb/2026:07:54:45 -0700] "GET /red-baron-el-iconico-legendario-videojuego-de/ HTTP/1.1" 200 10407 "-" "Mozilla/5.0 (Windows NT 6.2; WOW64) AppleWebKit/537.14 (KHTML, like Gecko) Chrome/24.0.1292.0 Safari/537.14" 255 **0/255795**
114.119.151.146 - - [21/Feb/2026:07:54:59 -0700] "GET /jak-gra%C4%87-na-automacie-jammin-jars-2-online HTTP/1.1" 301 - "-" "Mozilla/5.0 (Linux; Android 7.0;) AppleWebKit/537.36 (KHTML, like Gecko) Mobile Safari/537.36 (compatible; PetalBot;+https://webmaster.petalsearch.com/site/petalbot)" 190 **0/190167**
114.119.151.146 - - [21/Feb/2026:07:55:01 -0700] "GET /jak-gra%C4%87-na-automacie-jammin-jars-2-online/ HTTP/1.1" 200 9160 "-" "Mozilla/5.0 (Linux; Android 7.0;) AppleWebKit/537.36 (KHTML, like Gecko) Mobile Safari/537.36 (compatible; PetalBot;+https://webmaster.petalsearch.com/site/petalbot)" 534 **0/534629**
114.119.142.93 - - [21/Feb/2026:07:56:20 -0700] "GET /jak-bezpiecznie-gra%C4%87-w-kasynach-online-wolf-gold/ HTTP/1.1" 200 9123 "https://ftscreations.com/jak-bezpiecznie-gra%C4%87-w-kasynach-online-wolf-gold/" "Mozilla/5.0 (Linux; Android 7.0;) AppleWebKit/537.36 (KHTML, like Gecko) Mobile Safari/537.36 (compatible; PetalBot;+https://webmaster.petalsearch.com/site/petalbot)" 283 **0/283341**
114.119.159.62 - - [21/Feb/2026:07:57:40 -0700] "GET /jackpoty-i-bonusy-w-immersive-roulette/ HTTP/1.1" 200 9202 "https://ftscreations.com/jackpoty-i-bonusy-w-immersive-roulette/" "Mozilla/5.0 (Linux; Android 7.0;) AppleWebKit/537.36 (KHTML, like Gecko) Mobile Safari/537.36 (compatible; PetalBot;+https://webmaster.petalsearch.com/site/petalbot)" 273 **0/273292**
114.119.159.62 - - [21/Feb/2026:07:59:03 -0700] "GET /introduction-to-winspirit-casino-where-gaming-superiority-meets/ HTTP/1.1" 200 10450 "https://ftscreations.com/darmowe-spiny-i-specjalne-funkcje-w-automacie-9-coins-grand-gold-edition/" "Mozilla/5.0 (Linux; Android 7.0;) AppleWebKit/537.36 (KHTML, like Gecko) Mobile Safari/537.36 (compatible; PetalBot;+https://webmaster.petalsearch.com/site/petalbot)" 275 **0/275422**
114.119.149.66 - - [21/Feb/2026:08:00:29 -0700] "GET /inspiracja-dla-hell-mania/ HTTP/1.1" 200 8960 "http://ftscreations.com/?p=7501" "Mozilla/5.0 (Linux; Android 7.0;) AppleWebKit/537.36 (KHTML, like Gecko) Mobile Safari/537.36 (compatible; PetalBot;+https://webmaster.petalsearch.com/site/petalbot)" 299 **0/299523**
114.119.149.66 - - [21/Feb/2026:08:01:50 -0700] "GET /inne-popularne-sloty-podobne-do-floating-dragon HTTP/1.1" 301 - "-" "Mozilla/5.0 (Linux; Android 7.0;) AppleWebKit/537.36 (KHTML, like Gecko) Mobile Safari/537.36 (compatible; PetalBot;+https://webmaster.petalsearch.com/site/petalbot)" 203 **0/203248**
114.119.149.66 - - [21/Feb/2026:08:01:53 -0700] "GET /inne-popularne-sloty-podobne-do-floating-dragon/ HTTP/1.1" 200 9037 "-" "Mozilla/5.0 (Linux; Android 7.0;) AppleWebKit/537.36 (KHTML, like Gecko) Mobile Safari/537.36 (compatible; PetalBot;+https://webmaster.petalsearch.com/site/petalbot)" 316 **0/316127**
114.119.142.93 - - [21/Feb/2026:08:03:21 -0700] "GET /indiana-bones-funkcje-gry-i-symbole/ HTTP/1.1" 200 9056 "https://ftscreations.com/indiana-bones-funkcje-gry-i-symbole/" "Mozilla/5.0 (Linux; Android 7.0;) AppleWebKit/537.36 (KHTML, like Gecko) Mobile Safari/537.36 (compatible; PetalBot;+https://webmaster.petalsearch.com/site/petalbot)" 259 **0/259854**
176.28.150.171 - - [21/Feb/2026:08:03:34 -0700] "GET /internationale-casinoplatforme-din-manual-til/ HTTP/1.1" 200 10299 "-" "Mozilla/5.0 (Windows NT 6.1; WOW64; rv:23.0) Gecko/20130406 Firefox/23.0" 260 **0/260246**
114.119.151.146 - - [21/Feb/2026:08:04:40 -0700] "GET /incinerator-za-darmo/ HTTP/1.1" 200 8982 "https://ftscreations.com/incinerator-za-darmo/" "Mozilla/5.0 (Linux; Android 7.0;) AppleWebKit/537.36 (KHTML, like Gecko) Mobile Safari/537.36 (compatible; PetalBot;+https://webmaster.petalsearch.com/site/petalbot)" 311 **0/311373**
114.119.146.15 - - [21/Feb/2026:08:06:09 -0700] "GET /ile-linii-wyp%C5%82at-ma-kasyno-lumberjack-2-slot-online HTTP/1.1" 301 - "-" "Mozilla/5.0 (Linux; Android 7.0;) AppleWebKit/537.36 (KHTML, like Gecko) Mobile Safari/537.36 (compatible; PetalBot;+https://webmaster.petalsearch.com/site/petalbot)" 188 **0/188918**
114.119.146.15 - - [21/Feb/2026:08:06:10 -0700] "GET /ile-linii-wyp%C5%82at-ma-kasyno-lumberjack-2-slot-online/ HTTP/1.1" 200 9272 "-" "Mozilla/5.0 (Linux; Android 7.0;) AppleWebKit/537.36 (KHTML, like Gecko) Mobile Safari/537.36 (compatible; PetalBot;+https://webmaster.petalsearch.com/site/petalbot)" 332 **0/332528**
