114.119.149.66 - - [21/Feb/2026:11:29:24 -0700] "GET /progresywny-jackpot-zosta%C5%82-zast%C4%85piony-statycznym-book-of-oz/ HTTP/1.1" 200 9115 "https://ftscreations.com/progresywny-jackpot-zosta%C5%82-zast%C4%85piony-statycznym-book-of-oz" "Mozilla/5.0 (Linux; Android 7.0;) AppleWebKit/537.36 (KHTML, like Gecko) Mobile Safari/537.36 (compatible; PetalBot;+https://webmaster.petalsearch.com/site/petalbot)" 302 **0/302410**
114.119.146.15 - - [21/Feb/2026:11:30:53 -0700] "GET /pine-of-plinko-spadaj%C4%85cy HTTP/1.1" 301 - "https://ftscreations.com/pine-of-plinko-spadaj%C4%85cy" "Mozilla/5.0 (Linux; Android 7.0;) AppleWebKit/537.36 (KHTML, like Gecko) Mobile Safari/537.36 (compatible; PetalBot;+https://webmaster.petalsearch.com/site/petalbot)" 226 **0/226712**
114.119.146.15 - - [21/Feb/2026:11:30:54 -0700] "GET /pine-of-plinko-spadaj%C4%85cy/ HTTP/1.1" 200 9052 "https://ftscreations.com/pine-of-plinko-spadaj%C4%85cy" "Mozilla/5.0 (Linux; Android 7.0;) AppleWebKit/537.36 (KHTML, like Gecko) Mobile Safari/537.36 (compatible; PetalBot;+https://webmaster.petalsearch.com/site/petalbot)" 267 **0/267817**
114.119.141.35 - - [21/Feb/2026:11:32:16 -0700] "GET /mega-money-symboli-i-wyp%C5%82at HTTP/1.1" 301 - "-" "Mozilla/5.0 (Linux; Android 7.0;) AppleWebKit/537.36 (KHTML, like Gecko) Mobile Safari/537.36 (compatible; PetalBot;+https://webmaster.petalsearch.com/site/petalbot)" 206 **0/206381**
114.119.141.35 - - [21/Feb/2026:11:32:17 -0700] "GET /mega-money-symboli-i-wyp%C5%82at/ HTTP/1.1" 200 9153 "-" "Mozilla/5.0 (Linux; Android 7.0;) AppleWebKit/537.36 (KHTML, like Gecko) Mobile Safari/537.36 (compatible; PetalBot;+https://webmaster.petalsearch.com/site/petalbot)" 264 **0/264226**
114.119.141.35 - - [21/Feb/2026:11:33:31 -0700] "GET /mega-fortune-stopa-wyp%C5%82aty HTTP/1.1" 301 - "-" "Mozilla/5.0 (Linux; Android 7.0;) AppleWebKit/537.36 (KHTML, like Gecko) Mobile Safari/537.36 (compatible; PetalBot;+https://webmaster.petalsearch.com/site/petalbot)" 177 **0/177252**
114.119.141.35 - - [21/Feb/2026:11:33:32 -0700] "GET /mega-fortune-stopa-wyp%C5%82aty/ HTTP/1.1" 200 9043 "-" "Mozilla/5.0 (Linux; Android 7.0;) AppleWebKit/537.36 (KHTML, like Gecko) Mobile Safari/537.36 (compatible; PetalBot;+https://webmaster.petalsearch.com/site/petalbot)" 322 **0/322363**
114.119.142.93 - - [21/Feb/2026:11:35:01 -0700] "GET /ludo-rtp-i-zmienno%C5%9B%C4%87-gier/ HTTP/1.1" 200 9174 "https://ftscreations.com/ludo-rtp-i-zmienno%C5%9B%C4%87-gier/" "Mozilla/5.0 (Linux; Android 7.0;) AppleWebKit/537.36 (KHTML, like Gecko) Mobile Safari/537.36 (compatible; PetalBot;+https://webmaster.petalsearch.com/site/petalbot)" 512 **0/512035**
47.82.11.24 - - [21/Feb/2026:11:35:20 -0700] "GET /hvordan-finne-og-plukke-trygge-casino-for-en-trygg/ HTTP/1.1" 200 9623 "https://ftscreations.com/" "Mozilla/5.0 (Windows NT 10.0; Win64; x64) AppleWebKit/537.36 (KHTML, like Gecko) Chrome/135.0.0.0 Safari/537.36" 320 **0/320467**
114.119.159.62 - - [21/Feb/2026:11:36:21 -0700] "GET /fortune-of-olympus-das-himmlische-spielerlebnis-am/ HTTP/1.1" 200 10480 "https://ftscreations.com/digger-treasure-the-supreme-mining-adventure-in/" "Mozilla/5.0 (Linux; Android 7.0;) AppleWebKit/537.36 (KHTML, like Gecko) Mobile Safari/537.36 (compatible; PetalBot;+https://webmaster.petalsearch.com/site/petalbot)" 260 **0/260429**
47.82.11.13 - - [21/Feb/2026:11:37:42 -0700] "GET /zagraj-w-avia-masters-twoj-guide-po-profesjonalnej/ HTTP/1.1" 200 10037 "https://ftscreations.com/" "Mozilla/5.0 (Windows NT 10.0; Win64; x64) AppleWebKit/537.36 (KHTML, like Gecko) Chrome/135.0.0.0 Safari/537.36 LikeWise/96.6.3505.6" 237 **0/237174**
114.119.142.93 - - [21/Feb/2026:11:37:44 -0700] "GET /testo-01 HTTP/1.1" 301 - "https://ftscreations.com/testo-01" "Mozilla/5.0 (Linux; Android 7.0;) AppleWebKit/537.36 (KHTML, like Gecko) Mobile Safari/537.36 (compatible; PetalBot;+https://webmaster.petalsearch.com/site/petalbot)" 209 **0/209459**
114.119.142.93 - - [21/Feb/2026:11:37:45 -0700] "GET /testo-01/ HTTP/1.1" 200 4966 "https://ftscreations.com/testo-01" "Mozilla/5.0 (Linux; Android 7.0;) AppleWebKit/537.36 (KHTML, like Gecko) Mobile Safari/537.36 (compatible; PetalBot;+https://webmaster.petalsearch.com/site/petalbot)" 235 **0/235391**
66.249.79.6 - - [21/Feb/2026:11:37:58 -0700] "GET /spinbara-mia-na-epoch-msa-ston-ksmo-ton-online-kazno/ HTTP/1.1" 200 9804 "-" "Mozilla/5.0 (Linux; Android 6.0.1; Nexus 5X Build/MMB29P) AppleWebKit/537.36 (KHTML, like Gecko) Chrome/144.0.7559.132 Mobile Safari/537.36 (compatible; Googlebot/2.1; +http://www.google.com/bot.html)" 251 **0/251058**
146.174.179.78 - - [21/Feb/2026:11:38:20 -0700] "GET /portfolio_single.php?t=Southern_Worthersee_2010 HTTP/1.1" 301 - "-" "Mozilla/5.0 (Windows; U; Windows NT 5.1; en-GB; rv:1.9.0.6) Gecko/2009011913 Firefox" 185 **0/185115**
146.174.188.65 - - [21/Feb/2026:11:38:21 -0700] "GET /portfolio_single.php?t=Southern_Worthersee_2010 HTTP/1.1" 404 16023 "-" "Mozilla/5.0 (Windows; U; Windows NT 5.1; en-GB; rv:1.9.0.6) Gecko/2009011913 Firefox" 206 **0/206358**
114.119.142.93 - - [21/Feb/2026:11:39:06 -0700] "GET /tajemnicza-wygrana-na-automacie-dragons-of-fortune HTTP/1.1" 301 - "-" "Mozilla/5.0 (Linux; Android 7.0;) AppleWebKit/537.36 (KHTML, like Gecko) Mobile Safari/537.36 (compatible; PetalBot;+https://webmaster.petalsearch.com/site/petalbot)" 282 **0/282445**
114.119.142.93 - - [21/Feb/2026:11:39:08 -0700] "GET /tajemnicza-wygrana-na-automacie-dragons-of-fortune/ HTTP/1.1" 200 9119 "-" "Mozilla/5.0 (Linux; Android 7.0;) AppleWebKit/537.36 (KHTML, like Gecko) Mobile Safari/537.36 (compatible; PetalBot;+https://webmaster.petalsearch.com/site/petalbot)" 281 **0/281800**
114.119.146.15 - - [21/Feb/2026:11:40:29 -0700] "GET /symbole-rozproszone-na-diamond-strike HTTP/1.1" 301 - "-" "Mozilla/5.0 (Linux; Android 7.0;) AppleWebKit/537.36 (KHTML, like Gecko) Mobile Safari/537.36 (compatible; PetalBot;+https://webmaster.petalsearch.com/site/petalbot)" 181 **0/181235**
114.119.146.15 - - [21/Feb/2026:11:40:31 -0700] "GET /symbole-rozproszone-na-diamond-strike/ HTTP/1.1" 200 9279 "-" "Mozilla/5.0 (Linux; Android 7.0;) AppleWebKit/537.36 (KHTML, like Gecko) Mobile Safari/537.36 (compatible; PetalBot;+https://webmaster.petalsearch.com/site/petalbot)" 265 **0/265247**
114.119.129.175 - - [21/Feb/2026:11:41:59 -0700] "GET /sweet-bonanza-xmas-maks-wygra%C4%87 HTTP/1.1" 301 - "https://ftscreations.com/sweet-bonanza-xmas-maks-wygra%C4%87" "Mozilla/5.0 (Linux; Android 7.0;) AppleWebKit/537.36 (KHTML, like Gecko) Mobile Safari/537.36 (compatible; PetalBot;+https://webmaster.petalsearch.com/site/petalbot)" 173 **0/173263**
114.119.129.175 - - [21/Feb/2026:11:42:00 -0700] "GET /sweet-bonanza-xmas-maks-wygra%C4%87/ HTTP/1.1" 200 9198 "https://ftscreations.com/sweet-bonanza-xmas-maks-wygra%C4%87" "Mozilla/5.0 (Linux; Android 7.0;) AppleWebKit/537.36 (KHTML, like Gecko) Mobile Safari/537.36 (compatible; PetalBot;+https://webmaster.petalsearch.com/site/petalbot)" 332 **0/332280**
114.119.149.66 - - [21/Feb/2026:11:43:26 -0700] "GET /strategie-dla-royal-secrets HTTP/1.1" 301 - "https://ftscreations.com/strategie-dla-royal-secrets" "Mozilla/5.0 (Linux; Android 7.0;) AppleWebKit/537.36 (KHTML, like Gecko) Mobile Safari/537.36 (compatible; PetalBot;+https://webmaster.petalsearch.com/site/petalbot)" 179 **0/179593**
114.119.149.66 - - [21/Feb/2026:11:43:27 -0700] "GET /strategie-dla-royal-secrets/ HTTP/1.1" 200 9115 "https://ftscreations.com/strategie-dla-royal-secrets" "Mozilla/5.0 (Linux; Android 7.0;) AppleWebKit/537.36 (KHTML, like Gecko) Mobile Safari/537.36 (compatible; PetalBot;+https://webmaster.petalsearch.com/site/petalbot)" 323 **0/323152**
114.119.136.249 - - [21/Feb/2026:11:44:43 -0700] "GET /spin-dimension-una-tua-destinazione-finale-per-il/ HTTP/1.1" 200 10701 "https://ftscreations.com/shiny-wilds-votre-plateforme-de-choix-pour-les/" "Mozilla/5.0 (Linux; Android 7.0;) AppleWebKit/537.36 (KHTML, like Gecko) Mobile Safari/537.36 (compatible; PetalBot;+https://webmaster.petalsearch.com/site/petalbot)" 302 **0/302041**
47.82.11.32 - - [21/Feb/2026:11:45:15 -0700] "GET /rodeo-slots-the-place-where-frontier-adventure/ HTTP/1.1" 200 10515 "https://ftscreations.com/" "Mozilla/5.0 (Macintosh; Intel Mac OS X 10_15_7) AppleWebKit/537.36 (KHTML, like Gecko) Chrome/135.0.0.0 Safari/537.36" 273 **0/273099**
114.119.141.35 - - [21/Feb/2026:11:46:09 -0700] "GET /royale-lounge-uw-destinatie-voor-eersteklas-online/ HTTP/1.1" 200 10105 "https://ftscreations.com/spinrollz-gaming-spielbank-dein-individuelles/" "Mozilla/5.0 (Linux; Android 7.0;) AppleWebKit/537.36 (KHTML, like Gecko) Mobile Safari/537.36 (compatible; PetalBot;+https://webmaster.petalsearch.com/site/petalbot)" 279 **0/279708**
114.119.142.93 - - [21/Feb/2026:11:47:34 -0700] "GET /rise-of-olypmus-mno%C5%BCniki-500x/ HTTP/1.1" 200 8952 "https://ftscreations.com/rise-of-olypmus-mno%C5%BCniki-500x" "Mozilla/5.0 (Linux; Android 7.0;) AppleWebKit/537.36 (KHTML, like Gecko) Mobile Safari/537.36 (compatible; PetalBot;+https://webmaster.petalsearch.com/site/petalbot)" 288 **0/288779**
114.119.136.249 - - [21/Feb/2026:11:48:55 -0700] "GET /przegl%C4%85d-kasyn-online-oferuj%C4%85cych-cake-and-ice-cream HTTP/1.1" 301 - "-" "Mozilla/5.0 (Linux; Android 7.0;) AppleWebKit/537.36 (KHTML, like Gecko) Mobile Safari/537.36 (compatible; PetalBot;+https://webmaster.petalsearch.com/site/petalbot)" 194 **0/194342**
114.119.136.249 - - [21/Feb/2026:11:48:57 -0700] "GET /przegl%C4%85d-kasyn-online-oferuj%C4%85cych-cake-and-ice-cream/ HTTP/1.1" 200 9041 "-" "Mozilla/5.0 (Linux; Android 7.0;) AppleWebKit/537.36 (KHTML, like Gecko) Mobile Safari/537.36 (compatible; PetalBot;+https://webmaster.petalsearch.com/site/petalbot)" 341 **0/341603**
114.119.141.35 - - [21/Feb/2026:11:50:15 -0700] "GET /mobilny-automat-do-gier-big-wild-buffalo/ HTTP/1.1" 200 9182 "http://ftscreations.com/?p=7179" "Mozilla/5.0 (Linux; Android 7.0;) AppleWebKit/537.36 (KHTML, like Gecko) Mobile Safari/537.36 (compatible; PetalBot;+https://webmaster.petalsearch.com/site/petalbot)" 296 **0/296383**
114.119.149.66 - - [21/Feb/2026:11:52:47 -0700] "GET /metaphor-elethera-ap-epaltheyse-exantletiks-odegs/ HTTP/1.1" 200 11765 "https://ftscreations.com/blog/page/23/" "Mozilla/5.0 (Linux; Android 7.0;) AppleWebKit/537.36 (KHTML, like Gecko) Mobile Safari/537.36 (compatible; PetalBot;+https://webmaster.petalsearch.com/site/petalbot)" 3698 **3/3698045**
114.119.151.146 - - [21/Feb/2026:11:53:25 -0700] "GET /mega-fire-blaze-blackjack-live-dodatkowe-funkcje-w-grze/ HTTP/1.1" 200 9250 "https://ftscreations.com/mega-fire-blaze-blackjack-live-dodatkowe-funkcje-w-grze/" "Mozilla/5.0 (Linux; Android 7.0;) AppleWebKit/537.36 (KHTML, like Gecko) Mobile Safari/537.36 (compatible; PetalBot;+https://webmaster.petalsearch.com/site/petalbot)" 2814 **2/2814505**
114.119.136.249 - - [21/Feb/2026:11:54:27 -0700] "GET /mega-fire-blaze-big-circus-gra-za-darmo HTTP/1.1" 301 - "https://ftscreations.com/mega-fire-blaze-big-circus-gra-za-darmo" "Mozilla/5.0 (Linux; Android 7.0;) AppleWebKit/537.36 (KHTML, like Gecko) Mobile Safari/537.36 (compatible; PetalBot;+https://webmaster.petalsearch.com/site/petalbot)" 163 **0/163469**
114.119.136.249 - - [21/Feb/2026:11:54:28 -0700] "GET /mega-fire-blaze-big-circus-gra-za-darmo/ HTTP/1.1" 200 9322 "https://ftscreations.com/mega-fire-blaze-big-circus-gra-za-darmo" "Mozilla/5.0 (Linux; Android 7.0;) AppleWebKit/537.36 (KHTML, like Gecko) Mobile Safari/537.36 (compatible; PetalBot;+https://webmaster.petalsearch.com/site/petalbot)" 261 **0/261056**
114.119.151.146 - - [21/Feb/2026:11:55:48 -0700] "GET /lucky-lightning-test-2024/ HTTP/1.1" 200 9173 "https://ftscreations.com/lucky-lightning-test-2024" "Mozilla/5.0 (Linux; Android 7.0;) AppleWebKit/537.36 (KHTML, like Gecko) Mobile Safari/537.36 (compatible; PetalBot;+https://webmaster.petalsearch.com/site/petalbot)" 281 **0/281438**
114.119.159.62 - - [21/Feb/2026:11:57:13 -0700] "GET /legalne-kasyna-online-z-jammin-jars/ HTTP/1.1" 200 9445 "https://ftscreations.com/legalne-kasyna-online-z-jammin-jars" "Mozilla/5.0 (Linux; Android 7.0;) AppleWebKit/537.36 (KHTML, like Gecko) Mobile Safari/537.36 (compatible; PetalBot;+https://webmaster.petalsearch.com/site/petalbot)" 511 **0/511691**
114.119.129.175 - - [21/Feb/2026:11:58:38 -0700] "GET /jak-gra%C4%87-w-wild-piranha-automaty/ HTTP/1.1" 200 9019 "https://ftscreations.com/jak-gra%C4%87-w-wild-piranha-automaty/" "Mozilla/5.0 (Linux; Android 7.0;) AppleWebKit/537.36 (KHTML, like Gecko) Mobile Safari/537.36 (compatible; PetalBot;+https://webmaster.petalsearch.com/site/petalbot)" 283 **0/283746**
114.119.136.249 - - [21/Feb/2026:11:59:59 -0700] "GET /wirtualne-gry-automatowe-i-jackpoty-sticky-diamonds HTTP/1.1" 301 - "https://ftscreations.com/wirtualne-gry-automatowe-i-jackpoty-sticky-diamonds" "Mozilla/5.0 (Linux; Android 7.0;) AppleWebKit/537.36 (KHTML, like Gecko) Mobile Safari/537.36 (compatible; PetalBot;+https://webmaster.petalsearch.com/site/petalbot)" 175 **0/175674**
114.119.136.249 - - [21/Feb/2026:12:00:00 -0700] "GET /wirtualne-gry-automatowe-i-jackpoty-sticky-diamonds/ HTTP/1.1" 200 9021 "https://ftscreations.com/wirtualne-gry-automatowe-i-jackpoty-sticky-diamonds" "Mozilla/5.0 (Linux; Android 7.0;) AppleWebKit/537.36 (KHTML, like Gecko) Mobile Safari/537.36 (compatible; PetalBot;+https://webmaster.petalsearch.com/site/petalbot)" 316 **0/316977**
114.119.129.175 - - [21/Feb/2026:12:01:27 -0700] "GET /recenzja-przeprowadzona-przez-naszych-ekspert%C3%B3w-na-rise-of-atlantis HTTP/1.1" 301 - "-" "Mozilla/5.0 (Linux; Android 7.0;) AppleWebKit/537.36 (KHTML, like Gecko) Mobile Safari/537.36 (compatible; PetalBot;+https://webmaster.petalsearch.com/site/petalbot)" 173 **0/173521**
114.119.129.175 - - [21/Feb/2026:12:01:28 -0700] "GET /recenzja-przeprowadzona-przez-naszych-ekspert%C3%B3w-na-rise-of-atlantis/ HTTP/1.1" 200 9170 "-" "Mozilla/5.0 (Linux; Android 7.0;) AppleWebKit/537.36 (KHTML, like Gecko) Mobile Safari/537.36 (compatible; PetalBot;+https://webmaster.petalsearch.com/site/petalbot)" 284 **0/284076**
114.119.151.146 - - [21/Feb/2026:12:02:54 -0700] "GET /premia-crystal-ball/ HTTP/1.1" 200 9190 "https://ftscreations.com/premia-crystal-ball/" "Mozilla/5.0 (Linux; Android 7.0;) AppleWebKit/537.36 (KHTML, like Gecko) Mobile Safari/537.36 (compatible; PetalBot;+https://webmaster.petalsearch.com/site/petalbot)" 383 **0/383543**
114.119.159.62 - - [21/Feb/2026:12:04:10 -0700] "GET /power-of-thor-megaways-klaster-p%C5%82aci-i-wysokie-wyp%C5%82aty HTTP/1.1" 301 - "-" "Mozilla/5.0 (Linux; Android 7.0;) AppleWebKit/537.36 (KHTML, like Gecko) Mobile Safari/537.36 (compatible; PetalBot;+https://webmaster.petalsearch.com/site/petalbot)" 192 **0/192580**
114.119.159.62 - - [21/Feb/2026:12:04:12 -0700] "GET /power-of-thor-megaways-klaster-p%C5%82aci-i-wysokie-wyp%C5%82aty/ HTTP/1.1" 200 9041 "-" "Mozilla/5.0 (Linux; Android 7.0;) AppleWebKit/537.36 (KHTML, like Gecko) Mobile Safari/537.36 (compatible; PetalBot;+https://webmaster.petalsearch.com/site/petalbot)" 392 **0/392938**
114.119.159.62 - - [21/Feb/2026:12:05:42 -0700] "GET /najlepsze-kasyna-na-prawdziwe-pieni%C4%85dze-dla-piggy-bank-bills HTTP/1.1" 301 - "-" "Mozilla/5.0 (Linux; Android 7.0;) AppleWebKit/537.36 (KHTML, like Gecko) Mobile Safari/537.36 (compatible; PetalBot;+https://webmaster.petalsearch.com/site/petalbot)" 213 **0/213071**
114.119.159.62 - - [21/Feb/2026:12:05:43 -0700] "GET /najlepsze-kasyna-na-prawdziwe-pieni%C4%85dze-dla-piggy-bank-bills/ HTTP/1.1" 200 8969 "-" "Mozilla/5.0 (Linux; Android 7.0;) AppleWebKit/537.36 (KHTML, like Gecko) Mobile Safari/537.36 (compatible; PetalBot;+https://webmaster.petalsearch.com/site/petalbot)" 358 **0/358290**
114.119.142.93 - - [21/Feb/2026:12:06:58 -0700] "GET /logo2/ HTTP/1.1" 200 4984 "https://ftscreations.com/banner" "Mozilla/5.0 (Linux; Android 7.0;) AppleWebKit/537.36 (KHTML, like Gecko) Mobile Safari/537.36 (compatible; PetalBot;+https://webmaster.petalsearch.com/site/petalbot)" 327 **0/327669**
217.15.167.142 - - [21/Feb/2026:12:07:57 -0700] "GET /wp-login.php HTTP/1.1" 200 1826 "-" "Mozilla/5.0 (WordPress CMS Scanner)" 642 **0/642900**
114.119.129.175 - - [21/Feb/2026:12:08:20 -0700] "GET /korzy%C5%9Bci-z-darmowych-spin%C3%B3w-na-fishin-frenzy-even-bigger-catch/ HTTP/1.1" 200 9219 "https://ftscreations.com/korzy%C5%9Bci-z-darmowych-spin%C3%B3w-na-fishin-frenzy-even-bigger-catch" "Mozilla/5.0 (Linux; Android 7.0;) AppleWebKit/537.36 (KHTML, like Gecko) Mobile Safari/537.36 (compatible; PetalBot;+https://webmaster.petalsearch.com/site/petalbot)" 312 **0/312467**
114.119.142.93 - - [21/Feb/2026:12:09:52 -0700] "GET /jak-gra%C4%87-na-automatach-fear-the-dark HTTP/1.1" 301 - "-" "Mozilla/5.0 (Linux; Android 7.0;) AppleWebKit/537.36 (KHTML, like Gecko) Mobile Safari/537.36 (compatible; PetalBot;+https://webmaster.petalsearch.com/site/petalbot)" 186 **0/186769**
114.119.142.93 - - [21/Feb/2026:12:09:54 -0700] "GET /jak-gra%C4%87-na-automatach-fear-the-dark/ HTTP/1.1" 200 9308 "-" "Mozilla/5.0 (Linux; Android 7.0;) AppleWebKit/537.36 (KHTML, like Gecko) Mobile Safari/537.36 (compatible; PetalBot;+https://webmaster.petalsearch.com/site/petalbot)" 310 **0/310267**
114.119.129.175 - - [21/Feb/2026:12:11:13 -0700] "GET /jak-gra%C4%87-amazing-link-zeus-w-kasynie/ HTTP/1.1" 200 9445 "https://ftscreations.com/blog/page/55/" "Mozilla/5.0 (Linux; Android 7.0;) AppleWebKit/537.36 (KHTML, like Gecko) Mobile Safari/537.36 (compatible; PetalBot;+https://webmaster.petalsearch.com/site/petalbot)" 262 **0/262209**
114.119.149.66 - - [21/Feb/2026:12:12:43 -0700] "GET /hiperbonus-w-automacie-sonia-monry-el-planeda-de-la-gemas/ HTTP/1.1" 200 9585 "https://ftscreations.com/hiperbonus-w-automacie-sonia-monry-el-planeda-de-la-gemas/" "Mozilla/5.0 (Linux; Android 7.0;) AppleWebKit/537.36 (KHTML, like Gecko) Mobile Safari/537.36 (compatible; PetalBot;+https://webmaster.petalsearch.com/site/petalbot)" 306 **0/306245**
114.119.151.146 - - [21/Feb/2026:12:13:56 -0700] "GET /heliopopolis-automat%C3%B3w-z-motywem-greckim/ HTTP/1.1" 200 9059 "https://ftscreations.com/heliopopolis-automat%C3%B3w-z-motywem-greckim" "Mozilla/5.0 (Linux; Android 7.0;) AppleWebKit/537.36 (KHTML, like Gecko) Mobile Safari/537.36 (compatible; PetalBot;+https://webmaster.petalsearch.com/site/petalbot)" 339 **0/339175**
207.46.13.229 - - [21/Feb/2026:12:14:46 -0700] "GET /robots.txt HTTP/2.0" 200 132 "-" "Mozilla/5.0 AppleWebKit/537.36 (KHTML, like Gecko; compatible; bingbot/2.0; +http://www.bing.com/bingbot.htm) Chrome/116.0.1938.76 Safari/537.36" 8 **0/8344**
207.46.13.229 - - [21/Feb/2026:12:14:46 -0700] "GET /robots.txt HTTP/2.0" 200 132 "-" "Mozilla/5.0 AppleWebKit/537.36 (KHTML, like Gecko; compatible; bingbot/2.0; +http://www.bing.com/bingbot.htm) Chrome/116.0.1938.76 Safari/537.36" 14 **0/14462**
207.46.13.154 - - [21/Feb/2026:12:14:50 -0700] "GET /sitemap_index.xml HTTP/2.0" 301 1 "-" "Mozilla/5.0 AppleWebKit/537.36 (KHTML, like Gecko; compatible; bingbot/2.0; +http://www.bing.com/bingbot.htm) Chrome/116.0.1938.76 Safari/537.36" 224 **0/224813**
157.55.39.49 - - [21/Feb/2026:12:15:00 -0700] "GET /sitemap_index.xml HTTP/2.0" 404 3604 "-" "Mozilla/5.0 AppleWebKit/537.36 (KHTML, like Gecko; compatible; bingbot/2.0; +http://www.bing.com/bingbot.htm) Chrome/116.0.1938.76 Safari/537.36" 296 **0/296276**
43.173.174.246 - - [21/Feb/2026:12:15:25 -0700] "GET /?p=13786 HTTP/1.1" 301 - "-" "Mozilla/5.0 (Windows NT 10.0; Win64; x64) AppleWebKit/537.36 (KHTML, like Gecko) Chrome/109.0.0.0 Safari/537.36" 177 **0/177026**
43.173.174.246 - - [21/Feb/2026:12:15:26 -0700] "GET /browinner-uma-plataforma-de-jogos-que-redefine-a/ HTTP/1.1" 200 10402 "https://ftscreations.com/?p=13786" "Mozilla/5.0 (Windows NT 10.0; Win64; x64) AppleWebKit/537.36 (KHTML, like Gecko) Chrome/109.0.0.0 Safari/537.36" 256 **0/256653**
43.173.176.163 - - [21/Feb/2026:12:15:26 -0700] "GET /?p=5589 HTTP/1.1" 301 - "http://ftscreations.com/?p=5589" "Mozilla/5.0 (Windows NT 10.0; Win64; x64) AppleWebKit/537.36 (KHTML, like Gecko) Chrome/120.0.0.0 Safari/537.36" 180 **0/180591**
43.173.176.163 - - [21/Feb/2026:12:15:26 -0700] "GET /burning-sun-online/ HTTP/1.1" 200 9057 "https://ftscreations.com/?p=5589" "Mozilla/5.0 (Windows NT 10.0; Win64; x64) AppleWebKit/537.36 (KHTML, like Gecko) Chrome/120.0.0.0 Safari/537.36" 357 **0/357085**
114.119.136.249 - - [21/Feb/2026:12:15:27 -0700] "GET /gry-kasynowe-online-na-rosh-immortality-cube-megaways HTTP/1.1" 301 - "-" "Mozilla/5.0 (Linux; Android 7.0;) AppleWebKit/537.36 (KHTML, like Gecko) Mobile Safari/537.36 (compatible; PetalBot;+https://webmaster.petalsearch.com/site/petalbot)" 226 **0/226339**
114.119.136.249 - - [21/Feb/2026:12:15:28 -0700] "GET /gry-kasynowe-online-na-rosh-immortality-cube-megaways/ HTTP/1.1" 200 9262 "-" "Mozilla/5.0 (Linux; Android 7.0;) AppleWebKit/537.36 (KHTML, like Gecko) Mobile Safari/537.36 (compatible; PetalBot;+https://webmaster.petalsearch.com/site/petalbot)" 271 **0/271272**
43.173.179.76 - - [21/Feb/2026:12:15:29 -0700] "POST / HTTP/1.1" 204 - "https://ftscreations.com/?p=13786" "Mozilla/5.0 (Windows NT 10.0; Win64; x64) AppleWebKit/537.36 (KHTML, like Gecko) Chrome/109.0.0.0 Safari/537.36" 188 **0/188941**
43.173.178.45 - - [21/Feb/2026:12:15:33 -0700] "POST / HTTP/1.1" 204 - "http://ftscreations.com/" "Mozilla/5.0 (Windows NT 10.0; Win64; x64) AppleWebKit/537.36 (KHTML, like Gecko) Chrome/120.0.0.0 Safari/537.36" 191 **0/191742**
43.173.177.35 - - [21/Feb/2026:12:15:43 -0700] "GET /book-of-dead-the-ultimate-ancient-egypt-slot/ HTTP/1.1" 200 10446 "-" "Mozilla/5.0 (Windows NT 10.0; Win64; x64) AppleWebKit/537.36 (KHTML, like Gecko) Chrome/110.0.0.0 Safari/537.36" 595 **0/595995**
43.173.181.131 - - [21/Feb/2026:12:15:43 -0700] "GET /burning-sun-online/ HTTP/1.1" 200 9059 "-" "Mozilla/5.0 (Windows NT 10.0; Win64; x64) AppleWebKit/537.36 (KHTML, like Gecko) Chrome/120.0.0.0 Safari/537.36" 630 **0/630592**
43.173.181.115 - - [21/Feb/2026:12:15:46 -0700] "POST / HTTP/1.1" 204 - "https://ftscreations.com/book-of-dead-the-ultimate-ancient-egypt-slot/" "Mozilla/5.0 (Windows NT 10.0; Win64; x64) AppleWebKit/537.36 (KHTML, like Gecko) Chrome/110.0.0.0 Safari/537.36" 188 **0/188463**
43.173.175.147 - - [21/Feb/2026:12:15:50 -0700] "POST / HTTP/1.1" 204 - "https://ftscreations.com/burning-sun-online/" "Mozilla/5.0 (Windows NT 10.0; Win64; x64) AppleWebKit/537.36 (KHTML, like Gecko) Chrome/120.0.0.0 Safari/537.36" 200 **0/200568**
114.119.159.62 - - [21/Feb/2026:12:16:50 -0700] "GET /gry-hazardowe-w-queen-of-hearts-deluxe/ HTTP/1.1" 200 8797 "https://ftscreations.com/blog/page/31/" "Mozilla/5.0 (Linux; Android 7.0;) AppleWebKit/537.36 (KHTML, like Gecko) Mobile Safari/537.36 (compatible; PetalBot;+https://webmaster.petalsearch.com/site/petalbot)" 607 **0/607897**
114.119.146.15 - - [21/Feb/2026:12:18:07 -0700] "GET /grim-the-splitter-dream-drop-mno%C5%BCniki-do-1000x HTTP/1.1" 301 - "https://ftscreations.com/grim-the-splitter-dream-drop-mno%C5%BCniki-do-1000x" "Mozilla/5.0 (Linux; Android 7.0;) AppleWebKit/537.36 (KHTML, like Gecko) Mobile Safari/537.36 (compatible; PetalBot;+https://webmaster.petalsearch.com/site/petalbot)" 219 **0/219306**
114.119.146.15 - - [21/Feb/2026:12:18:08 -0700] "GET /grim-the-splitter-dream-drop-mno%C5%BCniki-do-1000x/ HTTP/1.1" 200 9234 "https://ftscreations.com/grim-the-splitter-dream-drop-mno%C5%BCniki-do-1000x" "Mozilla/5.0 (Linux; Android 7.0;) AppleWebKit/537.36 (KHTML, like Gecko) Mobile Safari/537.36 (compatible; PetalBot;+https://webmaster.petalsearch.com/site/petalbot)" 304 **0/304908**
43.173.175.168 - - [21/Feb/2026:12:18:35 -0700] "GET /?p=3325 HTTP/1.1" 301 - "-" "Mozilla/5.0 (Windows NT 10.0; Win64; x64) AppleWebKit/537.36 (KHTML, like Gecko) Chrome/108.0.0.0 Safari/537.36" 253 **0/253136**
43.173.181.191 - - [21/Feb/2026:12:18:36 -0700] "GET /?p=13533 HTTP/1.1" 301 - "-" "Mozilla/5.0 (Windows NT 10.0; Win64; x64) AppleWebKit/537.36 (KHTML, like Gecko) Chrome/108.0.0.0 Safari/537.36" 359 **0/359565**
43.173.173.160 - - [21/Feb/2026:12:18:36 -0700] "GET /?p=5360 HTTP/1.1" 301 - "http://ftscreations.com/?p=5360" "Mozilla/5.0 (Windows NT 10.0; Win64; x64) AppleWebKit/537.36 (KHTML, like Gecko) Chrome/116.0.0.0 Safari/537.36" 687 **0/687316**
43.173.180.190 - - [21/Feb/2026:12:18:36 -0700] "GET /?p=2512 HTTP/1.1" 301 - "-" "Mozilla/5.0 (Windows NT 10.0; Win64; x64) AppleWebKit/537.36 (KHTML, like Gecko) Chrome/117.0.0.0 Safari/537.36" 1039 **1/1039371**
43.173.175.168 - - [21/Feb/2026:12:18:36 -0700] "GET /bonusy-w-grze-crystal-ball/ HTTP/1.1" 200 9149 "https://ftscreations.com/?p=3325" "Mozilla/5.0 (Windows NT 10.0; Win64; x64) AppleWebKit/537.36 (KHTML, like Gecko) Chrome/108.0.0.0 Safari/537.36" 1201 **1/1201051**
43.173.174.40 - - [21/Feb/2026:12:18:36 -0700] "GET /?p=2685 HTTP/1.1" 301 - "-" "Mozilla/5.0 (Windows NT 10.0; Win64; x64) AppleWebKit/537.36 (KHTML, like Gecko) Chrome/109.0.0.0 Safari/537.36" 1183 **1/1183506**
43.173.177.220 - - [21/Feb/2026:12:18:36 -0700] "GET /?p=13784 HTTP/1.1" 301 - "-" "Mozilla/5.0 (Windows NT 10.0; Win64; x64) AppleWebKit/537.36 (KHTML, like Gecko) Chrome/104.0.5112.81 Safari/537.36" 838 **0/838618**
43.173.181.191 - - [21/Feb/2026:12:18:36 -0700] "GET /casinojoy-er-destination-for-akta-spelunderhllning/ HTTP/1.1" 200 9963 "https://ftscreations.com/?p=13533" "Mozilla/5.0 (Windows NT 10.0; Win64; x64) AppleWebKit/537.36 (KHTML, like Gecko) Chrome/108.0.0.0 Safari/537.36" 1513 **1/1513572**
43.173.173.160 - - [21/Feb/2026:12:18:37 -0700] "GET /eagle-gold-funkcja-kaskady-i-mno%C5%BCniki/ HTTP/1.1" 200 9265 "https://ftscreations.com/?p=5360" "Mozilla/5.0 (Windows NT 10.0; Win64; x64) AppleWebKit/537.36 (KHTML, like Gecko) Chrome/116.0.0.0 Safari/537.36" 1431 **1/1431026**
43.173.180.190 - - [21/Feb/2026:12:18:37 -0700] "GET /jak-gra%C4%87-w-age-of-gladiators-na-prawdziwe-pieni%C4%85dze/ HTTP/1.1" 200 9042 "https://ftscreations.com/?p=2512" "Mozilla/5.0 (Windows NT 10.0; Win64; x64) AppleWebKit/537.36 (KHTML, like Gecko) Chrome/117.0.0.0 Safari/537.36" 944 **0/944457**
43.173.177.220 - - [21/Feb/2026:12:18:37 -0700] "GET /blackjack-ballroom-casino-je-trefpunt-voor-oprecht/ HTTP/1.1" 200 10928 "https://ftscreations.com/?p=13784" "Mozilla/5.0 (Windows NT 10.0; Win64; x64) AppleWebKit/537.36 (KHTML, like Gecko) Chrome/104.0.5112.81 Safari/537.36" 811 **0/811438**
43.173.174.40 - - [21/Feb/2026:12:18:37 -0700] "GET /valley-of-the-gods-zagraj-w-lottolandzie/ HTTP/1.1" 200 8286 "https://ftscreations.com/?p=2685" "Mozilla/5.0 (Windows NT 10.0; Win64; x64) AppleWebKit/537.36 (KHTML, like Gecko) Chrome/109.0.0.0 Safari/537.36" 919 **0/919828**
43.173.172.246 - - [21/Feb/2026:12:18:41 -0700] "POST / HTTP/1.1" 204 - "https://ftscreations.com/?p=13533" "Mozilla/5.0 (Windows NT 10.0; Win64; x64) AppleWebKit/537.36 (KHTML, like Gecko) Chrome/108.0.0.0 Safari/537.36" 223 **0/223629**
43.173.174.131 - - [21/Feb/2026:12:18:43 -0700] "POST / HTTP/1.1" 204 - "https://ftscreations.com/?p=3325" "Mozilla/5.0 (Windows NT 10.0; Win64; x64) AppleWebKit/537.36 (KHTML, like Gecko) Chrome/108.0.0.0 Safari/537.36" 211 **0/211614**
43.173.172.249 - - [21/Feb/2026:12:18:43 -0700] "POST / HTTP/1.1" 204 - "https://ftscreations.com/?p=2512" "Mozilla/5.0 (Windows NT 10.0; Win64; x64) AppleWebKit/537.36 (KHTML, like Gecko) Chrome/117.0.0.0 Safari/537.36" 202 **0/202342**
43.173.174.44 - - [21/Feb/2026:12:18:44 -0700] "POST / HTTP/1.1" 204 - "https://ftscreations.com/?p=13784" "Mozilla/5.0 (Windows NT 10.0; Win64; x64) AppleWebKit/537.36 (KHTML, like Gecko) Chrome/104.0.5112.81 Safari/537.36" 181 **0/181830**
43.173.174.195 - - [21/Feb/2026:12:18:45 -0700] "POST / HTTP/1.1" 204 - "http://ftscreations.com/" "Mozilla/5.0 (Windows NT 10.0; Win64; x64) AppleWebKit/537.36 (KHTML, like Gecko) Chrome/116.0.0.0 Safari/537.36" 215 **0/215591**
43.173.176.53 - - [21/Feb/2026:12:18:46 -0700] "POST / HTTP/1.1" 204 - "https://ftscreations.com/?p=2685" "Mozilla/5.0 (Windows NT 10.0; Win64; x64) AppleWebKit/537.36 (KHTML, like Gecko) Chrome/109.0.0.0 Safari/537.36" 190 **0/190751**
157.55.39.49 - - [21/Feb/2026:12:18:50 -0700] "GET /przegl%C4%85d-automat%C3%B3w-benji-killed-in-vegas/ HTTP/2.0" 200 8521 "-" "Mozilla/5.0 AppleWebKit/537.36 (KHTML, like Gecko; compatible; bingbot/2.0; +http://www.bing.com/bingbot.htm) Chrome/116.0.1938.76 Safari/537.36" 447 **0/447602**
114.119.149.66 - - [21/Feb/2026:12:19:30 -0700] "GET /gonzo-s-adventure-the-revolutionary-avalanche/ HTTP/1.1" 200 10316 "https://ftscreations.com/mega-fire-blaze-roulette-innovative-gaming/" "Mozilla/5.0 (Linux; Android 7.0;) AppleWebKit/537.36 (KHTML, like Gecko) Mobile Safari/537.36 (compatible; PetalBot;+https://webmaster.petalsearch.com/site/petalbot)" 294 **0/294550**
43.173.174.94 - - [21/Feb/2026:12:20:04 -0700] "GET /eagle-gold-funkcja-kaskady-i-mno%C5%BCniki/ HTTP/1.1" 200 9263 "-" "Mozilla/5.0 (Windows NT 10.0; Win64; x64) AppleWebKit/537.36 (KHTML, like Gecko) Chrome/133.0.0.0 Safari/537.36" 228 **0/228385**
43.163.23.96 - - [21/Feb/2026:12:20:08 -0700] "POST / HTTP/1.1" 204 - "https://ftscreations.com/eagle-gold-funkcja-kaskady-i-mno%C5%BCniki/" "Mozilla/5.0 (Windows NT 10.0; Win64; x64) AppleWebKit/537.36 (KHTML, like Gecko) Chrome/133.0.0.0 Safari/537.36" 173 **0/173864**
114.119.149.66 - - [21/Feb/2026:12:20:53 -0700] "GET /fruit-party-2-darmowe-gry-automatowe/ HTTP/1.1" 200 9375 "https://ftscreations.com/fruit-party-2-darmowe-gry-automatowe/" "Mozilla/5.0 (Linux; Android 7.0;) AppleWebKit/537.36 (KHTML, like Gecko) Mobile Safari/537.36 (compatible; PetalBot;+https://webmaster.petalsearch.com/site/petalbot)" 514 **0/514365**
114.119.149.66 - - [21/Feb/2026:12:22:18 -0700] "GET /fortune-house-online-w-trybie-demo-bez-rejestracji/ HTTP/1.1" 200 9594 "https://ftscreations.com/fortune-house-online-w-trybie-demo-bez-rejestracji" "Mozilla/5.0 (Linux; Android 7.0;) AppleWebKit/537.36 (KHTML, like Gecko) Mobile Safari/537.36 (compatible; PetalBot;+https://webmaster.petalsearch.com/site/petalbot)" 322 **0/322322**
43.173.178.149 - - [21/Feb/2026:12:22:29 -0700] "GET /?p=13579 HTTP/1.1" 301 - "-" "Mozilla/5.0 (Windows NT 10.0; Win64; x64) AppleWebKit/537.36 (KHTML, like Gecko) Chrome/117.0.0.0 Safari/537.36" 269 **0/269726**
43.173.178.149 - - [21/Feb/2026:12:22:30 -0700] "GET /ijsvissen-spelletje-het-ultieme-arcade-ervaring/ HTTP/1.1" 200 10694 "https://ftscreations.com/?p=13579" "Mozilla/5.0 (Windows NT 10.0; Win64; x64) AppleWebKit/537.36 (KHTML, like Gecko) Chrome/117.0.0.0 Safari/537.36" 358 **0/358002**
43.173.176.65 - - [21/Feb/2026:12:22:34 -0700] "POST / HTTP/1.1" 204 - "https://ftscreations.com/?p=13579" "Mozilla/5.0 (Windows NT 10.0; Win64; x64) AppleWebKit/537.36 (KHTML, like Gecko) Chrome/117.0.0.0 Safari/537.36" 203 **0/203969**
114.119.159.62 - - [21/Feb/2026:12:23:43 -0700] "GET /fishin-frenzy-even-bigger-catch-rtp-i-zmienno%C5%9B%C4%87-gier/ HTTP/1.1" 200 8981 "https://ftscreations.com/fishin-frenzy-even-bigger-catch-rtp-i-zmienno%C5%9B%C4%87-gier/" "Mozilla/5.0 (Linux; Android 7.0;) AppleWebKit/537.36 (KHTML, like Gecko) Mobile Safari/537.36 (compatible; PetalBot;+https://webmaster.petalsearch.com/site/petalbot)" 591 **0/591838**
114.119.136.249 - - [21/Feb/2026:12:25:05 -0700] "GET /eastern-emeralds-strategia-i-zasady-gry/ HTTP/1.1" 200 8933 "https://ftscreations.com/eastern-emeralds-strategia-i-zasady-gry/" "Mozilla/5.0 (Linux; Android 7.0;) AppleWebKit/537.36 (KHTML, like Gecko) Mobile Safari/537.36 (compatible; PetalBot;+https://webmaster.petalsearch.com/site/petalbot)" 312 **0/312554**
114.119.142.93 - - [21/Feb/2026:12:26:29 -0700] "GET /dragons-fire-darmowe-spiny-ze-sta%C5%82ymi-mno%C5%BCnikami/ HTTP/1.1" 200 9024 "https://ftscreations.com/dragons-fire-darmowe-spiny-ze-sta%C5%82ymi-mno%C5%BCnikami" "Mozilla/5.0 (Linux; Android 7.0;) AppleWebKit/537.36 (KHTML, like Gecko) Mobile Safari/537.36 (compatible; PetalBot;+https://webmaster.petalsearch.com/site/petalbot)" 371 **0/371340**
72.167.58.252 - - [21/Feb/2026:12:27:51 -0700] "POST /wp-cron.php?doing_wp_cron=1771702071.5714669227600097656250 HTTP/1.1" 200 - "https://ftscreations.com/wp-cron.php?doing_wp_cron=1771702071.5714669227600097656250" "WordPress/5.4.18; https://ftscreations.com" 193 **0/193281**
114.119.136.249 - - [21/Feb/2026:12:27:51 -0700] "GET /dragon-lair-wygrana HTTP/1.1" 301 - "-" "Mozilla/5.0 (Linux; Android 7.0;) AppleWebKit/537.36 (KHTML, like Gecko) Mobile Safari/537.36 (compatible; PetalBot;+https://webmaster.petalsearch.com/site/petalbot)" 412 **0/412843**
114.119.136.249 - - [21/Feb/2026:12:27:52 -0700] "GET /dragon-lair-wygrana/ HTTP/1.1" 200 9357 "-" "Mozilla/5.0 (Linux; Android 7.0;) AppleWebKit/537.36 (KHTML, like Gecko) Mobile Safari/537.36 (compatible; PetalBot;+https://webmaster.petalsearch.com/site/petalbot)" 311 **0/311706**
114.119.159.62 - - [21/Feb/2026:12:29:14 -0700] "GET /dragon-jackpot-roulette-bitcoina/ HTTP/1.1" 200 8772 "https://ftscreations.com/dragon-jackpot-roulette-bitcoina/" "Mozilla/5.0 (Linux; Android 7.0;) AppleWebKit/537.36 (KHTML, like Gecko) Mobile Safari/537.36 (compatible; PetalBot;+https://webmaster.petalsearch.com/site/petalbot)" 316 **0/316136**
47.128.122.127 - - [21/Feb/2026:12:29:53 -0700] "GET /robots.txt HTTP/2.0" 200 153 "-" "Go-http-client/2.0" 10 **0/10356**
114.119.129.175 - - [21/Feb/2026:12:30:39 -0700] "GET /double-diamond-tryb-bonusowy-i-darmowe-spiny/ HTTP/1.1" 200 9197 "https://ftscreations.com/double-diamond-tryb-bonusowy-i-darmowe-spiny/" "Mozilla/5.0 (Linux; Android 7.0;) AppleWebKit/537.36 (KHTML, like Gecko) Mobile Safari/537.36 (compatible; PetalBot;+https://webmaster.petalsearch.com/site/petalbot)" 355 **0/355861**
114.119.151.146 - - [21/Feb/2026:12:32:02 -0700] "GET /diamond-link-mighty-elephant-mno%C5%BCnik-zak%C5%82adu/ HTTP/1.1" 200 9336 "https://ftscreations.com/diamond-link-mighty-elephant-mno%C5%BCnik-zak%C5%82adu" "Mozilla/5.0 (Linux; Android 7.0;) AppleWebKit/537.36 (KHTML, like Gecko) Mobile Safari/537.36 (compatible; PetalBot;+https://webmaster.petalsearch.com/site/petalbot)" 284 **0/284560**
114.119.149.66 - - [21/Feb/2026:12:33:26 -0700] "GET /diamond-explosion-7s-system-p%C5%82atno%C5%9Bci-p%C5%82a%C4%87-wsz%C4%99dzie HTTP/1.1" 301 - "-" "Mozilla/5.0 (Linux; Android 7.0;) AppleWebKit/537.36 (KHTML, like Gecko) Mobile Safari/537.36 (compatible; PetalBot;+https://webmaster.petalsearch.com/site/petalbot)" 175 **0/175735**
114.119.149.66 - - [21/Feb/2026:12:33:27 -0700] "GET /diamond-explosion-7s-system-p%C5%82atno%C5%9Bci-p%C5%82a%C4%87-wsz%C4%99dzie/ HTTP/1.1" 200 9317 "-" "Mozilla/5.0 (Linux; Android 7.0;) AppleWebKit/537.36 (KHTML, like Gecko) Mobile Safari/537.36 (compatible; PetalBot;+https://webmaster.petalsearch.com/site/petalbot)" 422 **0/422329**
72.167.58.252 - - [21/Feb/2026:12:33:57 -0700] "POST /newvsi/wp-cron.php?doing_wp_cron=1771702437.1839139461517333984375 HTTP/1.1" 200 - "-" "WordPress/6.6.4; https://ftscreations.com/newvsi" 17 **0/17655**
47.128.122.119 - - [21/Feb/2026:12:33:55 -0700] "GET /newvsi/learn/ HTTP/2.0" 500 923 "-" "Mozilla/5.0 (Linux; Android 5.0) AppleWebKit/537.36 (KHTML, like Gecko) Mobile Safari/537.36 (compatible; TikTokSpider; ttspider-feedback@tiktok.com)" 1333 **1/1333897**
114.119.149.66 - - [21/Feb/2026:12:34:52 -0700] "GET /deuces-wild-przegl%C4%85d-automat%C3%B3w-do-gier/ HTTP/1.1" 200 9316 "https://ftscreations.com/deuces-wild-przegl%C4%85d-automat%C3%B3w-do-gier" "Mozilla/5.0 (Linux; Android 7.0;) AppleWebKit/537.36 (KHTML, like Gecko) Mobile Safari/537.36 (compatible; PetalBot;+https://webmaster.petalsearch.com/site/petalbot)" 324 **0/324382**
114.119.129.175 - - [21/Feb/2026:12:36:16 -0700] "GET /dazzle-me-bezpo%C5%9Bredni-zakup-darmowych-spin%C3%B3w-w-grze HTTP/1.1" 301 - "-" "Mozilla/5.0 (Linux; Android 7.0;) AppleWebKit/537.36 (KHTML, like Gecko) Mobile Safari/537.36 (compatible; PetalBot;+https://webmaster.petalsearch.com/site/petalbot)" 219 **0/219629**
114.119.129.175 - - [21/Feb/2026:12:36:17 -0700] "GET /dazzle-me-bezpo%C5%9Bredni-zakup-darmowych-spin%C3%B3w-w-grze/ HTTP/1.1" 200 8900 "-" "Mozilla/5.0 (Linux; Android 7.0;) AppleWebKit/537.36 (KHTML, like Gecko) Mobile Safari/537.36 (compatible; PetalBot;+https://webmaster.petalsearch.com/site/petalbot)" 303 **0/303908**
47.82.11.58 - - [21/Feb/2026:12:36:55 -0700] "GET /bunny-path-this-hidden-design-system-within/ HTTP/1.1" 200 10178 "https://ftscreations.com/" "Mozilla/5.0 (Windows NT 10.0; Win64; x64) AppleWebKit/537.36 (KHTML, like Gecko) Chrome/100.0.4896.127 Safari/537.36" 264 **0/264513**
114.119.136.249 - - [21/Feb/2026:12:37:36 -0700] "GET /darmowe-spiny-w-grze-witcher-cave HTTP/1.1" 301 - "-" "Mozilla/5.0 (Linux; Android 7.0;) AppleWebKit/537.36 (KHTML, like Gecko) Mobile Safari/537.36 (compatible; PetalBot;+https://webmaster.petalsearch.com/site/petalbot)" 214 **0/214064**
114.119.136.249 - - [21/Feb/2026:12:37:37 -0700] "GET /darmowe-spiny-w-grze-witcher-cave/ HTTP/1.1" 200 9019 "-" "Mozilla/5.0 (Linux; Android 7.0;) AppleWebKit/537.36 (KHTML, like Gecko) Mobile Safari/537.36 (compatible; PetalBot;+https://webmaster.petalsearch.com/site/petalbot)" 358 **0/358783**
114.119.146.15 - - [21/Feb/2026:12:39:09 -0700] "GET /darmowe-spiny-i-symbole-bonusowe-w-leovegas-mines/ HTTP/1.1" 200 9091 "https://ftscreations.com/darmowe-spiny-i-symbole-bonusowe-w-leovegas-mines" "Mozilla/5.0 (Linux; Android 7.0;) AppleWebKit/537.36 (KHTML, like Gecko) Mobile Safari/537.36 (compatible; PetalBot;+https://webmaster.petalsearch.com/site/petalbot)" 327 **0/327134**
114.119.136.249 - - [21/Feb/2026:12:40:25 -0700] "GET /darmowe-spiny-i-specjalne-funkcje-w-automacie-the-stash/ HTTP/1.1" 200 9069 "https://ftscreations.com/darmowe-spiny-i-specjalne-funkcje-w-automacie-the-stash" "Mozilla/5.0 (Linux; Android 7.0;) AppleWebKit/537.36 (KHTML, like Gecko) Mobile Safari/537.36 (compatible; PetalBot;+https://webmaster.petalsearch.com/site/petalbot)" 262 **0/262235**
114.119.159.62 - - [21/Feb/2026:12:41:49 -0700] "GET /darmowe-spiny-i-specjalne-funkcje-w-automacie-mustang-gold HTTP/1.1" 301 - "-" "Mozilla/5.0 (Linux; Android 7.0;) AppleWebKit/537.36 (KHTML, like Gecko) Mobile Safari/537.36 (compatible; PetalBot;+https://webmaster.petalsearch.com/site/petalbot)" 179 **0/179081**
114.119.159.62 - - [21/Feb/2026:12:41:51 -0700] "GET /darmowe-spiny-i-specjalne-funkcje-w-automacie-mustang-gold/ HTTP/1.1" 200 9326 "-" "Mozilla/5.0 (Linux; Android 7.0;) AppleWebKit/537.36 (KHTML, like Gecko) Mobile Safari/537.36 (compatible; PetalBot;+https://webmaster.petalsearch.com/site/petalbot)" 302 **0/302919**
114.119.142.93 - - [21/Feb/2026:12:43:11 -0700] "GET /darmowe-spiny-i-bonusy-bez-depozytu-w-crazy-time/ HTTP/1.1" 200 8766 "https://ftscreations.com/darmowe-spiny-i-bonusy-bez-depozytu-w-crazy-time" "Mozilla/5.0 (Linux; Android 7.0;) AppleWebKit/537.36 (KHTML, like Gecko) Mobile Safari/537.36 (compatible; PetalBot;+https://webmaster.petalsearch.com/site/petalbot)" 310 **0/310115**
114.119.146.15 - - [21/Feb/2026:12:44:40 -0700] "GET /darmowe-obroty-w-pharaohs-fortune HTTP/1.1" 301 - "-" "Mozilla/5.0 (Linux; Android 7.0;) AppleWebKit/537.36 (KHTML, like Gecko) Mobile Safari/537.36 (compatible; PetalBot;+https://webmaster.petalsearch.com/site/petalbot)" 173 **0/173269**
114.119.146.15 - - [21/Feb/2026:12:44:43 -0700] "GET /darmowe-obroty-w-pharaohs-fortune/ HTTP/1.1" 200 8911 "-" "Mozilla/5.0 (Linux; Android 7.0;) AppleWebKit/537.36 (KHTML, like Gecko) Mobile Safari/537.36 (compatible; PetalBot;+https://webmaster.petalsearch.com/site/petalbot)" 274 **0/274347**
114.119.142.93 - - [21/Feb/2026:12:46:02 -0700] "GET /darmowa-gra-nightmare-squad/ HTTP/1.1" 200 9475 "https://ftscreations.com/darmowa-gra-nightmare-squad/" "Mozilla/5.0 (Linux; Android 7.0;) AppleWebKit/537.36 (KHTML, like Gecko) Mobile Safari/537.36 (compatible; PetalBot;+https://webmaster.petalsearch.com/site/petalbot)" 269 **0/269113**
114.119.146.15 - - [21/Feb/2026:12:47:24 -0700] "GET /danger-high-voltage-maksymalny-potencja%C5%82-wygranej/ HTTP/1.1" 200 9464 "https://ftscreations.com/danger-high-voltage-maksymalny-potencja%C5%82-wygranej/" "Mozilla/5.0 (Linux; Android 7.0;) AppleWebKit/537.36 (KHTML, like Gecko) Mobile Safari/537.36 (compatible; PetalBot;+https://webmaster.petalsearch.com/site/petalbot)" 306 **0/306849**
114.119.159.62 - - [21/Feb/2026:12:48:49 -0700] "GET /dancing-bones-teoretyczny-zwrot-maszyny/ HTTP/1.1" 200 9144 "https://ftscreations.com/dancing-bones-teoretyczny-zwrot-maszyny/" "Mozilla/5.0 (Linux; Android 7.0;) AppleWebKit/537.36 (KHTML, like Gecko) Mobile Safari/537.36 (compatible; PetalBot;+https://webmaster.petalsearch.com/site/petalbot)" 383 **0/383911**
114.119.159.62 - - [21/Feb/2026:12:50:12 -0700] "GET /czy-mog%C4%99-wypr%C3%B3bowa%C4%87-gr%C4%99-book-of-gold-2-double-hit-za-darmo-zanim-postawi%C4%99-prawdziwe-pieni%C4%85dze/ HTTP/1.1" 200 9475 "https://ftscreations.com/czy-mog%C4%99-wypr%C3%B3bowa%C4%87-gr%C4%99-book-of-gold-2-double-hit-za-darmo-zanim-postawi%C4%99-prawdziwe-pieni%C4%85dze/" "Mozilla/5.0 (Linux; Android 7.0;) AppleWebKit/537.36 (KHTML, like Gecko) Mobile Safari/537.36 (compatible; PetalBot;+https://webmaster.petalsearch.com/site/petalbot)" 308 **0/308165**
3.226.34.98 - - [21/Feb/2026:12:50:41 -0700] "GET /robots.txt HTTP/1.1" 200 153 "-" "Mozilla/5.0 AppleWebKit/537.36 (KHTML, like Gecko; compatible; Amazonbot/0.1; +https://developer.amazon.com/support/amazonbot) Chrome/119.0.6045.214 Safari/537.36" 3 **0/3896**
50.16.248.61 - - [21/Feb/2026:12:50:46 -0700] "GET / HTTP/1.1" 403 10326 "-" "Mozilla/5.0 AppleWebKit/537.36 (KHTML, like Gecko; compatible; Amazonbot/0.1; +https://developer.amazon.com/support/amazonbot) Chrome/119.0.6045.214 Safari/537.36" 4 **0/4991**
114.119.129.175 - - [21/Feb/2026:12:51:33 -0700] "GET /cz%C4%99sto-zadawane-pytania-o-gr%C4%99-vigorous-knights/ HTTP/1.1" 200 9195 "https://ftscreations.com/cz%C4%99sto-zadawane-pytania-o-gr%C4%99-vigorous-knights/" "Mozilla/5.0 (Linux; Android 7.0;) AppleWebKit/537.36 (KHTML, like Gecko) Mobile Safari/537.36 (compatible; PetalBot;+https://webmaster.petalsearch.com/site/petalbot)" 264 **0/264034**
52.21.238.185 - - [21/Feb/2026:12:52:09 -0700] "HEAD / HTTP/1.1" 200 - "-" "Mozilla/5.0 AppleWebKit/605.1.15 (KHTML, like Gecko) Chrome/139.0.0.0 Safari/605.1.15" 217 **0/217023**
114.119.151.146 - - [21/Feb/2026:12:52:56 -0700] "GET /cz%C4%99sto-zadawane-pytania-o-gr%C4%99-soul-of-nature/ HTTP/1.1" 200 9191 "http://ftscreations.com/?p=7567" "Mozilla/5.0 (Linux; Android 7.0;) AppleWebKit/537.36 (KHTML, like Gecko) Mobile Safari/537.36 (compatible; PetalBot;+https://webmaster.petalsearch.com/site/petalbot)" 267 **0/267535**
114.119.159.62 - - [21/Feb/2026:12:54:20 -0700] "GET /crazy-wolf-mno%C5%BCnik-od-2x-do-500x HTTP/1.1" 301 - "https://ftscreations.com/crazy-wolf-mno%C5%BCnik-od-2x-do-500x" "Mozilla/5.0 (Linux; Android 7.0;) AppleWebKit/537.36 (KHTML, like Gecko) Mobile Safari/537.36 (compatible; PetalBot;+https://webmaster.petalsearch.com/site/petalbot)" 186 **0/186298**
114.119.159.62 - - [21/Feb/2026:12:54:21 -0700] "GET /crazy-wolf-mno%C5%BCnik-od-2x-do-500x/ HTTP/1.1" 200 9088 "https://ftscreations.com/crazy-wolf-mno%C5%BCnik-od-2x-do-500x" "Mozilla/5.0 (Linux; Android 7.0;) AppleWebKit/537.36 (KHTML, like Gecko) Mobile Safari/537.36 (compatible; PetalBot;+https://webmaster.petalsearch.com/site/petalbot)" 284 **0/284121**
181.233.87.58 - - [21/Feb/2026:12:55:02 -0700] "GET /mega-fire-blaze-roulette-innovative-gaming/ HTTP/1.1" 200 10135 "-" "Mozilla/5.0 (X11; U; Linux i686 (x86_64); en-GB; rv:1.9.2.17) Gecko/20110420 Firefox/3.6.17" 326 **0/326586**
114.119.151.146 - - [21/Feb/2026:12:55:55 -0700] "GET /coin-dozer-mno%C5%BCniki-500x/ HTTP/1.1" 200 9143 "http://ftscreations.com/?p=9381" "Mozilla/5.0 (Linux; Android 7.0;) AppleWebKit/537.36 (KHTML, like Gecko) Mobile Safari/537.36 (compatible; PetalBot;+https://webmaster.petalsearch.com/site/petalbot)" 273 **0/273573**
114.119.136.249 - - [21/Feb/2026:12:57:11 -0700] "GET /co-jest-wyj%C4%85tkowego-w-g%C5%82%C3%B3wnym-slocie-persian-fortune HTTP/1.1" 301 - "https://ftscreations.com/co-jest-wyj%C4%85tkowego-w-g%C5%82%C3%B3wnym-slocie-persian-fortune" "Mozilla/5.0 (Linux; Android 7.0;) AppleWebKit/537.36 (KHTML, like Gecko) Mobile Safari/537.36 (compatible; PetalBot;+https://webmaster.petalsearch.com/site/petalbot)" 193 **0/193279**
114.119.136.249 - - [21/Feb/2026:12:57:13 -0700] "GET /co-jest-wyj%C4%85tkowego-w-g%C5%82%C3%B3wnym-slocie-persian-fortune/ HTTP/1.1" 200 9220 "https://ftscreations.com/co-jest-wyj%C4%85tkowego-w-g%C5%82%C3%B3wnym-slocie-persian-fortune" "Mozilla/5.0 (Linux; Android 7.0;) AppleWebKit/537.36 (KHTML, like Gecko) Mobile Safari/537.36 (compatible; PetalBot;+https://webmaster.petalsearch.com/site/petalbot)" 274 **0/274507**
49.51.73.183 - - [21/Feb/2026:12:57:14 -0700] "GET / HTTP/1.1" 301 - "http://www.ftscreations.com" "Mozilla/5.0 (iPhone; CPU iPhone OS 13_2_3 like Mac OS X) AppleWebKit/605.1.15 (KHTML, like Gecko) Version/13.0.3 Mobile/15E148 Safari/604.1" 176 **0/176518**
49.51.73.183 - - [21/Feb/2026:12:57:15 -0700] "GET / HTTP/1.1" 200 4544 "https://www.ftscreations.com/" "Mozilla/5.0 (iPhone; CPU iPhone OS 13_2_3 like Mac OS X) AppleWebKit/605.1.15 (KHTML, like Gecko) Version/13.0.3 Mobile/15E148 Safari/604.1" 243 **0/243155**
114.119.141.35 - - [21/Feb/2026:12:58:35 -0700] "GET /clover-gems-gra-kasynowa-online-kompatybilna-ze-wszystkimi-urz%C4%85dzeniami-mobilnymi/ HTTP/1.1" 200 9659 "https://ftscreations.com/clover-gems-gra-kasynowa-online-kompatybilna-ze-wszystkimi-urz%C4%85dzeniami-mobilnymi/" "Mozilla/5.0 (Linux; Android 7.0;) AppleWebKit/537.36 (KHTML, like Gecko) Mobile Safari/537.36 (compatible; PetalBot;+https://webmaster.petalsearch.com/site/petalbot)" 275 **0/275871**
130.254.112.55 - - [21/Feb/2026:12:58:59 -0700] "GET /contact/ HTTP/1.1" 200 4241 "-" "Mozilla/5.0 (X11; Linux i686) AppleWebKit/537.36 (KHTML, like Gecko) Chrome/114.0.0.0 Safari/537.36 Vivaldi/5.3.2679.68" 180 **0/180141**
130.254.112.55 - - [21/Feb/2026:12:59:01 -0700] "POST /wp-content/themes/photographer-wp/send-mail.php HTTP/1.1" 200 10 "https://ftscreations.com/contact/" "Mozilla/5.0 (X11; Linux i686) AppleWebKit/537.36 (KHTML, like Gecko) Chrome/114.0.0.0 Safari/537.36 Vivaldi/5.3.2679.68" 2375 **2/2375456**
114.119.142.93 - - [21/Feb/2026:12:59:54 -0700] "GET /cleopatra-bez-rejestracji/ HTTP/1.1" 200 8516 "https://ftscreations.com/cleopatra-bez-rejestracji" "Mozilla/5.0 (Linux; Android 7.0;) AppleWebKit/537.36 (KHTML, like Gecko) Mobile Safari/537.36 (compatible; PetalBot;+https://webmaster.petalsearch.com/site/petalbot)" 304 **0/304008**
114.119.159.62 - - [21/Feb/2026:13:01:19 -0700] "GET /circus-launch-symbole-slot%C3%B3w-wed%C5%82ug-ich-warto%C5%9Bci HTTP/1.1" 301 - "https://ftscreations.com/circus-launch-symbole-slot%C3%B3w-wed%C5%82ug-ich-warto%C5%9Bci" "Mozilla/5.0 (Linux; Android 7.0;) AppleWebKit/537.36 (KHTML, like Gecko) Mobile Safari/537.36 (compatible; PetalBot;+https://webmaster.petalsearch.com/site/petalbot)" 157 **0/157824**
114.119.159.62 - - [21/Feb/2026:13:01:21 -0700] "GET /circus-launch-symbole-slot%C3%B3w-wed%C5%82ug-ich-warto%C5%9Bci/ HTTP/1.1" 200 9086 "https://ftscreations.com/circus-launch-symbole-slot%C3%B3w-wed%C5%82ug-ich-warto%C5%9Bci" "Mozilla/5.0 (Linux; Android 7.0;) AppleWebKit/537.36 (KHTML, like Gecko) Mobile Safari/537.36 (compatible; PetalBot;+https://webmaster.petalsearch.com/site/petalbot)" 273 **0/273791**
114.119.136.249 - - [21/Feb/2026:13:02:44 -0700] "GET /circus-launch-automaty-w-kasynie-online/ HTTP/1.1" 200 9071 "https://ftscreations.com/circus-launch-automaty-w-kasynie-online" "Mozilla/5.0 (Linux; Android 7.0;) AppleWebKit/537.36 (KHTML, like Gecko) Mobile Safari/537.36 (compatible; PetalBot;+https://webmaster.petalsearch.com/site/petalbot)" 308 **0/308405**
114.119.129.175 - - [21/Feb/2026:13:04:10 -0700] "GET /chicken-road-dieses-kultklassiker-fur-authentische/ HTTP/1.1" 200 10553 "https://ftscreations.com/blog/page/16" "Mozilla/5.0 (Linux; Android 7.0;) AppleWebKit/537.36 (KHTML, like Gecko) Mobile Safari/537.36 (compatible; PetalBot;+https://webmaster.petalsearch.com/site/petalbot)" 311 **0/311293**
114.119.146.15 - - [21/Feb/2026:13:05:30 -0700] "GET /cechy-rowk%C3%B3w-gold-star/ HTTP/1.1" 200 9022 "https://ftscreations.com/cechy-rowk%C3%B3w-gold-star/" "Mozilla/5.0 (Linux; Android 7.0;) AppleWebKit/537.36 (KHTML, like Gecko) Mobile Safari/537.36 (compatible; PetalBot;+https://webmaster.petalsearch.com/site/petalbot)" 299 **0/299568**
37.27.106.115 - - [21/Feb/2026:13:06:02 -0700] "POST /xmlrpc.php HTTP/1.1" 200 6777 "-" "Mozilla/5.0 (X11; Linux i686) AppleWebKit/537.36 (KHTML, like Gecko) Chrome/114.0.0.0 Safari/537.36 Vivaldi/5.3.2679.68" 244 **0/244337**
37.27.106.115 - - [21/Feb/2026:13:06:05 -0700] "POST /xmlrpc.php HTTP/1.1" 200 180 "-" "Mozilla/5.0 (X11; Linux i686) AppleWebKit/537.36 (KHTML, like Gecko) Chrome/114.0.0.0 Safari/537.36 Vivaldi/5.3.2679.68" 295 **0/295188**
72.167.58.252 - - [21/Feb/2026:13:06:06 -0700] "POST /wp-cron.php?doing_wp_cron=1771704366.6601729393005371093750 HTTP/1.1" 200 - "https://ftscreations.com/wp-cron.php?doing_wp_cron=1771704366.6601729393005371093750" "WordPress/5.4.18; https://ftscreations.com" 374 **0/374676**
37.27.106.115 - - [21/Feb/2026:13:06:06 -0700] "POST /xmlrpc.php HTTP/1.1" 200 9776 "-" "Mozilla/5.0 (X11; Linux i686) AppleWebKit/537.36 (KHTML, like Gecko) Chrome/114.0.0.0 Safari/537.36 Vivaldi/5.3.2679.68" 637 **0/637443**
37.27.106.115 - - [21/Feb/2026:13:06:08 -0700] "POST /xmlrpc.php HTTP/1.1" 200 180 "-" "Mozilla/5.0 (X11; Linux i686) AppleWebKit/537.36 (KHTML, like Gecko) Chrome/114.0.0.0 Safari/537.36 Vivaldi/5.3.2679.68" 280 **0/280013**
72.167.58.252 - - [21/Feb/2026:13:06:09 -0700] "POST /wp-cron.php?doing_wp_cron=1771704369.7856290340423583984375 HTTP/1.1" 200 - "https://ftscreations.com/wp-cron.php?doing_wp_cron=1771704369.7856290340423583984375" "WordPress/5.4.18; https://ftscreations.com" 323 **0/323810**
