157.55.39.16 - - [22/Feb/2026:01:12:00 -0700] "GET /vegazone-la-vostra-destinazione-di-gioco-online/ HTTP/2.0" 200 10246 "-" "Mozilla/5.0 AppleWebKit/537.36 (KHTML, like Gecko; compatible; bingbot/2.0; +http://www.bing.com/bingbot.htm) Chrome/116.0.1938.76 Safari/537.36" 3871 **3/3871609**
114.119.129.175 - - [22/Feb/2026:01:12:41 -0700] "GET /strategie-wygrywania-w-grach-hazardowych-gold-rush-cash-collect-w-wirtualnych-kasynach/ HTTP/1.1" 200 9184 "http://ftscreations.com/?p=9786" "Mozilla/5.0 (Linux; Android 7.0;) AppleWebKit/537.36 (KHTML, like Gecko) Mobile Safari/537.36 (compatible; PetalBot;+https://webmaster.petalsearch.com/site/petalbot)" 1940 **1/1940282**
43.173.179.136 - - [22/Feb/2026:01:12:58 -0700] "GET /?p=3501 HTTP/1.1" 301 - "-" "Mozilla/5.0 (Windows NT 10.0; Win64; x64) AppleWebKit/537.36 (KHTML, like Gecko) Chrome/117.0.0.0 Safari/537.36" 2639 **2/2639242**
43.173.179.136 - - [22/Feb/2026:01:13:01 -0700] "GET /mr-greens-bank-vault-minimalna-stawka-i-maksymalna-pr%C4%99dko%C5%9B%C4%87/ HTTP/1.1" 200 9413 "https://ftscreations.com/?p=3501" "Mozilla/5.0 (Windows NT 10.0; Win64; x64) AppleWebKit/537.36 (KHTML, like Gecko) Chrome/117.0.0.0 Safari/537.36" 5010 **5/5010346**
43.173.177.22 - - [22/Feb/2026:01:13:13 -0700] "POST / HTTP/1.1" 204 - "https://ftscreations.com/?p=3501" "Mozilla/5.0 (Windows NT 10.0; Win64; x64) AppleWebKit/537.36 (KHTML, like Gecko) Chrome/117.0.0.0 Safari/537.36" 3387 **3/3387500**
114.119.149.66 - - [22/Feb/2026:01:14:04 -0700] "GET /strategie-wygrywania-w-3-lucky-leprechauns HTTP/1.1" 301 - "https://ftscreations.com/strategie-wygrywania-w-3-lucky-leprechauns" "Mozilla/5.0 (Linux; Android 7.0;) AppleWebKit/537.36 (KHTML, like Gecko) Mobile Safari/537.36 (compatible; PetalBot;+https://webmaster.petalsearch.com/site/petalbot)" 3398 **3/3398892**
47.82.11.97 - - [22/Feb/2026:01:14:03 -0700] "GET /rabbit-route-het-ultieme-gids-voor-intelligent/ HTTP/1.1" 200 9664 "https://ftscreations.com/" "Mozilla/5.0 (Macintosh; Intel Mac OS X 10.15; rv:137.0) Gecko/20100101 Firefox/137.0" 5312 **5/5312981**
114.119.149.66 - - [22/Feb/2026:01:14:08 -0700] "GET /strategie-wygrywania-w-3-lucky-leprechauns/ HTTP/1.1" 200 9059 "https://ftscreations.com/strategie-wygrywania-w-3-lucky-leprechauns" "Mozilla/5.0 (Linux; Android 7.0;) AppleWebKit/537.36 (KHTML, like Gecko) Mobile Safari/537.36 (compatible; PetalBot;+https://webmaster.petalsearch.com/site/petalbot)" 5458 **5/5458842**
114.119.129.175 - - [22/Feb/2026:01:15:28 -0700] "GET /strategie-wygrywania-na-pierino-al-mare/ HTTP/1.1" 200 9099 "https://ftscreations.com/strategie-wygrywania-na-pierino-al-mare/" "Mozilla/5.0 (Linux; Android 7.0;) AppleWebKit/537.36 (KHTML, like Gecko) Mobile Safari/537.36 (compatible; PetalBot;+https://webmaster.petalsearch.com/site/petalbot)" 4134 **4/4134078**
43.173.178.110 - - [22/Feb/2026:01:16:02 -0700] "GET /?p=13561 HTTP/1.1" 301 - "-" "Mozilla/5.0 (Windows NT 10.0; Win64; x64) AppleWebKit/537.36 (KHTML, like Gecko) Chrome/131.0.0.0 Safari/537.36" 2475 **2/2475630**
43.173.178.110 - - [22/Feb/2026:01:16:04 -0700] "GET /acebet-eure-oberste-adresse-bezuglich/ HTTP/1.1" 200 10971 "https://ftscreations.com/?p=13561" "Mozilla/5.0 (Windows NT 10.0; Win64; x64) AppleWebKit/537.36 (KHTML, like Gecko) Chrome/131.0.0.0 Safari/537.36" 4211 **4/4211118**
43.173.179.15 - - [22/Feb/2026:01:16:17 -0700] "POST / HTTP/1.1" 204 - "https://ftscreations.com/?p=13561" "Mozilla/5.0 (Windows NT 10.0; Win64; x64) AppleWebKit/537.36 (KHTML, like Gecko) Chrome/131.0.0.0 Safari/537.36" 3406 **3/3406112**
114.119.151.146 - - [22/Feb/2026:01:16:52 -0700] "GET /strategie-aby-wygra%C4%87-w-bonus-joker-2/ HTTP/1.1" 200 9273 "http://ftscreations.com/?p=7169" "Mozilla/5.0 (Linux; Android 7.0;) AppleWebKit/537.36 (KHTML, like Gecko) Mobile Safari/537.36 (compatible; PetalBot;+https://webmaster.petalsearch.com/site/petalbot)" 7412 **7/7412662**
114.119.146.15 - - [22/Feb/2026:01:18:24 -0700] "GET /strategia-gry-777-slots/ HTTP/1.1" 200 8969 "https://ftscreations.com/strategia-gry-777-slots" "Mozilla/5.0 (Linux; Android 7.0;) AppleWebKit/537.36 (KHTML, like Gecko) Mobile Safari/537.36 (compatible; PetalBot;+https://webmaster.petalsearch.com/site/petalbot)" 4499 **4/4499785**
146.174.173.127 - - [22/Feb/2026:01:18:38 -0700] "GET /plinko-das-wohl-legendarste-glucksspiel-in-der/ HTTP/1.1" 200 10819 "-" "Mozilla/5.0 (X11; U; Linux x86_64; en-US) AppleWebKit/535.1 (KHTML, like Gecko) Chrome/13.0.782.20 Safari/535.1" 2761 **2/2761097**
114.119.151.146 - - [22/Feb/2026:01:19:38 -0700] "GET /strategia-fruiti-xl/ HTTP/1.1" 200 9153 "https://ftscreations.com/strategia-fruiti-xl" "Mozilla/5.0 (Linux; Android 7.0;) AppleWebKit/537.36 (KHTML, like Gecko) Mobile Safari/537.36 (compatible; PetalBot;+https://webmaster.petalsearch.com/site/petalbot)" 5956 **5/5956608**
114.119.159.62 - - [22/Feb/2026:01:21:06 -0700] "GET /sticky-fruits-zwyci%C4%99ski HTTP/1.1" 301 - "-" "Mozilla/5.0 (Linux; Android 7.0;) AppleWebKit/537.36 (KHTML, like Gecko) Mobile Safari/537.36 (compatible; PetalBot;+https://webmaster.petalsearch.com/site/petalbot)" 3177 **3/3177419**
114.119.159.62 - - [22/Feb/2026:01:21:11 -0700] "GET /sticky-fruits-zwyci%C4%99ski/ HTTP/1.1" 200 9490 "-" "Mozilla/5.0 (Linux; Android 7.0;) AppleWebKit/537.36 (KHTML, like Gecko) Mobile Safari/537.36 (compatible; PetalBot;+https://webmaster.petalsearch.com/site/petalbot)" 4008 **4/4008367**
114.119.146.15 - - [22/Feb/2026:01:22:27 -0700] "GET /spin-town-runda-bonusowa-darmowych-spin%C3%B3w-z-du%C5%BC%C4%85-zmienno%C5%9Bci%C4%85/ HTTP/1.1" 200 9038 "https://ftscreations.com/spin-town-runda-bonusowa-darmowych-spin%C3%B3w-z-du%C5%BC%C4%85-zmienno%C5%9Bci%C4%85" "Mozilla/5.0 (Linux; Android 7.0;) AppleWebKit/537.36 (KHTML, like Gecko) Mobile Safari/537.36 (compatible; PetalBot;+https://webmaster.petalsearch.com/site/petalbot)" 4784 **4/4784394**
114.119.149.66 - - [22/Feb/2026:01:23:50 -0700] "GET /speakeasy-rtp-i-zmienno%C5%9B%C4%87/ HTTP/1.1" 200 9288 "https://ftscreations.com/speakeasy-rtp-i-zmienno%C5%9B%C4%87/" "Mozilla/5.0 (Linux; Android 7.0;) AppleWebKit/537.36 (KHTML, like Gecko) Mobile Safari/537.36 (compatible; PetalBot;+https://webmaster.petalsearch.com/site/petalbot)" 6188 **6/6188410**
114.119.136.249 - - [22/Feb/2026:01:25:13 -0700] "GET /solar-temple-sloty-online/ HTTP/1.1" 200 9262 "https://ftscreations.com/solar-temple-sloty-online/" "Mozilla/5.0 (Linux; Android 7.0;) AppleWebKit/537.36 (KHTML, like Gecko) Mobile Safari/537.36 (compatible; PetalBot;+https://webmaster.petalsearch.com/site/petalbot)" 498 **0/498487**
114.119.142.93 - - [22/Feb/2026:01:26:37 -0700] "GET /sizzling-eggs-mechanika-gry-i-dzia%C5%82anie/ HTTP/1.1" 200 8773 "https://ftscreations.com/sizzling-eggs-mechanika-gry-i-dzia%C5%82anie/" "Mozilla/5.0 (Linux; Android 7.0;) AppleWebKit/537.36 (KHTML, like Gecko) Mobile Safari/537.36 (compatible; PetalBot;+https://webmaster.petalsearch.com/site/petalbot)" 410 **0/410141**
114.119.149.66 - - [22/Feb/2026:01:28:08 -0700] "GET /scatter-i-darmowe-spiny-w-grze-reactoonz-2/ HTTP/1.1" 200 9147 "http://ftscreations.com/?p=7898" "Mozilla/5.0 (Linux; Android 7.0;) AppleWebKit/537.36 (KHTML, like Gecko) Mobile Safari/537.36 (compatible; PetalBot;+https://webmaster.petalsearch.com/site/petalbot)" 1366 **1/1366178**
72.167.58.252 - - [22/Feb/2026:01:28:08 -0700] "POST /wp-cron.php?doing_wp_cron=1771748888.7297210693359375000000 HTTP/1.1" 200 - "https://ftscreations.com/wp-cron.php?doing_wp_cron=1771748888.7297210693359375000000" "WordPress/5.4.18; https://ftscreations.com" 1303 **1/1303210**
114.119.159.62 - - [22/Feb/2026:01:29:32 -0700] "GET /runda-bonusowa-automatu-bison-moon HTTP/1.1" 301 - "https://ftscreations.com/runda-bonusowa-automatu-bison-moon" "Mozilla/5.0 (Linux; Android 7.0;) AppleWebKit/537.36 (KHTML, like Gecko) Mobile Safari/537.36 (compatible; PetalBot;+https://webmaster.petalsearch.com/site/petalbot)" 203 **0/203275**
114.119.159.62 - - [22/Feb/2026:01:29:34 -0700] "GET /runda-bonusowa-automatu-bison-moon/ HTTP/1.1" 200 9463 "https://ftscreations.com/runda-bonusowa-automatu-bison-moon" "Mozilla/5.0 (Linux; Android 7.0;) AppleWebKit/537.36 (KHTML, like Gecko) Mobile Safari/537.36 (compatible; PetalBot;+https://webmaster.petalsearch.com/site/petalbot)" 359 **0/359846**
114.119.149.66 - - [22/Feb/2026:01:30:47 -0700] "GET /royal-wheel-darmowa-gra-w-wersji-demo HTTP/1.1" 301 - "https://ftscreations.com/royal-wheel-darmowa-gra-w-wersji-demo" "Mozilla/5.0 (Linux; Android 7.0;) AppleWebKit/537.36 (KHTML, like Gecko) Mobile Safari/537.36 (compatible; PetalBot;+https://webmaster.petalsearch.com/site/petalbot)" 240 **0/240364**
114.119.149.66 - - [22/Feb/2026:01:30:49 -0700] "GET /royal-wheel-darmowa-gra-w-wersji-demo/ HTTP/1.1" 200 9328 "https://ftscreations.com/royal-wheel-darmowa-gra-w-wersji-demo" "Mozilla/5.0 (Linux; Android 7.0;) AppleWebKit/537.36 (KHTML, like Gecko) Mobile Safari/537.36 (compatible; PetalBot;+https://webmaster.petalsearch.com/site/petalbot)" 505 **0/505819**
114.119.159.62 - - [22/Feb/2026:01:32:13 -0700] "GET /roulette-x5-om%C3%B3wienie-gry HTTP/1.1" 301 - "https://ftscreations.com/roulette-x5-om%C3%B3wienie-gry" "Mozilla/5.0 (Linux; Android 7.0;) AppleWebKit/537.36 (KHTML, like Gecko) Mobile Safari/537.36 (compatible; PetalBot;+https://webmaster.petalsearch.com/site/petalbot)" 2727 **2/2727751**
114.119.159.62 - - [22/Feb/2026:01:32:18 -0700] "GET /roulette-x5-om%C3%B3wienie-gry/ HTTP/1.1" 200 8977 "https://ftscreations.com/roulette-x5-om%C3%B3wienie-gry" "Mozilla/5.0 (Linux; Android 7.0;) AppleWebKit/537.36 (KHTML, like Gecko) Mobile Safari/537.36 (compatible; PetalBot;+https://webmaster.petalsearch.com/site/petalbot)" 4433 **4/4433878**
114.119.149.66 - - [22/Feb/2026:01:33:35 -0700] "GET /rome-fight-for-gold-tworzenie-zwyci%C4%99skich-kombinacji HTTP/1.1" 301 - "-" "Mozilla/5.0 (Linux; Android 7.0;) AppleWebKit/537.36 (KHTML, like Gecko) Mobile Safari/537.36 (compatible; PetalBot;+https://webmaster.petalsearch.com/site/petalbot)" 3194 **3/3194268**
114.119.149.66 - - [22/Feb/2026:01:33:39 -0700] "GET /rome-fight-for-gold-tworzenie-zwyci%C4%99skich-kombinacji/ HTTP/1.1" 200 9286 "-" "Mozilla/5.0 (Linux; Android 7.0;) AppleWebKit/537.36 (KHTML, like Gecko) Mobile Safari/537.36 (compatible; PetalBot;+https://webmaster.petalsearch.com/site/petalbot)" 5273 **5/5273515**
114.119.136.249 - - [22/Feb/2026:01:35:01 -0700] "GET /roma-plus-wygrane/ HTTP/1.1" 200 9001 "https://ftscreations.com/roma-plus-wygrane" "Mozilla/5.0 (Linux; Android 7.0;) AppleWebKit/537.36 (KHTML, like Gecko) Mobile Safari/537.36 (compatible; PetalBot;+https://webmaster.petalsearch.com/site/petalbot)" 6163 **6/6163738**
114.119.151.146 - - [22/Feb/2026:01:36:26 -0700] "GET /recenzje-prawdziwych-u%C5%BCytkownik%C3%B3w-gier-pigeons-from-space HTTP/1.1" 301 - "http://ftscreations.com/?p=3518" "Mozilla/5.0 (Linux; Android 7.0;) AppleWebKit/537.36 (KHTML, like Gecko) Mobile Safari/537.36 (compatible; PetalBot;+https://webmaster.petalsearch.com/site/petalbot)" 2546 **2/2546085**
114.119.151.146 - - [22/Feb/2026:01:36:31 -0700] "GET /recenzje-prawdziwych-u%C5%BCytkownik%C3%B3w-gier-pigeons-from-space/ HTTP/1.1" 200 9406 "http://ftscreations.com/?p=3518" "Mozilla/5.0 (Linux; Android 7.0;) AppleWebKit/537.36 (KHTML, like Gecko) Mobile Safari/537.36 (compatible; PetalBot;+https://webmaster.petalsearch.com/site/petalbot)" 4602 **4/4602074**
155.254.35.77 - - [22/Feb/2026:01:37:00 -0700] "GET / HTTP/2.0" 200 4544 "https://google.com" "Mozilla/5.0 (Windows NT 10.0; Win64; x64) AppleWebKit/537.36 (KHTML, like Gecko) Chrome/130.0.0.0 Safari/537.36" 5918 **5/5918502**
114.119.141.35 - - [22/Feb/2026:01:37:49 -0700] "GET /recenzje-graczy-online-grand-luxe/ HTTP/1.1" 200 9277 "https://ftscreations.com/recenzje-graczy-online-grand-luxe/" "Mozilla/5.0 (Linux; Android 7.0;) AppleWebKit/537.36 (KHTML, like Gecko) Mobile Safari/537.36 (compatible; PetalBot;+https://webmaster.petalsearch.com/site/petalbot)" 4734 **4/4734580**
41.56.130.232 - - [22/Feb/2026:01:38:43 -0700] "GET /udenfor-danmarks-grnser-spillesider-spillerens/ HTTP/1.1" 200 10449 "-" "Mozilla/5.0 (Windows NT 6.1; Win64; x64; rv:2.0b11pre) Gecko/20110129 Firefox/4.0b11pre" 4981 **4/4981847**
52.167.144.170 - - [22/Feb/2026:01:39:02 -0700] "GET /rozwi%C4%85zania-na-25-red-hot-7-clover-link-niepowodzenia/ HTTP/2.0" 200 8912 "-" "Mozilla/5.0 AppleWebKit/537.36 (KHTML, like Gecko; compatible; bingbot/2.0; +http://www.bing.com/bingbot.htm) Chrome/116.0.1938.76 Safari/537.36" 6597 **6/6597152**
114.119.146.15 - - [22/Feb/2026:01:39:15 -0700] "GET /recenzja-slot%C3%B3w-from-dusk-till-dawn/ HTTP/1.1" 200 9405 "https://ftscreations.com/recenzja-slot%C3%B3w-from-dusk-till-dawn/" "Mozilla/5.0 (Linux; Android 7.0;) AppleWebKit/537.36 (KHTML, like Gecko) Mobile Safari/537.36 (compatible; PetalBot;+https://webmaster.petalsearch.com/site/petalbot)" 7404 **7/7404192**
114.119.129.175 - - [22/Feb/2026:01:40:34 -0700] "GET /przegl%C4%85d-gry-viking-clash/ HTTP/1.1" 200 9554 "https://ftscreations.com/przegl%C4%85d-gry-viking-clash" "Mozilla/5.0 (Linux; Android 7.0;) AppleWebKit/537.36 (KHTML, like Gecko) Mobile Safari/537.36 (compatible; PetalBot;+https://webmaster.petalsearch.com/site/petalbot)" 3902 **3/3902737**
114.119.149.66 - - [22/Feb/2026:01:41:59 -0700] "GET /poseidons-rising-pr%C3%B3bny/ HTTP/1.1" 200 9333 "http://ftscreations.com/?p=9007" "Mozilla/5.0 (Linux; Android 7.0;) AppleWebKit/537.36 (KHTML, like Gecko) Mobile Safari/537.36 (compatible; PetalBot;+https://webmaster.petalsearch.com/site/petalbot)" 4817 **4/4817621**
114.119.142.93 - - [22/Feb/2026:01:43:20 -0700] "GET /poseidons-rising-funkcjonalno%C5%9B%C4%87-upadku/ HTTP/1.1" 200 9374 "http://ftscreations.com/?p=5986" "Mozilla/5.0 (Linux; Android 7.0;) AppleWebKit/537.36 (KHTML, like Gecko) Mobile Safari/537.36 (compatible; PetalBot;+https://webmaster.petalsearch.com/site/petalbot)" 5283 **5/5283014**
114.119.142.93 - - [22/Feb/2026:01:45:06 -0700] "GET /por%C3%B3wnanie-automat%C3%B3w-z-story-of-medusa-ii/ HTTP/1.1" 200 9229 "https://ftscreations.com/por%C3%B3wnanie-automat%C3%B3w-z-story-of-medusa-ii" "Mozilla/5.0 (Linux; Android 7.0;) AppleWebKit/537.36 (KHTML, like Gecko) Mobile Safari/537.36 (compatible; PetalBot;+https://webmaster.petalsearch.com/site/petalbot)" 466 **0/466784**
114.119.149.66 - - [22/Feb/2026:01:46:08 -0700] "GET /popularno%C5%9B%C4%87-first-person-lightning-roulette HTTP/1.1" 301 - "-" "Mozilla/5.0 (Linux; Android 7.0;) AppleWebKit/537.36 (KHTML, like Gecko) Mobile Safari/537.36 (compatible; PetalBot;+https://webmaster.petalsearch.com/site/petalbot)" 259 **0/259018**
114.119.149.66 - - [22/Feb/2026:01:46:09 -0700] "GET /popularno%C5%9B%C4%87-first-person-lightning-roulette/ HTTP/1.1" 200 9298 "-" "Mozilla/5.0 (Linux; Android 7.0;) AppleWebKit/537.36 (KHTML, like Gecko) Mobile Safari/537.36 (compatible; PetalBot;+https://webmaster.petalsearch.com/site/petalbot)" 328 **0/328250**
114.119.141.35 - - [22/Feb/2026:01:47:31 -0700] "GET /podw%C3%B3jny-zysk-na-dragons-gold/ HTTP/1.1" 200 8926 "https://ftscreations.com/podw%C3%B3jny-zysk-na-dragons-gold" "Mozilla/5.0 (Linux; Android 7.0;) AppleWebKit/537.36 (KHTML, like Gecko) Mobile Safari/537.36 (compatible; PetalBot;+https://webmaster.petalsearch.com/site/petalbot)" 338 **0/338730**
114.119.136.249 - - [22/Feb/2026:01:48:54 -0700] "GET /podw%C3%B3jna-wygrana-w-esqueleto-explosivo/ HTTP/1.1" 200 9146 "https://ftscreations.com/podw%C3%B3jna-wygrana-w-esqueleto-explosivo/" "Mozilla/5.0 (Linux; Android 7.0;) AppleWebKit/537.36 (KHTML, like Gecko) Mobile Safari/537.36 (compatible; PetalBot;+https://webmaster.petalsearch.com/site/petalbot)" 572 **0/572703**
114.119.142.93 - - [22/Feb/2026:01:50:18 -0700] "GET /plinko-xy-cykle-wyp%C5%82at-w-automatach/ HTTP/1.1" 200 9442 "https://ftscreations.com/plinko-xy-cykle-wyp%C5%82at-w-automatach/" "Mozilla/5.0 (Linux; Android 7.0;) AppleWebKit/537.36 (KHTML, like Gecko) Mobile Safari/537.36 (compatible; PetalBot;+https://webmaster.petalsearch.com/site/petalbot)" 296 **0/296092**
114.119.151.146 - - [22/Feb/2026:01:51:43 -0700] "GET /olympus-hades-megaways-gry-bonusowe HTTP/1.1" 301 - "https://ftscreations.com/olympus-hades-megaways-gry-bonusowe" "Mozilla/5.0 (Linux; Android 7.0;) AppleWebKit/537.36 (KHTML, like Gecko) Mobile Safari/537.36 (compatible; PetalBot;+https://webmaster.petalsearch.com/site/petalbot)" 243 **0/243655**
114.119.151.146 - - [22/Feb/2026:01:51:44 -0700] "GET /olympus-hades-megaways-gry-bonusowe/ HTTP/1.1" 200 8779 "https://ftscreations.com/olympus-hades-megaways-gry-bonusowe" "Mozilla/5.0 (Linux; Android 7.0;) AppleWebKit/537.36 (KHTML, like Gecko) Mobile Safari/537.36 (compatible; PetalBot;+https://webmaster.petalsearch.com/site/petalbot)" 490 **0/490488**
114.119.149.66 - - [22/Feb/2026:01:53:07 -0700] "GET /olympus-gate-bonusy-za-dzikie-symbole-i-darmowe-spiny/ HTTP/1.1" 200 9311 "https://ftscreations.com/olympus-gate-bonusy-za-dzikie-symbole-i-darmowe-spiny/" "Mozilla/5.0 (Linux; Android 7.0;) AppleWebKit/537.36 (KHTML, like Gecko) Mobile Safari/537.36 (compatible; PetalBot;+https://webmaster.petalsearch.com/site/petalbot)" 349 **0/349101**
114.119.141.35 - - [22/Feb/2026:01:54:29 -0700] "GET /najwi%C4%99kszych-wygranych-w-kasynie-w-carnaval-bingo/ HTTP/1.1" 200 9122 "https://ftscreations.com/najwi%C4%99kszych-wygranych-w-kasynie-w-carnaval-bingo/" "Mozilla/5.0 (Linux; Android 7.0;) AppleWebKit/537.36 (KHTML, like Gecko) Mobile Safari/537.36 (compatible; PetalBot;+https://webmaster.petalsearch.com/site/petalbot)" 4501 **4/4501186**
114.119.129.175 - - [22/Feb/2026:01:55:52 -0700] "GET /najlepsze-kasyno-do-gry-mega-rise-na-iphone HTTP/1.1" 301 - "https://ftscreations.com/najlepsze-kasyno-do-gry-mega-rise-na-iphone" "Mozilla/5.0 (Linux; Android 7.0;) AppleWebKit/537.36 (KHTML, like Gecko) Mobile Safari/537.36 (compatible; PetalBot;+https://webmaster.petalsearch.com/site/petalbot)" 3376 **3/3376488**
114.119.129.175 - - [22/Feb/2026:01:55:56 -0700] "GET /najlepsze-kasyno-do-gry-mega-rise-na-iphone/ HTTP/1.1" 200 8981 "https://ftscreations.com/najlepsze-kasyno-do-gry-mega-rise-na-iphone" "Mozilla/5.0 (Linux; Android 7.0;) AppleWebKit/537.36 (KHTML, like Gecko) Mobile Safari/537.36 (compatible; PetalBot;+https://webmaster.petalsearch.com/site/petalbot)" 4988 **4/4988448**
114.119.142.93 - - [22/Feb/2026:01:57:16 -0700] "GET /najlepsze-kasyno-do-gry-club-tropicana-na-iphone HTTP/1.1" 301 - "https://ftscreations.com/najlepsze-kasyno-do-gry-club-tropicana-na-iphone" "Mozilla/5.0 (Linux; Android 7.0;) AppleWebKit/537.36 (KHTML, like Gecko) Mobile Safari/537.36 (compatible; PetalBot;+https://webmaster.petalsearch.com/site/petalbot)" 3287 **3/3287186**
114.119.142.93 - - [22/Feb/2026:01:57:20 -0700] "GET /najlepsze-kasyno-do-gry-club-tropicana-na-iphone/ HTTP/1.1" 200 9457 "https://ftscreations.com/najlepsze-kasyno-do-gry-club-tropicana-na-iphone" "Mozilla/5.0 (Linux; Android 7.0;) AppleWebKit/537.36 (KHTML, like Gecko) Mobile Safari/537.36 (compatible; PetalBot;+https://webmaster.petalsearch.com/site/petalbot)" 5726 **5/5726969**
114.119.142.93 - - [22/Feb/2026:01:58:41 -0700] "GET /najlepsza-strategia-wyp%C5%82at-dla-automat%C3%B3w-respin-joker-81 HTTP/1.1" 301 - "-" "Mozilla/5.0 (Linux; Android 7.0;) AppleWebKit/537.36 (KHTML, like Gecko) Mobile Safari/537.36 (compatible; PetalBot;+https://webmaster.petalsearch.com/site/petalbot)" 3492 **3/3492660**
138.36.241.170 - - [22/Feb/2026:01:58:41 -0700] "GET /hvordan-finne-og-plukke-trygge-casino-for-en-trygg/ HTTP/1.1" 200 10193 "-" "Mozilla/5.0 (Windows; U; Windows NT 5.1; en-US) AppleWebKit/532.2 (KHTML, like Gecko) Chrome/4.0.223.4 Safari/532.2" 5309 **5/5309796**
114.119.142.93 - - [22/Feb/2026:01:58:46 -0700] "GET /najlepsza-strategia-wyp%C5%82at-dla-automat%C3%B3w-respin-joker-81/ HTTP/1.1" 200 9261 "-" "Mozilla/5.0 (Linux; Android 7.0;) AppleWebKit/537.36 (KHTML, like Gecko) Mobile Safari/537.36 (compatible; PetalBot;+https://webmaster.petalsearch.com/site/petalbot)" 4536 **4/4536780**
114.119.151.146 - - [22/Feb/2026:02:00:04 -0700] "GET /mystery-apollo-ii-kaskadowa-gra-wideo/ HTTP/1.1" 200 9110 "https://ftscreations.com/mystery-apollo-ii-kaskadowa-gra-wideo" "Mozilla/5.0 (Linux; Android 7.0;) AppleWebKit/537.36 (KHTML, like Gecko) Mobile Safari/537.36 (compatible; PetalBot;+https://webmaster.petalsearch.com/site/petalbot)" 6566 **6/6566309**
114.119.142.93 - - [22/Feb/2026:02:01:26 -0700] "GET /mr-greens-bank-vault-elementy-gry HTTP/1.1" 301 - "-" "Mozilla/5.0 (Linux; Android 7.0;) AppleWebKit/537.36 (KHTML, like Gecko) Mobile Safari/537.36 (compatible; PetalBot;+https://webmaster.petalsearch.com/site/petalbot)" 1773 **1/1773446**
114.119.142.93 - - [22/Feb/2026:02:01:28 -0700] "GET /mr-greens-bank-vault-elementy-gry/ HTTP/1.1" 200 9172 "-" "Mozilla/5.0 (Linux; Android 7.0;) AppleWebKit/537.36 (KHTML, like Gecko) Mobile Safari/537.36 (compatible; PetalBot;+https://webmaster.petalsearch.com/site/petalbot)" 4494 **4/4494432**
77.75.76.163 - - [22/Feb/2026:02:02:54 -0700] "GET /robots.txt HTTP/1.1" 200 153 "-" "Mozilla/5.0 (compatible; SeznamBot/4.0; +https://o-seznam.cz/napoveda/vyhledavani/en/seznambot-crawler/)" 4 **0/4424**
77.75.76.163 - - [22/Feb/2026:02:02:54 -0700] "GET /wp-content/uploads/2015/01/avinretphoto03-Custom1-scaled.jpg HTTP/1.1" 304 - "-" "Mozilla/5.0 (compatible; SeznamBot/4.0; +https://o-seznam.cz/napoveda/vyhledavani/en/seznambot-crawler/)" 6 **0/6320**
114.119.136.249 - - [22/Feb/2026:02:02:51 -0700] "GET /monster-win-dein-tor-zu-bemerkenswerten-gewinnen/ HTTP/1.1" 200 10695 "https://ftscreations.com/blog/page/22/" "Mozilla/5.0 (Linux; Android 7.0;) AppleWebKit/537.36 (KHTML, like Gecko) Mobile Safari/537.36 (compatible; PetalBot;+https://webmaster.petalsearch.com/site/petalbot)" 3854 **3/3854090**
114.119.149.66 - - [22/Feb/2026:02:04:13 -0700] "GET /mno%C5%BCnik-x128-w-koi-princess/ HTTP/1.1" 200 8915 "https://ftscreations.com/mno%C5%BCnik-x128-w-koi-princess" "Mozilla/5.0 (Linux; Android 7.0;) AppleWebKit/537.36 (KHTML, like Gecko) Mobile Safari/537.36 (compatible; PetalBot;+https://webmaster.petalsearch.com/site/petalbot)" 4822 **4/4822237**
114.119.142.93 - - [22/Feb/2026:02:05:37 -0700] "GET /miss-cherry-fruits-kasyno/ HTTP/1.1" 200 8812 "https://ftscreations.com/miss-cherry-fruits-kasyno/" "Mozilla/5.0 (Linux; Android 7.0;) AppleWebKit/537.36 (KHTML, like Gecko) Mobile Safari/537.36 (compatible; PetalBot;+https://webmaster.petalsearch.com/site/petalbot)" 6549 **6/6549562**
114.119.146.15 - - [22/Feb/2026:02:07:05 -0700] "GET /minigry-w-przeci%C4%85ganiu-fire-blaze-green-wizard/ HTTP/1.1" 200 9282 "https://ftscreations.com/minigry-w-przeci%C4%85ganiu-fire-blaze-green-wizard" "Mozilla/5.0 (Linux; Android 7.0;) AppleWebKit/537.36 (KHTML, like Gecko) Mobile Safari/537.36 (compatible; PetalBot;+https://webmaster.petalsearch.com/site/petalbot)" 3079 **3/3079012**
114.119.141.35 - - [22/Feb/2026:02:08:24 -0700] "GET /miejsca-mno%C5%BCnikowe-wyst%C4%99puj%C4%85-w-thai-blossoms/ HTTP/1.1" 200 9108 "https://ftscreations.com/miejsca-mno%C5%BCnikowe-wyst%C4%99puj%C4%85-w-thai-blossoms/" "Mozilla/5.0 (Linux; Android 7.0;) AppleWebKit/537.36 (KHTML, like Gecko) Mobile Safari/537.36 (compatible; PetalBot;+https://webmaster.petalsearch.com/site/petalbot)" 6498 **6/6498401**
114.119.136.249 - - [22/Feb/2026:02:09:47 -0700] "GET /mega-moolah-gra-w-kasynie HTTP/1.1" 301 - "-" "Mozilla/5.0 (Linux; Android 7.0;) AppleWebKit/537.36 (KHTML, like Gecko) Mobile Safari/537.36 (compatible; PetalBot;+https://webmaster.petalsearch.com/site/petalbot)" 3009 **3/3009965**
114.119.136.249 - - [22/Feb/2026:02:09:51 -0700] "GET /mega-moolah-gra-w-kasynie/ HTTP/1.1" 200 9218 "-" "Mozilla/5.0 (Linux; Android 7.0;) AppleWebKit/537.36 (KHTML, like Gecko) Mobile Safari/537.36 (compatible; PetalBot;+https://webmaster.petalsearch.com/site/petalbot)" 4162 **4/4162234**
114.119.159.62 - - [22/Feb/2026:02:11:11 -0700] "GET /mechanika-rozgrywki-mega-jack HTTP/1.1" 301 - "-" "Mozilla/5.0 (Linux; Android 7.0;) AppleWebKit/537.36 (KHTML, like Gecko) Mobile Safari/537.36 (compatible; PetalBot;+https://webmaster.petalsearch.com/site/petalbot)" 1931 **1/1931316**
114.119.159.62 - - [22/Feb/2026:02:11:14 -0700] "GET /mechanika-rozgrywki-mega-jack/ HTTP/1.1" 200 9207 "-" "Mozilla/5.0 (Linux; Android 7.0;) AppleWebKit/537.36 (KHTML, like Gecko) Mobile Safari/537.36 (compatible; PetalBot;+https://webmaster.petalsearch.com/site/petalbot)" 2863 **2/2863035**
114.119.151.146 - - [22/Feb/2026:02:12:35 -0700] "GET /mechanik-p%C5%82atno%C5%9Bci-rozproszonej-piggy-bank-bills/ HTTP/1.1" 200 9218 "https://ftscreations.com/mechanik-p%C5%82atno%C5%9Bci-rozproszonej-piggy-bank-bills/" "Mozilla/5.0 (Linux; Android 7.0;) AppleWebKit/537.36 (KHTML, like Gecko) Mobile Safari/537.36 (compatible; PetalBot;+https://webmaster.petalsearch.com/site/petalbot)" 5840 **5/5840578**
43.173.179.232 - - [22/Feb/2026:02:13:00 -0700] "GET /?p=4297 HTTP/1.1" 301 - "http://ftscreations.com/?p=4297" "Mozilla/5.0 (Windows NT 10.0; Win64; x64) AppleWebKit/537.36 (KHTML, like Gecko) Chrome/107.0.0.0 Safari/537.36" 3295 **3/3295290**
43.173.179.22 - - [22/Feb/2026:02:12:59 -0700] "GET /mega-roulette-automat-do-gier-online/ HTTP/1.1" 200 9133 "-" "Mozilla/5.0 (Windows NT 10.0; Win64; x64) AppleWebKit/537.36 (KHTML, like Gecko) Chrome/131.0.0.0 Safari/537.36" 6397 **6/6397250**
43.173.179.232 - - [22/Feb/2026:02:13:03 -0700] "GET /symbole-rozproszone-na-diamond-strike/ HTTP/1.1" 200 9280 "https://ftscreations.com/?p=4297" "Mozilla/5.0 (Windows NT 10.0; Win64; x64) AppleWebKit/537.36 (KHTML, like Gecko) Chrome/107.0.0.0 Safari/537.36" 7187 **7/7187709**
43.173.182.33 - - [22/Feb/2026:02:13:10 -0700] "GET /?p=4297 HTTP/1.1" 301 - "http://ftscreations.com/?p=4297" "Mozilla/5.0 (Windows NT 10.0; Win64; x64) AppleWebKit/537.36 (KHTML, like Gecko) Chrome/131.0.0.0 Safari/537.36" 2082 **2/2082647**
43.173.173.197 - - [22/Feb/2026:02:13:13 -0700] "POST / HTTP/1.1" 204 - "https://ftscreations.com/mega-roulette-automat-do-gier-online/" "Mozilla/5.0 (Windows NT 10.0; Win64; x64) AppleWebKit/537.36 (KHTML, like Gecko) Chrome/131.0.0.0 Safari/537.36" 3799 **3/3799700**
43.173.182.33 - - [22/Feb/2026:02:13:13 -0700] "GET /symbole-rozproszone-na-diamond-strike/ HTTP/1.1" 200 9280 "https://ftscreations.com/?p=4297" "Mozilla/5.0 (Windows NT 10.0; Win64; x64) AppleWebKit/537.36 (KHTML, like Gecko) Chrome/131.0.0.0 Safari/537.36" 4222 **4/4222979**
43.173.175.104 - - [22/Feb/2026:02:13:41 -0700] "GET /symbole-rozproszone-na-diamond-strike/ HTTP/1.1" 200 9280 "-" "Mozilla/5.0 (Windows NT 10.0; Win64; x64) AppleWebKit/537.36 (KHTML, like Gecko) Chrome/133.0.0.0 Safari/537.36" 4927 **4/4927157**
43.173.180.92 - - [22/Feb/2026:02:13:54 -0700] "POST / HTTP/1.1" 204 - "https://ftscreations.com/symbole-rozproszone-na-diamond-strike/" "Mozilla/5.0 (Windows NT 10.0; Win64; x64) AppleWebKit/537.36 (KHTML, like Gecko) Chrome/133.0.0.0 Safari/537.36" 3273 **3/3273248**
114.119.151.146 - - [22/Feb/2026:02:13:58 -0700] "GET /mayan-cache-wielko%C5%9B%C4%87-zak%C5%82adu-i-szanse-na-wygran%C4%85 HTTP/1.1" 301 - "https://ftscreations.com/mayan-cache-wielko%C5%9B%C4%87-zak%C5%82adu-i-szanse-na-wygran%C4%85" "Mozilla/5.0 (Linux; Android 7.0;) AppleWebKit/537.36 (KHTML, like Gecko) Mobile Safari/537.36 (compatible; PetalBot;+https://webmaster.petalsearch.com/site/petalbot)" 2387 **2/2387473**
114.119.151.146 - - [22/Feb/2026:02:14:01 -0700] "GET /mayan-cache-wielko%C5%9B%C4%87-zak%C5%82adu-i-szanse-na-wygran%C4%85/ HTTP/1.1" 200 9480 "https://ftscreations.com/mayan-cache-wielko%C5%9B%C4%87-zak%C5%82adu-i-szanse-na-wygran%C4%85" "Mozilla/5.0 (Linux; Android 7.0;) AppleWebKit/537.36 (KHTML, like Gecko) Mobile Safari/537.36 (compatible; PetalBot;+https://webmaster.petalsearch.com/site/petalbot)" 5698 **5/5698316**
34.122.159.18 - - [22/Feb/2026:02:14:10 -0700] "GET / HTTP/1.1" 200 4544 "-" "Mozilla/5.0 (compatible; DesignProbe/1.0)" 3561 **3/3561485**
43.173.173.5 - - [22/Feb/2026:02:14:49 -0700] "GET /?p=4076 HTTP/1.1" 301 - "http://ftscreations.com/?p=4076" "Mozilla/5.0 (Windows NT 10.0; Win64; x64) AppleWebKit/537.36 (KHTML, like Gecko) Chrome/133.0.0.0 Safari/537.36" 2450 **2/2450710**
43.173.179.242 - - [22/Feb/2026:02:14:49 -0700] "GET /?p=3153 HTTP/1.1" 301 - "http://ftscreations.com/?p=3153" "Mozilla/5.0 (Windows NT 10.0; Win64; x64) AppleWebKit/537.36 (KHTML, like Gecko) Chrome/103.0.0.0 Safari/537.36" 2611 **2/2611755**
43.173.173.5 - - [22/Feb/2026:02:14:52 -0700] "GET /jungle-wild-wysokie-stawki/ HTTP/1.1" 200 9153 "https://ftscreations.com/?p=4076" "Mozilla/5.0 (Windows NT 10.0; Win64; x64) AppleWebKit/537.36 (KHTML, like Gecko) Chrome/133.0.0.0 Safari/537.36" 5607 **5/5607563**
43.173.179.242 - - [22/Feb/2026:02:14:52 -0700] "GET /jak-gra%C4%87-fruity-gold-81-slot/ HTTP/1.1" 200 9447 "https://ftscreations.com/?p=3153" "Mozilla/5.0 (Windows NT 10.0; Win64; x64) AppleWebKit/537.36 (KHTML, like Gecko) Chrome/103.0.0.0 Safari/537.36" 6609 **6/6609777**
43.173.173.145 - - [22/Feb/2026:02:15:00 -0700] "GET /?p=3153 HTTP/1.1" 301 - "http://ftscreations.com/?p=3153" "Mozilla/5.0 (Windows NT 10.0; Win64; x64) AppleWebKit/537.36 (KHTML, like Gecko) Chrome/116.0.0.0 Safari/537.36" 2925 **2/2925480**
43.173.169.3 - - [22/Feb/2026:02:15:02 -0700] "POST / HTTP/1.1" 204 - "http://ftscreations.com/" "Mozilla/5.0 (Windows NT 10.0; Win64; x64) AppleWebKit/537.36 (KHTML, like Gecko) Chrome/133.0.0.0 Safari/537.36" 3002 **3/3002690**
43.173.173.145 - - [22/Feb/2026:02:15:03 -0700] "GET /jak-gra%C4%87-fruity-gold-81-slot/ HTTP/1.1" 200 9448 "https://ftscreations.com/?p=3153" "Mozilla/5.0 (Windows NT 10.0; Win64; x64) AppleWebKit/537.36 (KHTML, like Gecko) Chrome/116.0.0.0 Safari/537.36" 4921 **4/4921704**
114.119.159.62 - - [22/Feb/2026:02:15:22 -0700] "GET /max-niereem%C3%A9ny-mountain-legends-2 HTTP/1.1" 301 - "https://ftscreations.com/max-niereem%C3%A9ny-mountain-legends-2" "Mozilla/5.0 (Linux; Android 7.0;) AppleWebKit/537.36 (KHTML, like Gecko) Mobile Safari/537.36 (compatible; PetalBot;+https://webmaster.petalsearch.com/site/petalbot)" 2665 **2/2665075**
114.119.159.62 - - [22/Feb/2026:02:15:26 -0700] "GET /max-niereem%C3%A9ny-mountain-legends-2/ HTTP/1.1" 200 9148 "https://ftscreations.com/max-niereem%C3%A9ny-mountain-legends-2" "Mozilla/5.0 (Linux; Android 7.0;) AppleWebKit/537.36 (KHTML, like Gecko) Mobile Safari/537.36 (compatible; PetalBot;+https://webmaster.petalsearch.com/site/petalbot)" 4517 **4/4517052**
43.173.179.26 - - [22/Feb/2026:02:15:47 -0700] "GET /?p=13850 HTTP/1.1" 301 - "-" "Mozilla/5.0 (Windows NT 10.0; Win64; x64) AppleWebKit/537.36 (KHTML, like Gecko) Chrome/117.0.0.0 Safari/537.36" 4434 **4/4434964**
43.173.180.226 - - [22/Feb/2026:02:15:47 -0700] "GET /jungle-wild-wysokie-stawki/ HTTP/1.1" 200 9154 "-" "Mozilla/5.0 (Windows NT 10.0; Win64; x64) AppleWebKit/537.36 (KHTML, like Gecko) Chrome/116.0.0.0 Safari/537.36" 5962 **5/5962274**
43.173.175.101 - - [22/Feb/2026:02:15:47 -0700] "GET /jak-gra%C4%87-fruity-gold-81-slot/ HTTP/1.1" 200 9448 "-" "Mozilla/5.0 (Windows NT 10.0; Win64; x64) AppleWebKit/537.36 (KHTML, like Gecko) Chrome/116.0.0.0 Safari/537.36" 6330 **6/6330521**
43.173.179.26 - - [22/Feb/2026:02:15:52 -0700] "GET /ice-fishing-game-na-paichndi-to-opoo-kyriarche-ta/ HTTP/1.1" 200 11076 "https://ftscreations.com/?p=13850" "Mozilla/5.0 (Windows NT 10.0; Win64; x64) AppleWebKit/537.36 (KHTML, like Gecko) Chrome/117.0.0.0 Safari/537.36" 5611 **5/5611672**
43.173.178.98 - - [22/Feb/2026:02:15:58 -0700] "GET /?p=13850 HTTP/1.1" 301 - "-" "Mozilla/5.0 (Windows NT 10.0; Win64; x64) AppleWebKit/537.36 (KHTML, like Gecko) Chrome/111.0.0.0 Safari/537.36" 4360 **4/4360897**
43.163.22.75 - - [22/Feb/2026:02:16:01 -0700] "POST / HTTP/1.1" 204 - "https://ftscreations.com/jungle-wild-wysokie-stawki/" "Mozilla/5.0 (Windows NT 10.0; Win64; x64) AppleWebKit/537.36 (KHTML, like Gecko) Chrome/116.0.0.0 Safari/537.36" 2942 **2/2942900**
43.173.178.40 - - [22/Feb/2026:02:16:04 -0700] "POST / HTTP/1.1" 204 - "https://ftscreations.com/jak-gra%C4%87-fruity-gold-81-slot/" "Mozilla/5.0 (Windows NT 10.0; Win64; x64) AppleWebKit/537.36 (KHTML, like Gecko) Chrome/116.0.0.0 Safari/537.36" 4929 **4/4929403**
43.173.178.98 - - [22/Feb/2026:02:16:03 -0700] "GET /ice-fishing-game-na-paichndi-to-opoo-kyriarche-ta/ HTTP/1.1" 200 11074 "https://ftscreations.com/?p=13850" "Mozilla/5.0 (Windows NT 10.0; Win64; x64) AppleWebKit/537.36 (KHTML, like Gecko) Chrome/111.0.0.0 Safari/537.36" 6302 **6/6302784**
43.173.173.220 - - [22/Feb/2026:02:16:05 -0700] "GET /jungle-wild-wysokie-stawki/ HTTP/1.1" 200 9153 "-" "Mozilla/5.0 (Windows NT 10.0; Win64; x64) AppleWebKit/537.36 (KHTML, like Gecko) Chrome/105.0.0.0 Safari/537.3" 4671 **4/4671785**
114.119.129.175 - - [22/Feb/2026:02:16:46 -0700] "GET /maszyna-do-gry-w-big-bass-bonanza-hold-and-spinner HTTP/1.1" 301 - "-" "Mozilla/5.0 (Linux; Android 7.0;) AppleWebKit/537.36 (KHTML, like Gecko) Mobile Safari/537.36 (compatible; PetalBot;+https://webmaster.petalsearch.com/site/petalbot)" 3329 **3/3329576**
114.119.129.175 - - [22/Feb/2026:02:16:50 -0700] "GET /maszyna-do-gry-w-big-bass-bonanza-hold-and-spinner/ HTTP/1.1" 200 9145 "-" "Mozilla/5.0 (Linux; Android 7.0;) AppleWebKit/537.36 (KHTML, like Gecko) Mobile Safari/537.36 (compatible; PetalBot;+https://webmaster.petalsearch.com/site/petalbot)" 3677 **3/3677730**
114.119.141.35 - - [22/Feb/2026:02:18:10 -0700] "GET /masters-of-olympus-funkcja-mno%C5%BCnika-od-2x-do-500x/ HTTP/1.1" 200 9450 "https://ftscreations.com/masters-of-olympus-funkcja-mno%C5%BCnika-od-2x-do-500x" "Mozilla/5.0 (Linux; Android 7.0;) AppleWebKit/537.36 (KHTML, like Gecko) Mobile Safari/537.36 (compatible; PetalBot;+https://webmaster.petalsearch.com/site/petalbot)" 5778 **5/5778752**
114.119.151.146 - - [22/Feb/2026:02:19:32 -0700] "GET /maks-mno%C5%BCnik-5000x-na-moon-princess/ HTTP/1.1" 200 9328 "https://ftscreations.com/maks-mno%C5%BCnik-5000x-na-moon-princess/" "Mozilla/5.0 (Linux; Android 7.0;) AppleWebKit/537.36 (KHTML, like Gecko) Mobile Safari/537.36 (compatible; PetalBot;+https://webmaster.petalsearch.com/site/petalbot)" 5882 **5/5882217**
114.119.159.62 - - [22/Feb/2026:02:20:57 -0700] "GET /lucky-lightning-strategii-gry HTTP/1.1" 301 - "-" "Mozilla/5.0 (Linux; Android 7.0;) AppleWebKit/537.36 (KHTML, like Gecko) Mobile Safari/537.36 (compatible; PetalBot;+https://webmaster.petalsearch.com/site/petalbot)" 2337 **2/2337189**
114.119.159.62 - - [22/Feb/2026:02:21:00 -0700] "GET /lucky-lightning-strategii-gry/ HTTP/1.1" 200 9256 "-" "Mozilla/5.0 (Linux; Android 7.0;) AppleWebKit/537.36 (KHTML, like Gecko) Mobile Safari/537.36 (compatible; PetalBot;+https://webmaster.petalsearch.com/site/petalbot)" 4671 **4/4671700**
154.54.249.197 - - [22/Feb/2026:02:21:33 -0700] "GET /robots.txt HTTP/1.1" 200 153 "-" "Mozilla/5.0 (compatible; Barkrowler/0.9; +https://babbar.tech/crawler)" 3 **0/3591**
217.113.194.51 - - [22/Feb/2026:02:21:46 -0700] "GET /contact/ HTTP/1.1" 200 4656 "-" "Mozilla/5.0 (compatible; Barkrowler/0.9; +https://babbar.tech/crawler)" 3617 **3/3617745**
217.113.194.51 - - [22/Feb/2026:02:22:02 -0700] "GET /skills/ HTTP/1.1" 200 4870 "-" "Mozilla/5.0 (compatible; Barkrowler/0.9; +https://babbar.tech/crawler)" 3285 **3/3285363**
154.54.249.197 - - [22/Feb/2026:02:22:17 -0700] "GET /portfolio/carpentry/ HTTP/1.1" 200 5478 "-" "Mozilla/5.0 (compatible; Barkrowler/0.9; +https://babbar.tech/crawler)" 4881 **4/4881061**
114.119.136.249 - - [22/Feb/2026:02:22:20 -0700] "GET /love-joker-automat-online-recenzja-gry/ HTTP/1.1" 200 9369 "https://ftscreations.com/love-joker-automat-online-recenzja-gry" "Mozilla/5.0 (Linux; Android 7.0;) AppleWebKit/537.36 (KHTML, like Gecko) Mobile Safari/537.36 (compatible; PetalBot;+https://webmaster.petalsearch.com/site/petalbot)" 5272 **5/5272645**
217.113.194.43 - - [22/Feb/2026:02:22:35 -0700] "GET /elevator-pitch/ HTTP/1.1" 200 4373 "-" "Mozilla/5.0 (compatible; Barkrowler/0.9; +https://babbar.tech/crawler)" 5587 **5/5587006**
154.54.249.197 - - [22/Feb/2026:02:22:54 -0700] "GET /portfolio/embedded-software/death_to_stock_above_2-custom/ HTTP/1.1" 200 5037 "-" "Mozilla/5.0 (compatible; Barkrowler/0.9; +https://babbar.tech/crawler)" 2510 **2/2510570**
217.113.194.50 - - [22/Feb/2026:02:23:08 -0700] "GET /portfolio/embedded-software/death_to_stock_above_1-custom/ HTTP/1.1" 200 5017 "-" "Mozilla/5.0 (compatible; Barkrowler/0.9; +https://babbar.tech/crawler)" 4087 **4/4087370**
217.113.194.46 - - [22/Feb/2026:02:23:25 -0700] "GET /portfolio/embedded-software/death_to_stock_above_10-custom/ HTTP/1.1" 200 5020 "-" "Mozilla/5.0 (compatible; Barkrowler/0.9; +https://babbar.tech/crawler)" 3498 **3/3498940**
154.54.249.197 - - [22/Feb/2026:02:23:41 -0700] "GET /portfolio/embedded-software/death_to_stock_above_4-custom/ HTTP/1.1" 200 5039 "-" "Mozilla/5.0 (compatible; Barkrowler/0.9; +https://babbar.tech/crawler)" 4082 **4/4082603**
114.119.149.66 - - [22/Feb/2026:02:23:43 -0700] "GET /legendary-diamonds-rzetelny-przegl%C4%85d/ HTTP/1.1" 200 9243 "https://ftscreations.com/legendary-diamonds-rzetelny-przegl%C4%85d" "Mozilla/5.0 (Linux; Android 7.0;) AppleWebKit/537.36 (KHTML, like Gecko) Mobile Safari/537.36 (compatible; PetalBot;+https://webmaster.petalsearch.com/site/petalbot)" 6380 **6/6380818**
217.113.194.44 - - [22/Feb/2026:02:23:57 -0700] "GET /portfolio/embedded-software/death_to_stock_above_3-custom/ HTTP/1.1" 200 5038 "-" "Mozilla/5.0 (compatible; Barkrowler/0.9; +https://babbar.tech/crawler)" 5604 **5/5604405**
217.113.194.50 - - [22/Feb/2026:02:24:15 -0700] "GET /portfolio/embedded-software/death_to_stock_above_9-custom/ HTTP/1.1" 200 5039 "-" "Mozilla/5.0 (compatible; Barkrowler/0.9; +https://babbar.tech/crawler)" 3980 **3/3980108**
217.113.194.44 - - [22/Feb/2026:02:24:32 -0700] "GET /portfolio/embedded-software/death_to_stock_above_6-custom/ HTTP/1.1" 200 5037 "-" "Mozilla/5.0 (compatible; Barkrowler/0.9; +https://babbar.tech/crawler)" 2172 **2/2172616**
217.113.194.51 - - [22/Feb/2026:02:24:46 -0700] "GET /portfolio/embedded-software/death_to_stock_above_8-custom/ HTTP/1.1" 200 5039 "-" "Mozilla/5.0 (compatible; Barkrowler/0.9; +https://babbar.tech/crawler)" 4194 **4/4194731**
217.113.194.46 - - [22/Feb/2026:02:25:03 -0700] "GET /portfolio/embedded-software/death_to_stock_above_7-custom/ HTTP/1.1" 200 5039 "-" "Mozilla/5.0 (compatible; Barkrowler/0.9; +https://babbar.tech/crawler)" 3281 **3/3281613**
114.119.141.35 - - [22/Feb/2026:02:25:07 -0700] "GET /legend-of-cleopatra-megaways-automaty-o-du%C5%BCej-zmienno%C5%9Bci/ HTTP/1.1" 200 9371 "https://ftscreations.com/legend-of-cleopatra-megaways-automaty-o-du%C5%BCej-zmienno%C5%9Bci" "Mozilla/5.0 (Linux; Android 7.0;) AppleWebKit/537.36 (KHTML, like Gecko) Mobile Safari/537.36 (compatible; PetalBot;+https://webmaster.petalsearch.com/site/petalbot)" 3840 **3/3840293**
217.113.194.252 - - [22/Feb/2026:02:25:19 -0700] "GET /portfolio/embedded-software/death_to_stock_above_5-custom/ HTTP/1.1" 200 5038 "-" "Mozilla/5.0 (compatible; Barkrowler/0.9; +https://babbar.tech/crawler)" 3499 **3/3499949**
114.119.159.62 - - [22/Feb/2026:02:26:31 -0700] "GET /kompatybilny-z-telefonami-kom%C3%B3rkowymi-pc-ios-i-android-w-buffalo/ HTTP/1.1" 200 9304 "https://ftscreations.com/kompatybilny-z-telefonami-kom%C3%B3rkowymi-pc-ios-i-android-w-buffalo" "Mozilla/5.0 (Linux; Android 7.0;) AppleWebKit/537.36 (KHTML, like Gecko) Mobile Safari/537.36 (compatible; PetalBot;+https://webmaster.petalsearch.com/site/petalbot)" 4521 **4/4521912**
146.19.125.48 - - [22/Feb/2026:02:27:37 -0700] "GET /contact/ HTTP/1.0" 200 18638 "https://ftscreations.com/contact/" "Mozilla/5.0 (Windows NT 6.1; WOW64) AppleWebKit/537.36 (KHTML, like Gecko) Chrome/103.0.0.0 Safari/537.36" 4878 **4/4878062**
72.167.58.252 - - [22/Feb/2026:02:27:40 -0700] "POST /wp-cron.php?doing_wp_cron=1771752459.9179849624633789062500 HTTP/1.1" 200 - "https://ftscreations.com/wp-cron.php?doing_wp_cron=1771752459.9179849624633789062500" "WordPress/5.4.18; https://ftscreations.com" 2787 **2/2787599**
146.19.125.48 - - [22/Feb/2026:02:27:43 -0700] "POST /wp-content/themes/photographer-wp/send-mail.php HTTP/1.0" 200 7 "https://ftscreations.com/contact/" "Mozilla/5.0 (Windows NT 6.1; WOW64) AppleWebKit/537.36 (KHTML, like Gecko) Chrome/103.0.0.0 Safari/537.36" 10011 **10/10011679**
114.119.136.249 - - [22/Feb/2026:02:27:55 -0700] "GET /komentarze-age-of-the-gods-helios HTTP/1.1" 301 - "https://ftscreations.com/komentarze-age-of-the-gods-helios" "Mozilla/5.0 (Linux; Android 7.0;) AppleWebKit/537.36 (KHTML, like Gecko) Mobile Safari/537.36 (compatible; PetalBot;+https://webmaster.petalsearch.com/site/petalbot)" 2163 **2/2163491**
114.119.136.249 - - [22/Feb/2026:02:27:58 -0700] "GET /komentarze-age-of-the-gods-helios/ HTTP/1.1" 200 9130 "https://ftscreations.com/komentarze-age-of-the-gods-helios" "Mozilla/5.0 (Linux; Android 7.0;) AppleWebKit/537.36 (KHTML, like Gecko) Mobile Safari/537.36 (compatible; PetalBot;+https://webmaster.petalsearch.com/site/petalbot)" 5586 **5/5586943**
114.119.141.35 - - [22/Feb/2026:02:29:18 -0700] "GET /kolejne-zwyci%C4%99skie-kombinacje-w-automacie-book-of-atem/ HTTP/1.1" 200 9353 "https://ftscreations.com/kolejne-zwyci%C4%99skie-kombinacje-w-automacie-book-of-atem/" "Mozilla/5.0 (Linux; Android 7.0;) AppleWebKit/537.36 (KHTML, like Gecko) Mobile Safari/537.36 (compatible; PetalBot;+https://webmaster.petalsearch.com/site/petalbot)" 5908 **5/5908712**
114.119.142.93 - - [22/Feb/2026:02:30:41 -0700] "GET /kasyno-gra-cupcakes-online-za-darmo/ HTTP/1.1" 200 9263 "https://ftscreations.com/kasyno-gra-cupcakes-online-za-darmo/" "Mozilla/5.0 (Linux; Android 7.0;) AppleWebKit/537.36 (KHTML, like Gecko) Mobile Safari/537.36 (compatible; PetalBot;+https://webmaster.petalsearch.com/site/petalbot)" 5066 **5/5066455**
114.119.146.15 - - [22/Feb/2026:02:32:09 -0700] "GET /joker-ra-darmowe-spiny-z-rosn%C4%85cymi-mno%C5%BCnikami/ HTTP/1.1" 200 9263 "https://ftscreations.com/joker-ra-darmowe-spiny-z-rosn%C4%85cymi-mno%C5%BCnikami" "Mozilla/5.0 (Linux; Android 7.0;) AppleWebKit/537.36 (KHTML, like Gecko) Mobile Safari/537.36 (compatible; PetalBot;+https://webmaster.petalsearch.com/site/petalbot)" 6540 **6/6540913**
114.119.159.62 - - [22/Feb/2026:02:33:29 -0700] "GET /joker-27-automaty-online/ HTTP/1.1" 200 8972 "https://ftscreations.com/joker-27-automaty-online/" "Mozilla/5.0 (Linux; Android 7.0;) AppleWebKit/537.36 (KHTML, like Gecko) Mobile Safari/537.36 (compatible; PetalBot;+https://webmaster.petalsearch.com/site/petalbot)" 2513 **2/2513675**
216.81.248.168 - - [22/Feb/2026:02:33:37 -0700] "GET /.git/config HTTP/1.1" 401 53 "-" "Mozilla/5.0 (Windows NT 10.0; WOW64) AppleWebKit/537.36 (KHTML, like Gecko) Chrome/62.0.3202.94 Safari/537.36" 32 **0/32049**
114.119.146.15 - - [22/Feb/2026:02:34:53 -0700] "GET /jakie-s%C4%85-funkcje-bonusowe-gry-god-of-storms-live HTTP/1.1" 301 - "-" "Mozilla/5.0 (Linux; Android 7.0;) AppleWebKit/537.36 (KHTML, like Gecko) Mobile Safari/537.36 (compatible; PetalBot;+https://webmaster.petalsearch.com/site/petalbot)" 245 **0/245448**
114.119.146.15 - - [22/Feb/2026:02:34:54 -0700] "GET /jakie-s%C4%85-funkcje-bonusowe-gry-god-of-storms-live/ HTTP/1.1" 200 9217 "-" "Mozilla/5.0 (Linux; Android 7.0;) AppleWebKit/537.36 (KHTML, like Gecko) Mobile Safari/537.36 (compatible; PetalBot;+https://webmaster.petalsearch.com/site/petalbot)" 516 **0/516418**
114.119.146.15 - - [22/Feb/2026:02:36:16 -0700] "GET /jak-oszuka%C4%87-slota-minesweeper/ HTTP/1.1" 200 9098 "https://ftscreations.com/jak-oszuka%C4%87-slota-minesweeper" "Mozilla/5.0 (Linux; Android 7.0;) AppleWebKit/537.36 (KHTML, like Gecko) Mobile Safari/537.36 (compatible; PetalBot;+https://webmaster.petalsearch.com/site/petalbot)" 549 **0/549506**
114.119.149.66 - - [22/Feb/2026:02:37:44 -0700] "GET /jak-maksymalizowa%C4%87-zyski-w-gems-of-serengeti HTTP/1.1" 301 - "-" "Mozilla/5.0 (Linux; Android 7.0;) AppleWebKit/537.36 (KHTML, like Gecko) Mobile Safari/537.36 (compatible; PetalBot;+https://webmaster.petalsearch.com/site/petalbot)" 595 **0/595803**
114.119.149.66 - - [22/Feb/2026:02:37:47 -0700] "GET /jak-maksymalizowa%C4%87-zyski-w-gems-of-serengeti/ HTTP/1.1" 200 9093 "-" "Mozilla/5.0 (Linux; Android 7.0;) AppleWebKit/537.36 (KHTML, like Gecko) Mobile Safari/537.36 (compatible; PetalBot;+https://webmaster.petalsearch.com/site/petalbot)" 486 **0/486192**
43.159.152.4 - - [22/Feb/2026:02:37:49 -0700] "GET / HTTP/1.1" 200 4544 "http://ftscreations.com" "Mozilla/5.0 (iPhone; CPU iPhone OS 13_2_3 like Mac OS X) AppleWebKit/605.1.15 (KHTML, like Gecko) Version/13.0.3 Mobile/15E148 Safari/604.1" 462 **0/462098**
114.119.149.66 - - [22/Feb/2026:02:39:04 -0700] "GET /jak-gra%C4%87-w-slot-two-mayans-online/ HTTP/1.1" 200 9114 "https://ftscreations.com/jak-gra%C4%87-w-slot-two-mayans-online/" "Mozilla/5.0 (Linux; Android 7.0;) AppleWebKit/537.36 (KHTML, like Gecko) Mobile Safari/537.36 (compatible; PetalBot;+https://webmaster.petalsearch.com/site/petalbot)" 494 **0/494146**
114.119.151.146 - - [22/Feb/2026:02:40:32 -0700] "GET /jak-gra%C4%87-w-slot-esqueleto-mariachi-online/ HTTP/1.1" 200 8943 "https://ftscreations.com/jak-gra%C4%87-w-slot-esqueleto-mariachi-online" "Mozilla/5.0 (Linux; Android 7.0;) AppleWebKit/537.36 (KHTML, like Gecko) Mobile Safari/537.36 (compatible; PetalBot;+https://webmaster.petalsearch.com/site/petalbot)" 424 **0/424606**
114.119.149.66 - - [22/Feb/2026:02:41:51 -0700] "GET /jak-gra%C4%87-na-automatach-lucky-clover/ HTTP/1.1" 200 9197 "https://ftscreations.com/jak-gra%C4%87-na-automatach-lucky-clover" "Mozilla/5.0 (Linux; Android 7.0;) AppleWebKit/537.36 (KHTML, like Gecko) Mobile Safari/537.36 (compatible; PetalBot;+https://webmaster.petalsearch.com/site/petalbot)" 570 **0/570641**
114.119.136.249 - - [22/Feb/2026:02:43:15 -0700] "GET /jak-gra%C4%87-na-automatach-armed-n-wild HTTP/1.1" 301 - "https://ftscreations.com/jak-gra%C4%87-na-automatach-armed-n-wild" "Mozilla/5.0 (Linux; Android 7.0;) AppleWebKit/537.36 (KHTML, like Gecko) Mobile Safari/537.36 (compatible; PetalBot;+https://webmaster.petalsearch.com/site/petalbot)" 362 **0/362080**
114.119.136.249 - - [22/Feb/2026:02:43:17 -0700] "GET /jak-gra%C4%87-na-automatach-armed-n-wild/ HTTP/1.1" 200 9220 "https://ftscreations.com/jak-gra%C4%87-na-automatach-armed-n-wild" "Mozilla/5.0 (Linux; Android 7.0;) AppleWebKit/537.36 (KHTML, like Gecko) Mobile Safari/537.36 (compatible; PetalBot;+https://webmaster.petalsearch.com/site/petalbot)" 352 **0/352591**
114.119.146.15 - - [22/Feb/2026:02:44:39 -0700] "GET /jak-d%C5%82ugo-trzeba-czeka%C4%87-na-moje-the-greatest-train-robbery-wygrane HTTP/1.1" 301 - "https://ftscreations.com/jak-d%C5%82ugo-trzeba-czeka%C4%87-na-moje-the-greatest-train-robbery-wygrane" "Mozilla/5.0 (Linux; Android 7.0;) AppleWebKit/537.36 (KHTML, like Gecko) Mobile Safari/537.36 (compatible; PetalBot;+https://webmaster.petalsearch.com/site/petalbot)" 343 **0/343916**
114.119.146.15 - - [22/Feb/2026:02:44:40 -0700] "GET /jak-d%C5%82ugo-trzeba-czeka%C4%87-na-moje-the-greatest-train-robbery-wygrane/ HTTP/1.1" 200 9285 "https://ftscreations.com/jak-d%C5%82ugo-trzeba-czeka%C4%87-na-moje-the-greatest-train-robbery-wygrane" "Mozilla/5.0 (Linux; Android 7.0;) AppleWebKit/537.36 (KHTML, like Gecko) Mobile Safari/537.36 (compatible; PetalBot;+https://webmaster.petalsearch.com/site/petalbot)" 546 **0/546775**
114.119.129.175 - - [22/Feb/2026:02:46:01 -0700] "GET /jak-d%C5%82ugo-trzeba-czeka%C4%87-na-moje-black-wolf-wygrane/ HTTP/1.1" 200 9232 "https://ftscreations.com/jak-d%C5%82ugo-trzeba-czeka%C4%87-na-moje-black-wolf-wygrane" "Mozilla/5.0 (Linux; Android 7.0;) AppleWebKit/537.36 (KHTML, like Gecko) Mobile Safari/537.36 (compatible; PetalBot;+https://webmaster.petalsearch.com/site/petalbot)" 630 **0/630933**
114.119.136.249 - - [22/Feb/2026:02:47:27 -0700] "GET /jackpoty-perfect-gems/ HTTP/1.1" 200 9217 "https://ftscreations.com/jackpoty-perfect-gems/" "Mozilla/5.0 (Linux; Android 7.0;) AppleWebKit/537.36 (KHTML, like Gecko) Mobile Safari/537.36 (compatible; PetalBot;+https://webmaster.petalsearch.com/site/petalbot)" 526 **0/526265**
114.119.136.249 - - [22/Feb/2026:02:48:51 -0700] "GET /jackpoty-i-bonusy-w-rise-of-olympus HTTP/1.1" 301 - "-" "Mozilla/5.0 (Linux; Android 7.0;) AppleWebKit/537.36 (KHTML, like Gecko) Mobile Safari/537.36 (compatible; PetalBot;+https://webmaster.petalsearch.com/site/petalbot)" 2227 **2/2227737**
114.119.136.249 - - [22/Feb/2026:02:48:54 -0700] "GET /jackpoty-i-bonusy-w-rise-of-olympus/ HTTP/1.1" 200 9315 "-" "Mozilla/5.0 (Linux; Android 7.0;) AppleWebKit/537.36 (KHTML, like Gecko) Mobile Safari/537.36 (compatible; PetalBot;+https://webmaster.petalsearch.com/site/petalbot)" 5584 **5/5584328**
114.119.151.146 - - [22/Feb/2026:02:50:13 -0700] "GET /hot-wild-100-podstawowe-symbole-i-rysunki HTTP/1.1" 301 - "-" "Mozilla/5.0 (Linux; Android 7.0;) AppleWebKit/537.36 (KHTML, like Gecko) Mobile Safari/537.36 (compatible; PetalBot;+https://webmaster.petalsearch.com/site/petalbot)" 3458 **3/3458761**
114.119.151.146 - - [22/Feb/2026:02:50:17 -0700] "GET /hot-wild-100-podstawowe-symbole-i-rysunki/ HTTP/1.1" 200 9279 "-" "Mozilla/5.0 (Linux; Android 7.0;) AppleWebKit/537.36 (KHTML, like Gecko) Mobile Safari/537.36 (compatible; PetalBot;+https://webmaster.petalsearch.com/site/petalbot)" 5837 **5/5837608**
114.119.159.62 - - [22/Feb/2026:02:51:40 -0700] "GET /hiperbonus-w-automacie-pigeons-from-space/ HTTP/1.1" 200 9486 "https://ftscreations.com/hiperbonus-w-automacie-pigeons-from-space" "Mozilla/5.0 (Linux; Android 7.0;) AppleWebKit/537.36 (KHTML, like Gecko) Mobile Safari/537.36 (compatible; PetalBot;+https://webmaster.petalsearch.com/site/petalbot)" 7055 **7/7055197**
114.119.146.15 - - [22/Feb/2026:02:53:03 -0700] "GET /head-jpg/ HTTP/1.1" 200 4988 "https://ftscreations.com/paper-jpg/" "Mozilla/5.0 (Linux; Android 7.0;) AppleWebKit/537.36 (KHTML, like Gecko) Mobile Safari/537.36 (compatible; PetalBot;+https://webmaster.petalsearch.com/site/petalbot)" 3878 **3/3878380**
