114.119.146.15 - - [21/Feb/2026:18:10:36 -0700] "GET /podw%C3%B3jny-zysk-na-cake-and-ice-cream HTTP/1.1" 301 - "https://ftscreations.com/blog/page/19" "Mozilla/5.0 (Linux; Android 7.0;) AppleWebKit/537.36 (KHTML, like Gecko) Mobile Safari/537.36 (compatible; PetalBot;+https://webmaster.petalsearch.com/site/petalbot)" 3309 **3/3309991**
114.119.146.15 - - [21/Feb/2026:18:10:40 -0700] "GET /podw%C3%B3jny-zysk-na-cake-and-ice-cream/ HTTP/1.1" 200 9039 "https://ftscreations.com/blog/page/19" "Mozilla/5.0 (Linux; Android 7.0;) AppleWebKit/537.36 (KHTML, like Gecko) Mobile Safari/537.36 (compatible; PetalBot;+https://webmaster.petalsearch.com/site/petalbot)" 5253 **5/5253822**
114.119.146.15 - - [21/Feb/2026:18:12:04 -0700] "GET /pe%C5%82na-analiza-olympus-hades-megaways/ HTTP/1.1" 200 9375 "https://ftscreations.com/pe%C5%82na-analiza-olympus-hades-megaways" "Mozilla/5.0 (Linux; Android 7.0;) AppleWebKit/537.36 (KHTML, like Gecko) Mobile Safari/537.36 (compatible; PetalBot;+https://webmaster.petalsearch.com/site/petalbot)" 4354 **4/4354796**
114.119.136.249 - - [21/Feb/2026:18:13:24 -0700] "GET /olympus-hades-megaways-gry-bonusowe HTTP/1.1" 301 - "https://ftscreations.com/olympus-hades-megaways-gry-bonusowe" "Mozilla/5.0 (Linux; Android 7.0;) AppleWebKit/537.36 (KHTML, like Gecko) Mobile Safari/537.36 (compatible; PetalBot;+https://webmaster.petalsearch.com/site/petalbot)" 2581 **2/2581353**
114.119.136.249 - - [21/Feb/2026:18:13:28 -0700] "GET /olympus-hades-megaways-gry-bonusowe/ HTTP/1.1" 200 8778 "https://ftscreations.com/olympus-hades-megaways-gry-bonusowe" "Mozilla/5.0 (Linux; Android 7.0;) AppleWebKit/537.36 (KHTML, like Gecko) Mobile Safari/537.36 (compatible; PetalBot;+https://webmaster.petalsearch.com/site/petalbot)" 4208 **4/4208091**
114.119.141.35 - - [21/Feb/2026:18:14:48 -0700] "GET /okr%C4%85%C5%BCenia-a-nawet-bonusy-w-the-rollzone/ HTTP/1.1" 200 9235 "https://ftscreations.com/okr%C4%85%C5%BCenia-a-nawet-bonusy-w-the-rollzone" "Mozilla/5.0 (Linux; Android 7.0;) AppleWebKit/537.36 (KHTML, like Gecko) Mobile Safari/537.36 (compatible; PetalBot;+https://webmaster.petalsearch.com/site/petalbot)" 4118 **4/4118051**
114.119.141.35 - - [21/Feb/2026:18:16:14 -0700] "GET /motyw-i-grafika-automatu-peaky-blinders/ HTTP/1.1" 200 9175 "https://ftscreations.com/motyw-i-grafika-automatu-peaky-blinders/" "Mozilla/5.0 (Linux; Android 7.0;) AppleWebKit/537.36 (KHTML, like Gecko) Mobile Safari/537.36 (compatible; PetalBot;+https://webmaster.petalsearch.com/site/petalbot)" 3513 **3/3513703**
114.119.149.66 - - [21/Feb/2026:18:17:38 -0700] "GET /mno%C5%BCniki-podczas-gry-podstawowej-w-wild-bandito HTTP/1.1" 301 - "http://ftscreations.com/?p=7913" "Mozilla/5.0 (Linux; Android 7.0;) AppleWebKit/537.36 (KHTML, like Gecko) Mobile Safari/537.36 (compatible; PetalBot;+https://webmaster.petalsearch.com/site/petalbot)" 2224 **2/2224588**
114.119.149.66 - - [21/Feb/2026:18:17:41 -0700] "GET /mno%C5%BCniki-podczas-gry-podstawowej-w-wild-bandito/ HTTP/1.1" 200 9113 "http://ftscreations.com/?p=7913" "Mozilla/5.0 (Linux; Android 7.0;) AppleWebKit/537.36 (KHTML, like Gecko) Mobile Safari/537.36 (compatible; PetalBot;+https://webmaster.petalsearch.com/site/petalbot)" 3630 **3/3630114**
114.119.141.35 - - [21/Feb/2026:18:18:58 -0700] "GET /minimalny-zak%C5%82ad-na-rio-bingo/ HTTP/1.1" 200 8963 "https://ftscreations.com/minimalny-zak%C5%82ad-na-rio-bingo" "Mozilla/5.0 (Linux; Android 7.0;) AppleWebKit/537.36 (KHTML, like Gecko) Mobile Safari/537.36 (compatible; PetalBot;+https://webmaster.petalsearch.com/site/petalbot)" 295 **0/295963**
43.173.182.211 - - [21/Feb/2026:18:19:07 -0700] "GET /?p=4183 HTTP/1.1" 301 - "-" "Mozilla/5.0 (Windows NT 10.0; Win64; x64) AppleWebKit/537.36 (KHTML, like Gecko) Chrome/103.0.0.0 Safari/537.36" 188 **0/188264**
43.173.179.161 - - [21/Feb/2026:18:19:07 -0700] "GET /?p=5509 HTTP/1.1" 301 - "http://ftscreations.com/?p=5509" "Mozilla/5.0 (Windows NT 10.0; Win64; x64) AppleWebKit/537.36 (KHTML, like Gecko) Chrome/106.0.5249.119 Safari/537.36" 261 **0/261476**
43.173.182.211 - - [21/Feb/2026:18:19:07 -0700] "GET /aktywowano-zak%C5%82ad-ante-w-safari-sam-2/ HTTP/1.1" 200 9184 "https://ftscreations.com/?p=4183" "Mozilla/5.0 (Windows NT 10.0; Win64; x64) AppleWebKit/537.36 (KHTML, like Gecko) Chrome/103.0.0.0 Safari/537.36" 405 **0/405491**
43.173.179.161 - - [21/Feb/2026:18:19:08 -0700] "GET /miejsca-mno%C5%BCnika-w-floating-dragon/ HTTP/1.1" 200 9011 "https://ftscreations.com/?p=5509" "Mozilla/5.0 (Windows NT 10.0; Win64; x64) AppleWebKit/537.36 (KHTML, like Gecko) Chrome/106.0.5249.119 Safari/537.36" 318 **0/318253**
43.173.182.41 - - [21/Feb/2026:18:19:08 -0700] "GET /?p=13553 HTTP/1.1" 301 - "-" "Mozilla/5.0 (Windows NT 10.0; Win64; x64) AppleWebKit/537.36 (KHTML, like Gecko) Chrome/111.0.0.0 Safari/537.36" 187 **0/187045**
43.173.182.41 - - [21/Feb/2026:18:19:09 -0700] "GET /onlyspins-experiencia-de-entretenimiento-premium/ HTTP/1.1" 200 10869 "https://ftscreations.com/?p=13553" "Mozilla/5.0 (Windows NT 10.0; Win64; x64) AppleWebKit/537.36 (KHTML, like Gecko) Chrome/111.0.0.0 Safari/537.36" 273 **0/273008**
43.173.180.237 - - [21/Feb/2026:18:19:14 -0700] "POST / HTTP/1.1" 204 - "https://ftscreations.com/?p=13553" "Mozilla/5.0 (Windows NT 10.0; Win64; x64) AppleWebKit/537.36 (KHTML, like Gecko) Chrome/111.0.0.0 Safari/537.36" 224 **0/224179**
43.163.22.76 - - [21/Feb/2026:18:19:15 -0700] "POST / HTTP/1.1" 204 - "https://ftscreations.com/?p=4183" "Mozilla/5.0 (Windows NT 10.0; Win64; x64) AppleWebKit/537.36 (KHTML, like Gecko) Chrome/103.0.0.0 Safari/537.36" 164 **0/164932**
43.173.172.82 - - [21/Feb/2026:18:19:16 -0700] "POST / HTTP/1.1" 204 - "http://ftscreations.com/" "Mozilla/5.0 (Windows NT 10.0; Win64; x64) AppleWebKit/537.36 (KHTML, like Gecko) Chrome/106.0.5249.119 Safari/537.36" 186 **0/186762**
114.119.142.93 - - [21/Feb/2026:18:20:23 -0700] "GET /minimalny-zak%C5%82ad-na-pirate-chest-hold-and-win/ HTTP/1.1" 200 9327 "https://ftscreations.com/minimalny-zak%C5%82ad-na-pirate-chest-hold-and-win/" "Mozilla/5.0 (Linux; Android 7.0;) AppleWebKit/537.36 (KHTML, like Gecko) Mobile Safari/537.36 (compatible; PetalBot;+https://webmaster.petalsearch.com/site/petalbot)" 489 **0/489646**
43.173.177.116 - - [21/Feb/2026:18:20:32 -0700] "GET /miejsca-mno%C5%BCnika-w-floating-dragon/ HTTP/1.1" 200 9011 "-" "Mozilla/5.0 (Windows NT 10.0; Win64; x64) AppleWebKit/537.36 (KHTML, like Gecko) Chrome/103.0.0.0 Safari/537.36" 2719 **2/2719124**
43.173.174.160 - - [21/Feb/2026:18:20:36 -0700] "POST / HTTP/1.1" 204 - "https://ftscreations.com/miejsca-mno%C5%BCnika-w-floating-dragon/" "Mozilla/5.0 (Windows NT 10.0; Win64; x64) AppleWebKit/537.36 (KHTML, like Gecko) Chrome/103.0.0.0 Safari/537.36" 3380 **3/3380036**
114.119.136.249 - - [21/Feb/2026:18:21:48 -0700] "GET /mega-fortune-jackpot%C3%B3w/ HTTP/1.1" 200 9003 "https://ftscreations.com/mega-fortune-jackpot%C3%B3w/" "Mozilla/5.0 (Linux; Android 7.0;) AppleWebKit/537.36 (KHTML, like Gecko) Mobile Safari/537.36 (compatible; PetalBot;+https://webmaster.petalsearch.com/site/petalbot)" 4579 **4/4579739**
114.119.142.93 - - [21/Feb/2026:18:23:10 -0700] "GET /mega-fire-blaze-roulette-bonus-powitalny/ HTTP/1.1" 200 8348 "https://ftscreations.com/mega-fire-blaze-roulette-bonus-powitalny" "Mozilla/5.0 (Linux; Android 7.0;) AppleWebKit/537.36 (KHTML, like Gecko) Mobile Safari/537.36 (compatible; PetalBot;+https://webmaster.petalsearch.com/site/petalbot)" 2584 **2/2584259**
205.210.31.220 - - [21/Feb/2026:18:24:22 -0700] "GET / HTTP/1.1" 200 18159 "-" "Hello from Palo Alto Networks, find out more about our scans in https://docs-cortex.paloaltonetworks.com/r/1/Cortex-Xpanse/Scanning-activity" 3575 **3/3575269**
114.119.159.62 - - [21/Feb/2026:18:24:33 -0700] "GET /mechanika-wyp%C5%82at-rozproszonych-w-action-bank/ HTTP/1.1" 200 9106 "https://ftscreations.com/mechanika-wyp%C5%82at-rozproszonych-w-action-bank" "Mozilla/5.0 (Linux; Android 7.0;) AppleWebKit/537.36 (KHTML, like Gecko) Mobile Safari/537.36 (compatible; PetalBot;+https://webmaster.petalsearch.com/site/petalbot)" 3258 **3/3258784**
43.173.182.230 - - [21/Feb/2026:18:25:22 -0700] "GET /?p=3967 HTTP/1.1" 301 - "-" "Mozilla/5.0 (Windows NT 10.0; Win64; x64) AppleWebKit/537.36 (KHTML, like Gecko) Chrome/111.0.0.0 Safari/537.36" 169 **0/169372**
43.173.182.230 - - [21/Feb/2026:18:25:22 -0700] "GET /50-lions-online-w-wersji-demonstracyjnej/ HTTP/1.1" 200 9247 "https://ftscreations.com/?p=3967" "Mozilla/5.0 (Windows NT 10.0; Win64; x64) AppleWebKit/537.36 (KHTML, like Gecko) Chrome/111.0.0.0 Safari/537.36" 290 **0/290435**
43.173.175.20 - - [21/Feb/2026:18:25:25 -0700] "POST / HTTP/1.1" 204 - "https://ftscreations.com/?p=3967" "Mozilla/5.0 (Windows NT 10.0; Win64; x64) AppleWebKit/537.36 (KHTML, like Gecko) Chrome/111.0.0.0 Safari/537.36" 152 **0/152386**
114.119.151.146 - - [21/Feb/2026:18:25:57 -0700] "GET /lucky-pants-bingo-opcja-zakupu-bonusu-za-darmowe-spiny HTTP/1.1" 301 - "-" "Mozilla/5.0 (Linux; Android 7.0;) AppleWebKit/537.36 (KHTML, like Gecko) Mobile Safari/537.36 (compatible; PetalBot;+https://webmaster.petalsearch.com/site/petalbot)" 187 **0/187950**
114.119.151.146 - - [21/Feb/2026:18:26:00 -0700] "GET /lucky-pants-bingo-opcja-zakupu-bonusu-za-darmowe-spiny/ HTTP/1.1" 200 8968 "-" "Mozilla/5.0 (Linux; Android 7.0;) AppleWebKit/537.36 (KHTML, like Gecko) Mobile Safari/537.36 (compatible; PetalBot;+https://webmaster.petalsearch.com/site/petalbot)" 472 **0/472636**
43.173.176.231 - - [21/Feb/2026:18:27:01 -0700] "GET /?p=13810 HTTP/1.1" 301 - "-" "Mozilla/5.0 (Windows NT 10.0; Win64; x64) AppleWebKit/537.36 (KHTML, like Gecko) Chrome/107.0.0.0 Safari/537.36" 2409 **2/2409462**
43.173.176.231 - - [21/Feb/2026:18:27:03 -0700] "GET /fortune-of-olympus-la-experiencia-divina-en-slots/ HTTP/1.1" 200 10346 "https://ftscreations.com/?p=13810" "Mozilla/5.0 (Windows NT 10.0; Win64; x64) AppleWebKit/537.36 (KHTML, like Gecko) Chrome/107.0.0.0 Safari/537.36" 4597 **4/4597677**
43.173.176.53 - - [21/Feb/2026:18:27:13 -0700] "POST / HTTP/1.1" 204 - "https://ftscreations.com/?p=13810" "Mozilla/5.0 (Windows NT 10.0; Win64; x64) AppleWebKit/537.36 (KHTML, like Gecko) Chrome/107.0.0.0 Safari/537.36" 2577 **2/2577805**
114.119.149.66 - - [21/Feb/2026:18:27:21 -0700] "GET /licencje-i-regulamin-kasyna-online-777-candies/ HTTP/1.1" 200 9375 "https://ftscreations.com/licencje-i-regulamin-kasyna-online-777-candies" "Mozilla/5.0 (Linux; Android 7.0;) AppleWebKit/537.36 (KHTML, like Gecko) Mobile Safari/537.36 (compatible; PetalBot;+https://webmaster.petalsearch.com/site/petalbot)" 3886 **3/3886836**
72.167.58.252 - - [21/Feb/2026:18:28:46 -0700] "POST /wp-cron.php?doing_wp_cron=1771723725.9242019653320312500000 HTTP/1.1" 200 - "https://ftscreations.com/wp-cron.php?doing_wp_cron=1771723725.9242019653320312500000" "WordPress/5.4.18; https://ftscreations.com" 2194 **2/2194276**
114.119.159.62 - - [21/Feb/2026:18:28:44 -0700] "GET /zakup-bonusowy-ras-legend/ HTTP/1.1" 200 9038 "https://ftscreations.com/zakup-bonusowy-ras-legend" "Mozilla/5.0 (Linux; Android 7.0;) AppleWebKit/537.36 (KHTML, like Gecko) Mobile Safari/537.36 (compatible; PetalBot;+https://webmaster.petalsearch.com/site/petalbot)" 4117 **4/4117844**
114.119.142.93 - - [21/Feb/2026:18:30:08 -0700] "GET /two-mayans-rozgrywka/ HTTP/1.1" 200 8953 "https://ftscreations.com/two-mayans-rozgrywka" "Mozilla/5.0 (Linux; Android 7.0;) AppleWebKit/537.36 (KHTML, like Gecko) Mobile Safari/537.36 (compatible; PetalBot;+https://webmaster.petalsearch.com/site/petalbot)" 5884 **5/5884672**
114.119.146.15 - - [21/Feb/2026:18:31:32 -0700] "GET /turnieje-slotowe-w-jungle-wild HTTP/1.1" 301 - "https://ftscreations.com/turnieje-slotowe-w-jungle-wild" "Mozilla/5.0 (Linux; Android 7.0;) AppleWebKit/537.36 (KHTML, like Gecko) Mobile Safari/537.36 (compatible; PetalBot;+https://webmaster.petalsearch.com/site/petalbot)" 3217 **3/3217503**
114.119.146.15 - - [21/Feb/2026:18:31:36 -0700] "GET /turnieje-slotowe-w-jungle-wild/ HTTP/1.1" 200 9359 "https://ftscreations.com/turnieje-slotowe-w-jungle-wild" "Mozilla/5.0 (Linux; Android 7.0;) AppleWebKit/537.36 (KHTML, like Gecko) Mobile Safari/537.36 (compatible; PetalBot;+https://webmaster.petalsearch.com/site/petalbot)" 3924 **3/3924254**
114.119.141.35 - - [21/Feb/2026:18:32:56 -0700] "GET /testo-05 HTTP/1.1" 301 - "-" "Mozilla/5.0 (Linux; Android 7.0;) AppleWebKit/537.36 (KHTML, like Gecko) Mobile Safari/537.36 (compatible; PetalBot;+https://webmaster.petalsearch.com/site/petalbot)" 3737 **3/3737665**
114.119.141.35 - - [21/Feb/2026:18:33:01 -0700] "GET /testo-05/ HTTP/1.1" 200 4988 "-" "Mozilla/5.0 (Linux; Android 7.0;) AppleWebKit/537.36 (KHTML, like Gecko) Mobile Safari/537.36 (compatible; PetalBot;+https://webmaster.petalsearch.com/site/petalbot)" 1951 **1/1951256**
47.82.11.100 - - [21/Feb/2026:18:33:33 -0700] "GET /gokken-exclusief-cruks-everything-dat-men-moet-kennen-aangaande-zonder/ HTTP/1.1" 200 10118 "https://ftscreations.com/" "Mozilla/5.0 (Windows NT 10.0; Win64; x64) AppleWebKit/537.36 (KHTML, like Gecko) Chrome/135.0.0.0 Safari/537.36" 4207 **4/4207522**
114.119.151.146 - - [21/Feb/2026:18:34:18 -0700] "GET /temat-diamond-link-mighty-elephant-slot HTTP/1.1" 301 - "-" "Mozilla/5.0 (Linux; Android 7.0;) AppleWebKit/537.36 (KHTML, like Gecko) Mobile Safari/537.36 (compatible; PetalBot;+https://webmaster.petalsearch.com/site/petalbot)" 2376 **2/2376218**
114.119.151.146 - - [21/Feb/2026:18:34:22 -0700] "GET /temat-diamond-link-mighty-elephant-slot/ HTTP/1.1" 200 8898 "-" "Mozilla/5.0 (Linux; Android 7.0;) AppleWebKit/537.36 (KHTML, like Gecko) Mobile Safari/537.36 (compatible; PetalBot;+https://webmaster.petalsearch.com/site/petalbot)" 3690 **3/3690275**
114.119.136.249 - - [21/Feb/2026:18:35:42 -0700] "GET /symbole-mno%C5%BCnika-w-book-of-the-priestess HTTP/1.1" 301 - "-" "Mozilla/5.0 (Linux; Android 7.0;) AppleWebKit/537.36 (KHTML, like Gecko) Mobile Safari/537.36 (compatible; PetalBot;+https://webmaster.petalsearch.com/site/petalbot)" 2992 **2/2992574**
114.119.136.249 - - [21/Feb/2026:18:35:47 -0700] "GET /symbole-mno%C5%BCnika-w-book-of-the-priestess/ HTTP/1.1" 200 9289 "-" "Mozilla/5.0 (Linux; Android 7.0;) AppleWebKit/537.36 (KHTML, like Gecko) Mobile Safari/537.36 (compatible; PetalBot;+https://webmaster.petalsearch.com/site/petalbot)" 2972 **2/2972393**
114.119.136.249 - - [21/Feb/2026:18:37:05 -0700] "GET /rundy-bonusowe-darmowych-spin%C3%B3w-w-book-of-darkness HTTP/1.1" 301 - "https://ftscreations.com/rundy-bonusowe-darmowych-spin%C3%B3w-w-book-of-darkness" "Mozilla/5.0 (Linux; Android 7.0;) AppleWebKit/537.36 (KHTML, like Gecko) Mobile Safari/537.36 (compatible; PetalBot;+https://webmaster.petalsearch.com/site/petalbot)" 2701 **2/2701054**
114.119.136.249 - - [21/Feb/2026:18:37:08 -0700] "GET /rundy-bonusowe-darmowych-spin%C3%B3w-w-book-of-darkness/ HTTP/1.1" 200 9000 "https://ftscreations.com/rundy-bonusowe-darmowych-spin%C3%B3w-w-book-of-darkness" "Mozilla/5.0 (Linux; Android 7.0;) AppleWebKit/537.36 (KHTML, like Gecko) Mobile Safari/537.36 (compatible; PetalBot;+https://webmaster.petalsearch.com/site/petalbot)" 3046 **3/3046624**
114.119.149.66 - - [21/Feb/2026:18:38:36 -0700] "GET /rozgrywka-w-carnaval-bingo HTTP/1.1" 301 - "-" "Mozilla/5.0 (Linux; Android 7.0;) AppleWebKit/537.36 (KHTML, like Gecko) Mobile Safari/537.36 (compatible; PetalBot;+https://webmaster.petalsearch.com/site/petalbot)" 2260 **2/2260567**
114.119.149.66 - - [21/Feb/2026:18:38:41 -0700] "GET /rozgrywka-w-carnaval-bingo/ HTTP/1.1" 200 9056 "-" "Mozilla/5.0 (Linux; Android 7.0;) AppleWebKit/537.36 (KHTML, like Gecko) Mobile Safari/537.36 (compatible; PetalBot;+https://webmaster.petalsearch.com/site/petalbot)" 1217 **1/1217872**
114.119.146.15 - - [21/Feb/2026:18:39:54 -0700] "GET /nasze-do%C5%9Bwiadczenia-z-slot-automat-book-of-power/ HTTP/1.1" 200 9385 "https://ftscreations.com/nasze-do%C5%9Bwiadczenia-z-slot-automat-book-of-power" "Mozilla/5.0 (Linux; Android 7.0;) AppleWebKit/537.36 (KHTML, like Gecko) Mobile Safari/537.36 (compatible; PetalBot;+https://webmaster.petalsearch.com/site/petalbot)" 297 **0/297113**
114.119.129.175 - - [21/Feb/2026:18:41:20 -0700] "GET /mayan-gods-tworzenie-klastr%C3%B3w-na-polu-6x5/ HTTP/1.1" 200 9453 "https://ftscreations.com/mayan-gods-tworzenie-klastr%C3%B3w-na-polu-6x5/" "Mozilla/5.0 (Linux; Android 7.0;) AppleWebKit/537.36 (KHTML, like Gecko) Mobile Safari/537.36 (compatible; PetalBot;+https://webmaster.petalsearch.com/site/petalbot)" 253 **0/253297**
114.119.144.41 - - [21/Feb/2026:18:42:07 -0700] "GET /robots.txt HTTP/1.1" 200 153 "-" "Mozilla/5.0 (compatible;PetalBot;+https://webmaster.petalsearch.com/site/petalbot)" 6 **0/6770**
66.249.79.4 - - [21/Feb/2026:18:42:09 -0700] "GET /spinsino-casino-ihre-erstklassige-anlaufstelle-fur/ HTTP/1.1" 200 10653 "-" "Mozilla/5.0 (Linux; Android 6.0.1; Nexus 5X Build/MMB29P) AppleWebKit/537.36 (KHTML, like Gecko) Chrome/144.0.7559.132 Mobile Safari/537.36 (compatible; Googlebot/2.1; +http://www.google.com/bot.html)" 263 **0/263923**
66.249.79.5 - - [21/Feb/2026:18:42:13 -0700] "POST / HTTP/1.1" 204 - "https://ftscreations.com/spinsino-casino-ihre-erstklassige-anlaufstelle-fur/" "Mozilla/5.0 (Linux; Android 6.0.1; Nexus 5X Build/MMB29P) AppleWebKit/537.36 (KHTML, like Gecko) Chrome/144.0.7559.132 Mobile Safari/537.36 (compatible; Googlebot/2.1; +http://www.google.com/bot.html)" 187 **0/187423**
66.249.79.4 - - [21/Feb/2026:18:42:20 -0700] "GET /chicken-road-das-absolute-crash-game-erlebnis-fur/ HTTP/1.1" 200 9744 "-" "Mozilla/5.0 (Linux; Android 6.0.1; Nexus 5X Build/MMB29P) AppleWebKit/537.36 (KHTML, like Gecko) Chrome/144.0.7559.132 Mobile Safari/537.36 (compatible; Googlebot/2.1; +http://www.google.com/bot.html)" 461 **0/461522**
66.249.79.4 - - [21/Feb/2026:18:42:35 -0700] "POST / HTTP/1.1" 204 - "https://ftscreations.com/chicken-road-das-absolute-crash-game-erlebnis-fur/" "Mozilla/5.0 (Linux; Android 6.0.1; Nexus 5X Build/MMB29P) AppleWebKit/537.36 (KHTML, like Gecko) Chrome/144.0.7559.132 Mobile Safari/537.36 (compatible; Googlebot/2.1; +http://www.google.com/bot.html)" 173 **0/173152**
114.119.159.62 - - [21/Feb/2026:18:42:40 -0700] "GET /lucky-fish-bonus/ HTTP/1.1" 200 9342 "https://ftscreations.com/lucky-fish-bonus" "Mozilla/5.0 (Linux; Android 7.0;) AppleWebKit/537.36 (KHTML, like Gecko) Mobile Safari/537.36 (compatible; PetalBot;+https://webmaster.petalsearch.com/site/petalbot)" 454 **0/454591**
114.119.141.35 - - [21/Feb/2026:18:44:04 -0700] "GET /lady-robin-hood-wysoka-zmienno%C5%9B%C4%87-i-stopa-wyp%C5%82at HTTP/1.1" 301 - "https://ftscreations.com/blog/page/18" "Mozilla/5.0 (Linux; Android 7.0;) AppleWebKit/537.36 (KHTML, like Gecko) Mobile Safari/537.36 (compatible; PetalBot;+https://webmaster.petalsearch.com/site/petalbot)" 273 **0/273389**
114.119.141.35 - - [21/Feb/2026:18:44:07 -0700] "GET /lady-robin-hood-wysoka-zmienno%C5%9B%C4%87-i-stopa-wyp%C5%82at/ HTTP/1.1" 200 9115 "https://ftscreations.com/blog/page/18" "Mozilla/5.0 (Linux; Android 7.0;) AppleWebKit/537.36 (KHTML, like Gecko) Mobile Safari/537.36 (compatible; PetalBot;+https://webmaster.petalsearch.com/site/petalbot)" 296 **0/296361**
114.119.142.93 - - [21/Feb/2026:18:45:40 -0700] "GET /lady-luck-system-kaskadowy/ HTTP/1.1" 200 9193 "https://ftscreations.com/lady-luck-system-kaskadowy/" "Mozilla/5.0 (Linux; Android 7.0;) AppleWebKit/537.36 (KHTML, like Gecko) Mobile Safari/537.36 (compatible; PetalBot;+https://webmaster.petalsearch.com/site/petalbot)" 278 **0/278613**
114.119.151.146 - - [21/Feb/2026:18:46:55 -0700] "GET /kasino-ekskl-rofus-sikr-komplet-spillefrihed/ HTTP/1.1" 200 10759 "https://ftscreations.com/chicken-road-dwa-rozgrywka-kasyno-w-sieci-nowej/" "Mozilla/5.0 (Linux; Android 7.0;) AppleWebKit/537.36 (KHTML, like Gecko) Mobile Safari/537.36 (compatible; PetalBot;+https://webmaster.petalsearch.com/site/petalbot)" 219 **0/219068**
114.119.141.35 - - [21/Feb/2026:18:48:33 -0700] "GET /john-hunter-and-the-book-of-tut-wygrane HTTP/1.1" 301 - "https://ftscreations.com/john-hunter-and-the-book-of-tut-wygrane" "Mozilla/5.0 (Linux; Android 7.0;) AppleWebKit/537.36 (KHTML, like Gecko) Mobile Safari/537.36 (compatible; PetalBot;+https://webmaster.petalsearch.com/site/petalbot)" 223 **0/223672**
114.119.141.35 - - [21/Feb/2026:18:48:35 -0700] "GET /john-hunter-and-the-book-of-tut-wygrane/ HTTP/1.1" 200 9089 "https://ftscreations.com/john-hunter-and-the-book-of-tut-wygrane" "Mozilla/5.0 (Linux; Android 7.0;) AppleWebKit/537.36 (KHTML, like Gecko) Mobile Safari/537.36 (compatible; PetalBot;+https://webmaster.petalsearch.com/site/petalbot)" 278 **0/278480**
114.119.142.93 - - [21/Feb/2026:18:49:52 -0700] "GET /jak-wygra%C4%87-na-automatach-wild-vegas HTTP/1.1" 301 - "-" "Mozilla/5.0 (Linux; Android 7.0;) AppleWebKit/537.36 (KHTML, like Gecko) Mobile Safari/537.36 (compatible; PetalBot;+https://webmaster.petalsearch.com/site/petalbot)" 207 **0/207322**
114.119.142.93 - - [21/Feb/2026:18:49:53 -0700] "GET /jak-wygra%C4%87-na-automatach-wild-vegas/ HTTP/1.1" 200 9311 "-" "Mozilla/5.0 (Linux; Android 7.0;) AppleWebKit/537.36 (KHTML, like Gecko) Mobile Safari/537.36 (compatible; PetalBot;+https://webmaster.petalsearch.com/site/petalbot)" 276 **0/276475**
114.119.136.249 - - [21/Feb/2026:18:51:03 -0700] "GET /wild-celebrity-bus-megaways-%C5%9Arednia-zmienno%C5%9B%C4%87-i-wysoka-wyp%C5%82ata HTTP/1.1" 301 - "https://ftscreations.com/wild-celebrity-bus-megaways-%C5%9Arednia-zmienno%C5%9B%C4%87-i-wysoka-wyp%C5%82ata" "Mozilla/5.0 (Linux; Android 7.0;) AppleWebKit/537.36 (KHTML, like Gecko) Mobile Safari/537.36 (compatible; PetalBot;+https://webmaster.petalsearch.com/site/petalbot)" 170 **0/170111**
114.119.136.249 - - [21/Feb/2026:18:51:05 -0700] "GET /wild-celebrity-bus-megaways-%C5%9Arednia-zmienno%C5%9B%C4%87-i-wysoka-wyp%C5%82ata/ HTTP/1.1" 200 9329 "https://ftscreations.com/wild-celebrity-bus-megaways-%C5%9Arednia-zmienno%C5%9B%C4%87-i-wysoka-wyp%C5%82ata" "Mozilla/5.0 (Linux; Android 7.0;) AppleWebKit/537.36 (KHTML, like Gecko) Mobile Safari/537.36 (compatible; PetalBot;+https://webmaster.petalsearch.com/site/petalbot)" 265 **0/265384**
114.119.136.249 - - [21/Feb/2026:18:52:32 -0700] "GET /strategia-gry-777-slots/ HTTP/1.1" 200 8968 "https://ftscreations.com/strategia-gry-777-slots" "Mozilla/5.0 (Linux; Android 7.0;) AppleWebKit/537.36 (KHTML, like Gecko) Mobile Safari/537.36 (compatible; PetalBot;+https://webmaster.petalsearch.com/site/petalbot)" 1229 **1/1229065**
114.119.141.35 - - [21/Feb/2026:18:53:49 -0700] "GET /scatter-i-darmowe-spiny-w-grze-wolf-gold/ HTTP/1.1" 200 9388 "https://ftscreations.com/scatter-i-darmowe-spiny-w-grze-wolf-gold/" "Mozilla/5.0 (Linux; Android 7.0;) AppleWebKit/537.36 (KHTML, like Gecko) Mobile Safari/537.36 (compatible; PetalBot;+https://webmaster.petalsearch.com/site/petalbot)" 279 **0/279604**
114.119.136.249 - - [21/Feb/2026:18:55:13 -0700] "GET /rozgrywka-gems-gone-wild/ HTTP/1.1" 200 9097 "https://ftscreations.com/rozgrywka-gems-gone-wild/" "Mozilla/5.0 (Linux; Android 7.0;) AppleWebKit/537.36 (KHTML, like Gecko) Mobile Safari/537.36 (compatible; PetalBot;+https://webmaster.petalsearch.com/site/petalbot)" 2349 **2/2349207**
114.119.136.249 - - [21/Feb/2026:18:56:36 -0700] "GET /magic-piggy-zmienno%C5%9B%C4%87/ HTTP/1.1" 200 9108 "https://ftscreations.com/magic-piggy-zmienno%C5%9B%C4%87/" "Mozilla/5.0 (Linux; Android 7.0;) AppleWebKit/537.36 (KHTML, like Gecko) Mobile Safari/537.36 (compatible; PetalBot;+https://webmaster.petalsearch.com/site/petalbot)" 4794 **4/4794578**
114.119.129.175 - - [21/Feb/2026:18:58:08 -0700] "GET /koi-princess-klaster-p%C5%82aci/ HTTP/1.1" 200 9420 "https://ftscreations.com/koi-princess-klaster-p%C5%82aci/" "Mozilla/5.0 (Linux; Android 7.0;) AppleWebKit/537.36 (KHTML, like Gecko) Mobile Safari/537.36 (compatible; PetalBot;+https://webmaster.petalsearch.com/site/petalbot)" 267 **0/267697**
114.119.151.146 - - [21/Feb/2026:18:59:37 -0700] "GET /jak-gra%C4%87-w-aztec-fire-hold-and-win-automaty/ HTTP/1.1" 200 9442 "https://ftscreations.com/jak-gra%C4%87-w-aztec-fire-hold-and-win-automaty/" "Mozilla/5.0 (Linux; Android 7.0;) AppleWebKit/537.36 (KHTML, like Gecko) Mobile Safari/537.36 (compatible; PetalBot;+https://webmaster.petalsearch.com/site/petalbot)" 4262 **4/4262181**
114.119.149.66 - - [21/Feb/2026:19:00:48 -0700] "GET /jackpoty-w-plinko/ HTTP/1.1" 200 9001 "https://ftscreations.com/jackpoty-w-plinko/" "Mozilla/5.0 (Linux; Android 7.0;) AppleWebKit/537.36 (KHTML, like Gecko) Mobile Safari/537.36 (compatible; PetalBot;+https://webmaster.petalsearch.com/site/petalbot)" 3813 **3/3813341**
114.119.129.175 - - [21/Feb/2026:19:02:15 -0700] "GET /introduction-to-millioner-casino-your-gateway-to/ HTTP/1.1" 200 10543 "https://ftscreations.com/one-s-complete-resource-to-leon-casino-online/" "Mozilla/5.0 (Linux; Android 7.0;) AppleWebKit/537.36 (KHTML, like Gecko) Mobile Safari/537.36 (compatible; PetalBot;+https://webmaster.petalsearch.com/site/petalbot)" 5730 **5/5730232**
23.226.137.109 - - [21/Feb/2026:19:02:49 -0700] "GET /contact/ HTTP/1.1" 200 4241 "-" "Mozilla/5.0 (X11; Linux i686; rv:114.0) Gecko/20100101 Firefox/114.0" 2276 **2/2276133**
23.226.137.109 - - [21/Feb/2026:19:02:52 -0700] "POST /wp-content/themes/photographer-wp/send-mail.php HTTP/1.1" 200 10 "https://ftscreations.com/contact/" "Mozilla/5.0 (X11; Linux i686; rv:114.0) Gecko/20100101 Firefox/114.0" 13863 **13/13863723**
114.119.129.175 - - [21/Feb/2026:19:03:34 -0700] "GET /into-the-jungle-problemy-z-gr%C4%85/ HTTP/1.1" 200 9155 "https://ftscreations.com/into-the-jungle-problemy-z-gr%C4%85" "Mozilla/5.0 (Linux; Android 7.0;) AppleWebKit/537.36 (KHTML, like Gecko) Mobile Safari/537.36 (compatible; PetalBot;+https://webmaster.petalsearch.com/site/petalbot)" 4656 **4/4656890**
114.119.146.15 - - [21/Feb/2026:19:05:01 -0700] "GET /heads-up-hold-em-pole-gry-6x5/ HTTP/1.1" 200 9131 "https://ftscreations.com/heads-up-hold-em-pole-gry-6x5/" "Mozilla/5.0 (Linux; Android 7.0;) AppleWebKit/537.36 (KHTML, like Gecko) Mobile Safari/537.36 (compatible; PetalBot;+https://webmaster.petalsearch.com/site/petalbot)" 6170 **6/6170124**
114.119.129.175 - - [21/Feb/2026:19:06:30 -0700] "GET /gronks-gems-losowe-mno%C5%BCniki-do-500x/ HTTP/1.1" 200 9180 "https://ftscreations.com/gronks-gems-losowe-mno%C5%BCniki-do-500x/" "Mozilla/5.0 (Linux; Android 7.0;) AppleWebKit/537.36 (KHTML, like Gecko) Mobile Safari/537.36 (compatible; PetalBot;+https://webmaster.petalsearch.com/site/petalbot)" 4246 **4/4246314**
114.119.159.62 - - [21/Feb/2026:19:07:53 -0700] "GET /granny-vs-zombies-klaster-p%C5%82aci-i-wysokie-wyp%C5%82aty/ HTTP/1.1" 200 9145 "https://ftscreations.com/granny-vs-zombies-klaster-p%C5%82aci-i-wysokie-wyp%C5%82aty/" "Mozilla/5.0 (Linux; Android 7.0;) AppleWebKit/537.36 (KHTML, like Gecko) Mobile Safari/537.36 (compatible; PetalBot;+https://webmaster.petalsearch.com/site/petalbot)" 2713 **2/2713394**
202.76.138.235 - - [21/Feb/2026:19:09:12 -0700] "GET /anakalpste-ten-mgiste-empeira-gaming-sto-ninlay/ HTTP/1.1" 200 10802 "-" "Mozilla/5.0 (Windows; U; Windows NT 6.1; en-US) AppleWebKit/534.17 (KHTML, like Gecko) Chrome/11.0.654.0 Safari/534.17" 5340 **5/5340287**
114.119.136.249 - - [21/Feb/2026:19:09:17 -0700] "GET /graj-w-gold-digger-na-wielu-urz%C4%85dzeniach/ HTTP/1.1" 200 9410 "https://ftscreations.com/graj-w-gold-digger-na-wielu-urz%C4%85dzeniach" "Mozilla/5.0 (Linux; Android 7.0;) AppleWebKit/537.36 (KHTML, like Gecko) Mobile Safari/537.36 (compatible; PetalBot;+https://webmaster.petalsearch.com/site/petalbot)" 4898 **4/4898910**
43.157.22.109 - - [21/Feb/2026:19:09:39 -0700] "GET / HTTP/1.1" 200 4543 "http://ftscreations.com" "Mozilla/5.0 (iPhone; CPU iPhone OS 13_2_3 like Mac OS X) AppleWebKit/605.1.15 (KHTML, like Gecko) Version/13.0.3 Mobile/15E148 Safari/604.1" 3096 **3/3096216**
114.119.142.93 - - [21/Feb/2026:19:10:34 -0700] "GET /graj-na-multi-5 HTTP/1.1" 301 - "-" "Mozilla/5.0 (Linux; Android 7.0;) AppleWebKit/537.36 (KHTML, like Gecko) Mobile Safari/537.36 (compatible; PetalBot;+https://webmaster.petalsearch.com/site/petalbot)" 3022 **3/3022969**
114.119.142.93 - - [21/Feb/2026:19:10:38 -0700] "GET /graj-na-multi-5/ HTTP/1.1" 200 8974 "-" "Mozilla/5.0 (Linux; Android 7.0;) AppleWebKit/537.36 (KHTML, like Gecko) Mobile Safari/537.36 (compatible; PetalBot;+https://webmaster.petalsearch.com/site/petalbot)" 4937 **4/4937842**
114.119.146.15 - - [21/Feb/2026:19:11:56 -0700] "GET /gra-vault-of-anubis-rtp/ HTTP/1.1" 200 9256 "https://ftscreations.com/gra-vault-of-anubis-rtp/" "Mozilla/5.0 (Linux; Android 7.0;) AppleWebKit/537.36 (KHTML, like Gecko) Mobile Safari/537.36 (compatible; PetalBot;+https://webmaster.petalsearch.com/site/petalbot)" 288 **0/288549**
114.119.129.175 - - [21/Feb/2026:19:13:19 -0700] "GET /gra-o-wysokim-wska%C5%BAniku-wygranych-deuces-wild HTTP/1.1" 301 - "https://ftscreations.com/gra-o-wysokim-wska%C5%BAniku-wygranych-deuces-wild" "Mozilla/5.0 (Linux; Android 7.0;) AppleWebKit/537.36 (KHTML, like Gecko) Mobile Safari/537.36 (compatible; PetalBot;+https://webmaster.petalsearch.com/site/petalbot)" 171 **0/171771**
114.119.129.175 - - [21/Feb/2026:19:13:20 -0700] "GET /gra-o-wysokim-wska%C5%BAniku-wygranych-deuces-wild/ HTTP/1.1" 200 8857 "https://ftscreations.com/gra-o-wysokim-wska%C5%BAniku-wygranych-deuces-wild" "Mozilla/5.0 (Linux; Android 7.0;) AppleWebKit/537.36 (KHTML, like Gecko) Mobile Safari/537.36 (compatible; PetalBot;+https://webmaster.petalsearch.com/site/petalbot)" 272 **0/272134**
114.119.142.93 - - [21/Feb/2026:19:14:43 -0700] "GET /gra-hazardowa-jack-in-a-pot HTTP/1.1" 301 - "-" "Mozilla/5.0 (Linux; Android 7.0;) AppleWebKit/537.36 (KHTML, like Gecko) Mobile Safari/537.36 (compatible; PetalBot;+https://webmaster.petalsearch.com/site/petalbot)" 562 **0/562865**
114.119.142.93 - - [21/Feb/2026:19:14:47 -0700] "GET /gra-hazardowa-jack-in-a-pot/ HTTP/1.1" 200 9224 "-" "Mozilla/5.0 (Linux; Android 7.0;) AppleWebKit/537.36 (KHTML, like Gecko) Mobile Safari/537.36 (compatible; PetalBot;+https://webmaster.petalsearch.com/site/petalbot)" 291 **0/291294**
43.173.182.124 - - [21/Feb/2026:19:15:35 -0700] "GET /?p=2800 HTTP/1.1" 301 - "-" "Mozilla/5.0 (Windows NT 10.0; Win64; x64) AppleWebKit/537.36 (KHTML, like Gecko) Chrome/105.0.0.0 Safari/537.3" 167 **0/167579**
43.173.169.152 - - [21/Feb/2026:19:15:36 -0700] "GET /?p=6107 HTTP/1.1" 301 - "http://ftscreations.com/?p=6107" "Mozilla/5.0 (Windows NT 10.0; Win64; x64) AppleWebKit/537.36 (KHTML, like Gecko) Chrome/103.0.0.0 Safari/537.36" 336 **0/336731**
43.173.182.124 - - [21/Feb/2026:19:15:36 -0700] "GET /jak-obstawia%C4%87-du%C5%BCe-zak%C5%82ady-w-grze-franks-farm-w-kasynie/ HTTP/1.1" 200 9341 "https://ftscreations.com/?p=2800" "Mozilla/5.0 (Windows NT 10.0; Win64; x64) AppleWebKit/537.36 (KHTML, like Gecko) Chrome/105.0.0.0 Safari/537.3" 373 **0/373155**
43.173.169.152 - - [21/Feb/2026:19:15:36 -0700] "GET /czym-jest-poziom-zmienno%C5%9Bci-w-grach-kasynowych-online-red-card/ HTTP/1.1" 200 9334 "https://ftscreations.com/?p=6107" "Mozilla/5.0 (Windows NT 10.0; Win64; x64) AppleWebKit/537.36 (KHTML, like Gecko) Chrome/103.0.0.0 Safari/537.36" 307 **0/307227**
43.173.179.83 - - [21/Feb/2026:19:15:40 -0700] "POST / HTTP/1.1" 204 - "http://ftscreations.com/" "Mozilla/5.0 (Windows NT 10.0; Win64; x64) AppleWebKit/537.36 (KHTML, like Gecko) Chrome/103.0.0.0 Safari/537.36" 287 **0/287891**
43.173.179.236 - - [21/Feb/2026:19:15:40 -0700] "POST / HTTP/1.1" 204 - "https://ftscreations.com/?p=2800" "Mozilla/5.0 (Windows NT 10.0; Win64; x64) AppleWebKit/537.36 (KHTML, like Gecko) Chrome/105.0.0.0 Safari/537.3" 271 **0/271131**
43.173.180.87 - - [21/Feb/2026:19:15:57 -0700] "GET /czym-jest-poziom-zmienno%C5%9Bci-w-grach-kasynowych-online-red-card/ HTTP/1.1" 200 9335 "-" "Mozilla/5.0 (Windows NT 10.0; Win64; x64) AppleWebKit/537.36 (KHTML, like Gecko) Chrome/133.0.0.0 Safari/537.36" 427 **0/427887**
43.173.180.190 - - [21/Feb/2026:19:16:02 -0700] "POST / HTTP/1.1" 204 - "https://ftscreations.com/czym-jest-poziom-zmienno%C5%9Bci-w-grach-kasynowych-online-red-card/" "Mozilla/5.0 (Windows NT 10.0; Win64; x64) AppleWebKit/537.36 (KHTML, like Gecko) Chrome/133.0.0.0 Safari/537.36" 169 **0/169815**
114.119.136.249 - - [21/Feb/2026:19:16:11 -0700] "GET /ghost-of-dead-p%C5%82atno%C5%9Bci-rozproszone-i-wyp%C5%82aty/ HTTP/1.1" 200 8998 "https://ftscreations.com/ghost-of-dead-p%C5%82atno%C5%9Bci-rozproszone-i-wyp%C5%82aty" "Mozilla/5.0 (Linux; Android 7.0;) AppleWebKit/537.36 (KHTML, like Gecko) Mobile Safari/537.36 (compatible; PetalBot;+https://webmaster.petalsearch.com/site/petalbot)" 556 **0/556557**
114.119.136.249 - - [21/Feb/2026:19:17:30 -0700] "GET /funkcja-hazardu-zwi%C4%99kszaj%C4%85ca-wygran%C4%85-w-automacie-absolute-super-reels HTTP/1.1" 301 - "-" "Mozilla/5.0 (Linux; Android 7.0;) AppleWebKit/537.36 (KHTML, like Gecko) Mobile Safari/537.36 (compatible; PetalBot;+https://webmaster.petalsearch.com/site/petalbot)" 159 **0/159187**
114.119.136.249 - - [21/Feb/2026:19:17:31 -0700] "GET /funkcja-hazardu-zwi%C4%99kszaj%C4%85ca-wygran%C4%85-w-automacie-absolute-super-reels/ HTTP/1.1" 200 9259 "-" "Mozilla/5.0 (Linux; Android 7.0;) AppleWebKit/537.36 (KHTML, like Gecko) Mobile Safari/537.36 (compatible; PetalBot;+https://webmaster.petalsearch.com/site/petalbot)" 295 **0/295244**
43.173.179.135 - - [21/Feb/2026:19:17:49 -0700] "GET /?p=13812 HTTP/1.1" 301 - "-" "Mozilla/5.0 (Windows NT 10.0; Win64; x64) AppleWebKit/537.36 (KHTML, like Gecko) Chrome/112.0.0.0 Safari/537.36" 217 **0/217319**
43.173.182.142 - - [21/Feb/2026:19:17:49 -0700] "GET /?p=2891 HTTP/1.1" 301 - "-" "Mozilla/5.0 (Windows NT 10.0; Win64; x64) AppleWebKit/537.36 (KHTML, like Gecko) Chrome/107.0.0.0 Safari/537.36" 271 **0/271736**
43.173.179.135 - - [21/Feb/2026:19:17:50 -0700] "GET /divine-plinko-the-divine-game-which-rewards-your/ HTTP/1.1" 200 10677 "https://ftscreations.com/?p=13812" "Mozilla/5.0 (Windows NT 10.0; Win64; x64) AppleWebKit/537.36 (KHTML, like Gecko) Chrome/112.0.0.0 Safari/537.36" 348 **0/348131**
43.173.182.142 - - [21/Feb/2026:19:17:50 -0700] "GET /sun-goddess-wersja-demo/ HTTP/1.1" 200 9030 "https://ftscreations.com/?p=2891" "Mozilla/5.0 (Windows NT 10.0; Win64; x64) AppleWebKit/537.36 (KHTML, like Gecko) Chrome/107.0.0.0 Safari/537.36" 402 **0/402277**
43.173.175.95 - - [21/Feb/2026:19:17:51 -0700] "POST / HTTP/1.1" 204 - "https://ftscreations.com/?p=13812" "Mozilla/5.0 (Windows NT 10.0; Win64; x64) AppleWebKit/537.36 (KHTML, like Gecko) Chrome/112.0.0.0 Safari/537.36" 181 **0/181777**
43.173.179.4 - - [21/Feb/2026:19:17:57 -0700] "POST / HTTP/1.1" 204 - "https://ftscreations.com/?p=2891" "Mozilla/5.0 (Windows NT 10.0; Win64; x64) AppleWebKit/537.36 (KHTML, like Gecko) Chrome/107.0.0.0 Safari/537.36" 1442 **1/1442662**
114.119.136.249 - - [21/Feb/2026:19:18:54 -0700] "GET /funkcja-darmowych-spin%C3%B3w-w-space-xy/ HTTP/1.1" 200 9392 "https://ftscreations.com/funkcja-darmowych-spin%C3%B3w-w-space-xy" "Mozilla/5.0 (Linux; Android 7.0;) AppleWebKit/537.36 (KHTML, like Gecko) Mobile Safari/537.36 (compatible; PetalBot;+https://webmaster.petalsearch.com/site/petalbot)" 548 **0/548523**
43.163.22.250 - - [21/Feb/2026:19:20:03 -0700] "GET /?p=3403 HTTP/1.1" 301 - "-" "Mozilla/5.0 (Windows NT 10.0; Win64; x64) AppleWebKit/537.36 (KHTML, like Gecko) Chrome/110.0.0.0 Safari/537.36" 253 **0/253349**
43.173.174.46 - - [21/Feb/2026:19:20:03 -0700] "GET /?p=3007 HTTP/1.1" 301 - "-" "Mozilla/5.0 (Windows NT 10.0; Win64; x64) AppleWebKit/537.36 (KHTML, like Gecko) Chrome/116.0.0.0 Safari/537.36" 407 **0/407226**
43.163.22.250 - - [21/Feb/2026:19:20:03 -0700] "GET /gold-rush-cash-collect-rtp-i-zmienno%C5%9B%C4%87-gier/ HTTP/1.1" 200 9007 "https://ftscreations.com/?p=3403" "Mozilla/5.0 (Windows NT 10.0; Win64; x64) AppleWebKit/537.36 (KHTML, like Gecko) Chrome/110.0.0.0 Safari/537.36" 520 **0/520205**
43.173.182.29 - - [21/Feb/2026:19:20:04 -0700] "GET /?p=4479 HTTP/1.1" 301 - "-" "Mozilla/5.0 (Windows NT 10.0; Win64; x64) AppleWebKit/537.36 (KHTML, like Gecko) Chrome/116.0.0.0 Safari/537.36" 345 **0/345704**
43.173.174.46 - - [21/Feb/2026:19:20:04 -0700] "GET /deal-or-no-deal-world-symbole-mno%C5%BCnik%C3%B3w-i-ich-warto%C5%9Bci/ HTTP/1.1" 200 9104 "https://ftscreations.com/?p=3007" "Mozilla/5.0 (Windows NT 10.0; Win64; x64) AppleWebKit/537.36 (KHTML, like Gecko) Chrome/116.0.0.0 Safari/537.36" 431 **0/431084**
43.173.182.29 - - [21/Feb/2026:19:20:05 -0700] "GET /fire-strike-z-p%C5%82atno%C5%9Bci%C4%85-grupow%C4%85/ HTTP/1.1" 200 9241 "https://ftscreations.com/?p=4479" "Mozilla/5.0 (Windows NT 10.0; Win64; x64) AppleWebKit/537.36 (KHTML, like Gecko) Chrome/116.0.0.0 Safari/537.36" 464 **0/464323**
43.173.174.210 - - [21/Feb/2026:19:20:10 -0700] "POST / HTTP/1.1" 204 - "https://ftscreations.com/?p=3007" "Mozilla/5.0 (Windows NT 10.0; Win64; x64) AppleWebKit/537.36 (KHTML, like Gecko) Chrome/116.0.0.0 Safari/537.36" 183 **0/183296**
43.173.178.162 - - [21/Feb/2026:19:20:10 -0700] "POST / HTTP/1.1" 204 - "https://ftscreations.com/?p=3403" "Mozilla/5.0 (Windows NT 10.0; Win64; x64) AppleWebKit/537.36 (KHTML, like Gecko) Chrome/110.0.0.0 Safari/537.36" 193 **0/193101**
43.173.180.32 - - [21/Feb/2026:19:20:13 -0700] "POST / HTTP/1.1" 204 - "https://ftscreations.com/?p=4479" "Mozilla/5.0 (Windows NT 10.0; Win64; x64) AppleWebKit/537.36 (KHTML, like Gecko) Chrome/116.0.0.0 Safari/537.36" 182 **0/182359**
114.119.146.15 - - [21/Feb/2026:19:20:24 -0700] "GET /fortune-of-olympus-uw-mythische-reis-start-hier/ HTTP/1.1" 200 10552 "https://ftscreations.com/arena-of-gold-zwyci%C4%99skie-kaskady-lub-funkcja-lawiny/" "Mozilla/5.0 (Linux; Android 7.0;) AppleWebKit/537.36 (KHTML, like Gecko) Mobile Safari/537.36 (compatible; PetalBot;+https://webmaster.petalsearch.com/site/petalbot)" 4888 **4/4888930**
114.119.146.15 - - [21/Feb/2026:19:21:48 -0700] "GET /fishin-frenzy-megaways-%C5%9Arednia-zmienno%C5%9B%C4%87-gry HTTP/1.1" 301 - "https://ftscreations.com/blog/page/7" "Mozilla/5.0 (Linux; Android 7.0;) AppleWebKit/537.36 (KHTML, like Gecko) Mobile Safari/537.36 (compatible; PetalBot;+https://webmaster.petalsearch.com/site/petalbot)" 2790 **2/2790510**
114.119.146.15 - - [21/Feb/2026:19:21:52 -0700] "GET /fishin-frenzy-megaways-%C5%9Arednia-zmienno%C5%9B%C4%87-gry/ HTTP/1.1" 200 9091 "https://ftscreations.com/blog/page/7" "Mozilla/5.0 (Linux; Android 7.0;) AppleWebKit/537.36 (KHTML, like Gecko) Mobile Safari/537.36 (compatible; PetalBot;+https://webmaster.petalsearch.com/site/petalbot)" 2151 **2/2151894**
66.249.79.6 - - [21/Feb/2026:19:21:59 -0700] "GET /7bit-casino-the-portal-to-high-end-digital/ HTTP/1.1" 200 9705 "-" "Mozilla/5.0 (Linux; Android 6.0.1; Nexus 5X Build/MMB29P) AppleWebKit/537.36 (KHTML, like Gecko) Chrome/144.0.7559.132 Mobile Safari/537.36 (compatible; Googlebot/2.1; +http://www.google.com/bot.html)" 3590 **3/3590488**
66.249.79.5 - - [21/Feb/2026:19:22:05 -0700] "POST / HTTP/1.1" 204 - "https://ftscreations.com/7bit-casino-the-portal-to-high-end-digital/" "Mozilla/5.0 (Linux; Android 6.0.1; Nexus 5X Build/MMB29P) AppleWebKit/537.36 (KHTML, like Gecko) Chrome/144.0.7559.132 Mobile Safari/537.36 (compatible; Googlebot/2.1; +http://www.google.com/bot.html)" 167 **0/167101**
114.119.146.15 - - [21/Feb/2026:19:23:05 -0700] "GET /fire-blaze-golden-tundra-wolf-dost%C4%99pna-wersja-demonstracyjna/ HTTP/1.1" 200 9139 "http://ftscreations.com/?p=8540" "Mozilla/5.0 (Linux; Android 7.0;) AppleWebKit/537.36 (KHTML, like Gecko) Mobile Safari/537.36 (compatible; PetalBot;+https://webmaster.petalsearch.com/site/petalbot)" 586 **0/586256**
47.82.11.164 - - [21/Feb/2026:19:24:19 -0700] "GET /rabbit-road-estrategia-avanzada-para-dominar-el/ HTTP/1.1" 200 9842 "https://ftscreations.com/" "Mozilla/5.0 (Windows NT 10.0; Win64; x64) AppleWebKit/537.36 (KHTML, like Gecko) Chrome/134.0.0.0 Safari/537.36" 255 **0/255538**
114.119.159.62 - - [21/Feb/2026:19:24:32 -0700] "GET /doubles-losowe-mno%C5%BCniki-do-500x/ HTTP/1.1" 200 9023 "https://ftscreations.com/doubles-losowe-mno%C5%BCniki-do-500x" "Mozilla/5.0 (Linux; Android 7.0;) AppleWebKit/537.36 (KHTML, like Gecko) Mobile Safari/537.36 (compatible; PetalBot;+https://webmaster.petalsearch.com/site/petalbot)" 380 **0/380378**
114.119.141.35 - - [21/Feb/2026:19:25:56 -0700] "GET /diamond-link-mighty-santa-mobilna-wersja-gry HTTP/1.1" 301 - "-" "Mozilla/5.0 (Linux; Android 7.0;) AppleWebKit/537.36 (KHTML, like Gecko) Mobile Safari/537.36 (compatible; PetalBot;+https://webmaster.petalsearch.com/site/petalbot)" 275 **0/275931**
114.119.141.35 - - [21/Feb/2026:19:25:57 -0700] "GET /diamond-link-mighty-santa-mobilna-wersja-gry/ HTTP/1.1" 200 9292 "-" "Mozilla/5.0 (Linux; Android 7.0;) AppleWebKit/537.36 (KHTML, like Gecko) Mobile Safari/537.36 (compatible; PetalBot;+https://webmaster.petalsearch.com/site/petalbot)" 3772 **3/3772112**
114.119.146.15 - - [21/Feb/2026:19:27:17 -0700] "GET /devour-the-weak-pakiet-powitalny-i-darmowe-spiny/ HTTP/1.1" 200 8753 "https://ftscreations.com/devour-the-weak-pakiet-powitalny-i-darmowe-spiny" "Mozilla/5.0 (Linux; Android 7.0;) AppleWebKit/537.36 (KHTML, like Gecko) Mobile Safari/537.36 (compatible; PetalBot;+https://webmaster.petalsearch.com/site/petalbot)" 294 **0/294985**
72.167.58.252 - - [21/Feb/2026:19:28:42 -0700] "POST /wp-cron.php?doing_wp_cron=1771727322.7814390659332275390625 HTTP/1.1" 200 - "https://ftscreations.com/wp-cron.php?doing_wp_cron=1771727322.7814390659332275390625" "WordPress/5.4.18; https://ftscreations.com" 184 **0/184231**
114.119.136.249 - - [21/Feb/2026:19:28:42 -0700] "GET /classic-slots-symbole-mno%C5%BCnik%C3%B3w-do-500x/ HTTP/1.1" 200 9011 "https://ftscreations.com/classic-slots-symbole-mno%C5%BCnik%C3%B3w-do-500x/" "Mozilla/5.0 (Linux; Android 7.0;) AppleWebKit/537.36 (KHTML, like Gecko) Mobile Safari/537.36 (compatible; PetalBot;+https://webmaster.petalsearch.com/site/petalbot)" 476 **0/476970**
103.191.131.236 - - [21/Feb/2026:19:29:16 -0700] "GET /red-baron-das-beruhmte-casino-spiel-mit/ HTTP/1.1" 200 10746 "-" "Mozilla/5.0 (Macintosh; U; PPC Mac OS X; it-it) AppleWebKit/312.8 (KHTML, like Gecko) Safari/312.6" 227 **0/227129**
114.119.142.93 - - [21/Feb/2026:19:30:06 -0700] "GET /cechy-rowk%C3%B3w-wild-west-duels/ HTTP/1.1" 200 9063 "https://ftscreations.com/cechy-rowk%C3%B3w-wild-west-duels/" "Mozilla/5.0 (Linux; Android 7.0;) AppleWebKit/537.36 (KHTML, like Gecko) Mobile Safari/537.36 (compatible; PetalBot;+https://webmaster.petalsearch.com/site/petalbot)" 350 **0/350196**
114.119.149.66 - - [21/Feb/2026:19:31:28 -0700] "GET /bounty-raid-funkcja-pays-anywhere HTTP/1.1" 301 - "-" "Mozilla/5.0 (Linux; Android 7.0;) AppleWebKit/537.36 (KHTML, like Gecko) Mobile Safari/537.36 (compatible; PetalBot;+https://webmaster.petalsearch.com/site/petalbot)" 194 **0/194354**
114.119.149.66 - - [21/Feb/2026:19:31:29 -0700] "GET /bounty-raid-funkcja-pays-anywhere/ HTTP/1.1" 200 9170 "-" "Mozilla/5.0 (Linux; Android 7.0;) AppleWebKit/537.36 (KHTML, like Gecko) Mobile Safari/537.36 (compatible; PetalBot;+https://webmaster.petalsearch.com/site/petalbot)" 330 **0/330854**
114.119.151.146 - - [21/Feb/2026:19:32:58 -0700] "GET /book-of-rebirth-powr%C3%B3t-tego-slotu HTTP/1.1" 301 - "-" "Mozilla/5.0 (Linux; Android 7.0;) AppleWebKit/537.36 (KHTML, like Gecko) Mobile Safari/537.36 (compatible; PetalBot;+https://webmaster.petalsearch.com/site/petalbot)" 171 **0/171945**
114.119.151.146 - - [21/Feb/2026:19:33:01 -0700] "GET /book-of-rebirth-powr%C3%B3t-tego-slotu/ HTTP/1.1" 200 8735 "-" "Mozilla/5.0 (Linux; Android 7.0;) AppleWebKit/537.36 (KHTML, like Gecko) Mobile Safari/537.36 (compatible; PetalBot;+https://webmaster.petalsearch.com/site/petalbot)" 319 **0/319709**
114.119.146.15 - - [21/Feb/2026:19:34:15 -0700] "GET /bonusy-kasynowe-do-gry-super-lion HTTP/1.1" 301 - "http://ftscreations.com/?p=7895" "Mozilla/5.0 (Linux; Android 7.0;) AppleWebKit/537.36 (KHTML, like Gecko) Mobile Safari/537.36 (compatible; PetalBot;+https://webmaster.petalsearch.com/site/petalbot)" 212 **0/212276**
114.119.146.15 - - [21/Feb/2026:19:34:16 -0700] "GET /bonusy-kasynowe-do-gry-super-lion/ HTTP/1.1" 200 9491 "http://ftscreations.com/?p=7895" "Mozilla/5.0 (Linux; Android 7.0;) AppleWebKit/537.36 (KHTML, like Gecko) Mobile Safari/537.36 (compatible; PetalBot;+https://webmaster.petalsearch.com/site/petalbot)" 317 **0/317564**
114.119.141.35 - - [21/Feb/2026:19:35:37 -0700] "GET /blog/page/44/ HTTP/1.1" 200 9127 "https://ftscreations.com/blog/page/43/" "Mozilla/5.0 (Linux; Android 7.0;) AppleWebKit/537.36 (KHTML, like Gecko) Mobile Safari/537.36 (compatible; PetalBot;+https://webmaster.petalsearch.com/site/petalbot)" 382 **0/382466**
114.119.151.146 - - [21/Feb/2026:19:37:01 -0700] "GET /blog/page/41/ HTTP/1.1" 200 9244 "https://ftscreations.com/blog/page/40/" "Mozilla/5.0 (Linux; Android 7.0;) AppleWebKit/537.36 (KHTML, like Gecko) Mobile Safari/537.36 (compatible; PetalBot;+https://webmaster.petalsearch.com/site/petalbot)" 368 **0/368119**
114.119.141.35 - - [21/Feb/2026:19:38:38 -0700] "GET /big-football-bonus-zagraj-w-lottolandzie/ HTTP/1.1" 200 9156 "https://ftscreations.com/big-football-bonus-zagraj-w-lottolandzie" "Mozilla/5.0 (Linux; Android 7.0;) AppleWebKit/537.36 (KHTML, like Gecko) Mobile Safari/537.36 (compatible; PetalBot;+https://webmaster.petalsearch.com/site/petalbot)" 269 **0/269400**
114.119.142.93 - - [21/Feb/2026:19:39:52 -0700] "GET /automat-internetowy-fruity-gold/ HTTP/1.1" 200 9375 "https://ftscreations.com/automat-internetowy-fruity-gold/" "Mozilla/5.0 (Linux; Android 7.0;) AppleWebKit/537.36 (KHTML, like Gecko) Mobile Safari/537.36 (compatible; PetalBot;+https://webmaster.petalsearch.com/site/petalbot)" 482 **0/482502**
66.249.79.5 - - [21/Feb/2026:19:40:02 -0700] "GET /allyspin-deres-endelige-destinasjon-for-nettbasert/ HTTP/1.1" 200 9449 "-" "Mozilla/5.0 (Linux; Android 6.0.1; Nexus 5X Build/MMB29P) AppleWebKit/537.36 (KHTML, like Gecko) Chrome/144.0.7559.132 Mobile Safari/537.36 (compatible; Googlebot/2.1; +http://www.google.com/bot.html)" 2992 **2/2992878**
66.249.79.4 - - [21/Feb/2026:19:40:09 -0700] "POST / HTTP/1.1" 204 - "https://ftscreations.com/allyspin-deres-endelige-destinasjon-for-nettbasert/" "Mozilla/5.0 (Linux; Android 6.0.1; Nexus 5X Build/MMB29P) AppleWebKit/537.36 (KHTML, like Gecko) Chrome/144.0.7559.132 Mobile Safari/537.36 (compatible; Googlebot/2.1; +http://www.google.com/bot.html)" 190 **0/190172**
66.249.79.4 - - [21/Feb/2026:19:40:59 -0700] "GET /apsyrse-atels-epaltheyse-nas-katlogos-gia-grgores/ HTTP/1.1" 200 10059 "-" "Mozilla/5.0 (Linux; Android 6.0.1; Nexus 5X Build/MMB29P) AppleWebKit/537.36 (KHTML, like Gecko) Chrome/144.0.7559.132 Mobile Safari/537.36 (compatible; Googlebot/2.1; +http://www.google.com/bot.html)" 482 **0/482460**
66.249.79.4 - - [21/Feb/2026:19:41:07 -0700] "POST / HTTP/1.1" 204 - "https://ftscreations.com/apsyrse-atels-epaltheyse-nas-katlogos-gia-grgores/" "Mozilla/5.0 (Linux; Android 6.0.1; Nexus 5X Build/MMB29P) AppleWebKit/537.36 (KHTML, like Gecko) Chrome/144.0.7559.132 Mobile Safari/537.36 (compatible; Googlebot/2.1; +http://www.google.com/bot.html)" 242 **0/242491**
114.119.146.15 - - [21/Feb/2026:19:41:13 -0700] "GET /automat-do-gry-deadwood-rtp-wariancja-i-najwi%C4%99ksza-wygrana HTTP/1.1" 301 - "https://ftscreations.com/automat-do-gry-deadwood-rtp-wariancja-i-najwi%C4%99ksza-wygrana" "Mozilla/5.0 (Linux; Android 7.0;) AppleWebKit/537.36 (KHTML, like Gecko) Mobile Safari/537.36 (compatible; PetalBot;+https://webmaster.petalsearch.com/site/petalbot)" 215 **0/215990**
114.119.146.15 - - [21/Feb/2026:19:41:16 -0700] "GET /automat-do-gry-deadwood-rtp-wariancja-i-najwi%C4%99ksza-wygrana/ HTTP/1.1" 200 9279 "https://ftscreations.com/automat-do-gry-deadwood-rtp-wariancja-i-najwi%C4%99ksza-wygrana" "Mozilla/5.0 (Linux; Android 7.0;) AppleWebKit/537.36 (KHTML, like Gecko) Mobile Safari/537.36 (compatible; PetalBot;+https://webmaster.petalsearch.com/site/petalbot)" 535 **0/535286**
198.235.24.239 - - [21/Feb/2026:19:42:17 -0700] "GET / HTTP/1.1" 200 37452 "-" "Hello from Palo Alto Networks, find out more about our scans in https://docs-cortex.paloaltonetworks.com/r/1/Cortex-Xpanse/Scanning-activity" 49 **0/49461**
114.119.151.146 - - [21/Feb/2026:19:42:35 -0700] "GET /aktywne-b%C4%99bny-kaskadowe-w-buffalo-rising-megaways/ HTTP/1.1" 200 9337 "http://ftscreations.com/?p=5835" "Mozilla/5.0 (Linux; Android 7.0;) AppleWebKit/537.36 (KHTML, like Gecko) Mobile Safari/537.36 (compatible; PetalBot;+https://webmaster.petalsearch.com/site/petalbot)" 285 **0/285185**
114.119.146.15 - - [21/Feb/2026:19:43:59 -0700] "GET /age-of-dragons-minimax-gry-i-funkcje-bonusowe/ HTTP/1.1" 200 9251 "https://ftscreations.com/age-of-dragons-minimax-gry-i-funkcje-bonusowe/" "Mozilla/5.0 (Linux; Android 7.0;) AppleWebKit/537.36 (KHTML, like Gecko) Mobile Safari/537.36 (compatible; PetalBot;+https://webmaster.petalsearch.com/site/petalbot)" 269 **0/269874**
114.119.141.35 - - [21/Feb/2026:19:45:27 -0700] "GET /african-elephant-zwyci%C4%99skich-kombinacji HTTP/1.1" 301 - "-" "Mozilla/5.0 (Linux; Android 7.0;) AppleWebKit/537.36 (KHTML, like Gecko) Mobile Safari/537.36 (compatible; PetalBot;+https://webmaster.petalsearch.com/site/petalbot)" 205 **0/205595**
114.119.141.35 - - [21/Feb/2026:19:45:28 -0700] "GET /african-elephant-zwyci%C4%99skich-kombinacji/ HTTP/1.1" 200 9308 "-" "Mozilla/5.0 (Linux; Android 7.0;) AppleWebKit/537.36 (KHTML, like Gecko) Mobile Safari/537.36 (compatible; PetalBot;+https://webmaster.petalsearch.com/site/petalbot)" 280 **0/280134**
114.119.136.249 - - [21/Feb/2026:19:46:47 -0700] "GET /aces-and-faces-multihand-zwyci%C4%99ska-kombinacja-znika/ HTTP/1.1" 200 9234 "https://ftscreations.com/aces-and-faces-multihand-zwyci%C4%99ska-kombinacja-znika/" "Mozilla/5.0 (Linux; Android 7.0;) AppleWebKit/537.36 (KHTML, like Gecko) Mobile Safari/537.36 (compatible; PetalBot;+https://webmaster.petalsearch.com/site/petalbot)" 4150 **4/4150290**
