114.119.159.62 - - [21/Feb/2026:14:36:01 -0700] "GET /viking-wilds-koncepcja-gry-i-projekt-tematyczny/ HTTP/1.1" 200 9411 "https://ftscreations.com/viking-wilds-koncepcja-gry-i-projekt-tematyczny/" "Mozilla/5.0 (Linux; Android 7.0;) AppleWebKit/537.36 (KHTML, like Gecko) Mobile Safari/537.36 (compatible; PetalBot;+https://webmaster.petalsearch.com/site/petalbot)" 412 **0/412389**
37.27.106.115 - - [21/Feb/2026:14:36:56 -0700] "POST /xmlrpc.php HTTP/1.1" 200 6777 "-" "Mozilla/5.0 (Windows NT 10.0; Win64; x64) AppleWebKit/537.36 (KHTML, like Gecko) Chrome/114.0.0.0 Safari/537.36 Edg/114.0.1264.71" 198 **0/198748**
37.27.106.115 - - [21/Feb/2026:14:36:58 -0700] "POST /xmlrpc.php HTTP/1.1" 200 180 "-" "Mozilla/5.0 (Windows NT 10.0; Win64; x64) AppleWebKit/537.36 (KHTML, like Gecko) Chrome/114.0.0.0 Safari/537.36 Edg/114.0.1264.71" 242 **0/242266**
72.167.58.252 - - [21/Feb/2026:14:36:59 -0700] "POST /wp-cron.php?doing_wp_cron=1771709819.9538099765777587890625 HTTP/1.1" 200 - "https://ftscreations.com/wp-cron.php?doing_wp_cron=1771709819.9538099765777587890625" "WordPress/5.4.18; https://ftscreations.com" 315 **0/315149**
37.27.106.115 - - [21/Feb/2026:14:36:59 -0700] "POST /xmlrpc.php HTTP/1.1" 200 12122 "-" "Mozilla/5.0 (Windows NT 10.0; Win64; x64) AppleWebKit/537.36 (KHTML, like Gecko) Chrome/114.0.0.0 Safari/537.36 Edg/114.0.1264.71" 530 **0/530473**
37.27.106.115 - - [21/Feb/2026:14:37:01 -0700] "POST /xmlrpc.php HTTP/1.1" 200 180 "-" "Mozilla/5.0 (Windows NT 10.0; Win64; x64) AppleWebKit/537.36 (KHTML, like Gecko) Chrome/114.0.0.0 Safari/537.36 Edg/114.0.1264.71" 241 **0/241878**
72.167.58.252 - - [21/Feb/2026:14:37:03 -0700] "POST /wp-cron.php?doing_wp_cron=1771709823.3982288837432861328125 HTTP/1.1" 200 - "https://ftscreations.com/wp-cron.php?doing_wp_cron=1771709823.3982288837432861328125" "WordPress/5.4.18; https://ftscreations.com" 315 **0/315252**
37.27.106.115 - - [21/Feb/2026:14:37:03 -0700] "POST /xmlrpc.php HTTP/1.1" 200 9718 "-" "Mozilla/5.0 (Windows NT 10.0; Win64; x64) AppleWebKit/537.36 (KHTML, like Gecko) Chrome/114.0.0.0 Safari/537.36 Edg/114.0.1264.71" 522 **0/522688**
37.27.106.115 - - [21/Feb/2026:14:37:05 -0700] "POST /xmlrpc.php HTTP/1.1" 200 180 "-" "Mozilla/5.0 (Windows NT 10.0; Win64; x64) AppleWebKit/537.36 (KHTML, like Gecko) Chrome/114.0.0.0 Safari/537.36 Edg/114.0.1264.71" 252 **0/252694**
72.167.58.252 - - [21/Feb/2026:14:37:06 -0700] "POST /wp-cron.php?doing_wp_cron=1771709826.6927180290222167968750 HTTP/1.1" 200 - "https://ftscreations.com/wp-cron.php?doing_wp_cron=1771709826.6927180290222167968750" "WordPress/5.4.18; https://ftscreations.com" 322 **0/322391**
37.27.106.115 - - [21/Feb/2026:14:37:06 -0700] "POST /xmlrpc.php HTTP/1.1" 200 11626 "-" "Mozilla/5.0 (Windows NT 10.0; Win64; x64) AppleWebKit/537.36 (KHTML, like Gecko) Chrome/114.0.0.0 Safari/537.36 Edg/114.0.1264.71" 530 **0/530471**
114.119.151.146 - - [21/Feb/2026:14:38:18 -0700] "GET /slots-master-maksymalnie-nierem%C3%A9ny/ HTTP/1.1" 200 9140 "http://ftscreations.com/?p=7774" "Mozilla/5.0 (Linux; Android 7.0;) AppleWebKit/537.36 (KHTML, like Gecko) Mobile Safari/537.36 (compatible; PetalBot;+https://webmaster.petalsearch.com/site/petalbot)" 576 **0/576396**
114.119.129.175 - - [21/Feb/2026:14:38:50 -0700] "GET /kasyna-online-w-gold-splash-toots-froots/ HTTP/1.1" 200 9337 "https://ftscreations.com/kasyna-online-w-gold-splash-toots-froots" "Mozilla/5.0 (Linux; Android 7.0;) AppleWebKit/537.36 (KHTML, like Gecko) Mobile Safari/537.36 (compatible; PetalBot;+https://webmaster.petalsearch.com/site/petalbot)" 310 **0/310001**
114.119.142.93 - - [21/Feb/2026:14:40:12 -0700] "GET /hiperbonus-w-automacie-pigeons-from-space HTTP/1.1" 301 - "-" "Mozilla/5.0 (Linux; Android 7.0;) AppleWebKit/537.36 (KHTML, like Gecko) Mobile Safari/537.36 (compatible; PetalBot;+https://webmaster.petalsearch.com/site/petalbot)" 236 **0/236191**
114.119.142.93 - - [21/Feb/2026:14:40:13 -0700] "GET /hiperbonus-w-automacie-pigeons-from-space/ HTTP/1.1" 200 9485 "-" "Mozilla/5.0 (Linux; Android 7.0;) AppleWebKit/537.36 (KHTML, like Gecko) Mobile Safari/537.36 (compatible; PetalBot;+https://webmaster.petalsearch.com/site/petalbot)" 300 **0/300429**
114.119.141.35 - - [21/Feb/2026:14:41:36 -0700] "GET /graj-apparatus-za-darmo-w-trybie-demo/ HTTP/1.1" 200 9574 "https://ftscreations.com/graj-apparatus-za-darmo-w-trybie-demo" "Mozilla/5.0 (Linux; Android 7.0;) AppleWebKit/537.36 (KHTML, like Gecko) Mobile Safari/537.36 (compatible; PetalBot;+https://webmaster.petalsearch.com/site/petalbot)" 3526 **3/3526181**
114.119.159.62 - - [21/Feb/2026:14:43:03 -0700] "GET /gra-mobilna-the-wild-job HTTP/1.1" 301 - "-" "Mozilla/5.0 (Linux; Android 7.0;) AppleWebKit/537.36 (KHTML, like Gecko) Mobile Safari/537.36 (compatible; PetalBot;+https://webmaster.petalsearch.com/site/petalbot)" 166 **0/166018**
114.119.159.62 - - [21/Feb/2026:14:43:05 -0700] "GET /gra-mobilna-the-wild-job/ HTTP/1.1" 200 8863 "-" "Mozilla/5.0 (Linux; Android 7.0;) AppleWebKit/537.36 (KHTML, like Gecko) Mobile Safari/537.36 (compatible; PetalBot;+https://webmaster.petalsearch.com/site/petalbot)" 299 **0/299822**
114.119.141.35 - - [21/Feb/2026:14:44:25 -0700] "GET /giganimals-gigablox-bitcoina/ HTTP/1.1" 200 9078 "https://ftscreations.com/giganimals-gigablox-bitcoina" "Mozilla/5.0 (Linux; Android 7.0;) AppleWebKit/537.36 (KHTML, like Gecko) Mobile Safari/537.36 (compatible; PetalBot;+https://webmaster.petalsearch.com/site/petalbot)" 3440 **3/3440750**
114.119.159.62 - - [21/Feb/2026:14:45:49 -0700] "GET /giganimals-gigablox-automat-bez-linii-wygrywaj%C4%85cych HTTP/1.1" 301 - "-" "Mozilla/5.0 (Linux; Android 7.0;) AppleWebKit/537.36 (KHTML, like Gecko) Mobile Safari/537.36 (compatible; PetalBot;+https://webmaster.petalsearch.com/site/petalbot)" 175 **0/175890**
114.119.159.62 - - [21/Feb/2026:14:45:51 -0700] "GET /giganimals-gigablox-automat-bez-linii-wygrywaj%C4%85cych/ HTTP/1.1" 200 9362 "-" "Mozilla/5.0 (Linux; Android 7.0;) AppleWebKit/537.36 (KHTML, like Gecko) Mobile Safari/537.36 (compatible; PetalBot;+https://webmaster.petalsearch.com/site/petalbot)" 375 **0/375172**
114.119.146.15 - - [21/Feb/2026:14:47:12 -0700] "GET /gemix-gry-kasynowe-online-za-darmo/ HTTP/1.1" 200 8976 "https://ftscreations.com/gemix-gry-kasynowe-online-za-darmo" "Mozilla/5.0 (Linux; Android 7.0;) AppleWebKit/537.36 (KHTML, like Gecko) Mobile Safari/537.36 (compatible; PetalBot;+https://webmaster.petalsearch.com/site/petalbot)" 3646 **3/3646070**
114.119.136.249 - - [21/Feb/2026:14:48:33 -0700] "GET /funkcje-bonusowe-w-kronos/ HTTP/1.1" 200 8811 "http://ftscreations.com/?p=6439" "Mozilla/5.0 (Linux; Android 7.0;) AppleWebKit/537.36 (KHTML, like Gecko) Mobile Safari/537.36 (compatible; PetalBot;+https://webmaster.petalsearch.com/site/petalbot)" 3101 **3/3101912**
114.119.159.62 - - [21/Feb/2026:14:49:58 -0700] "GET /funkcja-respin-w-slocie-primate-king HTTP/1.1" 301 - "-" "Mozilla/5.0 (Linux; Android 7.0;) AppleWebKit/537.36 (KHTML, like Gecko) Mobile Safari/537.36 (compatible; PetalBot;+https://webmaster.petalsearch.com/site/petalbot)" 2464 **2/2464359**
114.119.159.62 - - [21/Feb/2026:14:50:01 -0700] "GET /funkcja-respin-w-slocie-primate-king/ HTTP/1.1" 200 9255 "-" "Mozilla/5.0 (Linux; Android 7.0;) AppleWebKit/537.36 (KHTML, like Gecko) Mobile Safari/537.36 (compatible; PetalBot;+https://webmaster.petalsearch.com/site/petalbot)" 4176 **4/4176073**
114.119.141.35 - - [21/Feb/2026:14:51:24 -0700] "GET /fts-favicon-01/ HTTP/1.1" 200 4368 "https://ftscreations.com/fts_logo_dark-02" "Mozilla/5.0 (Linux; Android 7.0;) AppleWebKit/537.36 (KHTML, like Gecko) Mobile Safari/537.36 (compatible; PetalBot;+https://webmaster.petalsearch.com/site/petalbot)" 3471 **3/3471323**
114.119.142.93 - - [21/Feb/2026:14:52:45 -0700] "GET /french-roulette-funkcja-kaskadowych-b%C4%99bn%C3%B3w/ HTTP/1.1" 200 9039 "https://ftscreations.com/french-roulette-funkcja-kaskadowych-b%C4%99bn%C3%B3w/" "Mozilla/5.0 (Linux; Android 7.0;) AppleWebKit/537.36 (KHTML, like Gecko) Mobile Safari/537.36 (compatible; PetalBot;+https://webmaster.petalsearch.com/site/petalbot)" 292 **0/292717**
14.191.135.190 - - [21/Feb/2026:14:54:04 -0700] "GET /villento-casino-your-portal-to-premium-casino-excellence/ HTTP/1.1" 200 11353 "-" "Mozilla/5.0 (Windows; U; Windows NT 5.1; en-CA) AppleWebKit/534.13 (KHTML like Gecko) Chrome/9.0.597.98 Safari/534.13" 245 **0/245817**
114.119.142.93 - - [21/Feb/2026:14:54:11 -0700] "GET /eforce-mechanika-gry-bez-zwyci%C4%99skich-linii/ HTTP/1.1" 200 9502 "https://ftscreations.com/eforce-mechanika-gry-bez-zwyci%C4%99skich-linii/" "Mozilla/5.0 (Linux; Android 7.0;) AppleWebKit/537.36 (KHTML, like Gecko) Mobile Safari/537.36 (compatible; PetalBot;+https://webmaster.petalsearch.com/site/petalbot)" 285 **0/285972**
114.119.141.35 - - [21/Feb/2026:14:55:31 -0700] "GET /eagle-gold-funkcja-kaskady-i-mno%C5%BCniki HTTP/1.1" 301 - "-" "Mozilla/5.0 (Linux; Android 7.0;) AppleWebKit/537.36 (KHTML, like Gecko) Mobile Safari/537.36 (compatible; PetalBot;+https://webmaster.petalsearch.com/site/petalbot)" 190 **0/190429**
114.119.141.35 - - [21/Feb/2026:14:55:33 -0700] "GET /eagle-gold-funkcja-kaskady-i-mno%C5%BCniki/ HTTP/1.1" 200 9265 "-" "Mozilla/5.0 (Linux; Android 7.0;) AppleWebKit/537.36 (KHTML, like Gecko) Mobile Safari/537.36 (compatible; PetalBot;+https://webmaster.petalsearch.com/site/petalbot)" 262 **0/262192**
114.119.129.175 - - [21/Feb/2026:14:57:05 -0700] "GET /dragons-luck-strategia HTTP/1.1" 301 - "-" "Mozilla/5.0 (Linux; Android 7.0;) AppleWebKit/537.36 (KHTML, like Gecko) Mobile Safari/537.36 (compatible; PetalBot;+https://webmaster.petalsearch.com/site/petalbot)" 161 **0/161118**
114.119.129.175 - - [21/Feb/2026:14:57:07 -0700] "GET /dragons-luck-strategia/ HTTP/1.1" 200 9368 "-" "Mozilla/5.0 (Linux; Android 7.0;) AppleWebKit/537.36 (KHTML, like Gecko) Mobile Safari/537.36 (compatible; PetalBot;+https://webmaster.petalsearch.com/site/petalbot)" 305 **0/305351**
114.119.142.93 - - [21/Feb/2026:14:58:30 -0700] "GET /wilds-of-fortune-bonusowe-darmowe-spiny/ HTTP/1.1" 200 9029 "https://ftscreations.com/wilds-of-fortune-bonusowe-darmowe-spiny/" "Mozilla/5.0 (Linux; Android 7.0;) AppleWebKit/537.36 (KHTML, like Gecko) Mobile Safari/537.36 (compatible; PetalBot;+https://webmaster.petalsearch.com/site/petalbot)" 306 **0/306464**
114.119.151.146 - - [21/Feb/2026:14:59:42 -0700] "GET /jaki-jest-rtp-slotu-hyper-gold/ HTTP/1.1" 200 9170 "https://ftscreations.com/jaki-jest-rtp-slotu-hyper-gold/" "Mozilla/5.0 (Linux; Android 7.0;) AppleWebKit/537.36 (KHTML, like Gecko) Mobile Safari/537.36 (compatible; PetalBot;+https://webmaster.petalsearch.com/site/petalbot)" 320 **0/320060**
114.119.136.249 - - [21/Feb/2026:15:01:10 -0700] "GET /jak-dzia%C5%82a-tryb-demonstracyjny-gry-wheel-of-fortune-megaways/ HTTP/1.1" 200 9221 "http://ftscreations.com/?p=8515" "Mozilla/5.0 (Linux; Android 7.0;) AppleWebKit/537.36 (KHTML, like Gecko) Mobile Safari/537.36 (compatible; PetalBot;+https://webmaster.petalsearch.com/site/petalbot)" 4433 **4/4433335**
114.119.149.66 - - [21/Feb/2026:15:02:29 -0700] "GET /gra-bonusowa-rosh-immortality-cube-megaways/ HTTP/1.1" 200 9344 "https://ftscreations.com/gra-bonusowa-rosh-immortality-cube-megaways/" "Mozilla/5.0 (Linux; Android 7.0;) AppleWebKit/537.36 (KHTML, like Gecko) Mobile Safari/537.36 (compatible; PetalBot;+https://webmaster.petalsearch.com/site/petalbot)" 5150 **5/5150678**
146.174.188.248 - - [21/Feb/2026:15:03:26 -0700] "GET /highfly-casino-euer-erstklassiges-spielvergnugen/ HTTP/1.1" 200 10286 "-" "Mozilla/5.0 (Macintosh; U; PPC Mac OS X; en) AppleWebKit/312.1 (KHTML, like Gecko) Safari/312" 4604 **4/4604238**
114.119.141.35 - - [21/Feb/2026:15:03:53 -0700] "GET /divine-plinko-the-divine-game-which-rewards-your/ HTTP/1.1" 200 10676 "https://ftscreations.com/fortune-of-olympus-la-experiencia-divina-en-slots/" "Mozilla/5.0 (Linux; Android 7.0;) AppleWebKit/537.36 (KHTML, like Gecko) Mobile Safari/537.36 (compatible; PetalBot;+https://webmaster.petalsearch.com/site/petalbot)" 3182 **3/3182552**
114.119.146.15 - - [21/Feb/2026:15:05:18 -0700] "GET /diamond-strike-funkcja-kaskady-i-symbole-mno%C5%BCnik%C3%B3w HTTP/1.1" 301 - "-" "Mozilla/5.0 (Linux; Android 7.0;) AppleWebKit/537.36 (KHTML, like Gecko) Mobile Safari/537.36 (compatible; PetalBot;+https://webmaster.petalsearch.com/site/petalbot)" 2923 **2/2923076**
114.119.146.15 - - [21/Feb/2026:15:05:22 -0700] "GET /diamond-strike-funkcja-kaskady-i-symbole-mno%C5%BCnik%C3%B3w/ HTTP/1.1" 200 9272 "-" "Mozilla/5.0 (Linux; Android 7.0;) AppleWebKit/537.36 (KHTML, like Gecko) Mobile Safari/537.36 (compatible; PetalBot;+https://webmaster.petalsearch.com/site/petalbot)" 4334 **4/4334873**
114.119.149.66 - - [21/Feb/2026:15:06:40 -0700] "GET /dazzle-me-zmienno%C5%9B%C4%87-rtp-i-maksymalna-wygrana HTTP/1.1" 301 - "http://ftscreations.com/?p=7881" "Mozilla/5.0 (Linux; Android 7.0;) AppleWebKit/537.36 (KHTML, like Gecko) Mobile Safari/537.36 (compatible; PetalBot;+https://webmaster.petalsearch.com/site/petalbot)" 2123 **2/2123382**
114.119.149.66 - - [21/Feb/2026:15:06:43 -0700] "GET /dazzle-me-zmienno%C5%9B%C4%87-rtp-i-maksymalna-wygrana/ HTTP/1.1" 200 9287 "http://ftscreations.com/?p=7881" "Mozilla/5.0 (Linux; Android 7.0;) AppleWebKit/537.36 (KHTML, like Gecko) Mobile Safari/537.36 (compatible; PetalBot;+https://webmaster.petalsearch.com/site/petalbot)" 3384 **3/3384183**
52.167.144.212 - - [21/Feb/2026:15:07:43 -0700] "GET /symbole-wild-i-scatter-w-automacie-holla-die-waldfee/ HTTP/2.0" 200 8521 "-" "Mozilla/5.0 AppleWebKit/537.36 (KHTML, like Gecko; compatible; bingbot/2.0; +http://www.bing.com/bingbot.htm) Chrome/116.0.1938.76 Safari/537.36" 4850 **4/4850724**
114.119.146.15 - - [21/Feb/2026:15:08:03 -0700] "GET /czym-jest-du%C5%BCa-wygrana-juice-inc/ HTTP/1.1" 200 9068 "https://ftscreations.com/czym-jest-du%C5%BCa-wygrana-juice-inc" "Mozilla/5.0 (Linux; Android 7.0;) AppleWebKit/537.36 (KHTML, like Gecko) Mobile Safari/537.36 (compatible; PetalBot;+https://webmaster.petalsearch.com/site/petalbot)" 3920 **3/3920660**
114.119.146.15 - - [21/Feb/2026:15:09:33 -0700] "GET /czy-w-the-rollzone-gra-za-darmo-jest-dost%C4%99pna/ HTTP/1.1" 200 9334 "http://ftscreations.com/?p=6819" "Mozilla/5.0 (Linux; Android 7.0;) AppleWebKit/537.36 (KHTML, like Gecko) Mobile Safari/537.36 (compatible; PetalBot;+https://webmaster.petalsearch.com/site/petalbot)" 2343 **2/2343634**
114.119.159.62 - - [21/Feb/2026:15:10:50 -0700] "GET /czy-slot-5-families-megaways-oferuje-funkcj%C4%99-jackpot HTTP/1.1" 301 - "-" "Mozilla/5.0 (Linux; Android 7.0;) AppleWebKit/537.36 (KHTML, like Gecko) Mobile Safari/537.36 (compatible; PetalBot;+https://webmaster.petalsearch.com/site/petalbot)" 1817 **1/1817970**
114.119.159.62 - - [21/Feb/2026:15:10:53 -0700] "GET /czy-slot-5-families-megaways-oferuje-funkcj%C4%99-jackpot/ HTTP/1.1" 200 9302 "-" "Mozilla/5.0 (Linux; Android 7.0;) AppleWebKit/537.36 (KHTML, like Gecko) Mobile Safari/537.36 (compatible; PetalBot;+https://webmaster.petalsearch.com/site/petalbot)" 5011 **5/5011152**
114.119.149.66 - - [21/Feb/2026:15:12:13 -0700] "GET /crystal-ball-wygrana-kwota-zale%C5%BCy-od-pasuj%C4%85cych-symboli-w-grze/ HTTP/1.1" 200 9355 "https://ftscreations.com/crystal-ball-wygrana-kwota-zale%C5%BCy-od-pasuj%C4%85cych-symboli-w-grze/" "Mozilla/5.0 (Linux; Android 7.0;) AppleWebKit/537.36 (KHTML, like Gecko) Mobile Safari/537.36 (compatible; PetalBot;+https://webmaster.petalsearch.com/site/petalbot)" 307 **0/307648**
114.119.149.66 - - [21/Feb/2026:15:13:42 -0700] "GET /clock-jpg/ HTTP/1.1" 200 4993 "https://ftscreations.com/face-jpg/" "Mozilla/5.0 (Linux; Android 7.0;) AppleWebKit/537.36 (KHTML, like Gecko) Mobile Safari/537.36 (compatible; PetalBot;+https://webmaster.petalsearch.com/site/petalbot)" 239 **0/239423**
43.173.181.172 - - [21/Feb/2026:15:14:52 -0700] "GET /?p=4870 HTTP/1.1" 301 - "-" "Mozilla/5.0 (Windows NT 10.0; Win64; x64) AppleWebKit/537.36 (KHTML, like Gecko) Chrome/117.0.0.0 Safari/537.36" 168 **0/168714**
43.173.181.172 - - [21/Feb/2026:15:14:52 -0700] "GET /wersja-gry-wieloosobowa-fortune-tiger/ HTTP/1.1" 200 9285 "https://ftscreations.com/?p=4870" "Mozilla/5.0 (Windows NT 10.0; Win64; x64) AppleWebKit/537.36 (KHTML, like Gecko) Chrome/117.0.0.0 Safari/537.36" 303 **0/303013**
43.173.182.200 - - [21/Feb/2026:15:14:59 -0700] "POST / HTTP/1.1" 204 - "https://ftscreations.com/?p=4870" "Mozilla/5.0 (Windows NT 10.0; Win64; x64) AppleWebKit/537.36 (KHTML, like Gecko) Chrome/117.0.0.0 Safari/537.36" 244 **0/244030**
114.119.149.66 - - [21/Feb/2026:15:15:13 -0700] "GET /cleopatra-grand-du%C5%BCe-szanse-na-wygran%C4%85/ HTTP/1.1" 200 9080 "https://ftscreations.com/cleopatra-grand-du%C5%BCe-szanse-na-wygran%C4%85" "Mozilla/5.0 (Linux; Android 7.0;) AppleWebKit/537.36 (KHTML, like Gecko) Mobile Safari/537.36 (compatible; PetalBot;+https://webmaster.petalsearch.com/site/petalbot)" 1014 **1/1014338**
43.173.179.58 - - [21/Feb/2026:15:16:12 -0700] "GET /?p=13886 HTTP/1.1" 301 - "-" "Mozilla/5.0 (Windows NT 10.0; Win64; x64) AppleWebKit/537.36 (KHTML, like Gecko) Chrome/133.0.0.0 Safari/537.36" 276 **0/276442**
43.173.179.234 - - [21/Feb/2026:15:16:12 -0700] "GET /?p=2863 HTTP/1.1" 301 - "-" "Mozilla/5.0 (Windows NT 10.0; Win64; x64) AppleWebKit/537.36 (KHTML, like Gecko) Chrome/107.0.0.0 Safari/537.36" 290 **0/290083**
43.173.179.58 - - [21/Feb/2026:15:16:12 -0700] "GET /udenlandske-casinoplatforme-din-manual-til-spil/ HTTP/1.1" 200 10381 "https://ftscreations.com/?p=13886" "Mozilla/5.0 (Windows NT 10.0; Win64; x64) AppleWebKit/537.36 (KHTML, like Gecko) Chrome/133.0.0.0 Safari/537.36" 367 **0/367460**
43.173.179.234 - - [21/Feb/2026:15:16:12 -0700] "GET /immersive-roulette-zwi%C4%99ksz-wygrane-dzi%C4%99ki-mno%C5%BCnikom/ HTTP/1.1" 200 9275 "https://ftscreations.com/?p=2863" "Mozilla/5.0 (Windows NT 10.0; Win64; x64) AppleWebKit/537.36 (KHTML, like Gecko) Chrome/107.0.0.0 Safari/537.36" 481 **0/481420**
43.173.172.23 - - [21/Feb/2026:15:16:18 -0700] "POST / HTTP/1.1" 204 - "https://ftscreations.com/?p=13886" "Mozilla/5.0 (Windows NT 10.0; Win64; x64) AppleWebKit/537.36 (KHTML, like Gecko) Chrome/133.0.0.0 Safari/537.36" 357 **0/357826**
43.173.175.234 - - [21/Feb/2026:15:16:18 -0700] "POST / HTTP/1.1" 204 - "https://ftscreations.com/?p=2863" "Mozilla/5.0 (Windows NT 10.0; Win64; x64) AppleWebKit/537.36 (KHTML, like Gecko) Chrome/107.0.0.0 Safari/537.36" 447 **0/447016**
114.119.136.249 - - [21/Feb/2026:15:16:32 -0700] "GET /casino-goldzino-a-sua-solucao-de-diversao-online/ HTTP/1.1" 200 10463 "https://ftscreations.com/ivy-spin-plateforme-votre-plateforme-de-gaming/" "Mozilla/5.0 (Linux; Android 7.0;) AppleWebKit/537.36 (KHTML, like Gecko) Mobile Safari/537.36 (compatible; PetalBot;+https://webmaster.petalsearch.com/site/petalbot)" 567 **0/567592**
43.173.178.37 - - [21/Feb/2026:15:16:57 -0700] "GET /?p=5205 HTTP/1.1" 301 - "-" "Mozilla/5.0 (Windows NT 10.0; Win64; x64) AppleWebKit/537.36 (KHTML, like Gecko) Chrome/111.0.0.0 Safari/537.36" 213 **0/213471**
43.173.178.37 - - [21/Feb/2026:15:16:57 -0700] "GET /mno%C5%BCnik-w-pixies-of-the-forest/ HTTP/1.1" 200 9257 "https://ftscreations.com/?p=5205" "Mozilla/5.0 (Windows NT 10.0; Win64; x64) AppleWebKit/537.36 (KHTML, like Gecko) Chrome/111.0.0.0 Safari/537.36" 299 **0/299524**
43.173.173.27 - - [21/Feb/2026:15:17:06 -0700] "POST / HTTP/1.1" 204 - "https://ftscreations.com/?p=5205" "Mozilla/5.0 (Windows NT 10.0; Win64; x64) AppleWebKit/537.36 (KHTML, like Gecko) Chrome/111.0.0.0 Safari/537.36" 188 **0/188239**
114.119.151.146 - - [21/Feb/2026:15:17:50 -0700] "GET /cash-volt-najlepszych-kasyn-online-do-gry-na-automatach/ HTTP/1.1" 200 9252 "https://ftscreations.com/cash-volt-najlepszych-kasyn-online-do-gry-na-automatach/" "Mozilla/5.0 (Linux; Android 7.0;) AppleWebKit/537.36 (KHTML, like Gecko) Mobile Safari/537.36 (compatible; PetalBot;+https://webmaster.petalsearch.com/site/petalbot)" 556 **0/556128**
114.119.146.15 - - [21/Feb/2026:15:19:13 -0700] "GET /casas-para-apuestas-mas-alla-de-territorio-espanol/ HTTP/1.1" 200 10987 "https://ftscreations.com/blog/page/4/" "Mozilla/5.0 (Linux; Android 7.0;) AppleWebKit/537.36 (KHTML, like Gecko) Mobile Safari/537.36 (compatible; PetalBot;+https://webmaster.petalsearch.com/site/petalbot)" 295 **0/295736**
159.223.134.215 - - [21/Feb/2026:15:20:07 -0700] "GET /wp-content/uploads/2015/01/06a1-594x396.jpg HTTP/1.1" 200 56723 "https://ftscreations.com/" "Mozilla/5.0 (Windows NT 10.0; Win64; x64) AppleWebKit/537.36 (KHTML, like Gecko) Chrome/124.0.0.0 Safari/537.36" 7 **0/7629**
43.173.179.162 - - [21/Feb/2026:15:20:20 -0700] "GET /mno%C5%BCniki-do-x500-na-immersive-roulette/ HTTP/1.1" 200 9005 "-" "Mozilla/5.0 (Windows NT 10.0; Win64; x64) AppleWebKit/537.36 (KHTML, like Gecko) Chrome/109.0.0.0 Safari/537.36" 289 **0/289932**
43.173.174.194 - - [21/Feb/2026:15:20:20 -0700] "GET /wp-json/oembed/1.0/embed?format=xml&url=https%3A%2F%2Fftscreations.com%2Fwygraj-prawdziwe-pieni%25C4%2585dze-w-candy-cash%2F HTTP/1.1" 200 1239 "-" "Mozilla/5.0 (Windows NT 10.0; Win64; x64) AppleWebKit/537.36 (KHTML, like Gecko) Chrome/105.0.0.0 Safari/537.3" 228 **0/228431**
43.173.180.6 - - [21/Feb/2026:15:20:24 -0700] "POST / HTTP/1.1" 204 - "https://ftscreations.com/mno%C5%BCniki-do-x500-na-immersive-roulette/" "Mozilla/5.0 (Windows NT 10.0; Win64; x64) AppleWebKit/537.36 (KHTML, like Gecko) Chrome/109.0.0.0 Safari/537.36" 184 **0/184921**
114.119.142.93 - - [21/Feb/2026:15:20:40 -0700] "GET /zagraj-w-sahara-riches-cash-collect-po-po%C5%82udniu HTTP/1.1" 301 - "-" "Mozilla/5.0 (Linux; Android 7.0;) AppleWebKit/537.36 (KHTML, like Gecko) Mobile Safari/537.36 (compatible; PetalBot;+https://webmaster.petalsearch.com/site/petalbot)" 202 **0/202241**
114.119.142.93 - - [21/Feb/2026:15:20:43 -0700] "GET /zagraj-w-sahara-riches-cash-collect-po-po%C5%82udniu/ HTTP/1.1" 200 8980 "-" "Mozilla/5.0 (Linux; Android 7.0;) AppleWebKit/537.36 (KHTML, like Gecko) Mobile Safari/537.36 (compatible; PetalBot;+https://webmaster.petalsearch.com/site/petalbot)" 502 **0/502548**
114.119.136.249 - - [21/Feb/2026:15:22:03 -0700] "GET /mno%C5%BCniki-do-x500-na-lucky-ladys-charm-deluxe HTTP/1.1" 301 - "-" "Mozilla/5.0 (Linux; Android 7.0;) AppleWebKit/537.36 (KHTML, like Gecko) Mobile Safari/537.36 (compatible; PetalBot;+https://webmaster.petalsearch.com/site/petalbot)" 198 **0/198971**
114.119.136.249 - - [21/Feb/2026:15:22:05 -0700] "GET /mno%C5%BCniki-do-x500-na-lucky-ladys-charm-deluxe/ HTTP/1.1" 200 8834 "-" "Mozilla/5.0 (Linux; Android 7.0;) AppleWebKit/537.36 (KHTML, like Gecko) Mobile Safari/537.36 (compatible; PetalBot;+https://webmaster.petalsearch.com/site/petalbot)" 267 **0/267456**
114.119.151.146 - - [21/Feb/2026:15:23:27 -0700] "GET /masters-of-olympus-bez-w%C4%85tpienia/ HTTP/1.1" 200 9116 "https://ftscreations.com/masters-of-olympus-bez-w%C4%85tpienia" "Mozilla/5.0 (Linux; Android 7.0;) AppleWebKit/537.36 (KHTML, like Gecko) Mobile Safari/537.36 (compatible; PetalBot;+https://webmaster.petalsearch.com/site/petalbot)" 269 **0/269059**
43.246.200.69 - - [21/Feb/2026:15:23:36 -0700] "GET /portfolio/3d-printing/ HTTP/1.1" 200 5318 "-" "Mozilla/5.0 (Windows; U; Windows NT 5.1; zh-CN) AppleWebKit/533.16 (KHTML, like Gecko) Chrome/5.0.335.0 Safari/533.16" 226 **0/226017**
114.119.141.35 - - [21/Feb/2026:15:24:48 -0700] "GET /magic-mirror-funkcja-transmisji-strumieniowej-z-mo%C5%BCliwo%C5%9Bci%C4%85-uzyskania-mno%C5%BCnik%C3%B3w-do-100-razy HTTP/1.1" 301 - "https://ftscreations.com/magic-mirror-funkcja-transmisji-strumieniowej-z-mo%C5%BCliwo%C5%9Bci%C4%85-uzyskania-mno%C5%BCnik%C3%B3w-do-100-razy" "Mozilla/5.0 (Linux; Android 7.0;) AppleWebKit/537.36 (KHTML, like Gecko) Mobile Safari/537.36 (compatible; PetalBot;+https://webmaster.petalsearch.com/site/petalbot)" 168 **0/168357**
114.119.141.35 - - [21/Feb/2026:15:24:50 -0700] "GET /magic-mirror-funkcja-transmisji-strumieniowej-z-mo%C5%BCliwo%C5%9Bci%C4%85-uzyskania-mno%C5%BCnik%C3%B3w-do-100-razy/ HTTP/1.1" 200 9376 "https://ftscreations.com/magic-mirror-funkcja-transmisji-strumieniowej-z-mo%C5%BCliwo%C5%9Bci%C4%85-uzyskania-mno%C5%BCnik%C3%B3w-do-100-razy" "Mozilla/5.0 (Linux; Android 7.0;) AppleWebKit/537.36 (KHTML, like Gecko) Mobile Safari/537.36 (compatible; PetalBot;+https://webmaster.petalsearch.com/site/petalbot)" 279 **0/279365**
114.119.136.249 - - [21/Feb/2026:15:26:15 -0700] "GET /kingdom-of-the-dead-symbole-mno%C5%BCnik%C3%B3w-i-szanse-na-wygran%C4%85/ HTTP/1.1" 200 9346 "https://ftscreations.com/kingdom-of-the-dead-symbole-mno%C5%BCnik%C3%B3w-i-szanse-na-wygran%C4%85" "Mozilla/5.0 (Linux; Android 7.0;) AppleWebKit/537.36 (KHTML, like Gecko) Mobile Safari/537.36 (compatible; PetalBot;+https://webmaster.petalsearch.com/site/petalbot)" 318 **0/318415**
114.119.129.175 - - [21/Feb/2026:15:27:34 -0700] "GET /gra-o-wysokim-wska%C5%BAniku-wygranych-roma-plus/ HTTP/1.1" 200 9055 "https://ftscreations.com/gra-o-wysokim-wska%C5%BAniku-wygranych-roma-plus" "Mozilla/5.0 (Linux; Android 7.0;) AppleWebKit/537.36 (KHTML, like Gecko) Mobile Safari/537.36 (compatible; PetalBot;+https://webmaster.petalsearch.com/site/petalbot)" 491 **0/491082**
72.167.58.252 - - [21/Feb/2026:15:28:59 -0700] "POST /wp-cron.php?doing_wp_cron=1771712939.6246080398559570312500 HTTP/1.1" 200 - "https://ftscreations.com/wp-cron.php?doing_wp_cron=1771712939.6246080398559570312500" "WordPress/5.4.18; https://ftscreations.com" 179 **0/179190**
114.119.142.93 - - [21/Feb/2026:15:28:59 -0700] "GET /cz%C4%99sto-zadawane-pytania-bravocoin/ HTTP/1.1" 200 9144 "https://ftscreations.com/cz%C4%99sto-zadawane-pytania-bravocoin/" "Mozilla/5.0 (Linux; Android 7.0;) AppleWebKit/537.36 (KHTML, like Gecko) Mobile Safari/537.36 (compatible; PetalBot;+https://webmaster.petalsearch.com/site/petalbot)" 509 **0/509576**
114.119.136.249 - - [21/Feb/2026:15:30:28 -0700] "GET /carnaval-bingo-zak%C5%82ad-ante/ HTTP/1.1" 200 8849 "https://ftscreations.com/carnaval-bingo-zak%C5%82ad-ante" "Mozilla/5.0 (Linux; Android 7.0;) AppleWebKit/537.36 (KHTML, like Gecko) Mobile Safari/537.36 (compatible; PetalBot;+https://webmaster.petalsearch.com/site/petalbot)" 273 **0/273042**
114.119.146.15 - - [21/Feb/2026:15:31:45 -0700] "GET /caribbean-diver-system-wyp%C5%82at-rozproszonych-i-kaskady/ HTTP/1.1" 200 9439 "https://ftscreations.com/caribbean-diver-system-wyp%C5%82at-rozproszonych-i-kaskady" "Mozilla/5.0 (Linux; Android 7.0;) AppleWebKit/537.36 (KHTML, like Gecko) Mobile Safari/537.36 (compatible; PetalBot;+https://webmaster.petalsearch.com/site/petalbot)" 348 **0/348221**
114.119.129.175 - - [21/Feb/2026:15:33:08 -0700] "GET /candy-cash-gniazdo-wideo HTTP/1.1" 301 - "-" "Mozilla/5.0 (Linux; Android 7.0;) AppleWebKit/537.36 (KHTML, like Gecko) Mobile Safari/537.36 (compatible; PetalBot;+https://webmaster.petalsearch.com/site/petalbot)" 204 **0/204562**
114.119.129.175 - - [21/Feb/2026:15:33:10 -0700] "GET /candy-cash-gniazdo-wideo/ HTTP/1.1" 200 8729 "-" "Mozilla/5.0 (Linux; Android 7.0;) AppleWebKit/537.36 (KHTML, like Gecko) Mobile Safari/537.36 (compatible; PetalBot;+https://webmaster.petalsearch.com/site/petalbot)" 337 **0/337243**
114.119.159.62 - - [21/Feb/2026:15:34:33 -0700] "GET /call-of-the-wild-opcje-zak%C5%82ad%C3%B3w-i-strategie-gry HTTP/1.1" 301 - "-" "Mozilla/5.0 (Linux; Android 7.0;) AppleWebKit/537.36 (KHTML, like Gecko) Mobile Safari/537.36 (compatible; PetalBot;+https://webmaster.petalsearch.com/site/petalbot)" 172 **0/172138**
114.119.159.62 - - [21/Feb/2026:15:34:35 -0700] "GET /call-of-the-wild-opcje-zak%C5%82ad%C3%B3w-i-strategie-gry/ HTTP/1.1" 200 8958 "-" "Mozilla/5.0 (Linux; Android 7.0;) AppleWebKit/537.36 (KHTML, like Gecko) Mobile Safari/537.36 (compatible; PetalBot;+https://webmaster.petalsearch.com/site/petalbot)" 284 **0/284232**
114.119.136.249 - - [21/Feb/2026:15:35:59 -0700] "GET /buffalo-warianty-oferowane-przez-r%C3%B3%C5%BCne-kasyna-online/ HTTP/1.1" 200 8935 "https://ftscreations.com/buffalo-warianty-oferowane-przez-r%C3%B3%C5%BCne-kasyna-online/" "Mozilla/5.0 (Linux; Android 7.0;) AppleWebKit/537.36 (KHTML, like Gecko) Mobile Safari/537.36 (compatible; PetalBot;+https://webmaster.petalsearch.com/site/petalbot)" 311 **0/311492**
114.119.141.35 - - [21/Feb/2026:15:37:26 -0700] "GET /buffalo-toro-zasada-kaskady/ HTTP/1.1" 200 9036 "https://ftscreations.com/buffalo-toro-zasada-kaskady" "Mozilla/5.0 (Linux; Android 7.0;) AppleWebKit/537.36 (KHTML, like Gecko) Mobile Safari/537.36 (compatible; PetalBot;+https://webmaster.petalsearch.com/site/petalbot)" 280 **0/280306**
223.15.245.170 - - [21/Feb/2026:15:37:55 -0700] "GET / HTTP/1.1" 301 - "http://www.ftscreations.com" "Mozilla/5.0 (iPhone; CPU iPhone OS 13_2_3 like Mac OS X) AppleWebKit/605.1.15 (KHTML, like Gecko) Version/13.0.3 Mobile/15E148 Safari/604.1" 180 **0/180126**
223.15.245.170 - - [21/Feb/2026:15:37:56 -0700] "GET / HTTP/1.1" 200 4544 "https://www.ftscreations.com/" "Mozilla/5.0 (iPhone; CPU iPhone OS 13_2_3 like Mac OS X) AppleWebKit/605.1.15 (KHTML, like Gecko) Version/13.0.3 Mobile/15E148 Safari/604.1" 242 **0/242057**
114.119.151.146 - - [21/Feb/2026:15:38:50 -0700] "GET /buffalo-on-fire-kaskada-wygrywa HTTP/1.1" 301 - "-" "Mozilla/5.0 (Linux; Android 7.0;) AppleWebKit/537.36 (KHTML, like Gecko) Mobile Safari/537.36 (compatible; PetalBot;+https://webmaster.petalsearch.com/site/petalbot)" 181 **0/181743**
114.119.151.146 - - [21/Feb/2026:15:38:52 -0700] "GET /buffalo-on-fire-kaskada-wygrywa/ HTTP/1.1" 200 9070 "-" "Mozilla/5.0 (Linux; Android 7.0;) AppleWebKit/537.36 (KHTML, like Gecko) Mobile Safari/537.36 (compatible; PetalBot;+https://webmaster.petalsearch.com/site/petalbot)" 318 **0/318697**
66.249.79.4 - - [21/Feb/2026:15:39:06 -0700] "GET /dead-or-alive-maksymalny-potencja%C5%82-wygranej/ HTTP/1.1" 200 9006 "-" "Mozilla/5.0 (Linux; Android 6.0.1; Nexus 5X Build/MMB29P) AppleWebKit/537.36 (KHTML, like Gecko) Chrome/144.0.7559.132 Mobile Safari/537.36 (compatible; Googlebot/2.1; +http://www.google.com/bot.html)" 605 **0/605878**
66.249.79.5 - - [21/Feb/2026:15:39:19 -0700] "POST / HTTP/1.1" 204 - "https://ftscreations.com/dead-or-alive-maksymalny-potencja%C5%82-wygranej/" "Mozilla/5.0 (Linux; Android 6.0.1; Nexus 5X Build/MMB29P) AppleWebKit/537.36 (KHTML, like Gecko) Chrome/144.0.7559.132 Mobile Safari/537.36 (compatible; Googlebot/2.1; +http://www.google.com/bot.html)" 199 **0/199069**
66.249.79.4 - - [21/Feb/2026:15:39:30 -0700] "GET /ghost-of-dead-zak%C5%82ad-z-mno%C5%BCnikiem-20x/ HTTP/1.1" 200 8613 "-" "Mozilla/5.0 (Linux; Android 6.0.1; Nexus 5X Build/MMB29P) AppleWebKit/537.36 (KHTML, like Gecko) Chrome/144.0.7559.132 Mobile Safari/537.36 (compatible; Googlebot/2.1; +http://www.google.com/bot.html)" 572 **0/572934**
66.249.79.4 - - [21/Feb/2026:15:39:41 -0700] "GET /wp-content/themes/photographer-wp/js/jquery.gridrotator.js HTTP/1.1" 200 5516 "https://ftscreations.com/ghost-of-dead-zak%C5%82ad-z-mno%C5%BCnikiem-20x/" "Mozilla/5.0 (Linux; Android 6.0.1; Nexus 5X Build/MMB29P) AppleWebKit/537.36 (KHTML, like Gecko) Chrome/144.0.7559.132 Mobile Safari/537.36 (compatible; Googlebot/2.1; +http://www.google.com/bot.html)" 7 **0/7805**
66.249.79.4 - - [21/Feb/2026:15:39:46 -0700] "POST / HTTP/1.1" 204 - "https://ftscreations.com/ghost-of-dead-zak%C5%82ad-z-mno%C5%BCnikiem-20x/" "Mozilla/5.0 (Linux; Android 6.0.1; Nexus 5X Build/MMB29P) AppleWebKit/537.36 (KHTML, like Gecko) Chrome/144.0.7559.132 Mobile Safari/537.36 (compatible; Googlebot/2.1; +http://www.google.com/bot.html)" 173 **0/173129**
66.249.79.4 - - [21/Feb/2026:15:39:52 -0700] "GET /jak-gra%C4%87-wilds-of-fortune-w-kasynie/ HTTP/1.1" 200 8462 "-" "Mozilla/5.0 (Linux; Android 6.0.1; Nexus 5X Build/MMB29P) AppleWebKit/537.36 (KHTML, like Gecko) Chrome/144.0.7559.132 Mobile Safari/537.36 (compatible; Googlebot/2.1; +http://www.google.com/bot.html)" 488 **0/488964**
66.249.79.4 - - [21/Feb/2026:15:39:52 -0700] "GET /book-of-power-efekt-kaskady/ HTTP/1.1" 200 8775 "-" "Mozilla/5.0 (Linux; Android 6.0.1; Nexus 5X Build/MMB29P) AppleWebKit/537.36 (KHTML, like Gecko) Chrome/144.0.7559.132 Mobile Safari/537.36 (compatible; Googlebot/2.1; +http://www.google.com/bot.html)" 298 **0/298626**
114.119.141.35 - - [21/Feb/2026:15:40:07 -0700] "GET /bruno-bingo-kaskadowy-system-wygrywania/ HTTP/1.1" 200 9312 "http://ftscreations.com/?p=8619" "Mozilla/5.0 (Linux; Android 7.0;) AppleWebKit/537.36 (KHTML, like Gecko) Mobile Safari/537.36 (compatible; PetalBot;+https://webmaster.petalsearch.com/site/petalbot)" 384 **0/384015**
66.249.79.6 - - [21/Feb/2026:15:40:12 -0700] "POST / HTTP/1.1" 204 - "https://ftscreations.com/jak-gra%C4%87-wilds-of-fortune-w-kasynie/" "Mozilla/5.0 (Linux; Android 6.0.1; Nexus 5X Build/MMB29P) AppleWebKit/537.36 (KHTML, like Gecko) Chrome/144.0.7559.132 Mobile Safari/537.36 (compatible; Googlebot/2.1; +http://www.google.com/bot.html)" 338 **0/338030**
66.249.79.5 - - [21/Feb/2026:15:40:26 -0700] "POST / HTTP/1.1" 204 - "https://ftscreations.com/book-of-power-efekt-kaskady/" "Mozilla/5.0 (Linux; Android 6.0.1; Nexus 5X Build/MMB29P) AppleWebKit/537.36 (KHTML, like Gecko) Chrome/144.0.7559.132 Mobile Safari/537.36 (compatible; Googlebot/2.1; +http://www.google.com/bot.html)" 164 **0/164833**
114.119.151.146 - - [21/Feb/2026:15:41:31 -0700] "GET /break-da-bank-again-megaways-kasyno-forbesa HTTP/1.1" 301 - "-" "Mozilla/5.0 (Linux; Android 7.0;) AppleWebKit/537.36 (KHTML, like Gecko) Mobile Safari/537.36 (compatible; PetalBot;+https://webmaster.petalsearch.com/site/petalbot)" 165 **0/165909**
114.119.151.146 - - [21/Feb/2026:15:41:32 -0700] "GET /break-da-bank-again-megaways-kasyno-forbesa/ HTTP/1.1" 200 9298 "-" "Mozilla/5.0 (Linux; Android 7.0;) AppleWebKit/537.36 (KHTML, like Gecko) Mobile Safari/537.36 (compatible; PetalBot;+https://webmaster.petalsearch.com/site/petalbot)" 490 **0/490346**
114.119.149.66 - - [21/Feb/2026:15:42:58 -0700] "GET /vilk-and-little-red-jackpot%C3%B3w/ HTTP/1.1" 200 9272 "https://ftscreations.com/vilk-and-little-red-jackpot%C3%B3w/" "Mozilla/5.0 (Linux; Android 7.0;) AppleWebKit/537.36 (KHTML, like Gecko) Mobile Safari/537.36 (compatible; PetalBot;+https://webmaster.petalsearch.com/site/petalbot)" 295 **0/295476**
113.175.56.14 - - [21/Feb/2026:15:43:26 -0700] "GET /chicken-road-dwa-rozgrywka-kasyno-w-sieci-nowej/ HTTP/1.1" 200 10779 "-" "Mozilla/5.0 (Macintosh; U; PPC Mac OS X; fr-fr) AppleWebKit/312.5 (KHTML, like Gecko) Safari/312.3" 253 **0/253437**
114.119.136.249 - - [21/Feb/2026:15:44:21 -0700] "GET /to-mars-and-beyond-werdykt-gry HTTP/1.1" 301 - "https://ftscreations.com/to-mars-and-beyond-werdykt-gry" "Mozilla/5.0 (Linux; Android 7.0;) AppleWebKit/537.36 (KHTML, like Gecko) Mobile Safari/537.36 (compatible; PetalBot;+https://webmaster.petalsearch.com/site/petalbot)" 219 **0/219453**
114.119.136.249 - - [21/Feb/2026:15:44:22 -0700] "GET /to-mars-and-beyond-werdykt-gry/ HTTP/1.1" 200 9133 "https://ftscreations.com/to-mars-and-beyond-werdykt-gry" "Mozilla/5.0 (Linux; Android 7.0;) AppleWebKit/537.36 (KHTML, like Gecko) Mobile Safari/537.36 (compatible; PetalBot;+https://webmaster.petalsearch.com/site/petalbot)" 282 **0/282049**
114.119.151.146 - - [21/Feb/2026:15:45:47 -0700] "GET /symbole-rozproszone-na-gonzos-gold HTTP/1.1" 301 - "-" "Mozilla/5.0 (Linux; Android 7.0;) AppleWebKit/537.36 (KHTML, like Gecko) Mobile Safari/537.36 (compatible; PetalBot;+https://webmaster.petalsearch.com/site/petalbot)" 195 **0/195551**
114.119.151.146 - - [21/Feb/2026:15:45:49 -0700] "GET /symbole-rozproszone-na-gonzos-gold/ HTTP/1.1" 200 9113 "-" "Mozilla/5.0 (Linux; Android 7.0;) AppleWebKit/537.36 (KHTML, like Gecko) Mobile Safari/537.36 (compatible; PetalBot;+https://webmaster.petalsearch.com/site/petalbot)" 307 **0/307767**
114.119.149.66 - - [21/Feb/2026:15:47:04 -0700] "GET /stacked-fire-7s-big-spins-funkcja-zak%C5%82adu-ante/ HTTP/1.1" 200 9045 "https://ftscreations.com/stacked-fire-7s-big-spins-funkcja-zak%C5%82adu-ante" "Mozilla/5.0 (Linux; Android 7.0;) AppleWebKit/537.36 (KHTML, like Gecko) Mobile Safari/537.36 (compatible; PetalBot;+https://webmaster.petalsearch.com/site/petalbot)" 273 **0/273749**
114.119.141.35 - - [21/Feb/2026:15:48:27 -0700] "GET /runda-bonusowa-z-progresywnym-mno%C5%BCnikiem-w-buffalo-king/ HTTP/1.1" 200 9060 "https://ftscreations.com/runda-bonusowa-z-progresywnym-mno%C5%BCnikiem-w-buffalo-king/" "Mozilla/5.0 (Linux; Android 7.0;) AppleWebKit/537.36 (KHTML, like Gecko) Mobile Safari/537.36 (compatible; PetalBot;+https://webmaster.petalsearch.com/site/petalbot)" 320 **0/320702**
114.119.149.66 - - [21/Feb/2026:15:49:52 -0700] "GET /piggy-riches-megaways-cz%C4%99stotliwo%C5%9B%C4%87-trafie%C5%84/ HTTP/1.1" 200 9358 "https://ftscreations.com/piggy-riches-megaways-cz%C4%99stotliwo%C5%9B%C4%87-trafie%C5%84/" "Mozilla/5.0 (Linux; Android 7.0;) AppleWebKit/537.36 (KHTML, like Gecko) Mobile Safari/537.36 (compatible; PetalBot;+https://webmaster.petalsearch.com/site/petalbot)" 294 **0/294144**
114.119.146.15 - - [21/Feb/2026:15:51:18 -0700] "GET /hyper-gold-planowanie-i-badanie-opcji-zak%C5%82ad%C3%B3w HTTP/1.1" 301 - "https://ftscreations.com/hyper-gold-planowanie-i-badanie-opcji-zak%C5%82ad%C3%B3w" "Mozilla/5.0 (Linux; Android 7.0;) AppleWebKit/537.36 (KHTML, like Gecko) Mobile Safari/537.36 (compatible; PetalBot;+https://webmaster.petalsearch.com/site/petalbot)" 523 **0/523877**
114.119.146.15 - - [21/Feb/2026:15:51:20 -0700] "GET /hyper-gold-planowanie-i-badanie-opcji-zak%C5%82ad%C3%B3w/ HTTP/1.1" 200 9191 "https://ftscreations.com/hyper-gold-planowanie-i-badanie-opcji-zak%C5%82ad%C3%B3w" "Mozilla/5.0 (Linux; Android 7.0;) AppleWebKit/537.36 (KHTML, like Gecko) Mobile Safari/537.36 (compatible; PetalBot;+https://webmaster.petalsearch.com/site/petalbot)" 316 **0/316823**
114.119.149.66 - - [21/Feb/2026:15:52:39 -0700] "GET /double-double-bonus-zak%C5%82ad-specjalny/ HTTP/1.1" 200 9405 "https://ftscreations.com/double-double-bonus-zak%C5%82ad-specjalny/" "Mozilla/5.0 (Linux; Android 7.0;) AppleWebKit/537.36 (KHTML, like Gecko) Mobile Safari/537.36 (compatible; PetalBot;+https://webmaster.petalsearch.com/site/petalbot)" 284 **0/284028**
114.119.146.15 - - [21/Feb/2026:15:54:07 -0700] "GET /chiquito-2-szczeliny-mno%C5%BCnika/ HTTP/1.1" 200 9198 "http://ftscreations.com/?p=5754" "Mozilla/5.0 (Linux; Android 7.0;) AppleWebKit/537.36 (KHTML, like Gecko) Mobile Safari/537.36 (compatible; PetalBot;+https://webmaster.petalsearch.com/site/petalbot)" 300 **0/300496**
134.209.160.128 - - [21/Feb/2026:15:54:55 -0700] "GET /wp-admin/css/ HTTP/1.1" 403 10352 "binance.com" "Mozilla/5.0 (Windows NT 10.0; Win64; x64) AppleWebKit/537.36 (KHTML, like Gecko) Chrome/90.0.4430.85 Safari/537.36" 7 **0/7596**
114.119.159.62 - - [21/Feb/2026:15:55:30 -0700] "GET /book-of-shadows-wygrywa-do-20000-krotno%C5%9Bci-depozytu/ HTTP/1.1" 200 9051 "https://ftscreations.com/book-of-shadows-wygrywa-do-20000-krotno%C5%9Bci-depozytu" "Mozilla/5.0 (Linux; Android 7.0;) AppleWebKit/537.36 (KHTML, like Gecko) Mobile Safari/537.36 (compatible; PetalBot;+https://webmaster.petalsearch.com/site/petalbot)" 335 **0/335520**
114.119.151.146 - - [21/Feb/2026:15:56:51 -0700] "GET /book-of-shadows-taktyka-ruletki HTTP/1.1" 301 - "-" "Mozilla/5.0 (Linux; Android 7.0;) AppleWebKit/537.36 (KHTML, like Gecko) Mobile Safari/537.36 (compatible; PetalBot;+https://webmaster.petalsearch.com/site/petalbot)" 284 **0/284538**
114.119.151.146 - - [21/Feb/2026:15:56:53 -0700] "GET /book-of-shadows-taktyka-ruletki/ HTTP/1.1" 200 8952 "-" "Mozilla/5.0 (Linux; Android 7.0;) AppleWebKit/537.36 (KHTML, like Gecko) Mobile Safari/537.36 (compatible; PetalBot;+https://webmaster.petalsearch.com/site/petalbot)" 332 **0/332610**
114.119.142.93 - - [21/Feb/2026:15:58:20 -0700] "GET /book-of-secrets-grafika-3d-i-projektowanie-d%C5%BAwi%C4%99ku/ HTTP/1.1" 200 9571 "https://ftscreations.com/book-of-secrets-grafika-3d-i-projektowanie-d%C5%BAwi%C4%99ku/" "Mozilla/5.0 (Linux; Android 7.0;) AppleWebKit/537.36 (KHTML, like Gecko) Mobile Safari/537.36 (compatible; PetalBot;+https://webmaster.petalsearch.com/site/petalbot)" 300 **0/300292**
114.119.159.62 - - [21/Feb/2026:15:59:41 -0700] "GET /book-of-rebirth-online-w-wersji-demonstracyjnej/ HTTP/1.1" 200 9226 "https://ftscreations.com/book-of-rebirth-online-w-wersji-demonstracyjnej/" "Mozilla/5.0 (Linux; Android 7.0;) AppleWebKit/537.36 (KHTML, like Gecko) Mobile Safari/537.36 (compatible; PetalBot;+https://webmaster.petalsearch.com/site/petalbot)" 271 **0/271863**
14.191.27.97 - - [21/Feb/2026:16:00:28 -0700] "GET /portfolio/community/ HTTP/1.1" 200 5229 "-" "Mozilla/5.0 (Windows NT 6.3; Win64; x64) AppleWebKit/537.36 (KHTML, like Gecko) Chrome/77.0.3865.90 Safari/537.36" 218 **0/218160**
114.119.141.35 - - [21/Feb/2026:16:01:26 -0700] "GET /book-of-rampage-2-zwi%C4%99ksz-wygrane-dzi%C4%99ki-mno%C5%BCnikom HTTP/1.1" 301 - "-" "Mozilla/5.0 (Linux; Android 7.0;) AppleWebKit/537.36 (KHTML, like Gecko) Mobile Safari/537.36 (compatible; PetalBot;+https://webmaster.petalsearch.com/site/petalbot)" 209 **0/209259**
114.119.141.35 - - [21/Feb/2026:16:01:27 -0700] "GET /book-of-rampage-2-zwi%C4%99ksz-wygrane-dzi%C4%99ki-mno%C5%BCnikom/ HTTP/1.1" 200 9160 "-" "Mozilla/5.0 (Linux; Android 7.0;) AppleWebKit/537.36 (KHTML, like Gecko) Mobile Safari/537.36 (compatible; PetalBot;+https://webmaster.petalsearch.com/site/petalbot)" 265 **0/265306**
113.173.191.239 - - [21/Feb/2026:16:01:42 -0700] "GET /portfolio/web-apps/ HTTP/1.1" 200 5125 "-" "Mozilla/5.0 (Macintosh; Intel Mac OS X 10_14_6) AppleWebKit/537.36 (KHTML, like Gecko) Chrome/107.0.0.0 Safari/537.36" 202 **0/202492**
41.158.217.93 - - [21/Feb/2026:16:02:05 -0700] "GET /elevator-pitch/ HTTP/1.1" 200 4375 "-" "Mozilla/5.0 (Windows NT 10.0; Win64; x64) AppleWebKit/537.36 (KHTML, like Gecko) Chrome/92.0.4515.107 Safari/537.36" 218 **0/218205**
114.119.141.35 - - [21/Feb/2026:16:02:25 -0700] "GET /book-of-ra-rozgrywka-i-funkcje-dodatkowe/ HTTP/1.1" 200 9271 "http://ftscreations.com/?p=8832" "Mozilla/5.0 (Linux; Android 7.0;) AppleWebKit/537.36 (KHTML, like Gecko) Mobile Safari/537.36 (compatible; PetalBot;+https://webmaster.petalsearch.com/site/petalbot)" 280 **0/280520**
114.119.142.93 - - [21/Feb/2026:16:03:48 -0700] "GET /book-of-dead-wygrane/ HTTP/1.1" 200 8941 "https://ftscreations.com/book-of-dead-wygrane/" "Mozilla/5.0 (Linux; Android 7.0;) AppleWebKit/537.36 (KHTML, like Gecko) Mobile Safari/537.36 (compatible; PetalBot;+https://webmaster.petalsearch.com/site/petalbot)" 309 **0/309695**
114.119.129.175 - - [21/Feb/2026:16:05:17 -0700] "GET /runda-bonusowa-automatu-age-of-the-gods-helios/ HTTP/1.1" 200 9269 "https://ftscreations.com/runda-bonusowa-automatu-age-of-the-gods-helios/" "Mozilla/5.0 (Linux; Android 7.0;) AppleWebKit/537.36 (KHTML, like Gecko) Mobile Safari/537.36 (compatible; PetalBot;+https://webmaster.petalsearch.com/site/petalbot)" 374 **0/374928**
114.119.136.249 - - [21/Feb/2026:16:06:35 -0700] "GET /podw%C3%B3jne-zwyci%C4%99stwo-w-pile-em-up HTTP/1.1" 301 - "-" "Mozilla/5.0 (Linux; Android 7.0;) AppleWebKit/537.36 (KHTML, like Gecko) Mobile Safari/537.36 (compatible; PetalBot;+https://webmaster.petalsearch.com/site/petalbot)" 178 **0/178091**
114.119.136.249 - - [21/Feb/2026:16:06:38 -0700] "GET /podw%C3%B3jne-zwyci%C4%99stwo-w-pile-em-up/ HTTP/1.1" 200 9453 "-" "Mozilla/5.0 (Linux; Android 7.0;) AppleWebKit/537.36 (KHTML, like Gecko) Mobile Safari/537.36 (compatible; PetalBot;+https://webmaster.petalsearch.com/site/petalbot)" 329 **0/329645**
114.119.149.66 - - [21/Feb/2026:16:07:59 -0700] "GET /funkcja-odwracania-w-777-slots HTTP/1.1" 301 - "-" "Mozilla/5.0 (Linux; Android 7.0;) AppleWebKit/537.36 (KHTML, like Gecko) Mobile Safari/537.36 (compatible; PetalBot;+https://webmaster.petalsearch.com/site/petalbot)" 166 **0/166522**
114.119.149.66 - - [21/Feb/2026:16:08:00 -0700] "GET /funkcja-odwracania-w-777-slots/ HTTP/1.1" 200 9189 "-" "Mozilla/5.0 (Linux; Android 7.0;) AppleWebKit/537.36 (KHTML, like Gecko) Mobile Safari/537.36 (compatible; PetalBot;+https://webmaster.petalsearch.com/site/petalbot)" 261 **0/261826**
114.119.151.146 - - [21/Feb/2026:16:09:24 -0700] "GET /cechy-la-slot-chaos-crew-10-darmowych-spin%C3%B3w/ HTTP/1.1" 200 9264 "https://ftscreations.com/cechy-la-slot-chaos-crew-10-darmowych-spin%C3%B3w/" "Mozilla/5.0 (Linux; Android 7.0;) AppleWebKit/537.36 (KHTML, like Gecko) Mobile Safari/537.36 (compatible; PetalBot;+https://webmaster.petalsearch.com/site/petalbot)" 294 **0/294187**
98.83.57.80 - - [21/Feb/2026:16:09:33 -0700] "GET / HTTP/1.1" 301 - "-" "Mozilla/5.0 (Windows NT 10.0; Win64; x64) AppleWebKit/537.36 (KHTML, like Gecko) Chrome/42.0.2311.135 Safari/537.36 Edge/12.246" 189 **0/189231**
98.83.57.80 - - [21/Feb/2026:16:09:33 -0700] "GET / HTTP/1.1" 200 4544 "-" "Mozilla/5.0 (Windows NT 10.0; Win64; x64) AppleWebKit/537.36 (KHTML, like Gecko) Chrome/42.0.2311.135 Safari/537.36 Edge/12.246" 202 **0/202902**
114.119.146.15 - - [21/Feb/2026:16:10:48 -0700] "GET /book-of-dead-the-ultimate-ancient-egypt-slot/ HTTP/1.1" 200 10445 "https://ftscreations.com/blog/page/16" "Mozilla/5.0 (Linux; Android 7.0;) AppleWebKit/537.36 (KHTML, like Gecko) Mobile Safari/537.36 (compatible; PetalBot;+https://webmaster.petalsearch.com/site/petalbot)" 246 **0/246431**
114.119.141.35 - - [21/Feb/2026:16:12:24 -0700] "GET /book-of-dead-obszary-zak%C5%82ad%C3%B3w-i-szanse-na-wygran%C4%85/ HTTP/1.1" 200 9216 "https://ftscreations.com/book-of-dead-obszary-zak%C5%82ad%C3%B3w-i-szanse-na-wygran%C4%85/" "Mozilla/5.0 (Linux; Android 7.0;) AppleWebKit/537.36 (KHTML, like Gecko) Mobile Safari/537.36 (compatible; PetalBot;+https://webmaster.petalsearch.com/site/petalbot)" 461 **0/461619**
114.119.142.93 - - [21/Feb/2026:16:13:40 -0700] "GET /book-of-99-najlepsze-strategie-i-taktyki/ HTTP/1.1" 200 8958 "https://ftscreations.com/book-of-99-najlepsze-strategie-i-taktyki/" "Mozilla/5.0 (Linux; Android 7.0;) AppleWebKit/537.36 (KHTML, like Gecko) Mobile Safari/537.36 (compatible; PetalBot;+https://webmaster.petalsearch.com/site/petalbot)" 305 **0/305793**
114.119.141.35 - - [21/Feb/2026:16:14:56 -0700] "GET /bonusy-w-grze-epic-apemulti-5/ HTTP/1.1" 200 8917 "https://ftscreations.com/bonusy-w-grze-epic-apemulti-5/" "Mozilla/5.0 (Linux; Android 7.0;) AppleWebKit/537.36 (KHTML, like Gecko) Mobile Safari/537.36 (compatible; PetalBot;+https://webmaster.petalsearch.com/site/petalbot)" 302 **0/302376**
43.173.181.237 - - [21/Feb/2026:16:15:30 -0700] "GET /?p=3703 HTTP/1.1" 301 - "-" "Mozilla/5.0 (Windows NT 10.0; Win64; x64) AppleWebKit/537.36 (KHTML, like Gecko) Chrome/103.0.0.0 Safari/537.36" 243 **0/243106**
43.173.181.237 - - [21/Feb/2026:16:15:31 -0700] "GET /wild-chapo-system-p%C5%82atno%C5%9Bci-pay-anywhere/ HTTP/1.1" 200 9276 "https://ftscreations.com/?p=3703" "Mozilla/5.0 (Windows NT 10.0; Win64; x64) AppleWebKit/537.36 (KHTML, like Gecko) Chrome/103.0.0.0 Safari/537.36" 417 **0/417723**
43.173.180.69 - - [21/Feb/2026:16:15:40 -0700] "POST / HTTP/1.1" 204 - "https://ftscreations.com/?p=3703" "Mozilla/5.0 (Windows NT 10.0; Win64; x64) AppleWebKit/537.36 (KHTML, like Gecko) Chrome/103.0.0.0 Safari/537.36" 302 **0/302087**
114.119.151.146 - - [21/Feb/2026:16:16:23 -0700] "GET /bonusy-kasynowe-za-gr%C4%99-toshi-video-club/ HTTP/1.1" 200 9037 "https://ftscreations.com/bonusy-kasynowe-za-gr%C4%99-toshi-video-club/" "Mozilla/5.0 (Linux; Android 7.0;) AppleWebKit/537.36 (KHTML, like Gecko) Mobile Safari/537.36 (compatible; PetalBot;+https://webmaster.petalsearch.com/site/petalbot)" 656 **0/656998**
114.119.129.175 - - [21/Feb/2026:16:17:52 -0700] "GET /bonusy-kasynowe-za-gr%C4%99-the-stash/ HTTP/1.1" 200 9272 "https://ftscreations.com/bonusy-kasynowe-za-gr%C4%99-the-stash/" "Mozilla/5.0 (Linux; Android 7.0;) AppleWebKit/537.36 (KHTML, like Gecko) Mobile Safari/537.36 (compatible; PetalBot;+https://webmaster.petalsearch.com/site/petalbot)" 255 **0/255186**
43.173.177.126 - - [21/Feb/2026:16:18:58 -0700] "GET /?p=6318 HTTP/1.1" 301 - "http://ftscreations.com/?p=6318" "Mozilla/5.0 (Windows NT 10.0; Win64; x64) AppleWebKit/537.36 (KHTML, like Gecko) Chrome/124.0.0.0 Safari/537.36" 209 **0/209054**
43.173.177.126 - - [21/Feb/2026:16:18:59 -0700] "GET /diamond-quest-gra-za-darmo/ HTTP/1.1" 200 8123 "https://ftscreations.com/?p=6318" "Mozilla/5.0 (Windows NT 10.0; Win64; x64) AppleWebKit/537.36 (KHTML, like Gecko) Chrome/124.0.0.0 Safari/537.36" 270 **0/270488**
43.173.176.254 - - [21/Feb/2026:16:19:06 -0700] "POST / HTTP/1.1" 204 - "http://ftscreations.com/" "Mozilla/5.0 (Windows NT 10.0; Win64; x64) AppleWebKit/537.36 (KHTML, like Gecko) Chrome/124.0.0.0 Safari/537.36" 247 **0/247399**
114.119.141.35 - - [21/Feb/2026:16:19:07 -0700] "GET /bonusy-kasynowe-do-gry-super-lion/ HTTP/1.1" 200 9491 "https://ftscreations.com/bonusy-kasynowe-do-gry-super-lion" "Mozilla/5.0 (Linux; Android 7.0;) AppleWebKit/537.36 (KHTML, like Gecko) Mobile Safari/537.36 (compatible; PetalBot;+https://webmaster.petalsearch.com/site/petalbot)" 586 **0/586449**
114.119.136.249 - - [21/Feb/2026:16:20:31 -0700] "GET /bonusy-i-promocje-rio-bingo/ HTTP/1.1" 200 8185 "https://ftscreations.com/bonusy-i-promocje-rio-bingo/" "Mozilla/5.0 (Linux; Android 7.0;) AppleWebKit/537.36 (KHTML, like Gecko) Mobile Safari/537.36 (compatible; PetalBot;+https://webmaster.petalsearch.com/site/petalbot)" 2276 **2/2276823**
43.173.180.35 - - [21/Feb/2026:16:20:37 -0700] "GET /diamond-quest-gra-za-darmo/ HTTP/1.1" 200 8124 "-" "Mozilla/5.0 (Windows NT 10.0; Win64; x64) AppleWebKit/537.36 (KHTML, like Gecko) Chrome/108.0.0.0 Safari/537.36" 2338 **2/2338565**
43.173.181.203 - - [21/Feb/2026:16:20:37 -0700] "GET /?p=13571 HTTP/1.1" 301 - "-" "Mozilla/5.0 (Windows NT 10.0; Win64; x64) AppleWebKit/537.36 (KHTML, like Gecko) Chrome/131.0.0.0 Safari/537.36" 3389 **3/3389605**
43.173.181.203 - - [21/Feb/2026:16:20:40 -0700] "GET /chicken-road-das-absolute-crash-game-erlebnis-fur/ HTTP/1.1" 200 10291 "https://ftscreations.com/?p=13571" "Mozilla/5.0 (Windows NT 10.0; Win64; x64) AppleWebKit/537.36 (KHTML, like Gecko) Chrome/131.0.0.0 Safari/537.36" 3202 **3/3202006**
