43.173.179.137 - - [21/Feb/2026:23:12:17 -0700] "GET /?p=3088 HTTP/1.1" 301 - "-" "Mozilla/5.0 (Windows NT 10.0; Win64; x64) AppleWebKit/537.36 (KHTML, like Gecko) Chrome/105.0.0.0 Safari/537.3" 522 **0/522590**
43.163.22.90 - - [21/Feb/2026:23:12:17 -0700] "GET /lizaro-casino-spielvergnugen-der-kommenden/ HTTP/1.1" 200 10393 "https://ftscreations.com/?p=13581" "Mozilla/5.0 (Windows NT 10.0; Win64; x64) AppleWebKit/537.36 (KHTML, like Gecko) Chrome/131.0.0.0 Safari/537.36" 713 **0/713377**
43.173.179.137 - - [21/Feb/2026:23:12:18 -0700] "GET /slot-wideo-book-of-inferno/ HTTP/1.1" 200 9152 "https://ftscreations.com/?p=3088" "Mozilla/5.0 (Windows NT 10.0; Win64; x64) AppleWebKit/537.36 (KHTML, like Gecko) Chrome/105.0.0.0 Safari/537.3" 646 **0/646038**
43.173.174.66 - - [21/Feb/2026:23:12:18 -0700] "GET /zyskaj-pod-ka%C5%BCdym-wzgl%C4%99dem-na-ashoka/ HTTP/1.1" 200 9477 "https://ftscreations.com/?p=3190" "Mozilla/5.0 (Windows NT 10.0; Win64; x64) AppleWebKit/537.36 (KHTML, like Gecko) Chrome/131.0.0.0 Safari/537.36" 781 **0/781146**
43.173.181.11 - - [21/Feb/2026:23:12:22 -0700] "POST / HTTP/1.1" 204 - "https://ftscreations.com/?p=13581" "Mozilla/5.0 (Windows NT 10.0; Win64; x64) AppleWebKit/537.36 (KHTML, like Gecko) Chrome/131.0.0.0 Safari/537.36" 3219 **3/3219743**
43.173.176.214 - - [21/Feb/2026:23:12:24 -0700] "POST / HTTP/1.1" 204 - "https://ftscreations.com/?p=3088" "Mozilla/5.0 (Windows NT 10.0; Win64; x64) AppleWebKit/537.36 (KHTML, like Gecko) Chrome/105.0.0.0 Safari/537.3" 3307 **3/3307811**
43.173.182.120 - - [21/Feb/2026:23:12:25 -0700] "POST / HTTP/1.1" 204 - "https://ftscreations.com/?p=3190" "Mozilla/5.0 (Windows NT 10.0; Win64; x64) AppleWebKit/537.36 (KHTML, like Gecko) Chrome/131.0.0.0 Safari/537.36" 2454 **2/2454567**
114.119.141.35 - - [21/Feb/2026:23:12:55 -0700] "GET /kasyno-online-w-9-coins/ HTTP/1.1" 200 9074 "https://ftscreations.com/kasyno-online-w-9-coins/" "Mozilla/5.0 (Linux; Android 7.0;) AppleWebKit/537.36 (KHTML, like Gecko) Mobile Safari/537.36 (compatible; PetalBot;+https://webmaster.petalsearch.com/site/petalbot)" 5348 **5/5348085**
114.119.141.35 - - [21/Feb/2026:23:14:19 -0700] "GET /joker-rush-%C5%9Arednia-zmienno%C5%9B%C4%87-gry/ HTTP/1.1" 200 9108 "http://ftscreations.com/?p=5639" "Mozilla/5.0 (Linux; Android 7.0;) AppleWebKit/537.36 (KHTML, like Gecko) Mobile Safari/537.36 (compatible; PetalBot;+https://webmaster.petalsearch.com/site/petalbot)" 3959 **3/3959773**
47.82.11.84 - - [21/Feb/2026:23:15:42 -0700] "GET /roll-gaming-house-your-personal-top-tier-venue-for/ HTTP/1.1" 200 10399 "https://ftscreations.com/" "Mozilla/5.0 (Windows NT 10.0; Win64; x64) AppleWebKit/537.36 (KHTML, like Gecko) Chrome/135.0.0.0 Safari/537.36 Edg/135.0.0.0" 279 **0/279510**
114.119.129.175 - - [21/Feb/2026:23:15:43 -0700] "GET /jak-zarz%C4%85dza%C4%87-swoim-bankrollem-w-eggs-of-gold/ HTTP/1.1" 200 9127 "https://ftscreations.com/jak-zarz%C4%85dza%C4%87-swoim-bankrollem-w-eggs-of-gold" "Mozilla/5.0 (Linux; Android 7.0;) AppleWebKit/537.36 (KHTML, like Gecko) Mobile Safari/537.36 (compatible; PetalBot;+https://webmaster.petalsearch.com/site/petalbot)" 327 **0/327025**
43.173.177.148 - - [21/Feb/2026:23:16:18 -0700] "GET /?p=5211 HTTP/1.1" 301 - "-" "Mozilla/5.0 (Windows NT 10.0; Win64; x64) AppleWebKit/537.36 (KHTML, like Gecko) Chrome/112.0.0.0 Safari/537.36" 2222 **2/2222198**
43.173.177.148 - - [21/Feb/2026:23:16:21 -0700] "GET /the-rollzone-darmowe-demo/ HTTP/1.1" 200 9117 "https://ftscreations.com/?p=5211" "Mozilla/5.0 (Windows NT 10.0; Win64; x64) AppleWebKit/537.36 (KHTML, like Gecko) Chrome/112.0.0.0 Safari/537.36" 5790 **5/5790809**
43.173.179.34 - - [21/Feb/2026:23:16:33 -0700] "POST / HTTP/1.1" 204 - "https://ftscreations.com/?p=5211" "Mozilla/5.0 (Windows NT 10.0; Win64; x64) AppleWebKit/537.36 (KHTML, like Gecko) Chrome/112.0.0.0 Safari/537.36" 3016 **3/3016487**
114.119.149.66 - - [21/Feb/2026:23:17:06 -0700] "GET /jak-wygra%C4%87-w-automacie-rosh-immortality-cube-megaways/ HTTP/1.1" 200 8689 "https://ftscreations.com/jak-wygra%C4%87-w-automacie-rosh-immortality-cube-megaways/" "Mozilla/5.0 (Linux; Android 7.0;) AppleWebKit/537.36 (KHTML, like Gecko) Mobile Safari/537.36 (compatible; PetalBot;+https://webmaster.petalsearch.com/site/petalbot)" 5166 **5/5166136**
114.119.149.66 - - [21/Feb/2026:23:18:30 -0700] "GET /jak-wygra%C4%87-na-automatach-lumberjack-2 HTTP/1.1" 301 - "https://ftscreations.com/jak-wygra%C4%87-na-automatach-lumberjack-2" "Mozilla/5.0 (Linux; Android 7.0;) AppleWebKit/537.36 (KHTML, like Gecko) Mobile Safari/537.36 (compatible; PetalBot;+https://webmaster.petalsearch.com/site/petalbot)" 383 **0/383125**
114.119.149.66 - - [21/Feb/2026:23:18:31 -0700] "GET /jak-wygra%C4%87-na-automatach-lumberjack-2/ HTTP/1.1" 200 9017 "https://ftscreations.com/jak-wygra%C4%87-na-automatach-lumberjack-2" "Mozilla/5.0 (Linux; Android 7.0;) AppleWebKit/537.36 (KHTML, like Gecko) Mobile Safari/537.36 (compatible; PetalBot;+https://webmaster.petalsearch.com/site/petalbot)" 579 **0/579759**
202.76.132.206 - - [21/Feb/2026:23:19:46 -0700] "GET /bunny-path-this-hidden-design-system-within/ HTTP/1.1" 200 10886 "-" "Mozilla/5.0 (Windows NT 5.1) AppleWebKit/535.1 (KHTML, like Gecko) Chrome/14.0.809.0 Safari/535.1" 4399 **4/4399981**
114.119.141.35 - - [21/Feb/2026:23:19:53 -0700] "GET /jak-oceni%C4%87-bezpiecze%C5%84stwo-kasyna-do-gry-deuces-wild HTTP/1.1" 301 - "https://ftscreations.com/jak-oceni%C4%87-bezpiecze%C5%84stwo-kasyna-do-gry-deuces-wild" "Mozilla/5.0 (Linux; Android 7.0;) AppleWebKit/537.36 (KHTML, like Gecko) Mobile Safari/537.36 (compatible; PetalBot;+https://webmaster.petalsearch.com/site/petalbot)" 2391 **2/2391748**
114.119.141.35 - - [21/Feb/2026:23:19:57 -0700] "GET /jak-oceni%C4%87-bezpiecze%C5%84stwo-kasyna-do-gry-deuces-wild/ HTTP/1.1" 200 8930 "https://ftscreations.com/jak-oceni%C4%87-bezpiecze%C5%84stwo-kasyna-do-gry-deuces-wild" "Mozilla/5.0 (Linux; Android 7.0;) AppleWebKit/537.36 (KHTML, like Gecko) Mobile Safari/537.36 (compatible; PetalBot;+https://webmaster.petalsearch.com/site/petalbot)" 4525 **4/4525395**
114.119.146.15 - - [21/Feb/2026:23:21:17 -0700] "GET /jak-obstawia%C4%87-du%C5%BCe-zak%C5%82ady-w-grze-holy-hand-grenade-w-kasynie/ HTTP/1.1" 200 9521 "https://ftscreations.com/jak-obstawia%C4%87-du%C5%BCe-zak%C5%82ady-w-grze-holy-hand-grenade-w-kasynie/" "Mozilla/5.0 (Linux; Android 7.0;) AppleWebKit/537.36 (KHTML, like Gecko) Mobile Safari/537.36 (compatible; PetalBot;+https://webmaster.petalsearch.com/site/petalbot)" 2462 **2/2462723**
114.119.141.35 - - [21/Feb/2026:23:22:41 -0700] "GET /jak-mog%C4%99-skontaktowa%C4%87-si%C4%99-z-obs%C5%82ug%C4%85-klienta-je%C5%9Bli-mam-pytania-dotycz%C4%85ce-gry-great-27/ HTTP/1.1" 200 9654 "https://ftscreations.com/jak-mog%C4%99-skontaktowa%C4%87-si%C4%99-z-obs%C5%82ug%C4%85-klienta-je%C5%9Bli-mam-pytania-dotycz%C4%85ce-gry-great-27/" "Mozilla/5.0 (Linux; Android 7.0;) AppleWebKit/537.36 (KHTML, like Gecko) Mobile Safari/537.36 (compatible; PetalBot;+https://webmaster.petalsearch.com/site/petalbot)" 4789 **4/4789754**
207.46.13.51 - - [21/Feb/2026:23:23:19 -0700] "GET /strategia-zwyci%C4%99stwa-9-masks-of-fire/ HTTP/2.0" 200 8643 "-" "Mozilla/5.0 AppleWebKit/537.36 (KHTML, like Gecko; compatible; bingbot/2.0; +http://www.bing.com/bingbot.htm) Chrome/116.0.1938.76 Safari/537.36" 4091 **4/4091878**
114.119.146.15 - - [21/Feb/2026:23:24:04 -0700] "GET /innovation-du-gaming-en-internet-les-plateformes/ HTTP/1.1" 200 10171 "https://ftscreations.com/profitez-d-une-aventure-de-jeu-optimale-avec-des/" "Mozilla/5.0 (Linux; Android 7.0;) AppleWebKit/537.36 (KHTML, like Gecko) Mobile Safari/537.36 (compatible; PetalBot;+https://webmaster.petalsearch.com/site/petalbot)" 5694 **5/5694717**
114.119.129.175 - - [21/Feb/2026:23:25:28 -0700] "GET /informacje-o-rtp-bonusach-i-specjalnych-funkcjach-gems-gems-gems/ HTTP/1.1" 200 9231 "https://ftscreations.com/informacje-o-rtp-bonusach-i-specjalnych-funkcjach-gems-gems-gems" "Mozilla/5.0 (Linux; Android 7.0;) AppleWebKit/537.36 (KHTML, like Gecko) Mobile Safari/537.36 (compatible; PetalBot;+https://webmaster.petalsearch.com/site/petalbot)" 6512 **6/6512542**
114.119.141.35 - - [21/Feb/2026:23:26:51 -0700] "GET /informacje-o-rtp-bonusach-i-specjalnych-funkcjach-9-races-to-glory/ HTTP/1.1" 200 9485 "https://ftscreations.com/informacje-o-rtp-bonusach-i-specjalnych-funkcjach-9-races-to-glory/" "Mozilla/5.0 (Linux; Android 7.0;) AppleWebKit/537.36 (KHTML, like Gecko) Mobile Safari/537.36 (compatible; PetalBot;+https://webmaster.petalsearch.com/site/petalbot)" 5497 **5/5497192**
72.167.58.252 - - [21/Feb/2026:23:28:17 -0700] "POST /wp-cron.php?doing_wp_cron=1771741696.9364540576934814453125 HTTP/1.1" 200 - "https://ftscreations.com/wp-cron.php?doing_wp_cron=1771741696.9364540576934814453125" "WordPress/5.4.18; https://ftscreations.com" 2460 **2/2460797**
114.119.146.15 - - [21/Feb/2026:23:28:15 -0700] "GET /ile-pieni%C4%99dzy-potrzebuj%C4%99-aby-zacz%C4%85%C4%87-gra%C4%87-w-gr%C4%99-kasynow%C4%85-plus-3-classic/ HTTP/1.1" 200 9044 "https://ftscreations.com/ile-pieni%C4%99dzy-potrzebuj%C4%99-aby-zacz%C4%85%C4%87-gra%C4%87-w-gr%C4%99-kasynow%C4%85-plus-3-classic/" "Mozilla/5.0 (Linux; Android 7.0;) AppleWebKit/537.36 (KHTML, like Gecko) Mobile Safari/537.36 (compatible; PetalBot;+https://webmaster.petalsearch.com/site/petalbot)" 4502 **4/4502295**
114.119.146.15 - - [21/Feb/2026:23:29:38 -0700] "GET /hotline-2-opinii/ HTTP/1.1" 200 9121 "http://ftscreations.com/?p=7836" "Mozilla/5.0 (Linux; Android 7.0;) AppleWebKit/537.36 (KHTML, like Gecko) Mobile Safari/537.36 (compatible; PetalBot;+https://webmaster.petalsearch.com/site/petalbot)" 418 **0/418499**
114.119.159.62 - - [21/Feb/2026:23:31:02 -0700] "GET /hot-wild-100-pakiet-powitalny-i-darmowe-spiny/ HTTP/1.1" 200 9145 "https://ftscreations.com/hot-wild-100-pakiet-powitalny-i-darmowe-spiny/" "Mozilla/5.0 (Linux; Android 7.0;) AppleWebKit/537.36 (KHTML, like Gecko) Mobile Safari/537.36 (compatible; PetalBot;+https://webmaster.petalsearch.com/site/petalbot)" 417 **0/417077**
114.119.159.62 - - [21/Feb/2026:23:32:33 -0700] "GET /hiperbonus-w-automacie-three-wheel-roulette/ HTTP/1.1" 200 9318 "https://ftscreations.com/blog/page/40/" "Mozilla/5.0 (Linux; Android 7.0;) AppleWebKit/537.36 (KHTML, like Gecko) Mobile Safari/537.36 (compatible; PetalBot;+https://webmaster.petalsearch.com/site/petalbot)" 399 **0/399479**
43.173.182.30 - - [21/Feb/2026:23:33:28 -0700] "GET /cleopatra-symbol-mno%C5%BCnika-podczas-darmowych-spin%C3%B3w/ HTTP/1.1" 200 9090 "-" "Mozilla/5.0 (Windows NT 10.0; Win64; x64) AppleWebKit/537.36 (KHTML, like Gecko) Chrome/133.0.0.0 Safari/537.36" 413 **0/413614**
43.163.22.237 - - [21/Feb/2026:23:33:34 -0700] "POST / HTTP/1.1" 204 - "https://ftscreations.com/cleopatra-symbol-mno%C5%BCnika-podczas-darmowych-spin%C3%B3w/" "Mozilla/5.0 (Windows NT 10.0; Win64; x64) AppleWebKit/537.36 (KHTML, like Gecko) Chrome/133.0.0.0 Safari/537.36" 176 **0/176051**
114.119.151.146 - - [21/Feb/2026:23:33:51 -0700] "GET /gunslinger-reloaded-stopa-wyp%C5%82aty HTTP/1.1" 301 - "https://ftscreations.com/gunslinger-reloaded-stopa-wyp%C5%82aty" "Mozilla/5.0 (Linux; Android 7.0;) AppleWebKit/537.36 (KHTML, like Gecko) Mobile Safari/537.36 (compatible; PetalBot;+https://webmaster.petalsearch.com/site/petalbot)" 182 **0/182311**
114.119.151.146 - - [21/Feb/2026:23:33:53 -0700] "GET /gunslinger-reloaded-stopa-wyp%C5%82aty/ HTTP/1.1" 200 9359 "https://ftscreations.com/gunslinger-reloaded-stopa-wyp%C5%82aty" "Mozilla/5.0 (Linux; Android 7.0;) AppleWebKit/537.36 (KHTML, like Gecko) Mobile Safari/537.36 (compatible; PetalBot;+https://webmaster.petalsearch.com/site/petalbot)" 1175 **1/1175647**
114.119.159.62 - - [21/Feb/2026:23:35:17 -0700] "GET /gry-podobne-do-chiquito-2/ HTTP/1.1" 200 9254 "https://ftscreations.com/gry-podobne-do-chiquito-2/" "Mozilla/5.0 (Linux; Android 7.0;) AppleWebKit/537.36 (KHTML, like Gecko) Mobile Safari/537.36 (compatible; PetalBot;+https://webmaster.petalsearch.com/site/petalbot)" 400 **0/400265**
114.119.146.15 - - [21/Feb/2026:23:36:36 -0700] "GET /grim-the-splitter-dream-drop-otw%C3%B3r HTTP/1.1" 301 - "https://ftscreations.com/grim-the-splitter-dream-drop-otw%C3%B3r" "Mozilla/5.0 (Linux; Android 7.0;) AppleWebKit/537.36 (KHTML, like Gecko) Mobile Safari/537.36 (compatible; PetalBot;+https://webmaster.petalsearch.com/site/petalbot)" 233 **0/233733**
114.119.146.15 - - [21/Feb/2026:23:36:38 -0700] "GET /grim-the-splitter-dream-drop-otw%C3%B3r/ HTTP/1.1" 200 9399 "https://ftscreations.com/grim-the-splitter-dream-drop-otw%C3%B3r" "Mozilla/5.0 (Linux; Android 7.0;) AppleWebKit/537.36 (KHTML, like Gecko) Mobile Safari/537.36 (compatible; PetalBot;+https://webmaster.petalsearch.com/site/petalbot)" 409 **0/409799**
114.119.151.146 - - [21/Feb/2026:23:38:03 -0700] "GET /grand-wheel-hazardowa-gra-hazardowa-w-stylu-fortuny HTTP/1.1" 301 - "-" "Mozilla/5.0 (Linux; Android 7.0;) AppleWebKit/537.36 (KHTML, like Gecko) Mobile Safari/537.36 (compatible; PetalBot;+https://webmaster.petalsearch.com/site/petalbot)" 163 **0/163514**
114.119.151.146 - - [21/Feb/2026:23:38:04 -0700] "GET /grand-wheel-hazardowa-gra-hazardowa-w-stylu-fortuny/ HTTP/1.1" 200 9068 "-" "Mozilla/5.0 (Linux; Android 7.0;) AppleWebKit/537.36 (KHTML, like Gecko) Mobile Safari/537.36 (compatible; PetalBot;+https://webmaster.petalsearch.com/site/petalbot)" 379 **0/379734**
114.119.141.35 - - [21/Feb/2026:23:39:29 -0700] "GET /graj-za-darmo-i-bez-konieczno%C5%9Bci-pobierania-slotu-age-of-the-gods-roulette-live/ HTTP/1.1" 200 9021 "https://ftscreations.com/graj-za-darmo-i-bez-konieczno%C5%9Bci-pobierania-slotu-age-of-the-gods-roulette-live" "Mozilla/5.0 (Linux; Android 7.0;) AppleWebKit/537.36 (KHTML, like Gecko) Mobile Safari/537.36 (compatible; PetalBot;+https://webmaster.petalsearch.com/site/petalbot)" 4777 **4/4777221**
114.119.129.175 - - [21/Feb/2026:23:40:47 -0700] "GET /graj-za-darmo-hellcatraz-2-dream-drop-bez-obstawiania-pieni%C4%99dzy HTTP/1.1" 301 - "https://ftscreations.com/graj-za-darmo-hellcatraz-2-dream-drop-bez-obstawiania-pieni%C4%99dzy" "Mozilla/5.0 (Linux; Android 7.0;) AppleWebKit/537.36 (KHTML, like Gecko) Mobile Safari/537.36 (compatible; PetalBot;+https://webmaster.petalsearch.com/site/petalbot)" 3079 **3/3079128**
114.119.129.175 - - [21/Feb/2026:23:40:51 -0700] "GET /graj-za-darmo-hellcatraz-2-dream-drop-bez-obstawiania-pieni%C4%99dzy/ HTTP/1.1" 200 9385 "https://ftscreations.com/graj-za-darmo-hellcatraz-2-dream-drop-bez-obstawiania-pieni%C4%99dzy" "Mozilla/5.0 (Linux; Android 7.0;) AppleWebKit/537.36 (KHTML, like Gecko) Mobile Safari/537.36 (compatible; PetalBot;+https://webmaster.petalsearch.com/site/petalbot)" 3796 **3/3796408**
114.119.149.66 - - [21/Feb/2026:23:42:13 -0700] "GET /graj-sword-of-ares-online/ HTTP/1.1" 200 9077 "https://ftscreations.com/graj-sword-of-ares-online" "Mozilla/5.0 (Linux; Android 7.0;) AppleWebKit/537.36 (KHTML, like Gecko) Mobile Safari/537.36 (compatible; PetalBot;+https://webmaster.petalsearch.com/site/petalbot)" 2821 **2/2821674**
114.119.141.35 - - [21/Feb/2026:23:43:39 -0700] "GET /graj-na-prawdziwe-pieni%C4%85dze-z-bonusem-w-power-of-love/ HTTP/1.1" 200 8955 "https://ftscreations.com/graj-na-prawdziwe-pieni%C4%85dze-z-bonusem-w-power-of-love" "Mozilla/5.0 (Linux; Android 7.0;) AppleWebKit/537.36 (KHTML, like Gecko) Mobile Safari/537.36 (compatible; PetalBot;+https://webmaster.petalsearch.com/site/petalbot)" 4295 **4/4295883**
114.119.142.93 - - [21/Feb/2026:23:45:02 -0700] "GET /graj-dragon-hot-hold-and-spin-za-darmo HTTP/1.1" 301 - "-" "Mozilla/5.0 (Linux; Android 7.0;) AppleWebKit/537.36 (KHTML, like Gecko) Mobile Safari/537.36 (compatible; PetalBot;+https://webmaster.petalsearch.com/site/petalbot)" 3754 **3/3754201**
114.119.142.93 - - [21/Feb/2026:23:45:07 -0700] "GET /graj-dragon-hot-hold-and-spin-za-darmo/ HTTP/1.1" 200 9377 "-" "Mozilla/5.0 (Linux; Android 7.0;) AppleWebKit/537.36 (KHTML, like Gecko) Mobile Safari/537.36 (compatible; PetalBot;+https://webmaster.petalsearch.com/site/petalbot)" 4236 **4/4236140**
114.119.141.35 - - [21/Feb/2026:23:46:31 -0700] "GET /grafika-i-d%C5%BAwi%C4%99ki-w-story-of-medusa-ii HTTP/1.1" 301 - "-" "Mozilla/5.0 (Linux; Android 7.0;) AppleWebKit/537.36 (KHTML, like Gecko) Mobile Safari/537.36 (compatible; PetalBot;+https://webmaster.petalsearch.com/site/petalbot)" 4010 **4/4010123**
114.119.141.35 - - [21/Feb/2026:23:46:37 -0700] "GET /grafika-i-d%C5%BAwi%C4%99ki-w-story-of-medusa-ii/ HTTP/1.1" 200 9274 "-" "Mozilla/5.0 (Linux; Android 7.0;) AppleWebKit/537.36 (KHTML, like Gecko) Mobile Safari/537.36 (compatible; PetalBot;+https://webmaster.petalsearch.com/site/petalbot)" 5435 **5/5435639**
114.119.159.62 - - [21/Feb/2026:23:47:50 -0700] "GET /gorilla-kingdom-kasyno-vip/ HTTP/1.1" 200 9006 "https://ftscreations.com/gorilla-kingdom-kasyno-vip/" "Mozilla/5.0 (Linux; Android 7.0;) AppleWebKit/537.36 (KHTML, like Gecko) Mobile Safari/537.36 (compatible; PetalBot;+https://webmaster.petalsearch.com/site/petalbot)" 6516 **6/6516318**
114.119.141.35 - - [21/Feb/2026:23:49:09 -0700] "GET /gorilla-kingdom-5-b%C4%99bn%C3%B3w-i-10-linii-wygrywaj%C4%85cych/ HTTP/1.1" 200 9195 "https://ftscreations.com/gorilla-kingdom-5-b%C4%99bn%C3%B3w-i-10-linii-wygrywaj%C4%85cych/" "Mozilla/5.0 (Linux; Android 7.0;) AppleWebKit/537.36 (KHTML, like Gecko) Mobile Safari/537.36 (compatible; PetalBot;+https://webmaster.petalsearch.com/site/petalbot)" 4534 **4/4534892**
114.119.142.93 - - [21/Feb/2026:23:50:37 -0700] "GET /golden-temple-mno%C5%BCniki-do-1000x/ HTTP/1.1" 200 9218 "https://ftscreations.com/golden-temple-mno%C5%BCniki-do-1000x" "Mozilla/5.0 (Linux; Android 7.0;) AppleWebKit/537.36 (KHTML, like Gecko) Mobile Safari/537.36 (compatible; PetalBot;+https://webmaster.petalsearch.com/site/petalbot)" 4458 **4/4458240**
114.119.141.35 - - [21/Feb/2026:23:51:56 -0700] "GET /god-of-storms-live-opcja-ante-bet-aby-zwi%C4%99kszy%C4%87-zak%C5%82ad HTTP/1.1" 301 - "-" "Mozilla/5.0 (Linux; Android 7.0;) AppleWebKit/537.36 (KHTML, like Gecko) Mobile Safari/537.36 (compatible; PetalBot;+https://webmaster.petalsearch.com/site/petalbot)" 1882 **1/1882615**
114.119.141.35 - - [21/Feb/2026:23:52:00 -0700] "GET /god-of-storms-live-opcja-ante-bet-aby-zwi%C4%99kszy%C4%87-zak%C5%82ad/ HTTP/1.1" 200 9435 "-" "Mozilla/5.0 (Linux; Android 7.0;) AppleWebKit/537.36 (KHTML, like Gecko) Mobile Safari/537.36 (compatible; PetalBot;+https://webmaster.petalsearch.com/site/petalbot)" 6558 **6/6558566**
114.119.146.15 - - [21/Feb/2026:23:53:24 -0700] "GET /funkcja-tumble-w-hot-hot-chilli-pot/ HTTP/1.1" 200 9127 "https://ftscreations.com/funkcja-tumble-w-hot-hot-chilli-pot/" "Mozilla/5.0 (Linux; Android 7.0;) AppleWebKit/537.36 (KHTML, like Gecko) Mobile Safari/537.36 (compatible; PetalBot;+https://webmaster.petalsearch.com/site/petalbot)" 5517 **5/5517784**
114.119.136.249 - - [21/Feb/2026:23:54:44 -0700] "GET /funkcja-przewracania-the-wild-job/ HTTP/1.1" 200 9277 "https://ftscreations.com/funkcja-przewracania-the-wild-job/" "Mozilla/5.0 (Linux; Android 7.0;) AppleWebKit/537.36 (KHTML, like Gecko) Mobile Safari/537.36 (compatible; PetalBot;+https://webmaster.petalsearch.com/site/petalbot)" 5131 **5/5131940**
114.119.159.62 - - [21/Feb/2026:23:56:05 -0700] "GET /funkcja-darmowych-spin%C3%B3w-treasures-of-asgard/ HTTP/1.1" 200 9136 "https://ftscreations.com/funkcja-darmowych-spin%C3%B3w-treasures-of-asgard" "Mozilla/5.0 (Linux; Android 7.0;) AppleWebKit/537.36 (KHTML, like Gecko) Mobile Safari/537.36 (compatible; PetalBot;+https://webmaster.petalsearch.com/site/petalbot)" 2323 **2/2323762**
114.119.151.146 - - [21/Feb/2026:23:57:29 -0700] "GET /fortune-of-olympus-das-gottliche-spielvergnugen-am/ HTTP/1.1" 200 10539 "https://ftscreations.com/fortune-of-olympus-das-himmlische-spielerlebnis-am/" "Mozilla/5.0 (Linux; Android 7.0;) AppleWebKit/537.36 (KHTML, like Gecko) Mobile Safari/537.36 (compatible; PetalBot;+https://webmaster.petalsearch.com/site/petalbot)" 3079 **3/3079258**
114.119.141.35 - - [21/Feb/2026:23:59:00 -0700] "GET /fishin-frenzy-megaways-20-sta%C5%82ych-linii-wygrywaj%C4%85cych-i-strategia-obstawiania/ HTTP/1.1" 200 9210 "https://ftscreations.com/fishin-frenzy-megaways-20-sta%C5%82ych-linii-wygrywaj%C4%85cych-i-strategia-obstawiania/" "Mozilla/5.0 (Linux; Android 7.0;) AppleWebKit/537.36 (KHTML, like Gecko) Mobile Safari/537.36 (compatible; PetalBot;+https://webmaster.petalsearch.com/site/petalbot)" 5718 **5/5718421**
114.119.142.93 - - [22/Feb/2026:00:00:35 -0700] "GET /wild-wild-riches-wysokie-szanse-na-wygran%C4%85-i-jackpoty HTTP/1.1" 301 - "-" "Mozilla/5.0 (Linux; Android 7.0;) AppleWebKit/537.36 (KHTML, like Gecko) Mobile Safari/537.36 (compatible; PetalBot;+https://webmaster.petalsearch.com/site/petalbot)" 217 **0/217673**
114.119.142.93 - - [22/Feb/2026:00:00:37 -0700] "GET /wild-wild-riches-wysokie-szanse-na-wygran%C4%85-i-jackpoty/ HTTP/1.1" 200 8928 "-" "Mozilla/5.0 (Linux; Android 7.0;) AppleWebKit/537.36 (KHTML, like Gecko) Mobile Safari/537.36 (compatible; PetalBot;+https://webmaster.petalsearch.com/site/petalbot)" 424 **0/424216**
114.119.159.62 - - [22/Feb/2026:00:01:41 -0700] "GET /strategia-zarz%C4%85dzania-kapita%C5%82em-w-grach-amazons-battle HTTP/1.1" 301 - "https://ftscreations.com/strategia-zarz%C4%85dzania-kapita%C5%82em-w-grach-amazons-battle" "Mozilla/5.0 (Linux; Android 7.0;) AppleWebKit/537.36 (KHTML, like Gecko) Mobile Safari/537.36 (compatible; PetalBot;+https://webmaster.petalsearch.com/site/petalbot)" 232 **0/232170**
114.119.159.62 - - [22/Feb/2026:00:01:42 -0700] "GET /strategia-zarz%C4%85dzania-kapita%C5%82em-w-grach-amazons-battle/ HTTP/1.1" 200 9224 "https://ftscreations.com/strategia-zarz%C4%85dzania-kapita%C5%82em-w-grach-amazons-battle" "Mozilla/5.0 (Linux; Android 7.0;) AppleWebKit/537.36 (KHTML, like Gecko) Mobile Safari/537.36 (compatible; PetalBot;+https://webmaster.petalsearch.com/site/petalbot)" 337 **0/337840**
114.119.146.15 - - [22/Feb/2026:00:03:06 -0700] "GET /spin-a-win-live-historia-pochodzenia-online HTTP/1.1" 301 - "https://ftscreations.com/spin-a-win-live-historia-pochodzenia-online" "Mozilla/5.0 (Linux; Android 7.0;) AppleWebKit/537.36 (KHTML, like Gecko) Mobile Safari/537.36 (compatible; PetalBot;+https://webmaster.petalsearch.com/site/petalbot)" 186 **0/186077**
114.119.146.15 - - [22/Feb/2026:00:03:07 -0700] "GET /spin-a-win-live-historia-pochodzenia-online/ HTTP/1.1" 200 9461 "https://ftscreations.com/spin-a-win-live-historia-pochodzenia-online" "Mozilla/5.0 (Linux; Android 7.0;) AppleWebKit/537.36 (KHTML, like Gecko) Mobile Safari/537.36 (compatible; PetalBot;+https://webmaster.petalsearch.com/site/petalbot)" 365 **0/365047**
114.119.151.146 - - [22/Feb/2026:00:04:31 -0700] "GET /rodeo-slots-the-place-where-frontier-adventure/ HTTP/1.1" 200 11321 "https://ftscreations.com/blog/page/6/" "Mozilla/5.0 (Linux; Android 7.0;) AppleWebKit/537.36 (KHTML, like Gecko) Mobile Safari/537.36 (compatible; PetalBot;+https://webmaster.petalsearch.com/site/petalbot)" 294 **0/294146**
40.77.167.54 - - [22/Feb/2026:00:05:23 -0700] "GET /book-of-aphrodite-the-love-spell-graj-za-darmo/ HTTP/2.0" 200 8586 "-" "Mozilla/5.0 AppleWebKit/537.36 (KHTML, like Gecko; compatible; bingbot/2.0; +http://www.bing.com/bingbot.htm) Chrome/116.0.1938.76 Safari/537.36" 449 **0/449927**
114.119.136.249 - - [22/Feb/2026:00:05:58 -0700] "GET /mobilna-wersja-marios-cup/ HTTP/1.1" 200 8862 "https://ftscreations.com/mobilna-wersja-marios-cup" "Mozilla/5.0 (Linux; Android 7.0;) AppleWebKit/537.36 (KHTML, like Gecko) Mobile Safari/537.36 (compatible; PetalBot;+https://webmaster.petalsearch.com/site/petalbot)" 414 **0/414387**
114.119.129.175 - - [22/Feb/2026:00:07:18 -0700] "GET /kup-bonusy-w-book-of-shadows/ HTTP/1.1" 200 8987 "https://ftscreations.com/kup-bonusy-w-book-of-shadows" "Mozilla/5.0 (Linux; Android 7.0;) AppleWebKit/537.36 (KHTML, like Gecko) Mobile Safari/537.36 (compatible; PetalBot;+https://webmaster.petalsearch.com/site/petalbot)" 377 **0/377514**
114.119.142.93 - - [22/Feb/2026:00:08:37 -0700] "GET /kompatybilne-urz%C4%85dzenia-attila/ HTTP/1.1" 200 9352 "https://ftscreations.com/kompatybilne-urz%C4%85dzenia-attila" "Mozilla/5.0 (Linux; Android 7.0;) AppleWebKit/537.36 (KHTML, like Gecko) Mobile Safari/537.36 (compatible; PetalBot;+https://webmaster.petalsearch.com/site/petalbot)" 4424 **4/4424267**
114.119.136.249 - - [22/Feb/2026:00:10:00 -0700] "GET /kasyno-online-z-winstar/ HTTP/1.1" 200 9313 "https://ftscreations.com/kasyno-online-z-winstar/" "Mozilla/5.0 (Linux; Android 7.0;) AppleWebKit/537.36 (KHTML, like Gecko) Mobile Safari/537.36 (compatible; PetalBot;+https://webmaster.petalsearch.com/site/petalbot)" 4162 **4/4162534**
114.119.146.15 - - [22/Feb/2026:00:11:24 -0700] "GET /jaka-jest-struktura-wynagrodze%C5%84-w-great-rhino HTTP/1.1" 301 - "-" "Mozilla/5.0 (Linux; Android 7.0;) AppleWebKit/537.36 (KHTML, like Gecko) Mobile Safari/537.36 (compatible; PetalBot;+https://webmaster.petalsearch.com/site/petalbot)" 2795 **2/2795204**
114.119.146.15 - - [22/Feb/2026:00:11:28 -0700] "GET /jaka-jest-struktura-wynagrodze%C5%84-w-great-rhino/ HTTP/1.1" 200 9368 "-" "Mozilla/5.0 (Linux; Android 7.0;) AppleWebKit/537.36 (KHTML, like Gecko) Mobile Safari/537.36 (compatible; PetalBot;+https://webmaster.petalsearch.com/site/petalbot)" 5120 **5/5120776**
43.173.179.91 - - [22/Feb/2026:00:12:04 -0700] "GET /?p=7430 HTTP/1.1" 301 - "http://ftscreations.com/?p=7430" "Mozilla/5.0 (Windows NT 10.0; Win64; x64) AppleWebKit/537.36 (KHTML, like Gecko) Chrome/117.0.0.0 Safari/537.36" 3611 **3/3611435**
43.173.182.105 - - [22/Feb/2026:00:12:05 -0700] "GET /bonusy-w-fruit-awards/ HTTP/1.1" 200 8670 "-" "Mozilla/5.0 (Windows NT 10.0; Win64; x64) AppleWebKit/537.36 (KHTML, like Gecko) Chrome/117.0.0.0 Safari/537.36" 4104 **4/4104394**
43.173.179.91 - - [22/Feb/2026:00:12:08 -0700] "GET /butterfly-staxx-2-graj-bez-rejestracji-i-depozytu/ HTTP/1.1" 200 9287 "https://ftscreations.com/?p=7430" "Mozilla/5.0 (Windows NT 10.0; Win64; x64) AppleWebKit/537.36 (KHTML, like Gecko) Chrome/117.0.0.0 Safari/537.36" 4611 **4/4611614**
43.173.172.169 - - [22/Feb/2026:00:12:14 -0700] "POST / HTTP/1.1" 204 - "https://ftscreations.com/bonusy-w-fruit-awards/" "Mozilla/5.0 (Windows NT 10.0; Win64; x64) AppleWebKit/537.36 (KHTML, like Gecko) Chrome/117.0.0.0 Safari/537.36" 3142 **3/3142259**
114.119.141.35 - - [22/Feb/2026:00:12:47 -0700] "GET /gry-kasynowe-online-w-deadwood HTTP/1.1" 301 - "https://ftscreations.com/gry-kasynowe-online-w-deadwood" "Mozilla/5.0 (Linux; Android 7.0;) AppleWebKit/537.36 (KHTML, like Gecko) Mobile Safari/537.36 (compatible; PetalBot;+https://webmaster.petalsearch.com/site/petalbot)" 2776 **2/2776617**
114.119.141.35 - - [22/Feb/2026:00:12:51 -0700] "GET /gry-kasynowe-online-w-deadwood/ HTTP/1.1" 200 8950 "https://ftscreations.com/gry-kasynowe-online-w-deadwood" "Mozilla/5.0 (Linux; Android 7.0;) AppleWebKit/537.36 (KHTML, like Gecko) Mobile Safari/537.36 (compatible; PetalBot;+https://webmaster.petalsearch.com/site/petalbot)" 3518 **3/3518129**
43.173.180.104 - - [22/Feb/2026:00:13:06 -0700] "GET /butterfly-staxx-2-graj-bez-rejestracji-i-depozytu/ HTTP/1.1" 200 9287 "-" "Mozilla/5.0 (Windows NT 10.0; Win64; x64) AppleWebKit/537.36 (KHTML, like Gecko) Chrome/111.0.0.0 Safari/537.36" 6180 **6/6180710**
43.163.22.75 - - [22/Feb/2026:00:13:19 -0700] "POST / HTTP/1.1" 204 - "https://ftscreations.com/butterfly-staxx-2-graj-bez-rejestracji-i-depozytu/" "Mozilla/5.0 (Windows NT 10.0; Win64; x64) AppleWebKit/537.36 (KHTML, like Gecko) Chrome/111.0.0.0 Safari/537.36" 2452 **2/2452016**
43.173.177.148 - - [22/Feb/2026:00:14:08 -0700] "GET /?p=3502 HTTP/1.1" 301 - "-" "Mozilla/5.0 (Windows NT 10.0; Win64; x64) AppleWebKit/537.36 (KHTML, like Gecko) Chrome/106.0.5249.119 Safari/537.36" 2773 **2/2773697**
114.119.151.146 - - [22/Feb/2026:00:14:11 -0700] "GET /graj-madame-voodoo-za-darmo/ HTTP/1.1" 200 9295 "https://ftscreations.com/graj-madame-voodoo-za-darmo/" "Mozilla/5.0 (Linux; Android 7.0;) AppleWebKit/537.36 (KHTML, like Gecko) Mobile Safari/537.36 (compatible; PetalBot;+https://webmaster.petalsearch.com/site/petalbot)" 5222 **5/5222627**
43.173.177.148 - - [22/Feb/2026:00:14:11 -0700] "GET /motyw-i-grafika-automatu-basket-shots/ HTTP/1.1" 200 8893 "https://ftscreations.com/?p=3502" "Mozilla/5.0 (Windows NT 10.0; Win64; x64) AppleWebKit/537.36 (KHTML, like Gecko) Chrome/106.0.5249.119 Safari/537.36" 4924 **4/4924508**
43.173.182.192 - - [22/Feb/2026:00:14:19 -0700] "POST / HTTP/1.1" 204 - "https://ftscreations.com/?p=3502" "Mozilla/5.0 (Windows NT 10.0; Win64; x64) AppleWebKit/537.36 (KHTML, like Gecko) Chrome/106.0.5249.119 Safari/537.36" 2942 **2/2942437**
114.119.149.66 - - [22/Feb/2026:00:15:35 -0700] "GET /funkcja-darmowych-spin%C3%B3w-na-wild-west-gold-automatach HTTP/1.1" 301 - "https://ftscreations.com/funkcja-darmowych-spin%C3%B3w-na-wild-west-gold-automatach" "Mozilla/5.0 (Linux; Android 7.0;) AppleWebKit/537.36 (KHTML, like Gecko) Mobile Safari/537.36 (compatible; PetalBot;+https://webmaster.petalsearch.com/site/petalbot)" 2247 **2/2247912**
114.119.149.66 - - [22/Feb/2026:00:15:38 -0700] "GET /funkcja-darmowych-spin%C3%B3w-na-wild-west-gold-automatach/ HTTP/1.1" 200 9502 "https://ftscreations.com/funkcja-darmowych-spin%C3%B3w-na-wild-west-gold-automatach" "Mozilla/5.0 (Linux; Android 7.0;) AppleWebKit/537.36 (KHTML, like Gecko) Mobile Safari/537.36 (compatible; PetalBot;+https://webmaster.petalsearch.com/site/petalbot)" 5129 **5/5129497**
114.119.142.93 - - [22/Feb/2026:00:16:59 -0700] "GET /fishin-frenzy-jackpot-king-recenzji-kasyn/ HTTP/1.1" 200 8933 "https://ftscreations.com/blog/page/40/" "Mozilla/5.0 (Linux; Android 7.0;) AppleWebKit/537.36 (KHTML, like Gecko) Mobile Safari/537.36 (compatible; PetalBot;+https://webmaster.petalsearch.com/site/petalbot)" 2989 **2/2989920**
205.210.31.59 - - [22/Feb/2026:00:18:09 -0700] "GET / HTTP/1.1" 301 - "-" "Hello from Palo Alto Networks, find out more about our scans in https://docs-cortex.paloaltonetworks.com/r/1/Cortex-Xpanse/Scanning-activity" 2874 **2/2874025**
205.210.31.59 - - [22/Feb/2026:00:18:13 -0700] "GET / HTTP/1.1" 200 18161 "-" "Hello from Palo Alto Networks, find out more about our scans in https://docs-cortex.paloaltonetworks.com/r/1/Cortex-Xpanse/Scanning-activity" 3694 **3/3694746**
114.119.129.175 - - [22/Feb/2026:00:18:21 -0700] "GET /fire-in-the-hole-darmowe-spiny-z-dodatkowymi-mno%C5%BCnikami/ HTTP/1.1" 200 9331 "https://ftscreations.com/fire-in-the-hole-darmowe-spiny-z-dodatkowymi-mno%C5%BCnikami/" "Mozilla/5.0 (Linux; Android 7.0;) AppleWebKit/537.36 (KHTML, like Gecko) Mobile Safari/537.36 (compatible; PetalBot;+https://webmaster.petalsearch.com/site/petalbot)" 2927 **2/2927746**
114.119.141.35 - - [22/Feb/2026:00:19:46 -0700] "GET /fire-blaze-green-wizard-funkcja-pays-anywhere/ HTTP/1.1" 200 9229 "https://ftscreations.com/fire-blaze-green-wizard-funkcja-pays-anywhere/" "Mozilla/5.0 (Linux; Android 7.0;) AppleWebKit/537.36 (KHTML, like Gecko) Mobile Safari/537.36 (compatible; PetalBot;+https://webmaster.petalsearch.com/site/petalbot)" 4923 **4/4923466**
114.119.159.62 - - [22/Feb/2026:00:21:22 -0700] "GET /eye-of-horus-megaways-gra-dost%C4%99pna-w-trybie-demonstracyjnym HTTP/1.1" 301 - "-" "Mozilla/5.0 (Linux; Android 7.0;) AppleWebKit/537.36 (KHTML, like Gecko) Mobile Safari/537.36 (compatible; PetalBot;+https://webmaster.petalsearch.com/site/petalbot)" 2590 **2/2590964**
114.119.159.62 - - [22/Feb/2026:00:21:25 -0700] "GET /eye-of-horus-megaways-gra-dost%C4%99pna-w-trybie-demonstracyjnym/ HTTP/1.1" 200 9426 "-" "Mozilla/5.0 (Linux; Android 7.0;) AppleWebKit/537.36 (KHTML, like Gecko) Mobile Safari/537.36 (compatible; PetalBot;+https://webmaster.petalsearch.com/site/petalbot)" 4655 **4/4655109**
114.119.159.62 - - [22/Feb/2026:00:22:32 -0700] "GET /zwyci%C4%99skie-automaty-mad-mad-monkey HTTP/1.1" 301 - "-" "Mozilla/5.0 (Linux; Android 7.0;) AppleWebKit/537.36 (KHTML, like Gecko) Mobile Safari/537.36 (compatible; PetalBot;+https://webmaster.petalsearch.com/site/petalbot)" 2421 **2/2421669**
114.119.159.62 - - [22/Feb/2026:00:22:35 -0700] "GET /zwyci%C4%99skie-automaty-mad-mad-monkey/ HTTP/1.1" 200 9373 "-" "Mozilla/5.0 (Linux; Android 7.0;) AppleWebKit/537.36 (KHTML, like Gecko) Mobile Safari/537.36 (compatible; PetalBot;+https://webmaster.petalsearch.com/site/petalbot)" 2023 **2/2023180**
114.119.142.93 - - [22/Feb/2026:00:23:56 -0700] "GET /zasady-gry-w-kasynie-treasure-box-2 HTTP/1.1" 301 - "https://ftscreations.com/zasady-gry-w-kasynie-treasure-box-2" "Mozilla/5.0 (Linux; Android 7.0;) AppleWebKit/537.36 (KHTML, like Gecko) Mobile Safari/537.36 (compatible; PetalBot;+https://webmaster.petalsearch.com/site/petalbot)" 3311 **3/3311192**
114.119.142.93 - - [22/Feb/2026:00:24:00 -0700] "GET /zasady-gry-w-kasynie-treasure-box-2/ HTTP/1.1" 200 8845 "https://ftscreations.com/zasady-gry-w-kasynie-treasure-box-2" "Mozilla/5.0 (Linux; Android 7.0;) AppleWebKit/537.36 (KHTML, like Gecko) Mobile Safari/537.36 (compatible; PetalBot;+https://webmaster.petalsearch.com/site/petalbot)" 4153 **4/4153433**
114.119.159.62 - - [22/Feb/2026:00:25:19 -0700] "GET /zarabiaj-prawdziwe-pieni%C4%85dze-w-the-wisecracker-lightning HTTP/1.1" 301 - "https://ftscreations.com/zarabiaj-prawdziwe-pieni%C4%85dze-w-the-wisecracker-lightning" "Mozilla/5.0 (Linux; Android 7.0;) AppleWebKit/537.36 (KHTML, like Gecko) Mobile Safari/537.36 (compatible; PetalBot;+https://webmaster.petalsearch.com/site/petalbot)" 2294 **2/2294880**
114.119.159.62 - - [22/Feb/2026:00:25:22 -0700] "GET /zarabiaj-prawdziwe-pieni%C4%85dze-w-the-wisecracker-lightning/ HTTP/1.1" 200 9008 "https://ftscreations.com/zarabiaj-prawdziwe-pieni%C4%85dze-w-the-wisecracker-lightning" "Mozilla/5.0 (Linux; Android 7.0;) AppleWebKit/537.36 (KHTML, like Gecko) Mobile Safari/537.36 (compatible; PetalBot;+https://webmaster.petalsearch.com/site/petalbot)" 4201 **4/4201672**
114.119.141.35 - - [22/Feb/2026:00:26:42 -0700] "GET /zakup-bonusowy-ras-legend/ HTTP/1.1" 200 9039 "https://ftscreations.com/zakup-bonusowy-ras-legend" "Mozilla/5.0 (Linux; Android 7.0;) AppleWebKit/537.36 (KHTML, like Gecko) Mobile Safari/537.36 (compatible; PetalBot;+https://webmaster.petalsearch.com/site/petalbot)" 3627 **3/3627978**
146.174.182.94 - - [22/Feb/2026:00:27:24 -0700] "GET /lucky-splash-ihr-anlaufpunkt-fur-erstklassige-casino-unterhaltung/ HTTP/1.1" 200 10484 "-" "Mozilla/5.0 (Macintosh; U; PPC Mac OS X; fr-fr) AppleWebKit/312.1 (KHTML, like Gecko) Safari/125" 3891 **3/3891486**
114.119.141.35 - - [22/Feb/2026:00:28:07 -0700] "GET /zak%C5%82ad-ante-w-age-of-the-gods-norse-norse-legends HTTP/1.1" 301 - "https://ftscreations.com/zak%C5%82ad-ante-w-age-of-the-gods-norse-norse-legends" "Mozilla/5.0 (Linux; Android 7.0;) AppleWebKit/537.36 (KHTML, like Gecko) Mobile Safari/537.36 (compatible; PetalBot;+https://webmaster.petalsearch.com/site/petalbot)" 4551 **4/4551683**
72.167.58.252 - - [22/Feb/2026:00:28:10 -0700] "POST /wp-cron.php?doing_wp_cron=1771745289.9192800521850585937500 HTTP/1.1" 200 - "https://ftscreations.com/wp-cron.php?doing_wp_cron=1771745289.9192800521850585937500" "WordPress/5.4.18; https://ftscreations.com" 2101 **2/2101844**
114.119.141.35 - - [22/Feb/2026:00:28:12 -0700] "GET /zak%C5%82ad-ante-w-age-of-the-gods-norse-norse-legends/ HTTP/1.1" 200 9044 "https://ftscreations.com/zak%C5%82ad-ante-w-age-of-the-gods-norse-norse-legends" "Mozilla/5.0 (Linux; Android 7.0;) AppleWebKit/537.36 (KHTML, like Gecko) Mobile Safari/537.36 (compatible; PetalBot;+https://webmaster.petalsearch.com/site/petalbot)" 4112 **4/4112249**
114.119.142.93 - - [22/Feb/2026:00:29:31 -0700] "GET /zagraj-w-soul-of-nature-kryptowalutami/ HTTP/1.1" 200 9373 "https://ftscreations.com/zagraj-w-soul-of-nature-kryptowalutami/" "Mozilla/5.0 (Linux; Android 7.0;) AppleWebKit/537.36 (KHTML, like Gecko) Mobile Safari/537.36 (compatible; PetalBot;+https://webmaster.petalsearch.com/site/petalbot)" 2543 **2/2543878**
114.119.136.249 - - [22/Feb/2026:00:30:54 -0700] "GET /zagraj-w-savannah-king-w-kasynie-i-otrzymaj-kod-bonusowy/ HTTP/1.1" 200 9235 "https://ftscreations.com/zagraj-w-savannah-king-w-kasynie-i-otrzymaj-kod-bonusowy/" "Mozilla/5.0 (Linux; Android 7.0;) AppleWebKit/537.36 (KHTML, like Gecko) Mobile Safari/537.36 (compatible; PetalBot;+https://webmaster.petalsearch.com/site/petalbot)" 4690 **4/4690544**
114.119.159.62 - - [22/Feb/2026:00:32:18 -0700] "GET /zagraj-w-kasynie-4-spin/ HTTP/1.1" 200 9055 "https://ftscreations.com/zagraj-w-kasynie-4-spin" "Mozilla/5.0 (Linux; Android 7.0;) AppleWebKit/537.36 (KHTML, like Gecko) Mobile Safari/537.36 (compatible; PetalBot;+https://webmaster.petalsearch.com/site/petalbot)" 4180 **4/4180027**
40.77.167.235 - - [22/Feb/2026:00:32:36 -0700] "GET /big-wild-buffalo-graj-z-bonusem/ HTTP/2.0" 200 8767 "-" "Mozilla/5.0 AppleWebKit/537.36 (KHTML, like Gecko; compatible; bingbot/2.0; +http://www.bing.com/bingbot.htm) Chrome/116.0.1938.76 Safari/537.36" 4695 **4/4695535**
114.119.151.146 - - [22/Feb/2026:00:33:48 -0700] "GET /zagraj-w-fire-archer-z-bitcoinem/ HTTP/1.1" 200 9255 "https://ftscreations.com/zagraj-w-fire-archer-z-bitcoinem" "Mozilla/5.0 (Linux; Android 7.0;) AppleWebKit/537.36 (KHTML, like Gecko) Mobile Safari/537.36 (compatible; PetalBot;+https://webmaster.petalsearch.com/site/petalbot)" 2685 **2/2685122**
47.128.59.170 - - [22/Feb/2026:00:34:43 -0700] "GET /robots.txt HTTP/1.1" 403 10344 "-" "Mozilla/5.0 (Linux; Android 5.0) AppleWebKit/537.36 (KHTML, like Gecko) Mobile Safari/537.36 (compatible; Bytespider; spider-feedback@bytedance.com)" 9 **0/9336**
114.119.129.175 - - [22/Feb/2026:00:35:18 -0700] "GET /zagraj-w-automat-fire-blaze-golden-tundra-wolf/ HTTP/1.1" 200 9355 "https://ftscreations.com/zagraj-w-automat-fire-blaze-golden-tundra-wolf/" "Mozilla/5.0 (Linux; Android 7.0;) AppleWebKit/537.36 (KHTML, like Gecko) Mobile Safari/537.36 (compatible; PetalBot;+https://webmaster.petalsearch.com/site/petalbot)" 4576 **4/4576053**
114.119.129.175 - - [22/Feb/2026:00:36:35 -0700] "GET /wysokie-wygrane-przy-niskich-stawkach-w-automacie-wild-vegas/ HTTP/1.1" 200 9449 "https://ftscreations.com/wysokie-wygrane-przy-niskich-stawkach-w-automacie-wild-vegas" "Mozilla/5.0 (Linux; Android 7.0;) AppleWebKit/537.36 (KHTML, like Gecko) Mobile Safari/537.36 (compatible; PetalBot;+https://webmaster.petalsearch.com/site/petalbot)" 3472 **3/3472176**
114.119.129.175 - - [22/Feb/2026:00:38:01 -0700] "GET /wygraj-pod-ka%C5%BCdym-wzgl%C4%99dem-w-book-of-power/ HTTP/1.1" 200 9232 "http://ftscreations.com/?p=8483" "Mozilla/5.0 (Linux; Android 7.0;) AppleWebKit/537.36 (KHTML, like Gecko) Mobile Safari/537.36 (compatible; PetalBot;+https://webmaster.petalsearch.com/site/petalbot)" 4224 **4/4224684**
114.119.129.175 - - [22/Feb/2026:00:39:22 -0700] "GET /wskaz%C3%B3wki-jak-wygra%C4%87-du%C5%BCe-wygrane-w-black-wolf-automatach-online/ HTTP/1.1" 200 9463 "https://ftscreations.com/wskaz%C3%B3wki-jak-wygra%C4%87-du%C5%BCe-wygrane-w-black-wolf-automatach-online/" "Mozilla/5.0 (Linux; Android 7.0;) AppleWebKit/537.36 (KHTML, like Gecko) Mobile Safari/537.36 (compatible; PetalBot;+https://webmaster.petalsearch.com/site/petalbot)" 4610 **4/4610768**
114.119.129.175 - - [22/Feb/2026:00:40:44 -0700] "GET /wskaz%C3%B3wki-dotycz%C4%85ce-gry-dragons-luck/ HTTP/1.1" 200 9087 "https://ftscreations.com/wskaz%C3%B3wki-dotycz%C4%85ce-gry-dragons-luck" "Mozilla/5.0 (Linux; Android 7.0;) AppleWebKit/537.36 (KHTML, like Gecko) Mobile Safari/537.36 (compatible; PetalBot;+https://webmaster.petalsearch.com/site/petalbot)" 266 **0/266641**
114.119.149.66 - - [22/Feb/2026:00:42:06 -0700] "GET /wska%C5%BAnik-wyp%C5%82at-i-zmienno%C5%9B%C4%87-cash-connection-golden-book-of-ra/ HTTP/1.1" 200 9255 "https://ftscreations.com/wska%C5%BAnik-wyp%C5%82at-i-zmienno%C5%9B%C4%87-cash-connection-golden-book-of-ra/" "Mozilla/5.0 (Linux; Android 7.0;) AppleWebKit/537.36 (KHTML, like Gecko) Mobile Safari/537.36 (compatible; PetalBot;+https://webmaster.petalsearch.com/site/petalbot)" 4101 **4/4101308**
114.119.151.146 - - [22/Feb/2026:00:43:26 -0700] "GET /wp%C5%82aty-i-wyp%C5%82aty-dla-age-of-the-gods-wheels-of-olympus/ HTTP/1.1" 200 9191 "https://ftscreations.com/wp%C5%82aty-i-wyp%C5%82aty-dla-age-of-the-gods-wheels-of-olympus" "Mozilla/5.0 (Linux; Android 7.0;) AppleWebKit/537.36 (KHTML, like Gecko) Mobile Safari/537.36 (compatible; PetalBot;+https://webmaster.petalsearch.com/site/petalbot)" 4967 **4/4967175**
114.119.129.175 - - [22/Feb/2026:00:44:55 -0700] "GET /wolf-run-darmowe-spiny-z-rosn%C4%85cymi-mno%C5%BCnikami/ HTTP/1.1" 200 9060 "https://ftscreations.com/wolf-run-darmowe-spiny-z-rosn%C4%85cymi-mno%C5%BCnikami" "Mozilla/5.0 (Linux; Android 7.0;) AppleWebKit/537.36 (KHTML, like Gecko) Mobile Safari/537.36 (compatible; PetalBot;+https://webmaster.petalsearch.com/site/petalbot)" 4387 **4/4387153**
114.119.146.15 - - [22/Feb/2026:00:46:17 -0700] "GET /wolf-gold-automatyczne-odtwarzanie HTTP/1.1" 301 - "-" "Mozilla/5.0 (Linux; Android 7.0;) AppleWebKit/537.36 (KHTML, like Gecko) Mobile Safari/537.36 (compatible; PetalBot;+https://webmaster.petalsearch.com/site/petalbot)" 270 **0/270781**
114.119.146.15 - - [22/Feb/2026:00:46:18 -0700] "GET /wolf-gold-automatyczne-odtwarzanie/ HTTP/1.1" 200 9212 "-" "Mozilla/5.0 (Linux; Android 7.0;) AppleWebKit/537.36 (KHTML, like Gecko) Mobile Safari/537.36 (compatible; PetalBot;+https://webmaster.petalsearch.com/site/petalbot)" 399 **0/399353**
114.119.159.62 - - [22/Feb/2026:00:47:39 -0700] "GET /wild-symbol-w-tippy-tavern/ HTTP/1.1" 200 8979 "http://ftscreations.com/?p=8591" "Mozilla/5.0 (Linux; Android 7.0;) AppleWebKit/537.36 (KHTML, like Gecko) Mobile Safari/537.36 (compatible; PetalBot;+https://webmaster.petalsearch.com/site/petalbot)" 5783 **5/5783626**
114.119.146.15 - - [22/Feb/2026:00:49:01 -0700] "GET /wild-north-gier-na-prawdziwe-pieni%C4%85dze HTTP/1.1" 301 - "-" "Mozilla/5.0 (Linux; Android 7.0;) AppleWebKit/537.36 (KHTML, like Gecko) Mobile Safari/537.36 (compatible; PetalBot;+https://webmaster.petalsearch.com/site/petalbot)" 3223 **3/3223230**
114.119.146.15 - - [22/Feb/2026:00:49:06 -0700] "GET /wild-north-gier-na-prawdziwe-pieni%C4%85dze/ HTTP/1.1" 200 8930 "-" "Mozilla/5.0 (Linux; Android 7.0;) AppleWebKit/537.36 (KHTML, like Gecko) Mobile Safari/537.36 (compatible; PetalBot;+https://webmaster.petalsearch.com/site/petalbot)" 6321 **6/6321837**
114.119.129.175 - - [22/Feb/2026:00:50:26 -0700] "GET /wild-link-frenzy-maksymalna-wygrana-5000x-depozytu/ HTTP/1.1" 200 8974 "https://ftscreations.com/wild-link-frenzy-maksymalna-wygrana-5000x-depozytu/" "Mozilla/5.0 (Linux; Android 7.0;) AppleWebKit/537.36 (KHTML, like Gecko) Mobile Safari/537.36 (compatible; PetalBot;+https://webmaster.petalsearch.com/site/petalbot)" 6871 **6/6871494**
114.119.136.249 - - [22/Feb/2026:00:51:48 -0700] "GET /wild-joker-hot-bonus/ HTTP/1.1" 200 9034 "https://ftscreations.com/wild-joker-hot-bonus/" "Mozilla/5.0 (Linux; Android 7.0;) AppleWebKit/537.36 (KHTML, like Gecko) Mobile Safari/537.36 (compatible; PetalBot;+https://webmaster.petalsearch.com/site/petalbot)" 417 **0/417490**
114.119.141.35 - - [22/Feb/2026:00:53:14 -0700] "GET /wild-celebrity-bus-megaways-%C5%9Arednia-zmienno%C5%9B%C4%87-i-wysoka-wyp%C5%82ata/ HTTP/1.1" 200 9329 "https://ftscreations.com/wild-celebrity-bus-megaways-%C5%9Arednia-zmienno%C5%9B%C4%87-i-wysoka-wyp%C5%82ata" "Mozilla/5.0 (Linux; Android 7.0;) AppleWebKit/537.36 (KHTML, like Gecko) Mobile Safari/537.36 (compatible; PetalBot;+https://webmaster.petalsearch.com/site/petalbot)" 314 **0/314708**
114.119.142.93 - - [22/Feb/2026:00:54:35 -0700] "GET /wild-cash-x9990-slot/ HTTP/1.1" 200 9139 "https://ftscreations.com/wild-cash-x9990-slot" "Mozilla/5.0 (Linux; Android 7.0;) AppleWebKit/537.36 (KHTML, like Gecko) Mobile Safari/537.36 (compatible; PetalBot;+https://webmaster.petalsearch.com/site/petalbot)" 478 **0/478674**
47.128.127.70 - - [22/Feb/2026:00:54:38 -0700] "GET /robots.txt HTTP/1.1" 403 10344 "-" "Mozilla/5.0 (Linux; Android 5.0) AppleWebKit/537.36 (KHTML, like Gecko) Mobile Safari/537.36 (compatible; Bytespider; spider-feedback@bytedance.com)" 4 **0/4475**
114.119.149.66 - - [22/Feb/2026:00:55:58 -0700] "GET /wanted-dead-or-a-wild-strategia-i-zasady-gry/ HTTP/1.1" 200 9171 "http://ftscreations.com/?p=9306" "Mozilla/5.0 (Linux; Android 7.0;) AppleWebKit/537.36 (KHTML, like Gecko) Mobile Safari/537.36 (compatible; PetalBot;+https://webmaster.petalsearch.com/site/petalbot)" 358 **0/358557**
114.119.149.66 - - [22/Feb/2026:00:57:21 -0700] "GET /w-kt%C3%B3rym-kasynie-najlepiej-zagra%C4%87-na-slocie-reel-sheriff/ HTTP/1.1" 200 9136 "http://ftscreations.com/?p=8714" "Mozilla/5.0 (Linux; Android 7.0;) AppleWebKit/537.36 (KHTML, like Gecko) Mobile Safari/537.36 (compatible; PetalBot;+https://webmaster.petalsearch.com/site/petalbot)" 401 **0/401723**
103.170.231.144 - - [22/Feb/2026:00:57:26 -0700] "GET /our-team/ HTTP/1.1" 404 16023 "-" "Mozilla/5.0 (Windows NT 6.1; WOW64) AppleWebKit/535.1 (KHTML, like Gecko) Chrome/14.0.811.0 Safari/535.1" 280 **0/280477**
114.119.129.175 - - [22/Feb/2026:00:58:46 -0700] "GET /vault-of-anubis-slot-przystosowany-do-urz%C4%85dze%C5%84-mobilnych/ HTTP/1.1" 200 9327 "https://ftscreations.com/vault-of-anubis-slot-przystosowany-do-urz%C4%85dze%C5%84-mobilnych" "Mozilla/5.0 (Linux; Android 7.0;) AppleWebKit/537.36 (KHTML, like Gecko) Mobile Safari/537.36 (compatible; PetalBot;+https://webmaster.petalsearch.com/site/petalbot)" 4421 **4/4421957**
114.119.136.249 - - [22/Feb/2026:01:00:08 -0700] "GET /ultimate-hot-funkcja-kaskady-w-maszynach/ HTTP/1.1" 200 9491 "https://ftscreations.com/ultimate-hot-funkcja-kaskady-w-maszynach/" "Mozilla/5.0 (Linux; Android 7.0;) AppleWebKit/537.36 (KHTML, like Gecko) Mobile Safari/537.36 (compatible; PetalBot;+https://webmaster.petalsearch.com/site/petalbot)" 5120 **5/5120692**
114.119.149.66 - - [22/Feb/2026:01:01:32 -0700] "GET /tombstone-rip-zmienno%C5%9B%C4%87-i-stawki-wyp%C5%82at/ HTTP/1.1" 200 9040 "https://ftscreations.com/tombstone-rip-zmienno%C5%9B%C4%87-i-stawki-wyp%C5%82at" "Mozilla/5.0 (Linux; Android 7.0;) AppleWebKit/537.36 (KHTML, like Gecko) Mobile Safari/537.36 (compatible; PetalBot;+https://webmaster.petalsearch.com/site/petalbot)" 4398 **4/4398344**
114.119.151.146 - - [22/Feb/2026:01:02:56 -0700] "GET /thriller-horror-night-projekt-gry-i-grafika HTTP/1.1" 301 - "http://ftscreations.com/?p=4265" "Mozilla/5.0 (Linux; Android 7.0;) AppleWebKit/537.36 (KHTML, like Gecko) Mobile Safari/537.36 (compatible; PetalBot;+https://webmaster.petalsearch.com/site/petalbot)" 3662 **3/3662747**
114.119.151.146 - - [22/Feb/2026:01:03:00 -0700] "GET /thriller-horror-night-projekt-gry-i-grafika/ HTTP/1.1" 200 9325 "http://ftscreations.com/?p=4265" "Mozilla/5.0 (Linux; Android 7.0;) AppleWebKit/537.36 (KHTML, like Gecko) Mobile Safari/537.36 (compatible; PetalBot;+https://webmaster.petalsearch.com/site/petalbot)" 3336 **3/3336584**
114.119.149.66 - - [22/Feb/2026:01:04:19 -0700] "GET /symbole-wysokiego-mno%C5%BCnika-w-slocie-gates-of-hade/ HTTP/1.1" 200 9274 "https://ftscreations.com/symbole-wysokiego-mno%C5%BCnika-w-slocie-gates-of-hade/" "Mozilla/5.0 (Linux; Android 7.0;) AppleWebKit/537.36 (KHTML, like Gecko) Mobile Safari/537.36 (compatible; PetalBot;+https://webmaster.petalsearch.com/site/petalbot)" 3707 **3/3707794**
114.119.146.15 - - [22/Feb/2026:01:05:43 -0700] "GET /symbole-mno%C5%BCnika-do-plinko-xy/ HTTP/1.1" 200 9352 "https://ftscreations.com/symbole-mno%C5%BCnika-do-plinko-xy" "Mozilla/5.0 (Linux; Android 7.0;) AppleWebKit/537.36 (KHTML, like Gecko) Mobile Safari/537.36 (compatible; PetalBot;+https://webmaster.petalsearch.com/site/petalbot)" 3527 **3/3527068**
114.119.151.146 - - [22/Feb/2026:01:07:07 -0700] "GET /symbole-gry-lotto-scratch HTTP/1.1" 301 - "-" "Mozilla/5.0 (Linux; Android 7.0;) AppleWebKit/537.36 (KHTML, like Gecko) Mobile Safari/537.36 (compatible; PetalBot;+https://webmaster.petalsearch.com/site/petalbot)" 2213 **2/2213560**
114.119.151.146 - - [22/Feb/2026:01:07:10 -0700] "GET /symbole-gry-lotto-scratch/ HTTP/1.1" 200 9236 "-" "Mozilla/5.0 (Linux; Android 7.0;) AppleWebKit/537.36 (KHTML, like Gecko) Mobile Safari/537.36 (compatible; PetalBot;+https://webmaster.petalsearch.com/site/petalbot)" 2684 **2/2684439**
114.119.149.66 - - [22/Feb/2026:01:08:30 -0700] "GET /symbole-bonusowe-na-da-vinci-diamonds/ HTTP/1.1" 200 9036 "https://ftscreations.com/symbole-bonusowe-na-da-vinci-diamonds/" "Mozilla/5.0 (Linux; Android 7.0;) AppleWebKit/537.36 (KHTML, like Gecko) Mobile Safari/537.36 (compatible; PetalBot;+https://webmaster.petalsearch.com/site/petalbot)" 2523 **2/2523620**
114.119.129.175 - - [22/Feb/2026:01:09:53 -0700] "GET /symbol-w-fruit-party-2/ HTTP/1.1" 200 9141 "https://ftscreations.com/symbol-w-fruit-party-2/" "Mozilla/5.0 (Linux; Android 7.0;) AppleWebKit/537.36 (KHTML, like Gecko) Mobile Safari/537.36 (compatible; PetalBot;+https://webmaster.petalsearch.com/site/petalbot)" 5522 **5/5522061**
114.119.142.93 - - [22/Feb/2026:01:11:17 -0700] "GET /symbol-w-diamond-link-mighty-buffalo HTTP/1.1" 301 - "https://ftscreations.com/symbol-w-diamond-link-mighty-buffalo" "Mozilla/5.0 (Linux; Android 7.0;) AppleWebKit/537.36 (KHTML, like Gecko) Mobile Safari/537.36 (compatible; PetalBot;+https://webmaster.petalsearch.com/site/petalbot)" 4128 **4/4128316**
43.173.179.175 - - [22/Feb/2026:01:11:19 -0700] "GET / HTTP/1.1" 200 4544 "-" "Mozilla/5.0 (Windows NT 10.0; Win64; x64) AppleWebKit/537.36 (KHTML, like Gecko) Chrome/108.0.0.0 Safari/537.36" 10072 **10/10072699**
114.119.142.93 - - [22/Feb/2026:01:11:23 -0700] "GET /symbol-w-diamond-link-mighty-buffalo/ HTTP/1.1" 200 9150 "https://ftscreations.com/symbol-w-diamond-link-mighty-buffalo" "Mozilla/5.0 (Linux; Android 7.0;) AppleWebKit/537.36 (KHTML, like Gecko) Mobile Safari/537.36 (compatible; PetalBot;+https://webmaster.petalsearch.com/site/petalbot)" 7208 **7/7208398**
43.173.180.239 - - [22/Feb/2026:01:11:29 -0700] "GET / HTTP/1.1" 200 4544 "-" "Mozilla/5.0 (Windows NT 10.0; Win64; x64) AppleWebKit/537.36 (KHTML, like Gecko) Chrome/133.0.0.0 Safari/537.36" 4826 **4/4826117**
