114.119.141.35 - - [21/Feb/2026:08:07:36 -0700] "GET /hunters-dream-2-maksymalny-potencja%C5%82-wygranej/ HTTP/1.1" 200 9442 "https://ftscreations.com/hunters-dream-2-maksymalny-potencja%C5%82-wygranej" "Mozilla/5.0 (Linux; Android 7.0;) AppleWebKit/537.36 (KHTML, like Gecko) Mobile Safari/537.36 (compatible; PetalBot;+https://webmaster.petalsearch.com/site/petalbot)" 308 **0/308124**
114.119.141.35 - - [21/Feb/2026:08:08:50 -0700] "GET /hunters-dream-2-gry-kasynowe HTTP/1.1" 301 - "https://ftscreations.com/hunters-dream-2-gry-kasynowe" "Mozilla/5.0 (Linux; Android 7.0;) AppleWebKit/537.36 (KHTML, like Gecko) Mobile Safari/537.36 (compatible; PetalBot;+https://webmaster.petalsearch.com/site/petalbot)" 234 **0/234062**
114.119.141.35 - - [21/Feb/2026:08:08:52 -0700] "GET /hunters-dream-2-gry-kasynowe/ HTTP/1.1" 200 8989 "https://ftscreations.com/hunters-dream-2-gry-kasynowe" "Mozilla/5.0 (Linux; Android 7.0;) AppleWebKit/537.36 (KHTML, like Gecko) Mobile Safari/537.36 (compatible; PetalBot;+https://webmaster.petalsearch.com/site/petalbot)" 357 **0/357461**
114.119.151.146 - - [21/Feb/2026:08:10:13 -0700] "GET /hot-slot-great-book-of-magic-bonus%C3%B3w-i-dodatk%C3%B3w/ HTTP/1.1" 200 9350 "https://ftscreations.com/hot-slot-great-book-of-magic-bonus%C3%B3w-i-dodatk%C3%B3w" "Mozilla/5.0 (Linux; Android 7.0;) AppleWebKit/537.36 (KHTML, like Gecko) Mobile Safari/537.36 (compatible; PetalBot;+https://webmaster.petalsearch.com/site/petalbot)" 378 **0/378987**
95.79.91.34 - - [21/Feb/2026:08:11:04 -0700] "GET / HTTP/1.1" 200 4544 "-" "Mozilla/5.0 (Windows NT 6.1; Win64; x64) AppleWebKit/537.36 (KHTML, like Gecko) Chrome/60.0.3112.90 Safari/537.36" 261 **0/261110**
114.119.141.35 - - [21/Feb/2026:08:11:34 -0700] "GET /hot-hot-chilli-pot-dziki-symbol-i-symbole-rozproszone/ HTTP/1.1" 200 9219 "https://ftscreations.com/hot-hot-chilli-pot-dziki-symbol-i-symbole-rozproszone" "Mozilla/5.0 (Linux; Android 7.0;) AppleWebKit/537.36 (KHTML, like Gecko) Mobile Safari/537.36 (compatible; PetalBot;+https://webmaster.petalsearch.com/site/petalbot)" 352 **0/352748**
114.119.146.15 - - [21/Feb/2026:08:12:57 -0700] "GET /hood-vs-wolf-dodatkowych-funkcji/ HTTP/1.1" 200 9228 "https://ftscreations.com/hood-vs-wolf-dodatkowych-funkcji/" "Mozilla/5.0 (Linux; Android 7.0;) AppleWebKit/537.36 (KHTML, like Gecko) Mobile Safari/537.36 (compatible; PetalBot;+https://webmaster.petalsearch.com/site/petalbot)" 281 **0/281135**
114.119.136.249 - - [21/Feb/2026:08:14:33 -0700] "GET /highway-kings-online/ HTTP/1.1" 200 9400 "https://ftscreations.com/highway-kings-online" "Mozilla/5.0 (Linux; Android 7.0;) AppleWebKit/537.36 (KHTML, like Gecko) Mobile Safari/537.36 (compatible; PetalBot;+https://webmaster.petalsearch.com/site/petalbot)" 363 **0/363525**
43.173.173.192 - - [21/Feb/2026:08:15:34 -0700] "GET /vlad-casino-destinaia-ta-de-divertisment-online-in/ HTTP/1.1" 200 11047 "-" "Mozilla/5.0 (Windows NT 10.0; Win64; x64) AppleWebKit/537.36 (KHTML, like Gecko) Chrome/116.0.0.0 Safari/537.36" 275 **0/275036**
43.173.178.2 - - [21/Feb/2026:08:15:35 -0700] "GET /?p=4024 HTTP/1.1" 301 - "http://ftscreations.com/?p=4024" "Mozilla/5.0 (Windows NT 10.0; Win64; x64) AppleWebKit/537.36 (KHTML, like Gecko) Chrome/109.0.0.0 Safari/537.36" 196 **0/196184**
43.173.178.2 - - [21/Feb/2026:08:15:35 -0700] "GET /zagraj-w-piggy-pirates-z-bonusami/ HTTP/1.1" 200 9311 "https://ftscreations.com/?p=4024" "Mozilla/5.0 (Windows NT 10.0; Win64; x64) AppleWebKit/537.36 (KHTML, like Gecko) Chrome/109.0.0.0 Safari/537.36" 291 **0/291938**
43.173.182.155 - - [21/Feb/2026:08:15:38 -0700] "POST / HTTP/1.1" 204 - "https://ftscreations.com/vlad-casino-destinaia-ta-de-divertisment-online-in/" "Mozilla/5.0 (Windows NT 10.0; Win64; x64) AppleWebKit/537.36 (KHTML, like Gecko) Chrome/116.0.0.0 Safari/537.36" 197 **0/197421**
43.173.180.193 - - [21/Feb/2026:08:15:40 -0700] "POST / HTTP/1.1" 204 - "http://ftscreations.com/" "Mozilla/5.0 (Windows NT 10.0; Win64; x64) AppleWebKit/537.36 (KHTML, like Gecko) Chrome/109.0.0.0 Safari/537.36" 190 **0/190824**
114.119.146.15 - - [21/Feb/2026:08:15:50 -0700] "GET /het-millioner-gokplatform-je-trefpunt-met/ HTTP/1.1" 200 10740 "https://ftscreations.com/guide-complet-concernant-les-sites-de-pari/" "Mozilla/5.0 (Linux; Android 7.0;) AppleWebKit/537.36 (KHTML, like Gecko) Mobile Safari/537.36 (compatible; PetalBot;+https://webmaster.petalsearch.com/site/petalbot)" 474 **0/474822**
43.163.22.11 - - [21/Feb/2026:08:16:01 -0700] "GET /zagraj-w-piggy-pirates-z-bonusami/ HTTP/1.1" 200 9311 "-" "Mozilla/5.0 (Windows NT 10.0; Win64; x64) AppleWebKit/537.36 (KHTML, like Gecko) Chrome/106.0.5249.119 Safari/537.36" 336 **0/336055**
43.173.179.105 - - [21/Feb/2026:08:16:05 -0700] "POST / HTTP/1.1" 204 - "https://ftscreations.com/zagraj-w-piggy-pirates-z-bonusami/" "Mozilla/5.0 (Windows NT 10.0; Win64; x64) AppleWebKit/537.36 (KHTML, like Gecko) Chrome/106.0.5249.119 Safari/537.36" 204 **0/204717**
114.119.159.62 - - [21/Feb/2026:08:17:22 -0700] "GET /hell-mania-nowe-symbole-wolnych-stanowisk/ HTTP/1.1" 200 9080 "https://ftscreations.com/hell-mania-nowe-symbole-wolnych-stanowisk/" "Mozilla/5.0 (Linux; Android 7.0;) AppleWebKit/537.36 (KHTML, like Gecko) Mobile Safari/537.36 (compatible; PetalBot;+https://webmaster.petalsearch.com/site/petalbot)" 504 **0/504166**
43.173.180.182 - - [21/Feb/2026:08:17:26 -0700] "GET /?p=3650 HTTP/1.1" 301 - "-" "Mozilla/5.0 (Windows NT 10.0; Win64; x64) AppleWebKit/537.36 (KHTML, like Gecko) Chrome/117.0.0.0 Safari/537.36" 213 **0/213788**
43.173.179.89 - - [21/Feb/2026:08:17:26 -0700] "GET /?p=3240 HTTP/1.1" 301 - "-" "Mozilla/5.0 (Windows NT 10.0; Win64; x64) AppleWebKit/537.36 (KHTML, like Gecko) Chrome/110.0.0.0 Safari/537.36" 299 **0/299857**
43.173.180.182 - - [21/Feb/2026:08:17:27 -0700] "GET /liquid-gold-zwyci%C4%99ska-kombinacja/ HTTP/1.1" 200 9230 "https://ftscreations.com/?p=3650" "Mozilla/5.0 (Windows NT 10.0; Win64; x64) AppleWebKit/537.36 (KHTML, like Gecko) Chrome/117.0.0.0 Safari/537.36" 383 **0/383689**
43.173.179.89 - - [21/Feb/2026:08:17:27 -0700] "GET /informacje-o-rtp-bonusach-i-specjalnych-funkcjach-game-of-thrones/ HTTP/1.1" 200 9069 "https://ftscreations.com/?p=3240" "Mozilla/5.0 (Windows NT 10.0; Win64; x64) AppleWebKit/537.36 (KHTML, like Gecko) Chrome/110.0.0.0 Safari/537.36" 389 **0/389036**
43.173.169.216 - - [21/Feb/2026:08:17:31 -0700] "POST / HTTP/1.1" 204 - "https://ftscreations.com/?p=3650" "Mozilla/5.0 (Windows NT 10.0; Win64; x64) AppleWebKit/537.36 (KHTML, like Gecko) Chrome/117.0.0.0 Safari/537.36" 213 **0/213267**
43.173.182.117 - - [21/Feb/2026:08:17:32 -0700] "POST / HTTP/1.1" 204 - "https://ftscreations.com/?p=3240" "Mozilla/5.0 (Windows NT 10.0; Win64; x64) AppleWebKit/537.36 (KHTML, like Gecko) Chrome/110.0.0.0 Safari/537.36" 193 **0/193771**
114.119.129.175 - - [21/Feb/2026:08:18:37 -0700] "GET /heliopopolislegacy-of-dead-strategia/ HTTP/1.1" 200 9382 "http://ftscreations.com/?p=7098" "Mozilla/5.0 (Linux; Android 7.0;) AppleWebKit/537.36 (KHTML, like Gecko) Mobile Safari/537.36 (compatible; PetalBot;+https://webmaster.petalsearch.com/site/petalbot)" 464 **0/464452**
43.173.181.168 - - [21/Feb/2026:08:18:37 -0700] "GET /?p=13653 HTTP/1.1" 301 - "-" "Mozilla/5.0 (Windows NT 10.0; Win64; x64) AppleWebKit/537.36 (KHTML, like Gecko) Chrome/107.0.0.0 Safari/537.36" 174 **0/174992**
43.173.181.168 - - [21/Feb/2026:08:18:38 -0700] "GET /trickz-spielbank-deine-individuelle-platform-fur/ HTTP/1.1" 200 11403 "https://ftscreations.com/?p=13653" "Mozilla/5.0 (Windows NT 10.0; Win64; x64) AppleWebKit/537.36 (KHTML, like Gecko) Chrome/107.0.0.0 Safari/537.36" 230 **0/230424**
43.173.177.71 - - [21/Feb/2026:08:18:47 -0700] "POST / HTTP/1.1" 204 - "https://ftscreations.com/?p=13653" "Mozilla/5.0 (Windows NT 10.0; Win64; x64) AppleWebKit/537.36 (KHTML, like Gecko) Chrome/107.0.0.0 Safari/537.36" 176 **0/176580**
43.173.178.142 - - [21/Feb/2026:08:19:28 -0700] "GET /?p=3533 HTTP/1.1" 301 - "http://ftscreations.com/?p=3533" "Mozilla/5.0 (Windows NT 10.0; Win64; x64) AppleWebKit/537.36 (KHTML, like Gecko) Chrome/110.0.0.0 Safari/537.36" 186 **0/186186**
43.173.179.224 - - [21/Feb/2026:08:19:28 -0700] "GET /?p=3907 HTTP/1.1" 301 - "http://ftscreations.com/?p=3907" "Mozilla/5.0 (Windows NT 10.0; Win64; x64) AppleWebKit/537.36 (KHTML, like Gecko) Chrome/116.0.0.0 Safari/537.36" 367 **0/367230**
43.173.177.61 - - [21/Feb/2026:08:19:28 -0700] "GET /?p=2985 HTTP/1.1" 301 - "-" "Mozilla/5.0 (Windows NT 10.0; Win64; x64) AppleWebKit/537.36 (KHTML, like Gecko) Chrome/112.0.0.0 Safari/537.36" 437 **0/437377**
43.173.178.142 - - [21/Feb/2026:08:19:28 -0700] "GET /tiki-fruits-staro%C5%BCytno%C5%9B%C4%87/ HTTP/1.1" 200 9065 "https://ftscreations.com/?p=3533" "Mozilla/5.0 (Windows NT 10.0; Win64; x64) AppleWebKit/537.36 (KHTML, like Gecko) Chrome/110.0.0.0 Safari/537.36" 731 **0/731846**
43.173.179.224 - - [21/Feb/2026:08:19:28 -0700] "GET /jak-wybra%C4%87-niezawodne-kasyno-online-do-gry-aviator/ HTTP/1.1" 200 9132 "https://ftscreations.com/?p=3907" "Mozilla/5.0 (Windows NT 10.0; Win64; x64) AppleWebKit/537.36 (KHTML, like Gecko) Chrome/116.0.0.0 Safari/537.36" 428 **0/428809**
43.173.177.61 - - [21/Feb/2026:08:19:28 -0700] "GET /fruit-party-2-funkcja/ HTTP/1.1" 200 8921 "https://ftscreations.com/?p=2985" "Mozilla/5.0 (Windows NT 10.0; Win64; x64) AppleWebKit/537.36 (KHTML, like Gecko) Chrome/112.0.0.0 Safari/537.36" 389 **0/389898**
43.173.174.198 - - [21/Feb/2026:08:19:31 -0700] "POST / HTTP/1.1" 204 - "http://ftscreations.com/" "Mozilla/5.0 (Windows NT 10.0; Win64; x64) AppleWebKit/537.36 (KHTML, like Gecko) Chrome/110.0.0.0 Safari/537.36" 169 **0/169487**
43.173.176.186 - - [21/Feb/2026:08:19:32 -0700] "POST / HTTP/1.1" 204 - "https://ftscreations.com/?p=2985" "Mozilla/5.0 (Windows NT 10.0; Win64; x64) AppleWebKit/537.36 (KHTML, like Gecko) Chrome/112.0.0.0 Safari/537.36" 198 **0/198697**
43.173.181.230 - - [21/Feb/2026:08:19:33 -0700] "POST / HTTP/1.1" 204 - "http://ftscreations.com/" "Mozilla/5.0 (Windows NT 10.0; Win64; x64) AppleWebKit/537.36 (KHTML, like Gecko) Chrome/116.0.0.0 Safari/537.36" 167 **0/167644**
43.173.179.233 - - [21/Feb/2026:08:19:47 -0700] "GET /tiki-fruits-staro%C5%BCytno%C5%9B%C4%87/ HTTP/1.1" 200 9064 "-" "Mozilla/5.0 (Windows NT 10.0; Win64; x64) AppleWebKit/537.36 (KHTML, like Gecko) Chrome/131.0.0.0 Safari/537.36" 503 **0/503012**
43.173.180.167 - - [21/Feb/2026:08:19:47 -0700] "GET /jak-wybra%C4%87-niezawodne-kasyno-online-do-gry-aviator/ HTTP/1.1" 200 9131 "-" "Mozilla/5.0 (Windows NT 10.0; Win64; x64) AppleWebKit/537.36 (KHTML, like Gecko) Chrome/105.0.0.0 Safari/537.3" 553 **0/553820**
43.173.181.108 - - [21/Feb/2026:08:19:52 -0700] "POST / HTTP/1.1" 204 - "https://ftscreations.com/jak-wybra%C4%87-niezawodne-kasyno-online-do-gry-aviator/" "Mozilla/5.0 (Windows NT 10.0; Win64; x64) AppleWebKit/537.36 (KHTML, like Gecko) Chrome/105.0.0.0 Safari/537.3" 173 **0/173741**
43.173.178.211 - - [21/Feb/2026:08:19:52 -0700] "POST / HTTP/1.1" 204 - "https://ftscreations.com/tiki-fruits-staro%C5%BCytno%C5%9B%C4%87/" "Mozilla/5.0 (Windows NT 10.0; Win64; x64) AppleWebKit/537.36 (KHTML, like Gecko) Chrome/131.0.0.0 Safari/537.36" 180 **0/180645**
114.119.136.249 - - [21/Feb/2026:08:20:04 -0700] "GET /happy-nuts-online-w-trybie-demo-bez-rejestracji HTTP/1.1" 301 - "-" "Mozilla/5.0 (Linux; Android 7.0;) AppleWebKit/537.36 (KHTML, like Gecko) Mobile Safari/537.36 (compatible; PetalBot;+https://webmaster.petalsearch.com/site/petalbot)" 185 **0/185616**
114.119.136.249 - - [21/Feb/2026:08:20:06 -0700] "GET /happy-nuts-online-w-trybie-demo-bez-rejestracji/ HTTP/1.1" 200 9317 "-" "Mozilla/5.0 (Linux; Android 7.0;) AppleWebKit/537.36 (KHTML, like Gecko) Mobile Safari/537.36 (compatible; PetalBot;+https://webmaster.petalsearch.com/site/petalbot)" 484 **0/484986**
114.119.149.66 - - [21/Feb/2026:08:21:23 -0700] "GET /gry-slotowe-za-darmo-bez-rejestracji-w-gold-star/ HTTP/1.1" 200 9031 "https://ftscreations.com/gry-slotowe-za-darmo-bez-rejestracji-w-gold-star" "Mozilla/5.0 (Linux; Android 7.0;) AppleWebKit/537.36 (KHTML, like Gecko) Mobile Safari/537.36 (compatible; PetalBot;+https://webmaster.petalsearch.com/site/petalbot)" 280 **0/280639**
114.119.129.175 - - [21/Feb/2026:08:22:54 -0700] "GET /gry-o-du%C5%BCej-zmienno%C5%9Bci-i-rtp-spin-town/ HTTP/1.1" 200 9017 "https://ftscreations.com/gry-o-du%C5%BCej-zmienno%C5%9Bci-i-rtp-spin-town/" "Mozilla/5.0 (Linux; Android 7.0;) AppleWebKit/537.36 (KHTML, like Gecko) Mobile Safari/537.36 (compatible; PetalBot;+https://webmaster.petalsearch.com/site/petalbot)" 287 **0/287443**
114.119.146.15 - - [21/Feb/2026:08:24:06 -0700] "GET /graj-za-darmo-w-wild-cash-x9990/ HTTP/1.1" 200 8867 "https://ftscreations.com/graj-za-darmo-w-wild-cash-x9990" "Mozilla/5.0 (Linux; Android 7.0;) AppleWebKit/537.36 (KHTML, like Gecko) Mobile Safari/537.36 (compatible; PetalBot;+https://webmaster.petalsearch.com/site/petalbot)" 327 **0/327704**
114.119.159.62 - - [21/Feb/2026:08:25:39 -0700] "GET /graj-za-darmo-tiki-fruits/ HTTP/1.1" 200 9041 "https://ftscreations.com/graj-za-darmo-tiki-fruits/" "Mozilla/5.0 (Linux; Android 7.0;) AppleWebKit/537.36 (KHTML, like Gecko) Mobile Safari/537.36 (compatible; PetalBot;+https://webmaster.petalsearch.com/site/petalbot)" 275 **0/275247**
114.119.136.249 - - [21/Feb/2026:08:26:58 -0700] "GET /graj-za-darmo-i-bez-pobierania-automatu-reel-heist/ HTTP/1.1" 200 8995 "https://ftscreations.com/graj-za-darmo-i-bez-pobierania-automatu-reel-heist/" "Mozilla/5.0 (Linux; Android 7.0;) AppleWebKit/537.36 (KHTML, like Gecko) Mobile Safari/537.36 (compatible; PetalBot;+https://webmaster.petalsearch.com/site/petalbot)" 286 **0/286093**
72.167.58.252 - - [21/Feb/2026:08:28:23 -0700] "POST /wp-cron.php?doing_wp_cron=1771687703.4799349308013916015625 HTTP/1.1" 200 - "https://ftscreations.com/wp-cron.php?doing_wp_cron=1771687703.4799349308013916015625" "WordPress/5.4.18; https://ftscreations.com" 228 **0/228447**
114.119.149.66 - - [21/Feb/2026:08:28:23 -0700] "GET /graj-w-gr%C4%99-supreme-hot-bez-ryzykowania-pieni%C4%99dzy/ HTTP/1.1" 200 8960 "https://ftscreations.com/graj-w-gr%C4%99-supreme-hot-bez-ryzykowania-pieni%C4%99dzy" "Mozilla/5.0 (Linux; Android 7.0;) AppleWebKit/537.36 (KHTML, like Gecko) Mobile Safari/537.36 (compatible; PetalBot;+https://webmaster.petalsearch.com/site/petalbot)" 559 **0/559287**
114.119.146.15 - - [21/Feb/2026:08:29:42 -0700] "GET /graj-super-duper-na-swoim-smartfonie/ HTTP/1.1" 200 9067 "https://ftscreations.com/graj-super-duper-na-swoim-smartfonie" "Mozilla/5.0 (Linux; Android 7.0;) AppleWebKit/537.36 (KHTML, like Gecko) Mobile Safari/537.36 (compatible; PetalBot;+https://webmaster.petalsearch.com/site/petalbot)" 303 **0/303739**
114.119.136.249 - - [21/Feb/2026:08:31:12 -0700] "GET /graj-shadow-raiders-multimax-za-darmo HTTP/1.1" 301 - "-" "Mozilla/5.0 (Linux; Android 7.0;) AppleWebKit/537.36 (KHTML, like Gecko) Mobile Safari/537.36 (compatible; PetalBot;+https://webmaster.petalsearch.com/site/petalbot)" 171 **0/171813**
114.119.136.249 - - [21/Feb/2026:08:31:12 -0700] "GET /graj-shadow-raiders-multimax-za-darmo/ HTTP/1.1" 200 9137 "-" "Mozilla/5.0 (Linux; Android 7.0;) AppleWebKit/537.36 (KHTML, like Gecko) Mobile Safari/537.36 (compatible; PetalBot;+https://webmaster.petalsearch.com/site/petalbot)" 415 **0/415550**
114.119.149.66 - - [21/Feb/2026:08:32:32 -0700] "GET /graj-age-of-egypt-na-prawdziwe-pieni%C4%85dze HTTP/1.1" 301 - "-" "Mozilla/5.0 (Linux; Android 7.0;) AppleWebKit/537.36 (KHTML, like Gecko) Mobile Safari/537.36 (compatible; PetalBot;+https://webmaster.petalsearch.com/site/petalbot)" 269 **0/269598**
114.119.149.66 - - [21/Feb/2026:08:32:33 -0700] "GET /graj-age-of-egypt-na-prawdziwe-pieni%C4%85dze/ HTTP/1.1" 200 8934 "-" "Mozilla/5.0 (Linux; Android 7.0;) AppleWebKit/537.36 (KHTML, like Gecko) Mobile Safari/537.36 (compatible; PetalBot;+https://webmaster.petalsearch.com/site/petalbot)" 261 **0/261675**
47.82.11.118 - - [21/Feb/2026:08:32:42 -0700] "GET /alawin-casino-your-own-gateway-to-premium-game/ HTTP/1.1" 200 9621 "https://ftscreations.com/" "Mozilla/5.0 (Windows NT 10.0; Win64; x64) AppleWebKit/537.36 (KHTML, like Gecko) Chrome/134.0.0.0 Safari/537.36" 244 **0/244044**
114.119.146.15 - - [21/Feb/2026:08:33:51 -0700] "GET /grafika-i-d%C5%BAwi%C4%99ki-w-aztec-jaguar HTTP/1.1" 301 - "https://ftscreations.com/grafika-i-d%C5%BAwi%C4%99ki-w-aztec-jaguar" "Mozilla/5.0 (Linux; Android 7.0;) AppleWebKit/537.36 (KHTML, like Gecko) Mobile Safari/537.36 (compatible; PetalBot;+https://webmaster.petalsearch.com/site/petalbot)" 184 **0/184388**
114.119.146.15 - - [21/Feb/2026:08:33:52 -0700] "GET /grafika-i-d%C5%BAwi%C4%99ki-w-aztec-jaguar/ HTTP/1.1" 200 9301 "https://ftscreations.com/grafika-i-d%C5%BAwi%C4%99ki-w-aztec-jaguar" "Mozilla/5.0 (Linux; Android 7.0;) AppleWebKit/537.36 (KHTML, like Gecko) Mobile Safari/537.36 (compatible; PetalBot;+https://webmaster.petalsearch.com/site/petalbot)" 277 **0/277397**
114.119.151.146 - - [21/Feb/2026:08:35:17 -0700] "GET /gra-pharaohs-daughter-jest-dost%C4%99pna-w-kasynach-online-na-%C5%BCywo HTTP/1.1" 301 - "https://ftscreations.com/gra-pharaohs-daughter-jest-dost%C4%99pna-w-kasynach-online-na-%C5%BCywo" "Mozilla/5.0 (Linux; Android 7.0;) AppleWebKit/537.36 (KHTML, like Gecko) Mobile Safari/537.36 (compatible; PetalBot;+https://webmaster.petalsearch.com/site/petalbot)" 189 **0/189518**
114.119.151.146 - - [21/Feb/2026:08:35:19 -0700] "GET /gra-pharaohs-daughter-jest-dost%C4%99pna-w-kasynach-online-na-%C5%BCywo/ HTTP/1.1" 200 9029 "https://ftscreations.com/gra-pharaohs-daughter-jest-dost%C4%99pna-w-kasynach-online-na-%C5%BCywo" "Mozilla/5.0 (Linux; Android 7.0;) AppleWebKit/537.36 (KHTML, like Gecko) Mobile Safari/537.36 (compatible; PetalBot;+https://webmaster.petalsearch.com/site/petalbot)" 294 **0/294410**
114.119.159.62 - - [21/Feb/2026:08:36:39 -0700] "GET /gra-o-wysokim-wska%C5%BAniku-wygranych-roma-plus HTTP/1.1" 301 - "https://ftscreations.com/gra-o-wysokim-wska%C5%BAniku-wygranych-roma-plus" "Mozilla/5.0 (Linux; Android 7.0;) AppleWebKit/537.36 (KHTML, like Gecko) Mobile Safari/537.36 (compatible; PetalBot;+https://webmaster.petalsearch.com/site/petalbot)" 200 **0/200793**
114.119.159.62 - - [21/Feb/2026:08:36:40 -0700] "GET /gra-o-wysokim-wska%C5%BAniku-wygranych-roma-plus/ HTTP/1.1" 200 9055 "https://ftscreations.com/gra-o-wysokim-wska%C5%BAniku-wygranych-roma-plus" "Mozilla/5.0 (Linux; Android 7.0;) AppleWebKit/537.36 (KHTML, like Gecko) Mobile Safari/537.36 (compatible; PetalBot;+https://webmaster.petalsearch.com/site/petalbot)" 287 **0/287009**
114.119.159.62 - - [21/Feb/2026:08:38:01 -0700] "GET /gra-na-automatach-online-wrzutowych-hot-fiesta/ HTTP/1.1" 200 9349 "https://ftscreations.com/gra-na-automatach-online-wrzutowych-hot-fiesta/" "Mozilla/5.0 (Linux; Android 7.0;) AppleWebKit/537.36 (KHTML, like Gecko) Mobile Safari/537.36 (compatible; PetalBot;+https://webmaster.petalsearch.com/site/petalbot)" 332 **0/332101**
114.119.136.249 - - [21/Feb/2026:08:39:27 -0700] "GET /gra%C4%87-falcon-god/ HTTP/1.1" 200 8952 "https://ftscreations.com/gra%C4%87-falcon-god/" "Mozilla/5.0 (Linux; Android 7.0;) AppleWebKit/537.36 (KHTML, like Gecko) Mobile Safari/537.36 (compatible; PetalBot;+https://webmaster.petalsearch.com/site/petalbot)" 248 **0/248870**
114.119.159.62 - - [21/Feb/2026:08:40:56 -0700] "GET /gorilla-kingdom-maszyna-do-gry-jest-gr%C4%85-hazardow%C4%85/ HTTP/1.1" 200 9511 "https://ftscreations.com/gorilla-kingdom-maszyna-do-gry-jest-gr%C4%85-hazardow%C4%85/" "Mozilla/5.0 (Linux; Android 7.0;) AppleWebKit/537.36 (KHTML, like Gecko) Mobile Safari/537.36 (compatible; PetalBot;+https://webmaster.petalsearch.com/site/petalbot)" 294 **0/294201**
114.119.141.35 - - [21/Feb/2026:08:42:13 -0700] "GET /golden-globe-maksymalna-wygrana-na-1-obr%C3%B3t/ HTTP/1.1" 200 8896 "https://ftscreations.com/golden-globe-maksymalna-wygrana-na-1-obr%C3%B3t/" "Mozilla/5.0 (Linux; Android 7.0;) AppleWebKit/537.36 (KHTML, like Gecko) Mobile Safari/537.36 (compatible; PetalBot;+https://webmaster.petalsearch.com/site/petalbot)" 325 **0/325272**
114.119.149.66 - - [21/Feb/2026:08:43:44 -0700] "GET /golden-clover-bonusowe-darmowe-spiny HTTP/1.1" 301 - "-" "Mozilla/5.0 (Linux; Android 7.0;) AppleWebKit/537.36 (KHTML, like Gecko) Mobile Safari/537.36 (compatible; PetalBot;+https://webmaster.petalsearch.com/site/petalbot)" 181 **0/181078**
114.119.149.66 - - [21/Feb/2026:08:43:47 -0700] "GET /golden-clover-bonusowe-darmowe-spiny/ HTTP/1.1" 200 8943 "-" "Mozilla/5.0 (Linux; Android 7.0;) AppleWebKit/537.36 (KHTML, like Gecko) Mobile Safari/537.36 (compatible; PetalBot;+https://webmaster.petalsearch.com/site/petalbot)" 306 **0/306458**
114.119.129.175 - - [21/Feb/2026:08:45:11 -0700] "GET /goddess-of-egypt-graj-w-darmowe-gry-automatowe-te-klasyczne-gry-kasynowe-s%C4%85-pe%C5%82ne-zwyci%C4%99skich-automat%C3%B3w HTTP/1.1" 301 - "https://ftscreations.com/goddess-of-egypt-graj-w-darmowe-gry-automatowe-te-klasyczne-gry-kasynowe-s%C4%85-pe%C5%82ne-zwyci%C4%99skich-automat%C3%B3w" "Mozilla/5.0 (Linux; Android 7.0;) AppleWebKit/537.36 (KHTML, like Gecko) Mobile Safari/537.36 (compatible; PetalBot;+https://webmaster.petalsearch.com/site/petalbot)" 217 **0/217775**
114.119.129.175 - - [21/Feb/2026:08:45:13 -0700] "GET /goddess-of-egypt-graj-w-darmowe-gry-automatowe-te-klasyczne-gry-kasynowe-s%C4%85-pe%C5%82ne-zwyci%C4%99skich-automat%C3%B3w/ HTTP/1.1" 200 9284 "https://ftscreations.com/goddess-of-egypt-graj-w-darmowe-gry-automatowe-te-klasyczne-gry-kasynowe-s%C4%85-pe%C5%82ne-zwyci%C4%99skich-automat%C3%B3w" "Mozilla/5.0 (Linux; Android 7.0;) AppleWebKit/537.36 (KHTML, like Gecko) Mobile Safari/537.36 (compatible; PetalBot;+https://webmaster.petalsearch.com/site/petalbot)" 279 **0/279183**
114.119.142.93 - - [21/Feb/2026:08:46:28 -0700] "GET /gladorius-urz%C4%85dzenia-mobilne/ HTTP/1.1" 200 9243 "https://ftscreations.com/gladorius-urz%C4%85dzenia-mobilne" "Mozilla/5.0 (Linux; Android 7.0;) AppleWebKit/537.36 (KHTML, like Gecko) Mobile Safari/537.36 (compatible; PetalBot;+https://webmaster.petalsearch.com/site/petalbot)" 301 **0/301641**
114.119.151.146 - - [21/Feb/2026:08:47:50 -0700] "GET /gerards-gambit-zak%C5%82ad-specjalny/ HTTP/1.1" 200 9088 "https://ftscreations.com/gerards-gambit-zak%C5%82ad-specjalny" "Mozilla/5.0 (Linux; Android 7.0;) AppleWebKit/537.36 (KHTML, like Gecko) Mobile Safari/537.36 (compatible; PetalBot;+https://webmaster.petalsearch.com/site/petalbot)" 302 **0/302387**
114.119.142.93 - - [21/Feb/2026:08:49:18 -0700] "GET /gates-of-olympus-automatyczny-limit-obrot%C3%B3w-i-strat/ HTTP/1.1" 200 9301 "https://ftscreations.com/gates-of-olympus-automatyczny-limit-obrot%C3%B3w-i-strat/" "Mozilla/5.0 (Linux; Android 7.0;) AppleWebKit/537.36 (KHTML, like Gecko) Mobile Safari/537.36 (compatible; PetalBot;+https://webmaster.petalsearch.com/site/petalbot)" 308 **0/308337**
114.119.142.93 - - [21/Feb/2026:08:50:42 -0700] "GET /funkcja-odwracania-w-purrfect-potions HTTP/1.1" 301 - "-" "Mozilla/5.0 (Linux; Android 7.0;) AppleWebKit/537.36 (KHTML, like Gecko) Mobile Safari/537.36 (compatible; PetalBot;+https://webmaster.petalsearch.com/site/petalbot)" 162 **0/162530**
114.119.142.93 - - [21/Feb/2026:08:50:44 -0700] "GET /funkcja-odwracania-w-purrfect-potions/ HTTP/1.1" 200 9398 "-" "Mozilla/5.0 (Linux; Android 7.0;) AppleWebKit/537.36 (KHTML, like Gecko) Mobile Safari/537.36 (compatible; PetalBot;+https://webmaster.petalsearch.com/site/petalbot)" 265 **0/265807**
52.167.144.181 - - [21/Feb/2026:08:51:37 -0700] "GET /symbol-rozproszenia-w-jacks-or-better/ HTTP/2.0" 200 8444 "-" "Mozilla/5.0 AppleWebKit/537.36 (KHTML, like Gecko; compatible; bingbot/2.0; +http://www.bing.com/bingbot.htm) Chrome/116.0.1938.76 Safari/537.36" 286 **0/286375**
114.119.142.93 - - [21/Feb/2026:08:52:14 -0700] "GET /funkcja-hazardu-zwi%C4%99kszaj%C4%85ca-wygran%C4%85-w-automacie-lightning-roulette/ HTTP/1.1" 200 9272 "https://ftscreations.com/funkcja-hazardu-zwi%C4%99kszaj%C4%85ca-wygran%C4%85-w-automacie-lightning-roulette" "Mozilla/5.0 (Linux; Android 7.0;) AppleWebKit/537.36 (KHTML, like Gecko) Mobile Safari/537.36 (compatible; PetalBot;+https://webmaster.petalsearch.com/site/petalbot)" 281 **0/281573**
18.97.9.101 - - [21/Feb/2026:08:52:17 -0700] "GET /portfolio/ HTTP/1.1" 200 4653 "-" "Mozilla/5.0 AppleWebKit/537.36 (KHTML, like Gecko; compatible; PerplexityBot/1.0; +https://perplexity.ai/perplexitybot)" 254 **0/254838**
114.119.159.62 - - [21/Feb/2026:08:53:24 -0700] "GET /funkcja-hazardu-zwi%C4%99kszaj%C4%85ca-wygran%C4%85-w-automacie-cash-connection-dolphins-pearl/ HTTP/1.1" 200 9301 "https://ftscreations.com/funkcja-hazardu-zwi%C4%99kszaj%C4%85ca-wygran%C4%85-w-automacie-cash-connection-dolphins-pearl/" "Mozilla/5.0 (Linux; Android 7.0;) AppleWebKit/537.36 (KHTML, like Gecko) Mobile Safari/537.36 (compatible; PetalBot;+https://webmaster.petalsearch.com/site/petalbot)" 257 **0/257665**
114.119.149.66 - - [21/Feb/2026:08:54:48 -0700] "GET /funkcja-darmowych-obrot%C3%B3w-pharaohs-falls/ HTTP/1.1" 200 9099 "https://ftscreations.com/blog/page/34/" "Mozilla/5.0 (Linux; Android 7.0;) AppleWebKit/537.36 (KHTML, like Gecko) Mobile Safari/537.36 (compatible; PetalBot;+https://webmaster.petalsearch.com/site/petalbot)" 261 **0/261035**
114.119.129.175 - - [21/Feb/2026:08:56:25 -0700] "GET /fruit-snap-automat-do-gier-z-epick%C4%85-atmosfer%C4%85 HTTP/1.1" 301 - "-" "Mozilla/5.0 (Linux; Android 7.0;) AppleWebKit/537.36 (KHTML, like Gecko) Mobile Safari/537.36 (compatible; PetalBot;+https://webmaster.petalsearch.com/site/petalbot)" 180 **0/180908**
114.119.129.175 - - [21/Feb/2026:08:56:27 -0700] "GET /fruit-snap-automat-do-gier-z-epick%C4%85-atmosfer%C4%85/ HTTP/1.1" 200 9148 "-" "Mozilla/5.0 (Linux; Android 7.0;) AppleWebKit/537.36 (KHTML, like Gecko) Mobile Safari/537.36 (compatible; PetalBot;+https://webmaster.petalsearch.com/site/petalbot)" 311 **0/311969**
104.210.140.137 - - [21/Feb/2026:08:57:08 -0700] "GET /robots.txt HTTP/1.1" 200 132 "-" "Mozilla/5.0 (Macintosh; Intel Mac OS X 10_15_7) AppleWebKit/537.36 (KHTML, like Gecko) Chrome/131.0.0.0 Safari/537.36; compatible; OAI-SearchBot/1.0; +https://openai.com/searchbot" 6 **0/6637**
114.119.136.249 - - [21/Feb/2026:08:57:41 -0700] "GET /fruit-cocktail-zagraj-w-darmowe-automaty-do-gier/ HTTP/1.1" 200 9262 "https://ftscreations.com/fruit-cocktail-zagraj-w-darmowe-automaty-do-gier/" "Mozilla/5.0 (Linux; Android 7.0;) AppleWebKit/537.36 (KHTML, like Gecko) Mobile Safari/537.36 (compatible; PetalBot;+https://webmaster.petalsearch.com/site/petalbot)" 282 **0/282777**
114.119.151.146 - - [21/Feb/2026:08:59:01 -0700] "GET /fortune-coin-wra%C5%BCenia-audiowizualne/ HTTP/1.1" 200 8985 "https://ftscreations.com/fortune-coin-wra%C5%BCenia-audiowizualne/" "Mozilla/5.0 (Linux; Android 7.0;) AppleWebKit/537.36 (KHTML, like Gecko) Mobile Safari/537.36 (compatible; PetalBot;+https://webmaster.petalsearch.com/site/petalbot)" 349 **0/349605**
114.119.159.62 - - [21/Feb/2026:09:00:22 -0700] "GET /flying-pigs-cechy-szczeg%C3%B3lne HTTP/1.1" 301 - "https://ftscreations.com/flying-pigs-cechy-szczeg%C3%B3lne" "Mozilla/5.0 (Linux; Android 7.0;) AppleWebKit/537.36 (KHTML, like Gecko) Mobile Safari/537.36 (compatible; PetalBot;+https://webmaster.petalsearch.com/site/petalbot)" 205 **0/205381**
114.119.159.62 - - [21/Feb/2026:09:00:23 -0700] "GET /flying-pigs-cechy-szczeg%C3%B3lne/ HTTP/1.1" 200 9121 "https://ftscreations.com/flying-pigs-cechy-szczeg%C3%B3lne" "Mozilla/5.0 (Linux; Android 7.0;) AppleWebKit/537.36 (KHTML, like Gecko) Mobile Safari/537.36 (compatible; PetalBot;+https://webmaster.petalsearch.com/site/petalbot)" 295 **0/295093**
114.119.151.146 - - [21/Feb/2026:09:01:47 -0700] "GET /treasures-of-asgard-kwota-zak%C5%82ad%C3%B3w-wsp%C3%B3%C5%82czynnik-wygranych-i-wariancja HTTP/1.1" 301 - "-" "Mozilla/5.0 (Linux; Android 7.0;) AppleWebKit/537.36 (KHTML, like Gecko) Mobile Safari/537.36 (compatible; PetalBot;+https://webmaster.petalsearch.com/site/petalbot)" 182 **0/182409**
114.119.151.146 - - [21/Feb/2026:09:01:48 -0700] "GET /treasures-of-asgard-kwota-zak%C5%82ad%C3%B3w-wsp%C3%B3%C5%82czynnik-wygranych-i-wariancja/ HTTP/1.1" 200 9226 "-" "Mozilla/5.0 (Linux; Android 7.0;) AppleWebKit/537.36 (KHTML, like Gecko) Mobile Safari/537.36 (compatible; PetalBot;+https://webmaster.petalsearch.com/site/petalbot)" 297 **0/297165**
114.119.141.35 - - [21/Feb/2026:09:03:13 -0700] "GET /mno%C5%BCniki-symboli-w-deck-the-halls HTTP/1.1" 301 - "-" "Mozilla/5.0 (Linux; Android 7.0;) AppleWebKit/537.36 (KHTML, like Gecko) Mobile Safari/537.36 (compatible; PetalBot;+https://webmaster.petalsearch.com/site/petalbot)" 186 **0/186637**
114.119.141.35 - - [21/Feb/2026:09:03:15 -0700] "GET /mno%C5%BCniki-symboli-w-deck-the-halls/ HTTP/1.1" 200 9135 "-" "Mozilla/5.0 (Linux; Android 7.0;) AppleWebKit/537.36 (KHTML, like Gecko) Mobile Safari/537.36 (compatible; PetalBot;+https://webmaster.petalsearch.com/site/petalbot)" 340 **0/340150**
114.119.142.93 - - [21/Feb/2026:09:05:09 -0700] "GET /mayan-gods-grafika-i-d%C5%BAwi%C4%99k/ HTTP/1.1" 200 9290 "https://ftscreations.com/mayan-gods-grafika-i-d%C5%BAwi%C4%99k/" "Mozilla/5.0 (Linux; Android 7.0;) AppleWebKit/537.36 (KHTML, like Gecko) Mobile Safari/537.36 (compatible; PetalBot;+https://webmaster.petalsearch.com/site/petalbot)" 297 **0/297468**
114.119.151.146 - - [21/Feb/2026:09:05:56 -0700] "GET /konwersacja-z-midnight-fruits/ HTTP/1.1" 200 9096 "https://ftscreations.com/konwersacja-z-midnight-fruits/" "Mozilla/5.0 (Linux; Android 7.0;) AppleWebKit/537.36 (KHTML, like Gecko) Mobile Safari/537.36 (compatible; PetalBot;+https://webmaster.petalsearch.com/site/petalbot)" 312 **0/312604**
114.119.146.15 - - [21/Feb/2026:09:07:17 -0700] "GET /gra-kasynowa-power-of-sun-svarog-na-smartfonie/ HTTP/1.1" 200 9093 "https://ftscreations.com/gra-kasynowa-power-of-sun-svarog-na-smartfonie" "Mozilla/5.0 (Linux; Android 7.0;) AppleWebKit/537.36 (KHTML, like Gecko) Mobile Safari/537.36 (compatible; PetalBot;+https://webmaster.petalsearch.com/site/petalbot)" 370 **0/370814**
114.119.129.175 - - [21/Feb/2026:09:08:40 -0700] "GET /five-star-kwota-zak%C5%82ad%C3%B3w-wsp%C3%B3%C5%82czynnik-wygranych-i-wariancja/ HTTP/1.1" 200 9408 "https://ftscreations.com/five-star-kwota-zak%C5%82ad%C3%B3w-wsp%C3%B3%C5%82czynnik-wygranych-i-wariancja" "Mozilla/5.0 (Linux; Android 7.0;) AppleWebKit/537.36 (KHTML, like Gecko) Mobile Safari/537.36 (compatible; PetalBot;+https://webmaster.petalsearch.com/site/petalbot)" 301 **0/301203**
114.119.149.66 - - [21/Feb/2026:09:10:04 -0700] "GET /fishin-frenzy-even-bigger-catch-rtp-i-zmienno%C5%9B%C4%87-gier HTTP/1.1" 301 - "https://ftscreations.com/fishin-frenzy-even-bigger-catch-rtp-i-zmienno%C5%9B%C4%87-gier/" "Mozilla/5.0 (Linux; Android 7.0;) AppleWebKit/537.36 (KHTML, like Gecko) Mobile Safari/537.36 (compatible; PetalBot;+https://webmaster.petalsearch.com/site/petalbot)" 214 **0/214833**
114.119.149.66 - - [21/Feb/2026:09:10:05 -0700] "GET /fishin-frenzy-even-bigger-catch-rtp-i-zmienno%C5%9B%C4%87-gier/ HTTP/1.1" 200 8981 "https://ftscreations.com/fishin-frenzy-even-bigger-catch-rtp-i-zmienno%C5%9B%C4%87-gier/" "Mozilla/5.0 (Linux; Android 7.0;) AppleWebKit/537.36 (KHTML, like Gecko) Mobile Safari/537.36 (compatible; PetalBot;+https://webmaster.petalsearch.com/site/petalbot)" 349 **0/349029**
13.49.141.163 - - [21/Feb/2026:09:10:55 -0700] "GET / HTTP/1.1" 200 4542 "-" "Mozilla/5.0 (Knoppix; Linux i686) AppleWebKit/537.36 (KHTML, like Gecko) Chrome/132.0.0.0 Safari/537.36" 213 **0/213612**
114.119.159.62 - - [21/Feb/2026:09:11:30 -0700] "GET /fish-eye-zwyci%C4%99skie-kaskady-lub-funkcja-lawiny HTTP/1.1" 301 - "https://ftscreations.com/fish-eye-zwyci%C4%99skie-kaskady-lub-funkcja-lawiny" "Mozilla/5.0 (Linux; Android 7.0;) AppleWebKit/537.36 (KHTML, like Gecko) Mobile Safari/537.36 (compatible; PetalBot;+https://webmaster.petalsearch.com/site/petalbot)" 179 **0/179622**
114.119.159.62 - - [21/Feb/2026:09:11:31 -0700] "GET /fish-eye-zwyci%C4%99skie-kaskady-lub-funkcja-lawiny/ HTTP/1.1" 200 9467 "https://ftscreations.com/fish-eye-zwyci%C4%99skie-kaskady-lub-funkcja-lawiny" "Mozilla/5.0 (Linux; Android 7.0;) AppleWebKit/537.36 (KHTML, like Gecko) Mobile Safari/537.36 (compatible; PetalBot;+https://webmaster.petalsearch.com/site/petalbot)" 310 **0/310745**
114.119.151.146 - - [21/Feb/2026:09:12:53 -0700] "GET /fire-strike-cykle-wyp%C5%82at-w-automatach HTTP/1.1" 301 - "https://ftscreations.com/blog/page/6" "Mozilla/5.0 (Linux; Android 7.0;) AppleWebKit/537.36 (KHTML, like Gecko) Mobile Safari/537.36 (compatible; PetalBot;+https://webmaster.petalsearch.com/site/petalbot)" 208 **0/208169**
114.119.151.146 - - [21/Feb/2026:09:12:55 -0700] "GET /fire-strike-cykle-wyp%C5%82at-w-automatach/ HTTP/1.1" 200 9107 "https://ftscreations.com/blog/page/6" "Mozilla/5.0 (Linux; Android 7.0;) AppleWebKit/537.36 (KHTML, like Gecko) Mobile Safari/537.36 (compatible; PetalBot;+https://webmaster.petalsearch.com/site/petalbot)" 328 **0/328884**
43.173.178.253 - - [21/Feb/2026:09:13:32 -0700] "GET /?p=4280 HTTP/1.1" 301 - "-" "Mozilla/5.0 (Windows NT 10.0; Win64; x64) AppleWebKit/537.36 (KHTML, like Gecko) Chrome/108.0.0.0 Safari/537.36" 210 **0/210378**
43.173.178.253 - - [21/Feb/2026:09:13:32 -0700] "GET /excalibur-unleashed-kasyna-internetowe/ HTTP/1.1" 200 9099 "https://ftscreations.com/?p=4280" "Mozilla/5.0 (Windows NT 10.0; Win64; x64) AppleWebKit/537.36 (KHTML, like Gecko) Chrome/108.0.0.0 Safari/537.36" 342 **0/342848**
43.173.181.164 - - [21/Feb/2026:09:13:41 -0700] "POST / HTTP/1.1" 204 - "https://ftscreations.com/?p=4280" "Mozilla/5.0 (Windows NT 10.0; Win64; x64) AppleWebKit/537.36 (KHTML, like Gecko) Chrome/108.0.0.0 Safari/537.36" 215 **0/215091**
114.119.142.93 - - [21/Feb/2026:09:14:25 -0700] "GET /fire-joker-recenzja-automatu/ HTTP/1.1" 200 9203 "https://ftscreations.com/fire-joker-recenzja-automatu" "Mozilla/5.0 (Linux; Android 7.0;) AppleWebKit/537.36 (KHTML, like Gecko) Mobile Safari/537.36 (compatible; PetalBot;+https://webmaster.petalsearch.com/site/petalbot)" 506 **0/506982**
52.167.144.193 - - [21/Feb/2026:09:14:38 -0700] "GET /ancient-disco-bonus-od-depozytu/ HTTP/2.0" 200 8522 "-" "Mozilla/5.0 AppleWebKit/537.36 (KHTML, like Gecko; compatible; bingbot/2.0; +http://www.bing.com/bingbot.htm) Chrome/116.0.1938.76 Safari/537.36" 281 **0/281595**
129.226.204.35 - - [21/Feb/2026:09:15:54 -0700] "GET /?p=3982 HTTP/1.1" 301 - "-" "Mozilla/5.0 (Windows NT 10.0; Win64; x64) AppleWebKit/537.36 (KHTML, like Gecko) Chrome/109.0.0.0 Safari/537.36" 223 **0/223093**
129.226.204.35 - - [21/Feb/2026:09:15:54 -0700] "GET /gra-lucky-88-z-polem-gry-6x5/ HTTP/1.1" 200 9239 "https://ftscreations.com/?p=3982" "Mozilla/5.0 (Windows NT 10.0; Win64; x64) AppleWebKit/537.36 (KHTML, like Gecko) Chrome/109.0.0.0 Safari/537.36" 293 **0/293631**
43.173.182.205 - - [21/Feb/2026:09:15:58 -0700] "POST / HTTP/1.1" 204 - "https://ftscreations.com/?p=3982" "Mozilla/5.0 (Windows NT 10.0; Win64; x64) AppleWebKit/537.36 (KHTML, like Gecko) Chrome/109.0.0.0 Safari/537.36" 219 **0/219789**
114.119.151.146 - - [21/Feb/2026:09:16:28 -0700] "GET /extra-chilli-unikalnych-funkcji-automat%C3%B3w-do-gier/ HTTP/1.1" 200 9336 "https://ftscreations.com/extra-chilli-unikalnych-funkcji-automat%C3%B3w-do-gier/" "Mozilla/5.0 (Linux; Android 7.0;) AppleWebKit/537.36 (KHTML, like Gecko) Mobile Safari/537.36 (compatible; PetalBot;+https://webmaster.petalsearch.com/site/petalbot)" 674 **0/674046**
115.45.42.252 - - [21/Feb/2026:09:16:35 -0700] "GET /robots.txt HTTP/1.1" 200 153 "-" "Mozilla/5.0 (Windows NT 10.0; Win64; x64) AppleWebKit/537.36 (KHTML, like Gecko) Chrome/78.0.4093.85 Safari/537.36 OPR/63.0.3368.43" 4 **0/4308**
114.119.142.93 - - [21/Feb/2026:09:17:11 -0700] "GET /extra-chilli-online-opinie/ HTTP/1.1" 200 9112 "https://ftscreations.com/extra-chilli-online-opinie" "Mozilla/5.0 (Linux; Android 7.0;) AppleWebKit/537.36 (KHTML, like Gecko) Mobile Safari/537.36 (compatible; PetalBot;+https://webmaster.petalsearch.com/site/petalbot)" 669 **0/669254**
114.119.141.35 - - [21/Feb/2026:09:18:30 -0700] "GET /esqueleto-mariachi-automat-bez-dzikich-symboli/ HTTP/1.1" 200 9178 "https://ftscreations.com/esqueleto-mariachi-automat-bez-dzikich-symboli" "Mozilla/5.0 (Linux; Android 7.0;) AppleWebKit/537.36 (KHTML, like Gecko) Mobile Safari/537.36 (compatible; PetalBot;+https://webmaster.petalsearch.com/site/petalbot)" 289 **0/289845**
114.119.142.93 - - [21/Feb/2026:09:20:02 -0700] "GET /elvis-frog-in-vegas-recenzja-gier-slotowych HTTP/1.1" 301 - "-" "Mozilla/5.0 (Linux; Android 7.0;) AppleWebKit/537.36 (KHTML, like Gecko) Mobile Safari/537.36 (compatible; PetalBot;+https://webmaster.petalsearch.com/site/petalbot)" 346 **0/346440**
114.119.142.93 - - [21/Feb/2026:09:20:04 -0700] "GET /elvis-frog-in-vegas-recenzja-gier-slotowych/ HTTP/1.1" 200 9039 "-" "Mozilla/5.0 (Linux; Android 7.0;) AppleWebKit/537.36 (KHTML, like Gecko) Mobile Safari/537.36 (compatible; PetalBot;+https://webmaster.petalsearch.com/site/petalbot)" 531 **0/531552**
114.119.141.35 - - [21/Feb/2026:09:21:16 -0700] "GET /ekspertyza-na-3-lucky-leprechauns HTTP/1.1" 301 - "https://ftscreations.com/ekspertyza-na-3-lucky-leprechauns" "Mozilla/5.0 (Linux; Android 7.0;) AppleWebKit/537.36 (KHTML, like Gecko) Mobile Safari/537.36 (compatible; PetalBot;+https://webmaster.petalsearch.com/site/petalbot)" 225 **0/225300**
114.119.141.35 - - [21/Feb/2026:09:21:17 -0700] "GET /ekspertyza-na-3-lucky-leprechauns/ HTTP/1.1" 200 9141 "https://ftscreations.com/ekspertyza-na-3-lucky-leprechauns" "Mozilla/5.0 (Linux; Android 7.0;) AppleWebKit/537.36 (KHTML, like Gecko) Mobile Safari/537.36 (compatible; PetalBot;+https://webmaster.petalsearch.com/site/petalbot)" 322 **0/322446**
114.119.149.66 - - [21/Feb/2026:09:22:40 -0700] "GET /dragons-luck-megaways-online-w-trybie-demo-bez-rejestracji HTTP/1.1" 301 - "https://ftscreations.com/dragons-luck-megaways-online-w-trybie-demo-bez-rejestracji" "Mozilla/5.0 (Linux; Android 7.0;) AppleWebKit/537.36 (KHTML, like Gecko) Mobile Safari/537.36 (compatible; PetalBot;+https://webmaster.petalsearch.com/site/petalbot)" 223 **0/223170**
114.119.149.66 - - [21/Feb/2026:09:22:42 -0700] "GET /dragons-luck-megaways-online-w-trybie-demo-bez-rejestracji/ HTTP/1.1" 200 9225 "https://ftscreations.com/dragons-luck-megaways-online-w-trybie-demo-bez-rejestracji" "Mozilla/5.0 (Linux; Android 7.0;) AppleWebKit/537.36 (KHTML, like Gecko) Mobile Safari/537.36 (compatible; PetalBot;+https://webmaster.petalsearch.com/site/petalbot)" 319 **0/319075**
114.119.142.93 - - [21/Feb/2026:09:24:06 -0700] "GET /zagraj-w-automat-online-za-darmo-w-respin-joker-81/ HTTP/1.1" 200 9322 "https://ftscreations.com/zagraj-w-automat-online-za-darmo-w-respin-joker-81/" "Mozilla/5.0 (Linux; Android 7.0;) AppleWebKit/537.36 (KHTML, like Gecko) Mobile Safari/537.36 (compatible; PetalBot;+https://webmaster.petalsearch.com/site/petalbot)" 313 **0/313851**
202.76.173.208 - - [21/Feb/2026:09:24:10 -0700] "GET /fortune-of-olympus-das-himmlische-spielerlebnis-am/ HTTP/1.1" 200 10481 "-" "Mozilla/5.0 (X11; U; FreeBSD i386; en-US) AppleWebKit/534.16 (KHTML, like Gecko) Chrome/10.0.648.204 Safari/534.16" 292 **0/292704**
114.119.136.249 - - [21/Feb/2026:09:25:44 -0700] "GET /zagraj-w-5-families-z-systemem-martingale HTTP/1.1" 301 - "-" "Mozilla/5.0 (Linux; Android 7.0;) AppleWebKit/537.36 (KHTML, like Gecko) Mobile Safari/537.36 (compatible; PetalBot;+https://webmaster.petalsearch.com/site/petalbot)" 171 **0/171474**
114.119.136.249 - - [21/Feb/2026:09:25:46 -0700] "GET /zagraj-w-5-families-z-systemem-martingale/ HTTP/1.1" 200 9153 "-" "Mozilla/5.0 (Linux; Android 7.0;) AppleWebKit/537.36 (KHTML, like Gecko) Mobile Safari/537.36 (compatible; PetalBot;+https://webmaster.petalsearch.com/site/petalbot)" 302 **0/302935**
114.119.136.249 - - [21/Feb/2026:09:26:57 -0700] "GET /wp%C5%82aty-i-wyp%C5%82aty-dla-super-duper/ HTTP/1.1" 200 9262 "https://ftscreations.com/wp%C5%82aty-i-wyp%C5%82aty-dla-super-duper" "Mozilla/5.0 (Linux; Android 7.0;) AppleWebKit/537.36 (KHTML, like Gecko) Mobile Safari/537.36 (compatible; PetalBot;+https://webmaster.petalsearch.com/site/petalbot)" 263 **0/263318**
72.167.58.252 - - [21/Feb/2026:09:28:16 -0700] "POST /wp-cron.php?doing_wp_cron=1771691296.2141909599304199218750 HTTP/1.1" 200 - "https://ftscreations.com/wp-cron.php?doing_wp_cron=1771691296.2141909599304199218750" "WordPress/5.4.18; https://ftscreations.com" 194 **0/194916**
114.119.136.249 - - [21/Feb/2026:09:28:16 -0700] "GET /wild-link-zeus-symbole-rozproszenia-i-mno%C5%BCnika HTTP/1.1" 301 - "-" "Mozilla/5.0 (Linux; Android 7.0;) AppleWebKit/537.36 (KHTML, like Gecko) Mobile Safari/537.36 (compatible; PetalBot;+https://webmaster.petalsearch.com/site/petalbot)" 382 **0/382575**
114.119.136.249 - - [21/Feb/2026:09:28:18 -0700] "GET /wild-link-zeus-symbole-rozproszenia-i-mno%C5%BCnika/ HTTP/1.1" 200 9446 "-" "Mozilla/5.0 (Linux; Android 7.0;) AppleWebKit/537.36 (KHTML, like Gecko) Mobile Safari/537.36 (compatible; PetalBot;+https://webmaster.petalsearch.com/site/petalbot)" 343 **0/343232**
114.119.149.66 - - [21/Feb/2026:09:29:34 -0700] "GET /tryb-demonstracyjny-bez-rejestracji-i-pobierania-na-football-glory HTTP/1.1" 301 - "-" "Mozilla/5.0 (Linux; Android 7.0;) AppleWebKit/537.36 (KHTML, like Gecko) Mobile Safari/537.36 (compatible; PetalBot;+https://webmaster.petalsearch.com/site/petalbot)" 204 **0/204305**
114.119.149.66 - - [21/Feb/2026:09:29:35 -0700] "GET /tryb-demonstracyjny-bez-rejestracji-i-pobierania-na-football-glory/ HTTP/1.1" 200 8994 "-" "Mozilla/5.0 (Linux; Android 7.0;) AppleWebKit/537.36 (KHTML, like Gecko) Mobile Safari/537.36 (compatible; PetalBot;+https://webmaster.petalsearch.com/site/petalbot)" 546 **0/546402**
114.119.151.146 - - [21/Feb/2026:09:31:10 -0700] "GET /take-the-bank-automaty-online HTTP/1.1" 301 - "-" "Mozilla/5.0 (Linux; Android 7.0;) AppleWebKit/537.36 (KHTML, like Gecko) Mobile Safari/537.36 (compatible; PetalBot;+https://webmaster.petalsearch.com/site/petalbot)" 191 **0/191487**
114.119.151.146 - - [21/Feb/2026:09:31:12 -0700] "GET /take-the-bank-automaty-online/ HTTP/1.1" 200 9058 "-" "Mozilla/5.0 (Linux; Android 7.0;) AppleWebKit/537.36 (KHTML, like Gecko) Mobile Safari/537.36 (compatible; PetalBot;+https://webmaster.petalsearch.com/site/petalbot)" 305 **0/305000**
114.119.142.93 - - [21/Feb/2026:09:32:33 -0700] "GET /sweet-bonanza-xmas-maksymalna-wyp%C5%82ata HTTP/1.1" 301 - "http://ftscreations.com/?p=3191" "Mozilla/5.0 (Linux; Android 7.0;) AppleWebKit/537.36 (KHTML, like Gecko) Mobile Safari/537.36 (compatible; PetalBot;+https://webmaster.petalsearch.com/site/petalbot)" 212 **0/212256**
114.119.142.93 - - [21/Feb/2026:09:32:35 -0700] "GET /sweet-bonanza-xmas-maksymalna-wyp%C5%82ata/ HTTP/1.1" 200 8726 "http://ftscreations.com/?p=3191" "Mozilla/5.0 (Linux; Android 7.0;) AppleWebKit/537.36 (KHTML, like Gecko) Mobile Safari/537.36 (compatible; PetalBot;+https://webmaster.petalsearch.com/site/petalbot)" 416 **0/416650**
114.119.142.93 - - [21/Feb/2026:09:33:58 -0700] "GET /rise-of-olympus-100-efekty-wizualne-i-d%C5%BAwi%C4%99kowe-w-grze HTTP/1.1" 301 - "https://ftscreations.com/rise-of-olympus-100-efekty-wizualne-i-d%C5%BAwi%C4%99kowe-w-grze" "Mozilla/5.0 (Linux; Android 7.0;) AppleWebKit/537.36 (KHTML, like Gecko) Mobile Safari/537.36 (compatible; PetalBot;+https://webmaster.petalsearch.com/site/petalbot)" 174 **0/174444**
114.119.142.93 - - [21/Feb/2026:09:33:59 -0700] "GET /rise-of-olympus-100-efekty-wizualne-i-d%C5%BAwi%C4%99kowe-w-grze/ HTTP/1.1" 200 9004 "https://ftscreations.com/rise-of-olympus-100-efekty-wizualne-i-d%C5%BAwi%C4%99kowe-w-grze" "Mozilla/5.0 (Linux; Android 7.0;) AppleWebKit/537.36 (KHTML, like Gecko) Mobile Safari/537.36 (compatible; PetalBot;+https://webmaster.petalsearch.com/site/petalbot)" 281 **0/281991**
114.119.149.66 - - [21/Feb/2026:09:35:16 -0700] "GET /recenzje-graczy-o-grze-dead-or-alive-2 HTTP/1.1" 301 - "https://ftscreations.com/blog/page/12" "Mozilla/5.0 (Linux; Android 7.0;) AppleWebKit/537.36 (KHTML, like Gecko) Mobile Safari/537.36 (compatible; PetalBot;+https://webmaster.petalsearch.com/site/petalbot)" 197 **0/197186**
114.119.149.66 - - [21/Feb/2026:09:35:17 -0700] "GET /recenzje-graczy-o-grze-dead-or-alive-2/ HTTP/1.1" 200 9252 "https://ftscreations.com/blog/page/12" "Mozilla/5.0 (Linux; Android 7.0;) AppleWebKit/537.36 (KHTML, like Gecko) Mobile Safari/537.36 (compatible; PetalBot;+https://webmaster.petalsearch.com/site/petalbot)" 269 **0/269284**
114.119.151.146 - - [21/Feb/2026:09:36:35 -0700] "GET /mafia-kasino-tu-lugar-de-entretenimiento-con-diseno-unico/ HTTP/1.1" 200 10843 "https://ftscreations.com/tabela-wygranych-i-symbole-w-grze-da-vincis-mystery/" "Mozilla/5.0 (Linux; Android 7.0;) AppleWebKit/537.36 (KHTML, like Gecko) Mobile Safari/537.36 (compatible; PetalBot;+https://webmaster.petalsearch.com/site/petalbot)" 289 **0/289879**
114.119.136.249 - - [21/Feb/2026:09:38:00 -0700] "GET /kompatybilny-z-telefonami-kom%C3%B3rkowymi-pc-ios-i-android-w-solar-king/ HTTP/1.1" 200 9512 "https://ftscreations.com/kompatybilny-z-telefonami-kom%C3%B3rkowymi-pc-ios-i-android-w-solar-king" "Mozilla/5.0 (Linux; Android 7.0;) AppleWebKit/537.36 (KHTML, like Gecko) Mobile Safari/537.36 (compatible; PetalBot;+https://webmaster.petalsearch.com/site/petalbot)" 264 **0/264226**
114.119.149.66 - - [21/Feb/2026:09:39:30 -0700] "GET /joker-rush-darmowe-demo/ HTTP/1.1" 200 9028 "https://ftscreations.com/joker-rush-darmowe-demo" "Mozilla/5.0 (Linux; Android 7.0;) AppleWebKit/537.36 (KHTML, like Gecko) Mobile Safari/537.36 (compatible; PetalBot;+https://webmaster.petalsearch.com/site/petalbot)" 294 **0/294916**
114.119.141.35 - - [21/Feb/2026:09:40:51 -0700] "GET /gra-cash-ultimate-rtp HTTP/1.1" 301 - "https://ftscreations.com/gra-cash-ultimate-rtp" "Mozilla/5.0 (Linux; Android 7.0;) AppleWebKit/537.36 (KHTML, like Gecko) Mobile Safari/537.36 (compatible; PetalBot;+https://webmaster.petalsearch.com/site/petalbot)" 283 **0/283760**
114.119.141.35 - - [21/Feb/2026:09:40:53 -0700] "GET /gra-cash-ultimate-rtp/ HTTP/1.1" 200 9117 "https://ftscreations.com/gra-cash-ultimate-rtp" "Mozilla/5.0 (Linux; Android 7.0;) AppleWebKit/537.36 (KHTML, like Gecko) Mobile Safari/537.36 (compatible; PetalBot;+https://webmaster.petalsearch.com/site/petalbot)" 363 **0/363104**
114.119.129.175 - - [21/Feb/2026:09:42:15 -0700] "GET /gonzos-quest-funkcja-b%C4%99bn%C3%B3w-b%C4%99bnowych HTTP/1.1" 301 - "-" "Mozilla/5.0 (Linux; Android 7.0;) AppleWebKit/537.36 (KHTML, like Gecko) Mobile Safari/537.36 (compatible; PetalBot;+https://webmaster.petalsearch.com/site/petalbot)" 193 **0/193756**
114.119.129.175 - - [21/Feb/2026:09:42:16 -0700] "GET /gonzos-quest-funkcja-b%C4%99bn%C3%B3w-b%C4%99bnowych/ HTTP/1.1" 200 8447 "-" "Mozilla/5.0 (Linux; Android 7.0;) AppleWebKit/537.36 (KHTML, like Gecko) Mobile Safari/537.36 (compatible; PetalBot;+https://webmaster.petalsearch.com/site/petalbot)" 322 **0/322316**
114.119.129.175 - - [21/Feb/2026:09:43:32 -0700] "GET /gold-cash-free-spins-zwi%C4%99ksz-wygrane-dzi%C4%99ki-mno%C5%BCnikom/ HTTP/1.1" 200 9230 "http://ftscreations.com/?p=6169" "Mozilla/5.0 (Linux; Android 7.0;) AppleWebKit/537.36 (KHTML, like Gecko) Mobile Safari/537.36 (compatible; PetalBot;+https://webmaster.petalsearch.com/site/petalbot)" 322 **0/322961**
114.119.142.93 - - [21/Feb/2026:09:45:00 -0700] "GET /ghost-of-dead-kaskadowa-mechanika-ko%C5%82owrotka/ HTTP/1.1" 200 9174 "https://ftscreations.com/blog/page/52/" "Mozilla/5.0 (Linux; Android 7.0;) AppleWebKit/537.36 (KHTML, like Gecko) Mobile Safari/537.36 (compatible; PetalBot;+https://webmaster.petalsearch.com/site/petalbot)" 288 **0/288827**
114.119.142.93 - - [21/Feb/2026:09:46:30 -0700] "GET /zagraj-w-automat-tiger-rush/ HTTP/1.1" 200 9387 "https://ftscreations.com/zagraj-w-automat-tiger-rush" "Mozilla/5.0 (Linux; Android 7.0;) AppleWebKit/537.36 (KHTML, like Gecko) Mobile Safari/537.36 (compatible; PetalBot;+https://webmaster.petalsearch.com/site/petalbot)" 451 **0/451273**
114.119.142.93 - - [21/Feb/2026:09:47:40 -0700] "GET /wygraj-zdecydowanie-w-gems-gone-wild HTTP/1.1" 301 - "-" "Mozilla/5.0 (Linux; Android 7.0;) AppleWebKit/537.36 (KHTML, like Gecko) Mobile Safari/537.36 (compatible; PetalBot;+https://webmaster.petalsearch.com/site/petalbot)" 167 **0/167819**
114.119.142.93 - - [21/Feb/2026:09:47:41 -0700] "GET /wygraj-zdecydowanie-w-gems-gone-wild/ HTTP/1.1" 200 9133 "-" "Mozilla/5.0 (Linux; Android 7.0;) AppleWebKit/537.36 (KHTML, like Gecko) Mobile Safari/537.36 (compatible; PetalBot;+https://webmaster.petalsearch.com/site/petalbot)" 266 **0/266605**
114.119.151.146 - - [21/Feb/2026:09:49:12 -0700] "GET /vampire-bride-symbole-i-funkcje-bonusowe/ HTTP/1.1" 200 9198 "https://ftscreations.com/vampire-bride-symbole-i-funkcje-bonusowe" "Mozilla/5.0 (Linux; Android 7.0;) AppleWebKit/537.36 (KHTML, like Gecko) Mobile Safari/537.36 (compatible; PetalBot;+https://webmaster.petalsearch.com/site/petalbot)" 292 **0/292701**
114.119.159.62 - - [21/Feb/2026:09:50:27 -0700] "GET /temujin-treasures-zwyci%C4%99ska-kombinacja-znika/ HTTP/1.1" 200 9150 "https://ftscreations.com/temujin-treasures-zwyci%C4%99ska-kombinacja-znika" "Mozilla/5.0 (Linux; Android 7.0;) AppleWebKit/537.36 (KHTML, like Gecko) Mobile Safari/537.36 (compatible; PetalBot;+https://webmaster.petalsearch.com/site/petalbot)" 313 **0/313435**
114.119.159.62 - - [21/Feb/2026:09:51:50 -0700] "GET /take-the-bank-automaty-online/ HTTP/1.1" 200 9057 "http://ftscreations.com/?p=8707" "Mozilla/5.0 (Linux; Android 7.0;) AppleWebKit/537.36 (KHTML, like Gecko) Mobile Safari/537.36 (compatible; PetalBot;+https://webmaster.petalsearch.com/site/petalbot)" 294 **0/294824**
114.119.142.93 - - [21/Feb/2026:09:53:25 -0700] "GET /slots-ogold-gier-mobilnych/ HTTP/1.1" 200 9260 "https://ftscreations.com/slots-ogold-gier-mobilnych/" "Mozilla/5.0 (Linux; Android 7.0;) AppleWebKit/537.36 (KHTML, like Gecko) Mobile Safari/537.36 (compatible; PetalBot;+https://webmaster.petalsearch.com/site/petalbot)" 368 **0/368559**
