37.27.106.115 - - [21/Feb/2026:13:06:09 -0700] "POST /xmlrpc.php HTTP/1.1" 200 11064 "-" "Mozilla/5.0 (X11; Linux i686) AppleWebKit/537.36 (KHTML, like Gecko) Chrome/114.0.0.0 Safari/537.36 Vivaldi/5.3.2679.68" 553 **0/553235**
37.27.106.115 - - [21/Feb/2026:13:06:11 -0700] "POST /xmlrpc.php HTTP/1.1" 200 180 "-" "Mozilla/5.0 (X11; Linux i686) AppleWebKit/537.36 (KHTML, like Gecko) Chrome/114.0.0.0 Safari/537.36 Vivaldi/5.3.2679.68" 301 **0/301972**
72.167.58.252 - - [21/Feb/2026:13:06:13 -0700] "POST /wp-cron.php?doing_wp_cron=1771704373.0136969089508056640625 HTTP/1.1" 200 - "https://ftscreations.com/wp-cron.php?doing_wp_cron=1771704373.0136969089508056640625" "WordPress/5.4.18; https://ftscreations.com" 337 **0/337146**
37.27.106.115 - - [21/Feb/2026:13:06:12 -0700] "POST /xmlrpc.php HTTP/1.1" 200 11495 "-" "Mozilla/5.0 (X11; Linux i686) AppleWebKit/537.36 (KHTML, like Gecko) Chrome/114.0.0.0 Safari/537.36 Vivaldi/5.3.2679.68" 594 **0/594141**
157.180.107.100 - - [21/Feb/2026:13:06:46 -0700] "GET /avia-fly-2-kompendium-po-jedynej-z-maksymalnie/ HTTP/1.1" 200 10137 "-" "Screaming Frog SEO Spider/19.8" 453 **0/453757**
157.180.107.100 - - [21/Feb/2026:13:06:47 -0700] "GET /big-bass-splash-1000-ein-ultimative-angelspiel/ HTTP/1.1" 200 10555 "-" "Screaming Frog SEO Spider/19.8" 244 **0/244718**
157.180.107.100 - - [21/Feb/2026:13:06:47 -0700] "GET /fortune-of-olympus-das-gottliche-spielvergnugen-am/ HTTP/1.1" 200 10540 "-" "Screaming Frog SEO Spider/19.8" 282 **0/282898**
157.180.107.100 - - [21/Feb/2026:13:06:48 -0700] "GET /gonzo-s-adventure-the-revolutionary-avalanche/ HTTP/1.1" 200 10316 "-" "Screaming Frog SEO Spider/19.8" 257 **0/257419**
157.180.107.100 - - [21/Feb/2026:13:06:49 -0700] "GET /kasino-eksklusiv-rofus-gaming-uhindret-uden/ HTTP/1.1" 200 9928 "-" "Screaming Frog SEO Spider/19.8" 299 **0/299040**
157.180.107.100 - - [21/Feb/2026:13:06:50 -0700] "GET /plataformas-de-casino-en-linea-del-continente/ HTTP/1.1" 200 10325 "-" "Screaming Frog SEO Spider/19.8" 251 **0/251426**
157.180.107.100 - - [21/Feb/2026:13:06:51 -0700] "GET /rabbit-road-pelaa-ja-opi-baccarat-taktiikan/ HTTP/1.1" 200 10794 "-" "Screaming Frog SEO Spider/19.8" 263 **0/263552**
157.180.107.100 - - [21/Feb/2026:13:06:52 -0700] "GET /slots-angels-casino-el-lugar-de-diversion-en-linea/ HTTP/1.1" 200 10246 "-" "Screaming Frog SEO Spider/19.8" 265 **0/265609**
114.119.149.66 - - [21/Feb/2026:13:06:54 -0700] "GET /zmienno%C5%9B%C4%87-slot%C3%B3w-dueling-jokers-dream-drop/ HTTP/1.1" 200 9283 "https://ftscreations.com/zmienno%C5%9B%C4%87-slot%C3%B3w-dueling-jokers-dream-drop/" "Mozilla/5.0 (Linux; Android 7.0;) AppleWebKit/537.36 (KHTML, like Gecko) Mobile Safari/537.36 (compatible; PetalBot;+https://webmaster.petalsearch.com/site/petalbot)" 323 **0/323795**
114.119.141.35 - - [21/Feb/2026:13:08:18 -0700] "GET /zagraj-w-jewels-quest-2-kryptowalutami HTTP/1.1" 301 - "https://ftscreations.com/zagraj-w-jewels-quest-2-kryptowalutami" "Mozilla/5.0 (Linux; Android 7.0;) AppleWebKit/537.36 (KHTML, like Gecko) Mobile Safari/537.36 (compatible; PetalBot;+https://webmaster.petalsearch.com/site/petalbot)" 213 **0/213415**
114.119.141.35 - - [21/Feb/2026:13:08:21 -0700] "GET /zagraj-w-jewels-quest-2-kryptowalutami/ HTTP/1.1" 200 9037 "https://ftscreations.com/zagraj-w-jewels-quest-2-kryptowalutami" "Mozilla/5.0 (Linux; Android 7.0;) AppleWebKit/537.36 (KHTML, like Gecko) Mobile Safari/537.36 (compatible; PetalBot;+https://webmaster.petalsearch.com/site/petalbot)" 293 **0/293333**
114.119.146.15 - - [21/Feb/2026:13:09:46 -0700] "GET /wysoka-wyp%C5%82ata-rtp-w-grze-legacy-of-dead/ HTTP/1.1" 200 9588 "https://ftscreations.com/wysoka-wyp%C5%82ata-rtp-w-grze-legacy-of-dead/" "Mozilla/5.0 (Linux; Android 7.0;) AppleWebKit/537.36 (KHTML, like Gecko) Mobile Safari/537.36 (compatible; PetalBot;+https://webmaster.petalsearch.com/site/petalbot)" 349 **0/349789**
114.119.146.15 - - [21/Feb/2026:13:11:03 -0700] "GET /vilk-and-little-red-symbole-i-p%C5%82atno%C5%9Bci/ HTTP/1.1" 200 9211 "https://ftscreations.com/vilk-and-little-red-symbole-i-p%C5%82atno%C5%9Bci/" "Mozilla/5.0 (Linux; Android 7.0;) AppleWebKit/537.36 (KHTML, like Gecko) Mobile Safari/537.36 (compatible; PetalBot;+https://webmaster.petalsearch.com/site/petalbot)" 316 **0/316323**
114.119.142.93 - - [21/Feb/2026:13:12:26 -0700] "GET /tajemnicza-wygrana-na-automacie-berry-berry-bonanza HTTP/1.1" 301 - "https://ftscreations.com/tajemnicza-wygrana-na-automacie-berry-berry-bonanza" "Mozilla/5.0 (Linux; Android 7.0;) AppleWebKit/537.36 (KHTML, like Gecko) Mobile Safari/537.36 (compatible; PetalBot;+https://webmaster.petalsearch.com/site/petalbot)" 209 **0/209759**
114.119.142.93 - - [21/Feb/2026:13:12:28 -0700] "GET /tajemnicza-wygrana-na-automacie-berry-berry-bonanza/ HTTP/1.1" 200 9280 "https://ftscreations.com/tajemnicza-wygrana-na-automacie-berry-berry-bonanza" "Mozilla/5.0 (Linux; Android 7.0;) AppleWebKit/537.36 (KHTML, like Gecko) Mobile Safari/537.36 (compatible; PetalBot;+https://webmaster.petalsearch.com/site/petalbot)" 369 **0/369486**
114.119.142.93 - - [21/Feb/2026:13:13:57 -0700] "GET /sun-goddess-wersja-demo HTTP/1.1" 301 - "https://ftscreations.com/sun-goddess-wersja-demo" "Mozilla/5.0 (Linux; Android 7.0;) AppleWebKit/537.36 (KHTML, like Gecko) Mobile Safari/537.36 (compatible; PetalBot;+https://webmaster.petalsearch.com/site/petalbot)" 279 **0/279393**
114.119.142.93 - - [21/Feb/2026:13:13:59 -0700] "GET /sun-goddess-wersja-demo/ HTTP/1.1" 200 9028 "https://ftscreations.com/sun-goddess-wersja-demo" "Mozilla/5.0 (Linux; Android 7.0;) AppleWebKit/537.36 (KHTML, like Gecko) Mobile Safari/537.36 (compatible; PetalBot;+https://webmaster.petalsearch.com/site/petalbot)" 250 **0/250687**
92.119.36.75 - - [21/Feb/2026:13:14:53 -0700] "GET /blog/ HTTP/1.0" 200 44233 "https://ftscreations.com/blog/" "Mozilla/5.0 (Windows NT 10.0; Win64; x64) AppleWebKit/537.36 (KHTML, like Gecko) Chrome/131.0.0.0 Safari/537.36 Avast/131.0.0.0" 293 **0/293233**
92.119.36.54 - - [21/Feb/2026:13:14:56 -0700] "GET /blog/page/2/ HTTP/1.0" 200 44704 "https://ftscreations.com/blog/page/2/" "Mozilla/5.0 (Windows NT 10.0; Win64; x64) AppleWebKit/537.36 (KHTML, like Gecko) Chrome/131.0.0.0 Safari/537.36 Avast/131.0.0.0" 416 **0/416461**
92.119.36.90 - - [21/Feb/2026:13:14:58 -0700] "GET /blog/page/3/ HTTP/1.0" 200 44105 "https://ftscreations.com/blog/page/3/" "Mozilla/5.0 (Windows NT 10.0; Win64; x64) AppleWebKit/537.36 (KHTML, like Gecko) Chrome/131.0.0.0 Safari/537.36 Avast/131.0.0.0" 322 **0/322053**
92.119.36.87 - - [21/Feb/2026:13:15:00 -0700] "GET /blog/page/4/ HTTP/1.0" 200 43636 "https://ftscreations.com/blog/page/4/" "Mozilla/5.0 (Windows NT 10.0; Win64; x64) AppleWebKit/537.36 (KHTML, like Gecko) Chrome/131.0.0.0 Safari/537.36 Avast/131.0.0.0" 866 **0/866283**
92.119.36.69 - - [21/Feb/2026:13:15:02 -0700] "GET /blog/page/5/ HTTP/1.0" 200 43859 "https://ftscreations.com/blog/page/5/" "Mozilla/5.0 (Windows NT 10.0; Win64; x64) AppleWebKit/537.36 (KHTML, like Gecko) Chrome/131.0.0.0 Safari/537.36 Avast/131.0.0.0" 399 **0/399327**
92.119.36.59 - - [21/Feb/2026:13:15:04 -0700] "GET /blog/page/6/ HTTP/1.0" 200 44155 "https://ftscreations.com/blog/page/6/" "Mozilla/5.0 (Windows NT 10.0; Win64; x64) AppleWebKit/537.36 (KHTML, like Gecko) Chrome/131.0.0.0 Safari/537.36 Avast/131.0.0.0" 277 **0/277889**
43.173.174.45 - - [21/Feb/2026:13:15:07 -0700] "GET /?p=5476 HTTP/1.1" 301 - "-" "Mozilla/5.0 (Windows NT 10.0; Win64; x64) AppleWebKit/537.36 (KHTML, like Gecko) Chrome/103.0.0.0 Safari/537.36" 2906 **2/2906606**
43.173.174.45 - - [21/Feb/2026:13:15:10 -0700] "GET /min-zak%C5%82ad-w-reel-snails/ HTTP/1.1" 200 9270 "https://ftscreations.com/?p=5476" "Mozilla/5.0 (Windows NT 10.0; Win64; x64) AppleWebKit/537.36 (KHTML, like Gecko) Chrome/103.0.0.0 Safari/537.36" 942 **0/942112**
43.173.182.41 - - [21/Feb/2026:13:15:18 -0700] "POST / HTTP/1.1" 204 - "https://ftscreations.com/?p=5476" "Mozilla/5.0 (Windows NT 10.0; Win64; x64) AppleWebKit/537.36 (KHTML, like Gecko) Chrome/103.0.0.0 Safari/537.36" 167 **0/167518**
114.119.142.93 - - [21/Feb/2026:13:15:21 -0700] "GET /stacked-bonus HTTP/1.1" 301 - "-" "Mozilla/5.0 (Linux; Android 7.0;) AppleWebKit/537.36 (KHTML, like Gecko) Mobile Safari/537.36 (compatible; PetalBot;+https://webmaster.petalsearch.com/site/petalbot)" 184 **0/184886**
114.119.142.93 - - [21/Feb/2026:13:15:22 -0700] "GET /stacked-bonus/ HTTP/1.1" 200 9168 "-" "Mozilla/5.0 (Linux; Android 7.0;) AppleWebKit/537.36 (KHTML, like Gecko) Mobile Safari/537.36 (compatible; PetalBot;+https://webmaster.petalsearch.com/site/petalbot)" 592 **0/592144**
114.119.141.35 - - [21/Feb/2026:13:16:40 -0700] "GET /slot-simply-the-best-81-wysoki-rtp/ HTTP/1.1" 200 9123 "https://ftscreations.com/slot-simply-the-best-81-wysoki-rtp" "Mozilla/5.0 (Linux; Android 7.0;) AppleWebKit/537.36 (KHTML, like Gecko) Mobile Safari/537.36 (compatible; PetalBot;+https://webmaster.petalsearch.com/site/petalbot)" 329 **0/329520**
43.173.180.207 - - [21/Feb/2026:13:17:03 -0700] "GET /?p=4216 HTTP/1.1" 301 - "-" "Mozilla/5.0 (Windows NT 10.0; Win64; x64) AppleWebKit/537.36 (KHTML, like Gecko) Chrome/120.0.0.0 Safari/537.36" 300 **0/300052**
43.173.180.207 - - [21/Feb/2026:13:17:03 -0700] "GET /eastern-emeralds-strategia-i-zasady-gry/ HTTP/1.1" 200 8933 "https://ftscreations.com/?p=4216" "Mozilla/5.0 (Windows NT 10.0; Win64; x64) AppleWebKit/537.36 (KHTML, like Gecko) Chrome/120.0.0.0 Safari/537.36" 440 **0/440515**
43.173.173.5 - - [21/Feb/2026:13:17:03 -0700] "GET /?p=6499 HTTP/1.1" 301 - "-" "Mozilla/5.0 (Windows NT 10.0; Win64; x64) AppleWebKit/537.36 (KHTML, like Gecko) Chrome/109.0.0.0 Safari/537.36" 277 **0/277101**
43.173.173.5 - - [21/Feb/2026:13:17:04 -0700] "GET /royal-wheel-maksymalna-wygrana-w-automacie/ HTTP/1.1" 200 9164 "https://ftscreations.com/?p=6499" "Mozilla/5.0 (Windows NT 10.0; Win64; x64) AppleWebKit/537.36 (KHTML, like Gecko) Chrome/109.0.0.0 Safari/537.36" 289 **0/289964**
43.173.176.232 - - [21/Feb/2026:13:17:09 -0700] "POST / HTTP/1.1" 204 - "https://ftscreations.com/?p=4216" "Mozilla/5.0 (Windows NT 10.0; Win64; x64) AppleWebKit/537.36 (KHTML, like Gecko) Chrome/120.0.0.0 Safari/537.36" 1342 **1/1342793**
43.173.177.252 - - [21/Feb/2026:13:17:13 -0700] "POST / HTTP/1.1" 204 - "https://ftscreations.com/?p=6499" "Mozilla/5.0 (Windows NT 10.0; Win64; x64) AppleWebKit/537.36 (KHTML, like Gecko) Chrome/109.0.0.0 Safari/537.36" 1601 **1/1601844**
114.119.142.93 - - [21/Feb/2026:13:18:02 -0700] "GET /sizzling-hot-deluxe-symboli-rozproszonych HTTP/1.1" 301 - "https://ftscreations.com/sizzling-hot-deluxe-symboli-rozproszonych" "Mozilla/5.0 (Linux; Android 7.0;) AppleWebKit/537.36 (KHTML, like Gecko) Mobile Safari/537.36 (compatible; PetalBot;+https://webmaster.petalsearch.com/site/petalbot)" 228 **0/228019**
114.119.142.93 - - [21/Feb/2026:13:18:05 -0700] "GET /sizzling-hot-deluxe-symboli-rozproszonych/ HTTP/1.1" 200 8977 "https://ftscreations.com/sizzling-hot-deluxe-symboli-rozproszonych" "Mozilla/5.0 (Linux; Android 7.0;) AppleWebKit/537.36 (KHTML, like Gecko) Mobile Safari/537.36 (compatible; PetalBot;+https://webmaster.petalsearch.com/site/petalbot)" 589 **0/589241**
43.173.173.128 - - [21/Feb/2026:13:18:20 -0700] "GET /wskaz%C3%B3wki-jak-wygra%C4%87-du%C5%BCe-wygrane-w-treasures-of-fire-scatter-pays-automatach-online/ HTTP/1.1" 200 9393 "-" "Mozilla/5.0 (Windows NT 10.0; Win64; x64) AppleWebKit/537.36 (KHTML, like Gecko) Chrome/109.0.0.0 Safari/537.36" 340 **0/340274**
43.173.182.18 - - [21/Feb/2026:13:18:26 -0700] "POST / HTTP/1.1" 204 - "https://ftscreations.com/wskaz%C3%B3wki-jak-wygra%C4%87-du%C5%BCe-wygrane-w-treasures-of-fire-scatter-pays-automatach-online/" "Mozilla/5.0 (Windows NT 10.0; Win64; x64) AppleWebKit/537.36 (KHTML, like Gecko) Chrome/109.0.0.0 Safari/537.36" 219 **0/219973**
114.119.146.15 - - [21/Feb/2026:13:19:33 -0700] "GET /site-icon/ HTTP/1.1" 200 4985 "https://ftscreations.com/cropped-apple-touch-icon-4-png/" "Mozilla/5.0 (Linux; Android 7.0;) AppleWebKit/537.36 (KHTML, like Gecko) Mobile Safari/537.36 (compatible; PetalBot;+https://webmaster.petalsearch.com/site/petalbot)" 233 **0/233431**
114.119.129.175 - - [21/Feb/2026:13:20:59 -0700] "GET /regal-streak-wysokie-szanse-na-wygran%C4%85-i-jackpoty/ HTTP/1.1" 200 8270 "https://ftscreations.com/regal-streak-wysokie-szanse-na-wygran%C4%85-i-jackpoty/" "Mozilla/5.0 (Linux; Android 7.0;) AppleWebKit/537.36 (KHTML, like Gecko) Mobile Safari/537.36 (compatible; PetalBot;+https://webmaster.petalsearch.com/site/petalbot)" 1049 **1/1049876**
114.119.142.93 - - [21/Feb/2026:13:22:22 -0700] "GET /recenzja-automatu-cinderellas-ball/ HTTP/1.1" 200 9217 "https://ftscreations.com/recenzja-automatu-cinderellas-ball" "Mozilla/5.0 (Linux; Android 7.0;) AppleWebKit/537.36 (KHTML, like Gecko) Mobile Safari/537.36 (compatible; PetalBot;+https://webmaster.petalsearch.com/site/petalbot)" 382 **0/382407**
114.119.142.93 - - [21/Feb/2026:13:23:35 -0700] "GET /power-stars-%C5%9Awietne-mo%C5%BCliwo%C5%9Bci-wygranej HTTP/1.1" 301 - "http://ftscreations.com/?p=4836" "Mozilla/5.0 (Linux; Android 7.0;) AppleWebKit/537.36 (KHTML, like Gecko) Mobile Safari/537.36 (compatible; PetalBot;+https://webmaster.petalsearch.com/site/petalbot)" 204 **0/204232**
114.119.142.93 - - [21/Feb/2026:13:23:36 -0700] "GET /power-stars-%C5%9Awietne-mo%C5%BCliwo%C5%9Bci-wygranej/ HTTP/1.1" 200 9427 "http://ftscreations.com/?p=4836" "Mozilla/5.0 (Linux; Android 7.0;) AppleWebKit/537.36 (KHTML, like Gecko) Mobile Safari/537.36 (compatible; PetalBot;+https://webmaster.petalsearch.com/site/petalbot)" 307 **0/307637**
114.119.142.93 - - [21/Feb/2026:13:25:06 -0700] "GET /plinko-xy-slot-online/ HTTP/1.1" 200 9088 "https://ftscreations.com/plinko-xy-slot-online/" "Mozilla/5.0 (Linux; Android 7.0;) AppleWebKit/537.36 (KHTML, like Gecko) Mobile Safari/537.36 (compatible; PetalBot;+https://webmaster.petalsearch.com/site/petalbot)" 337 **0/337469**
114.119.129.175 - - [21/Feb/2026:13:26:24 -0700] "GET /pierino-tenta-la-fortuna-wygraj-na-wszystkie-sposoby/ HTTP/1.1" 200 9030 "https://ftscreations.com/pierino-tenta-la-fortuna-wygraj-na-wszystkie-sposoby" "Mozilla/5.0 (Linux; Android 7.0;) AppleWebKit/537.36 (KHTML, like Gecko) Mobile Safari/537.36 (compatible; PetalBot;+https://webmaster.petalsearch.com/site/petalbot)" 329 **0/329317**
43.173.180.80 - - [21/Feb/2026:13:26:24 -0700] "GET /?p=3227 HTTP/1.1" 301 - "http://ftscreations.com/?p=3227" "Mozilla/5.0 (Windows NT 10.0; Win64; x64) AppleWebKit/537.36 (KHTML, like Gecko) Chrome/110.0.0.0 Safari/537.36" 195 **0/195541**
43.173.180.80 - - [21/Feb/2026:13:26:24 -0700] "GET /bonusy-kasynowe-diamond-strike/ HTTP/1.1" 200 9237 "https://ftscreations.com/?p=3227" "Mozilla/5.0 (Windows NT 10.0; Win64; x64) AppleWebKit/537.36 (KHTML, like Gecko) Chrome/110.0.0.0 Safari/537.36" 309 **0/309623**
43.173.177.33 - - [21/Feb/2026:13:26:27 -0700] "POST / HTTP/1.1" 204 - "http://ftscreations.com/" "Mozilla/5.0 (Windows NT 10.0; Win64; x64) AppleWebKit/537.36 (KHTML, like Gecko) Chrome/110.0.0.0 Safari/537.36" 215 **0/215821**
43.173.178.12 - - [21/Feb/2026:13:27:22 -0700] "GET /bonusy-kasynowe-diamond-strike/ HTTP/1.1" 200 9237 "-" "Mozilla/5.0 (Windows NT 10.0; Win64; x64) AppleWebKit/537.36 (KHTML, like Gecko) Chrome/131.0.0.0 Safari/537.36" 450 **0/450341**
43.173.180.85 - - [21/Feb/2026:13:27:25 -0700] "POST / HTTP/1.1" 204 - "https://ftscreations.com/bonusy-kasynowe-diamond-strike/" "Mozilla/5.0 (Windows NT 10.0; Win64; x64) AppleWebKit/537.36 (KHTML, like Gecko) Chrome/131.0.0.0 Safari/537.36" 203 **0/203529**
114.119.129.175 - - [21/Feb/2026:13:27:49 -0700] "GET /pharaohs-daughter-automaty-wideo HTTP/1.1" 301 - "-" "Mozilla/5.0 (Linux; Android 7.0;) AppleWebKit/537.36 (KHTML, like Gecko) Mobile Safari/537.36 (compatible; PetalBot;+https://webmaster.petalsearch.com/site/petalbot)" 1205 **1/1205781**
72.167.58.252 - - [21/Feb/2026:13:27:49 -0700] "POST /wp-cron.php?doing_wp_cron=1771705669.6552751064300537109375 HTTP/1.1" 200 - "https://ftscreations.com/wp-cron.php?doing_wp_cron=1771705669.6552751064300537109375" "WordPress/5.4.18; https://ftscreations.com" 1085 **1/1085165**
72.167.58.252 - - [21/Feb/2026:13:27:53 -0700] "POST /wp-cron.php?doing_wp_cron=1771705673.6824419498443603515625 HTTP/1.1" 200 - "https://ftscreations.com/wp-cron.php?doing_wp_cron=1771705673.6824419498443603515625" "WordPress/5.4.18; https://ftscreations.com" 214 **0/214910**
114.119.129.175 - - [21/Feb/2026:13:27:53 -0700] "GET /pharaohs-daughter-automaty-wideo/ HTTP/1.1" 200 9215 "-" "Mozilla/5.0 (Linux; Android 7.0;) AppleWebKit/537.36 (KHTML, like Gecko) Mobile Safari/537.36 (compatible; PetalBot;+https://webmaster.petalsearch.com/site/petalbot)" 797 **0/797907**
114.119.141.35 - - [21/Feb/2026:13:29:09 -0700] "GET /wysoka-zmienno%C5%9B%C4%87-crazy-wolf/ HTTP/1.1" 200 9041 "https://ftscreations.com/wysoka-zmienno%C5%9B%C4%87-crazy-wolf" "Mozilla/5.0 (Linux; Android 7.0;) AppleWebKit/537.36 (KHTML, like Gecko) Mobile Safari/537.36 (compatible; PetalBot;+https://webmaster.petalsearch.com/site/petalbot)" 652 **0/652364**
66.249.79.5 - - [21/Feb/2026:13:29:10 -0700] "GET / HTTP/1.1" 200 4157 "-" "Mozilla/5.0 (Linux; Android 6.0.1; Nexus 5X Build/MMB29P) AppleWebKit/537.36 (KHTML, like Gecko) Chrome/144.0.7559.132 Mobile Safari/537.36 (compatible; Googlebot/2.1; +http://www.google.com/bot.html)" 753 **0/753804**
66.249.79.4 - - [21/Feb/2026:13:29:11 -0700] "GET / HTTP/1.1" 200 4157 "-" "Mozilla/5.0 (Linux; Android 6.0.1; Nexus 5X Build/MMB29P) AppleWebKit/537.36 (KHTML, like Gecko) Chrome/144.0.7559.132 Mobile Safari/537.36 (compatible; Googlebot/2.1; +http://www.google.com/bot.html)" 319 **0/319184**
66.249.79.4 - - [21/Feb/2026:13:29:18 -0700] "POST / HTTP/1.1" 204 - "https://ftscreations.com/" "Mozilla/5.0 (Linux; Android 6.0.1; Nexus 5X Build/MMB29P) AppleWebKit/537.36 (KHTML, like Gecko) Chrome/144.0.7559.132 Mobile Safari/537.36 (compatible; Googlebot/2.1; +http://www.google.com/bot.html)" 286 **0/286227**
66.249.79.4 - - [21/Feb/2026:13:29:18 -0700] "POST / HTTP/1.1" 204 - "https://ftscreations.com/" "Mozilla/5.0 (Linux; Android 6.0.1; Nexus 5X Build/MMB29P) AppleWebKit/537.36 (KHTML, like Gecko) Chrome/144.0.7559.132 Mobile Safari/537.36 (compatible; Googlebot/2.1; +http://www.google.com/bot.html)" 207 **0/207532**
114.119.146.15 - - [21/Feb/2026:13:30:34 -0700] "GET /wersja-gry-wieloosobowa-dice-dice-dice/ HTTP/1.1" 200 9023 "https://ftscreations.com/wersja-gry-wieloosobowa-dice-dice-dice" "Mozilla/5.0 (Linux; Android 7.0;) AppleWebKit/537.36 (KHTML, like Gecko) Mobile Safari/537.36 (compatible; PetalBot;+https://webmaster.petalsearch.com/site/petalbot)" 579 **0/579182**
114.119.159.62 - - [21/Feb/2026:13:32:00 -0700] "GET /wersja-demo-curse-of-the-pharaoh/ HTTP/1.1" 200 9242 "https://ftscreations.com/wersja-demo-curse-of-the-pharaoh/" "Mozilla/5.0 (Linux; Android 7.0;) AppleWebKit/537.36 (KHTML, like Gecko) Mobile Safari/537.36 (compatible; PetalBot;+https://webmaster.petalsearch.com/site/petalbot)" 316 **0/316231**
114.119.129.175 - - [21/Feb/2026:13:33:23 -0700] "GET /vampire-bride-poradnik-do-gry-i-porady HTTP/1.1" 301 - "-" "Mozilla/5.0 (Linux; Android 7.0;) AppleWebKit/537.36 (KHTML, like Gecko) Mobile Safari/537.36 (compatible; PetalBot;+https://webmaster.petalsearch.com/site/petalbot)" 220 **0/220938**
114.119.129.175 - - [21/Feb/2026:13:33:26 -0700] "GET /vampire-bride-poradnik-do-gry-i-porady/ HTTP/1.1" 200 9133 "-" "Mozilla/5.0 (Linux; Android 7.0;) AppleWebKit/537.36 (KHTML, like Gecko) Mobile Safari/537.36 (compatible; PetalBot;+https://webmaster.petalsearch.com/site/petalbot)" 298 **0/298347**
114.119.149.66 - - [21/Feb/2026:13:34:47 -0700] "GET /triple-dragons-kasyno-na-%C5%BCywo-i-gry-bingo HTTP/1.1" 301 - "https://ftscreations.com/triple-dragons-kasyno-na-%C5%BCywo-i-gry-bingo" "Mozilla/5.0 (Linux; Android 7.0;) AppleWebKit/537.36 (KHTML, like Gecko) Mobile Safari/537.36 (compatible; PetalBot;+https://webmaster.petalsearch.com/site/petalbot)" 244 **0/244000**
114.119.149.66 - - [21/Feb/2026:13:34:48 -0700] "GET /triple-dragons-kasyno-na-%C5%BCywo-i-gry-bingo/ HTTP/1.1" 200 9340 "https://ftscreations.com/triple-dragons-kasyno-na-%C5%BCywo-i-gry-bingo" "Mozilla/5.0 (Linux; Android 7.0;) AppleWebKit/537.36 (KHTML, like Gecko) Mobile Safari/537.36 (compatible; PetalBot;+https://webmaster.petalsearch.com/site/petalbot)" 311 **0/311459**
114.119.149.66 - - [21/Feb/2026:13:36:07 -0700] "GET /trawler-fishin-btc-eth-ltc HTTP/1.1" 301 - "https://ftscreations.com/trawler-fishin-btc-eth-ltc" "Mozilla/5.0 (Linux; Android 7.0;) AppleWebKit/537.36 (KHTML, like Gecko) Mobile Safari/537.36 (compatible; PetalBot;+https://webmaster.petalsearch.com/site/petalbot)" 229 **0/229583**
114.119.149.66 - - [21/Feb/2026:13:36:08 -0700] "GET /trawler-fishin-btc-eth-ltc/ HTTP/1.1" 200 9225 "https://ftscreations.com/trawler-fishin-btc-eth-ltc" "Mozilla/5.0 (Linux; Android 7.0;) AppleWebKit/537.36 (KHTML, like Gecko) Mobile Safari/537.36 (compatible; PetalBot;+https://webmaster.petalsearch.com/site/petalbot)" 359 **0/359053**
114.119.149.66 - - [21/Feb/2026:13:37:36 -0700] "GET /symbole-rozproszone-w-slots-master/ HTTP/1.1" 200 9326 "https://ftscreations.com/symbole-rozproszone-w-slots-master/" "Mozilla/5.0 (Linux; Android 7.0;) AppleWebKit/537.36 (KHTML, like Gecko) Mobile Safari/537.36 (compatible; PetalBot;+https://webmaster.petalsearch.com/site/petalbot)" 310 **0/310660**
114.119.159.62 - - [21/Feb/2026:13:38:57 -0700] "GET /super-hot-fruits-megaways-tryb-demonstracyjny-online HTTP/1.1" 301 - "-" "Mozilla/5.0 (Linux; Android 7.0;) AppleWebKit/537.36 (KHTML, like Gecko) Mobile Safari/537.36 (compatible; PetalBot;+https://webmaster.petalsearch.com/site/petalbot)" 194 **0/194788**
114.119.159.62 - - [21/Feb/2026:13:38:59 -0700] "GET /super-hot-fruits-megaways-tryb-demonstracyjny-online/ HTTP/1.1" 200 9217 "-" "Mozilla/5.0 (Linux; Android 7.0;) AppleWebKit/537.36 (KHTML, like Gecko) Mobile Safari/537.36 (compatible; PetalBot;+https://webmaster.petalsearch.com/site/petalbot)" 288 **0/288131**
114.119.129.175 - - [21/Feb/2026:13:40:18 -0700] "GET /stormforged-darmowa-runda-10-dodatkowych-strza%C5%82%C3%B3w/ HTTP/1.1" 200 9241 "https://ftscreations.com/stormforged-darmowa-runda-10-dodatkowych-strza%C5%82%C3%B3w" "Mozilla/5.0 (Linux; Android 7.0;) AppleWebKit/537.36 (KHTML, like Gecko) Mobile Safari/537.36 (compatible; PetalBot;+https://webmaster.petalsearch.com/site/petalbot)" 294 **0/294297**
207.46.13.87 - - [21/Feb/2026:13:41:43 -0700] "GET /pricing HTTP/2.0" 301 1 "-" "Mozilla/5.0 AppleWebKit/537.36 (KHTML, like Gecko; compatible; bingbot/2.0; +http://www.bing.com/bingbot.htm) Chrome/116.0.1938.76 Safari/537.36" 192 **0/192024**
207.46.13.87 - - [21/Feb/2026:13:41:45 -0700] "GET /pricing/ HTTP/2.0" 200 4987 "-" "Mozilla/5.0 AppleWebKit/537.36 (KHTML, like Gecko; compatible; bingbot/2.0; +http://www.bing.com/bingbot.htm) Chrome/116.0.1938.76 Safari/537.36" 237 **0/237731**
114.119.141.35 - - [21/Feb/2026:13:41:46 -0700] "GET /opcje-zak%C5%82ad%C3%B3w-i-linie-wygrywaj%C4%85ce-w-automacie-minesweeper HTTP/1.1" 301 - "-" "Mozilla/5.0 (Linux; Android 7.0;) AppleWebKit/537.36 (KHTML, like Gecko) Mobile Safari/537.36 (compatible; PetalBot;+https://webmaster.petalsearch.com/site/petalbot)" 188 **0/188469**
114.119.141.35 - - [21/Feb/2026:13:41:49 -0700] "GET /opcje-zak%C5%82ad%C3%B3w-i-linie-wygrywaj%C4%85ce-w-automacie-minesweeper/ HTTP/1.1" 200 9317 "-" "Mozilla/5.0 (Linux; Android 7.0;) AppleWebKit/537.36 (KHTML, like Gecko) Mobile Safari/537.36 (compatible; PetalBot;+https://webmaster.petalsearch.com/site/petalbot)" 334 **0/334110**
66.249.79.6 - - [21/Feb/2026:13:43:12 -0700] "GET /index.php/37/xhtml/sDbBa HTTP/1.1" 301 1 "-" "Mozilla/5.0 (Linux; Android 6.0.1; Nexus 5X Build/MMB29P) AppleWebKit/537.36 (KHTML, like Gecko) Chrome/144.0.7559.132 Mobile Safari/537.36 (compatible; Googlebot/2.1; +http://www.google.com/bot.html)" 168 **0/168109**
114.119.151.146 - - [21/Feb/2026:13:43:13 -0700] "GET /najlepsze-wygrane-na-automatach-burning-classics/ HTTP/1.1" 200 9385 "https://ftscreations.com/najlepsze-wygrane-na-automatach-burning-classics/" "Mozilla/5.0 (Linux; Android 7.0;) AppleWebKit/537.36 (KHTML, like Gecko) Mobile Safari/537.36 (compatible; PetalBot;+https://webmaster.petalsearch.com/site/petalbot)" 286 **0/286000**
66.249.79.4 - - [21/Feb/2026:13:43:14 -0700] "POST / HTTP/1.1" 204 - "https://ftscreations.com/" "Mozilla/5.0 (Linux; Android 6.0.1; Nexus 5X Build/MMB29P) AppleWebKit/537.36 (KHTML, like Gecko) Chrome/144.0.7559.132 Mobile Safari/537.36 (compatible; Googlebot/2.1; +http://www.google.com/bot.html)" 199 **0/199843**
66.249.79.4 - - [21/Feb/2026:13:43:20 -0700] "GET /?et_core_page_resource= HTTP/1.1" 301 1 "-" "Mozilla/5.0 (Linux; Android 6.0.1; Nexus 5X Build/MMB29P) AppleWebKit/537.36 (KHTML, like Gecko) Chrome/144.0.7559.132 Mobile Safari/537.36 (compatible; Googlebot/2.1; +http://www.google.com/bot.html)" 187 **0/187701**
66.249.79.4 - - [21/Feb/2026:13:43:20 -0700] "GET /?et_core_page_resource HTTP/1.1" 200 4157 "-" "Mozilla/5.0 (Linux; Android 6.0.1; Nexus 5X Build/MMB29P) AppleWebKit/537.36 (KHTML, like Gecko) Chrome/144.0.7559.132 Mobile Safari/537.36 (compatible; Googlebot/2.1; +http://www.google.com/bot.html)" 216 **0/216139**
43.173.182.20 - - [21/Feb/2026:13:43:34 -0700] "GET /zagraj-w-reel-sheriff-kasyno/ HTTP/1.1" 200 9107 "-" "Mozilla/5.0 (Windows NT 10.0; Win64; x64) AppleWebKit/537.36 (KHTML, like Gecko) Chrome/104.0.5112.81 Safari/537.36" 511 **0/511820**
43.163.22.48 - - [21/Feb/2026:13:43:39 -0700] "POST / HTTP/1.1" 204 - "https://ftscreations.com/zagraj-w-reel-sheriff-kasyno/" "Mozilla/5.0 (Windows NT 10.0; Win64; x64) AppleWebKit/537.36 (KHTML, like Gecko) Chrome/104.0.5112.81 Safari/537.36" 176 **0/176281**
66.249.79.5 - - [21/Feb/2026:13:44:00 -0700] "GET /?et_core_page_resource HTTP/1.1" 200 4156 "-" "Mozilla/5.0 (Linux; Android 6.0.1; Nexus 5X Build/MMB29P) AppleWebKit/537.36 (KHTML, like Gecko) Chrome/144.0.7559.132 Mobile Safari/537.36 (compatible; Googlebot/2.1; +http://www.google.com/bot.html)" 203 **0/203396**
114.119.146.15 - - [21/Feb/2026:13:44:32 -0700] "GET /money-train-2-btc-eth-ltc/ HTTP/1.1" 200 9275 "https://ftscreations.com/money-train-2-btc-eth-ltc" "Mozilla/5.0 (Linux; Android 7.0;) AppleWebKit/537.36 (KHTML, like Gecko) Mobile Safari/537.36 (compatible; PetalBot;+https://webmaster.petalsearch.com/site/petalbot)" 487 **0/487210**
114.119.149.66 - - [21/Feb/2026:13:45:55 -0700] "GET /mno%C5%BCnik-x128-w-finn-and-the-swirly-spin HTTP/1.1" 301 - "-" "Mozilla/5.0 (Linux; Android 7.0;) AppleWebKit/537.36 (KHTML, like Gecko) Mobile Safari/537.36 (compatible; PetalBot;+https://webmaster.petalsearch.com/site/petalbot)" 182 **0/182392**
114.119.149.66 - - [21/Feb/2026:13:45:57 -0700] "GET /mno%C5%BCnik-x128-w-finn-and-the-swirly-spin/ HTTP/1.1" 200 9050 "-" "Mozilla/5.0 (Linux; Android 7.0;) AppleWebKit/537.36 (KHTML, like Gecko) Mobile Safari/537.36 (compatible; PetalBot;+https://webmaster.petalsearch.com/site/petalbot)" 280 **0/280607**
114.119.136.249 - - [21/Feb/2026:13:47:18 -0700] "GET /maksymalna-wygrana-w-maszynie-tiki-torch/ HTTP/1.1" 200 9271 "https://ftscreations.com/maksymalna-wygrana-w-maszynie-tiki-torch" "Mozilla/5.0 (Linux; Android 7.0;) AppleWebKit/537.36 (KHTML, like Gecko) Mobile Safari/537.36 (compatible; PetalBot;+https://webmaster.petalsearch.com/site/petalbot)" 327 **0/327912**
114.119.149.66 - - [21/Feb/2026:13:48:46 -0700] "GET /lucky-lions-slot HTTP/1.1" 301 - "https://ftscreations.com/lucky-lions-slot" "Mozilla/5.0 (Linux; Android 7.0;) AppleWebKit/537.36 (KHTML, like Gecko) Mobile Safari/537.36 (compatible; PetalBot;+https://webmaster.petalsearch.com/site/petalbot)" 163 **0/163701**
114.119.149.66 - - [21/Feb/2026:13:48:47 -0700] "GET /lucky-lions-slot/ HTTP/1.1" 200 9177 "https://ftscreations.com/lucky-lions-slot" "Mozilla/5.0 (Linux; Android 7.0;) AppleWebKit/537.36 (KHTML, like Gecko) Mobile Safari/537.36 (compatible; PetalBot;+https://webmaster.petalsearch.com/site/petalbot)" 265 **0/265737**
66.249.79.4 - - [21/Feb/2026:13:49:49 -0700] "GET /oplev-spiluniverset-hos-casinobrand/ HTTP/1.1" 200 9998 "-" "Mozilla/5.0 (Linux; Android 6.0.1; Nexus 5X Build/MMB29P) AppleWebKit/537.36 (KHTML, like Gecko) Chrome/144.0.7559.132 Mobile Safari/537.36 (compatible; Googlebot/2.1; +http://www.google.com/bot.html)" 271 **0/271517**
66.249.79.6 - - [21/Feb/2026:13:49:52 -0700] "POST / HTTP/1.1" 204 - "https://ftscreations.com/oplev-spiluniverset-hos-casinobrand/" "Mozilla/5.0 (Linux; Android 6.0.1; Nexus 5X Build/MMB29P) AppleWebKit/537.36 (KHTML, like Gecko) Chrome/144.0.7559.132 Mobile Safari/537.36 (compatible; Googlebot/2.1; +http://www.google.com/bot.html)" 199 **0/199663**
114.119.151.146 - - [21/Feb/2026:13:50:04 -0700] "GET /lucky-jimmy-zabawna-i-prosta-gra-planszowa-online HTTP/1.1" 301 - "-" "Mozilla/5.0 (Linux; Android 7.0;) AppleWebKit/537.36 (KHTML, like Gecko) Mobile Safari/537.36 (compatible; PetalBot;+https://webmaster.petalsearch.com/site/petalbot)" 176 **0/176193**
114.119.151.146 - - [21/Feb/2026:13:50:05 -0700] "GET /lucky-jimmy-zabawna-i-prosta-gra-planszowa-online/ HTTP/1.1" 200 9143 "-" "Mozilla/5.0 (Linux; Android 7.0;) AppleWebKit/537.36 (KHTML, like Gecko) Mobile Safari/537.36 (compatible; PetalBot;+https://webmaster.petalsearch.com/site/petalbot)" 498 **0/498716**
114.119.159.62 - - [21/Feb/2026:13:51:29 -0700] "GET /mno%C5%BCniki-symboli-lucky-win/ HTTP/1.1" 200 8888 "https://ftscreations.com/mno%C5%BCniki-symboli-lucky-win/" "Mozilla/5.0 (Linux; Android 7.0;) AppleWebKit/537.36 (KHTML, like Gecko) Mobile Safari/537.36 (compatible; PetalBot;+https://webmaster.petalsearch.com/site/petalbot)" 275 **0/275603**
114.119.142.93 - - [21/Feb/2026:13:52:55 -0700] "GET /lucky-81-globalny-mno%C5%BCnik-progresywny HTTP/1.1" 301 - "-" "Mozilla/5.0 (Linux; Android 7.0;) AppleWebKit/537.36 (KHTML, like Gecko) Mobile Safari/537.36 (compatible; PetalBot;+https://webmaster.petalsearch.com/site/petalbot)" 189 **0/189796**
114.119.142.93 - - [21/Feb/2026:13:52:57 -0700] "GET /lucky-81-globalny-mno%C5%BCnik-progresywny/ HTTP/1.1" 200 8963 "-" "Mozilla/5.0 (Linux; Android 7.0;) AppleWebKit/537.36 (KHTML, like Gecko) Mobile Safari/537.36 (compatible; PetalBot;+https://webmaster.petalsearch.com/site/petalbot)" 298 **0/298235**
114.119.129.175 - - [21/Feb/2026:13:54:15 -0700] "GET /losowy-mno%C5%BCnik-7-monkeys/ HTTP/1.1" 200 9012 "https://ftscreations.com/losowy-mno%C5%BCnik-7-monkeys/" "Mozilla/5.0 (Linux; Android 7.0;) AppleWebKit/537.36 (KHTML, like Gecko) Mobile Safari/537.36 (compatible; PetalBot;+https://webmaster.petalsearch.com/site/petalbot)" 286 **0/286603**
114.119.129.175 - - [21/Feb/2026:13:55:53 -0700] "GET /licencje-i-regulamin-w-kasynie-internetowym-fire-queen/ HTTP/1.1" 200 9132 "https://ftscreations.com/licencje-i-regulamin-w-kasynie-internetowym-fire-queen/" "Mozilla/5.0 (Linux; Android 7.0;) AppleWebKit/537.36 (KHTML, like Gecko) Mobile Safari/537.36 (compatible; PetalBot;+https://webmaster.petalsearch.com/site/petalbot)" 284 **0/284041**
114.119.141.35 - - [21/Feb/2026:13:57:03 -0700] "GET /licencje-i-przepisy-dotycz%C4%85ce-kasyn-online-golden-strawberries/ HTTP/1.1" 200 8978 "https://ftscreations.com/licencje-i-przepisy-dotycz%C4%85ce-kasyn-online-golden-strawberries/" "Mozilla/5.0 (Linux; Android 7.0;) AppleWebKit/537.36 (KHTML, like Gecko) Mobile Safari/537.36 (compatible; PetalBot;+https://webmaster.petalsearch.com/site/petalbot)" 327 **0/327350**
114.119.142.93 - - [21/Feb/2026:13:58:26 -0700] "GET /legacy-of-gold-automat%C3%B3w-z-motywem-greckim/ HTTP/1.1" 200 9300 "https://ftscreations.com/legacy-of-gold-automat%C3%B3w-z-motywem-greckim/" "Mozilla/5.0 (Linux; Android 7.0;) AppleWebKit/537.36 (KHTML, like Gecko) Mobile Safari/537.36 (compatible; PetalBot;+https://webmaster.petalsearch.com/site/petalbot)" 308 **0/308151**
114.119.136.249 - - [21/Feb/2026:13:59:56 -0700] "GET /kup-bonusy-pine-of-plinko/ HTTP/1.1" 200 9365 "https://ftscreations.com/kup-bonusy-pine-of-plinko" "Mozilla/5.0 (Linux; Android 7.0;) AppleWebKit/537.36 (KHTML, like Gecko) Mobile Safari/537.36 (compatible; PetalBot;+https://webmaster.petalsearch.com/site/petalbot)" 344 **0/344207**
114.119.146.15 - - [21/Feb/2026:14:01:13 -0700] "GET /kategorie-gier-kasynowych-beauty-of-cleopatra/ HTTP/1.1" 200 8938 "https://ftscreations.com/kategorie-gier-kasynowych-beauty-of-cleopatra/" "Mozilla/5.0 (Linux; Android 7.0;) AppleWebKit/537.36 (KHTML, like Gecko) Mobile Safari/537.36 (compatible; PetalBot;+https://webmaster.petalsearch.com/site/petalbot)" 284 **0/284941**
114.119.151.146 - - [21/Feb/2026:14:02:37 -0700] "GET /jak-d%C5%82ugo-trzeba-czeka%C4%87-na-moje-the-king-of-heroes-wygrane HTTP/1.1" 301 - "-" "Mozilla/5.0 (Linux; Android 7.0;) AppleWebKit/537.36 (KHTML, like Gecko) Mobile Safari/537.36 (compatible; PetalBot;+https://webmaster.petalsearch.com/site/petalbot)" 339 **0/339737**
114.119.151.146 - - [21/Feb/2026:14:02:39 -0700] "GET /jak-d%C5%82ugo-trzeba-czeka%C4%87-na-moje-the-king-of-heroes-wygrane/ HTTP/1.1" 200 9333 "-" "Mozilla/5.0 (Linux; Android 7.0;) AppleWebKit/537.36 (KHTML, like Gecko) Mobile Safari/537.36 (compatible; PetalBot;+https://webmaster.petalsearch.com/site/petalbot)" 262 **0/262533**
114.119.151.146 - - [21/Feb/2026:14:04:01 -0700] "GET /house-of-fun-symbole-p%C5%82atno%C5%9Bci/ HTTP/1.1" 200 9200 "https://ftscreations.com/house-of-fun-symbole-p%C5%82atno%C5%9Bci" "Mozilla/5.0 (Linux; Android 7.0;) AppleWebKit/537.36 (KHTML, like Gecko) Mobile Safari/537.36 (compatible; PetalBot;+https://webmaster.petalsearch.com/site/petalbot)" 371 **0/371390**
114.119.146.15 - - [21/Feb/2026:14:05:22 -0700] "GET /hand-of-anubis-wersja-mobilna/ HTTP/1.1" 200 8843 "https://ftscreations.com/hand-of-anubis-wersja-mobilna" "Mozilla/5.0 (Linux; Android 7.0;) AppleWebKit/537.36 (KHTML, like Gecko) Mobile Safari/537.36 (compatible; PetalBot;+https://webmaster.petalsearch.com/site/petalbot)" 276 **0/276009**
114.119.129.175 - - [21/Feb/2026:14:06:47 -0700] "GET /gry-slotowe-za-darmo-bez-rejestracji-w-fire-blaze-fire-fighter/ HTTP/1.1" 200 9418 "https://ftscreations.com/gry-slotowe-za-darmo-bez-rejestracji-w-fire-blaze-fire-fighter/" "Mozilla/5.0 (Linux; Android 7.0;) AppleWebKit/537.36 (KHTML, like Gecko) Mobile Safari/537.36 (compatible; PetalBot;+https://webmaster.petalsearch.com/site/petalbot)" 298 **0/298423**
114.119.159.62 - - [21/Feb/2026:14:08:11 -0700] "GET /graj-big-buffalo-megaways-za-darmo-w-trybie-demo/ HTTP/1.1" 200 9325 "https://ftscreations.com/graj-big-buffalo-megaways-za-darmo-w-trybie-demo" "Mozilla/5.0 (Linux; Android 7.0;) AppleWebKit/537.36 (KHTML, like Gecko) Mobile Safari/537.36 (compatible; PetalBot;+https://webmaster.petalsearch.com/site/petalbot)" 309 **0/309496**
114.119.141.35 - - [21/Feb/2026:14:09:34 -0700] "GET /grafika-i-motyw-automatu-triple-gold/ HTTP/1.1" 200 9008 "https://ftscreations.com/grafika-i-motyw-automatu-triple-gold" "Mozilla/5.0 (Linux; Android 7.0;) AppleWebKit/537.36 (KHTML, like Gecko) Mobile Safari/537.36 (compatible; PetalBot;+https://webmaster.petalsearch.com/site/petalbot)" 281 **0/281604**
114.119.136.249 - - [21/Feb/2026:14:10:58 -0700] "GET /gra-z-jackpotem-81-simply-ways HTTP/1.1" 301 - "-" "Mozilla/5.0 (Linux; Android 7.0;) AppleWebKit/537.36 (KHTML, like Gecko) Mobile Safari/537.36 (compatible; PetalBot;+https://webmaster.petalsearch.com/site/petalbot)" 156 **0/156976**
114.119.136.249 - - [21/Feb/2026:14:11:00 -0700] "GET /gra-z-jackpotem-81-simply-ways/ HTTP/1.1" 200 9383 "-" "Mozilla/5.0 (Linux; Android 7.0;) AppleWebKit/537.36 (KHTML, like Gecko) Mobile Safari/537.36 (compatible; PetalBot;+https://webmaster.petalsearch.com/site/petalbot)" 289 **0/289574**
114.119.159.62 - - [21/Feb/2026:14:12:20 -0700] "GET /gra-triple-wild-za-darmo/ HTTP/1.1" 200 8962 "http://ftscreations.com/?p=9705" "Mozilla/5.0 (Linux; Android 7.0;) AppleWebKit/537.36 (KHTML, like Gecko) Mobile Safari/537.36 (compatible; PetalBot;+https://webmaster.petalsearch.com/site/petalbot)" 267 **0/267570**
114.119.136.249 - - [21/Feb/2026:14:13:44 -0700] "GET /zwyci%C4%99stwo-book-of-the-divine-egyptian-darkness/ HTTP/1.1" 200 9152 "https://ftscreations.com/zwyci%C4%99stwo-book-of-the-divine-egyptian-darkness" "Mozilla/5.0 (Linux; Android 7.0;) AppleWebKit/537.36 (KHTML, like Gecko) Mobile Safari/537.36 (compatible; PetalBot;+https://webmaster.petalsearch.com/site/petalbot)" 267 **0/267730**
114.119.142.93 - - [21/Feb/2026:14:15:10 -0700] "GET /zagraj-w-fruits-and-fire-z-darmowymi-spinami/ HTTP/1.1" 200 9415 "https://ftscreations.com/zagraj-w-fruits-and-fire-z-darmowymi-spinami/" "Mozilla/5.0 (Linux; Android 7.0;) AppleWebKit/537.36 (KHTML, like Gecko) Mobile Safari/537.36 (compatible; PetalBot;+https://webmaster.petalsearch.com/site/petalbot)" 304 **0/304657**
114.119.136.249 - - [21/Feb/2026:14:16:35 -0700] "GET /wskaz%C3%B3wki-sztuczki-kody-i-strategie-dla-cash-ultimate/ HTTP/1.1" 200 9207 "http://ftscreations.com/?p=7072" "Mozilla/5.0 (Linux; Android 7.0;) AppleWebKit/537.36 (KHTML, like Gecko) Mobile Safari/537.36 (compatible; PetalBot;+https://webmaster.petalsearch.com/site/petalbot)" 318 **0/318756**
114.119.142.93 - - [21/Feb/2026:14:18:11 -0700] "GET /w-kt%C3%B3rym-kasynie-najlepiej-zagra%C4%87-na-slocie-cash-connection-vodoo-magic/ HTTP/1.1" 200 9329 "https://ftscreations.com/w-kt%C3%B3rym-kasynie-najlepiej-zagra%C4%87-na-slocie-cash-connection-vodoo-magic/" "Mozilla/5.0 (Linux; Android 7.0;) AppleWebKit/537.36 (KHTML, like Gecko) Mobile Safari/537.36 (compatible; PetalBot;+https://webmaster.petalsearch.com/site/petalbot)" 320 **0/320112**
114.119.151.146 - - [21/Feb/2026:14:19:19 -0700] "GET /trzy-b%C4%99bnowy-automat-z-27-liniami-wygrywaj%C4%85cymi-four-fruits-2/ HTTP/1.1" 200 9101 "https://ftscreations.com/trzy-b%C4%99bnowy-automat-z-27-liniami-wygrywaj%C4%85cymi-four-fruits-2" "Mozilla/5.0 (Linux; Android 7.0;) AppleWebKit/537.36 (KHTML, like Gecko) Mobile Safari/537.36 (compatible; PetalBot;+https://webmaster.petalsearch.com/site/petalbot)" 317 **0/317841**
114.119.151.146 - - [21/Feb/2026:14:20:45 -0700] "GET /system-wyp%C5%82at-w-romeo-and-juliet-sealed-with-a-kiss HTTP/1.1" 301 - "https://ftscreations.com/system-wyp%C5%82at-w-romeo-and-juliet-sealed-with-a-kiss" "Mozilla/5.0 (Linux; Android 7.0;) AppleWebKit/537.36 (KHTML, like Gecko) Mobile Safari/537.36 (compatible; PetalBot;+https://webmaster.petalsearch.com/site/petalbot)" 246 **0/246975**
114.119.151.146 - - [21/Feb/2026:14:20:47 -0700] "GET /system-wyp%C5%82at-w-romeo-and-juliet-sealed-with-a-kiss/ HTTP/1.1" 200 9206 "https://ftscreations.com/system-wyp%C5%82at-w-romeo-and-juliet-sealed-with-a-kiss" "Mozilla/5.0 (Linux; Android 7.0;) AppleWebKit/537.36 (KHTML, like Gecko) Mobile Safari/537.36 (compatible; PetalBot;+https://webmaster.petalsearch.com/site/petalbot)" 253 **0/253075**
43.173.179.155 - - [21/Feb/2026:14:21:15 -0700] "GET /?p=2975 HTTP/1.1" 301 - "-" "Mozilla/5.0 (Windows NT 10.0; Win64; x64) AppleWebKit/537.36 (KHTML, like Gecko) Chrome/112.0.0.0 Safari/537.36" 264 **0/264316**
43.173.174.141 - - [21/Feb/2026:14:21:15 -0700] "GET /?p=13944 HTTP/1.1" 301 - "-" "Mozilla/5.0 (Windows NT 10.0; Win64; x64) AppleWebKit/537.36 (KHTML, like Gecko) Chrome/124.0.0.0 Safari/537.36" 265 **0/265229**
43.173.182.117 - - [21/Feb/2026:14:21:15 -0700] "GET /slotrush-gokplatform-jouw-ultieme-bestemming-voor/ HTTP/1.1" 200 10638 "-" "Mozilla/5.0 (Windows NT 10.0; Win64; x64) AppleWebKit/537.36 (KHTML, like Gecko) Chrome/109.0.0.0 Safari/537.36" 404 **0/404928**
43.173.179.155 - - [21/Feb/2026:14:21:16 -0700] "GET /autoodtwarzanie-w-golden-clover/ HTTP/1.1" 200 9000 "https://ftscreations.com/?p=2975" "Mozilla/5.0 (Windows NT 10.0; Win64; x64) AppleWebKit/537.36 (KHTML, like Gecko) Chrome/112.0.0.0 Safari/537.36" 494 **0/494600**
43.173.174.141 - - [21/Feb/2026:14:21:16 -0700] "GET /wildsino-pelikokemus-uudella-tasolla/ HTTP/1.1" 200 10507 "https://ftscreations.com/?p=13944" "Mozilla/5.0 (Windows NT 10.0; Win64; x64) AppleWebKit/537.36 (KHTML, like Gecko) Chrome/124.0.0.0 Safari/537.36" 493 **0/493741**
43.173.177.2 - - [21/Feb/2026:14:21:18 -0700] "GET /?p=5711 HTTP/1.1" 301 - "http://ftscreations.com/?p=5711" "Mozilla/5.0 (Windows NT 10.0; Win64; x64) AppleWebKit/537.36 (KHTML, like Gecko) Chrome/133.0.0.0 Safari/537.36" 171 **0/171562**
43.173.177.2 - - [21/Feb/2026:14:21:18 -0700] "GET /graj-candy-monsta-na-prawdziwe-pieni%C4%85dze/ HTTP/1.1" 200 9280 "https://ftscreations.com/?p=5711" "Mozilla/5.0 (Windows NT 10.0; Win64; x64) AppleWebKit/537.36 (KHTML, like Gecko) Chrome/133.0.0.0 Safari/537.36" 277 **0/277694**
43.173.181.204 - - [21/Feb/2026:14:21:19 -0700] "POST / HTTP/1.1" 204 - "https://ftscreations.com/?p=2975" "Mozilla/5.0 (Windows NT 10.0; Win64; x64) AppleWebKit/537.36 (KHTML, like Gecko) Chrome/112.0.0.0 Safari/537.36" 174 **0/174148**
43.173.179.214 - - [21/Feb/2026:14:21:20 -0700] "POST / HTTP/1.1" 204 - "https://ftscreations.com/?p=13944" "Mozilla/5.0 (Windows NT 10.0; Win64; x64) AppleWebKit/537.36 (KHTML, like Gecko) Chrome/124.0.0.0 Safari/537.36" 234 **0/234225**
43.173.176.125 - - [21/Feb/2026:14:21:23 -0700] "POST / HTTP/1.1" 204 - "https://ftscreations.com/slotrush-gokplatform-jouw-ultieme-bestemming-voor/" "Mozilla/5.0 (Windows NT 10.0; Win64; x64) AppleWebKit/537.36 (KHTML, like Gecko) Chrome/109.0.0.0 Safari/537.36" 177 **0/177217**
43.173.182.239 - - [21/Feb/2026:14:21:26 -0700] "POST / HTTP/1.1" 204 - "http://ftscreations.com/" "Mozilla/5.0 (Windows NT 10.0; Win64; x64) AppleWebKit/537.36 (KHTML, like Gecko) Chrome/133.0.0.0 Safari/537.36" 178 **0/178987**
114.119.146.15 - - [21/Feb/2026:14:22:06 -0700] "GET /strategie-gry-na-automacie-neptune-rising/ HTTP/1.1" 200 8977 "https://ftscreations.com/strategie-gry-na-automacie-neptune-rising" "Mozilla/5.0 (Linux; Android 7.0;) AppleWebKit/537.36 (KHTML, like Gecko) Mobile Safari/537.36 (compatible; PetalBot;+https://webmaster.petalsearch.com/site/petalbot)" 604 **0/604044**
43.173.172.191 - - [21/Feb/2026:14:22:10 -0700] "GET /graj-candy-monsta-na-prawdziwe-pieni%C4%85dze/ HTTP/1.1" 200 9278 "-" "Mozilla/5.0 (Windows NT 10.0; Win64; x64) AppleWebKit/537.36 (KHTML, like Gecko) Chrome/133.0.0.0 Safari/537.36" 199 **0/199131**
43.173.177.25 - - [21/Feb/2026:14:22:14 -0700] "POST / HTTP/1.1" 204 - "https://ftscreations.com/graj-candy-monsta-na-prawdziwe-pieni%C4%85dze/" "Mozilla/5.0 (Windows NT 10.0; Win64; x64) AppleWebKit/537.36 (KHTML, like Gecko) Chrome/133.0.0.0 Safari/537.36" 167 **0/167322**
114.119.159.62 - - [21/Feb/2026:14:23:35 -0700] "GET /space-xy-zwyci%C4%99stw/ HTTP/1.1" 200 9262 "https://ftscreations.com/space-xy-zwyci%C4%99stw/" "Mozilla/5.0 (Linux; Android 7.0;) AppleWebKit/537.36 (KHTML, like Gecko) Mobile Safari/537.36 (compatible; PetalBot;+https://webmaster.petalsearch.com/site/petalbot)" 474 **0/474955**
146.174.177.101 - - [21/Feb/2026:14:24:03 -0700] "GET /examining-the-universe-of-free-mature-comics-a-comprehensive-guide/ HTTP/1.1" 200 10175 "-" "Mozilla/5.0 (Windows 8) AppleWebKit/534.30 (KHTML, like Gecko) Chrome/12.0.742.112 Safari/534.30" 250 **0/250036**
84.247.187.54 - - [21/Feb/2026:14:24:10 -0700] "GET /wp-admin/css/ HTTP/1.1" 403 10352 "binance.com" "Mozilla/5.0 (Windows NT 10.0; Win64; x64) AppleWebKit/537.36 (KHTML, like Gecko) Chrome/90.0.4430.85 Safari/537.36" 15 **0/15938**
43.173.175.6 - - [21/Feb/2026:14:24:30 -0700] "GET /?p=13565 HTTP/1.1" 301 - "-" "Mozilla/5.0 (Windows NT 10.0; Win64; x64) AppleWebKit/537.36 (KHTML, like Gecko) Chrome/131.0.0.0 Safari/537.36" 307 **0/307341**
43.173.173.4 - - [21/Feb/2026:14:24:30 -0700] "GET /?p=5328 HTTP/1.1" 301 - "-" "Mozilla/5.0 (Windows NT 10.0; Win64; x64) AppleWebKit/537.36 (KHTML, like Gecko) Chrome/104.0.5112.81 Safari/537.36" 357 **0/357012**
43.173.175.6 - - [21/Feb/2026:14:24:30 -0700] "GET /large-bass-splash-1000-the-ultimate-fishing/ HTTP/1.1" 200 10601 "https://ftscreations.com/?p=13565" "Mozilla/5.0 (Windows NT 10.0; Win64; x64) AppleWebKit/537.36 (KHTML, like Gecko) Chrome/131.0.0.0 Safari/537.36" 375 **0/375609**
43.173.173.4 - - [21/Feb/2026:14:24:30 -0700] "GET /opcja-zak%C5%82adu-ante-w-sky-queen/ HTTP/1.1" 200 9286 "https://ftscreations.com/?p=5328" "Mozilla/5.0 (Windows NT 10.0; Win64; x64) AppleWebKit/537.36 (KHTML, like Gecko) Chrome/104.0.5112.81 Safari/537.36" 447 **0/447299**
43.173.177.96 - - [21/Feb/2026:14:24:34 -0700] "POST / HTTP/1.1" 204 - "https://ftscreations.com/?p=13565" "Mozilla/5.0 (Windows NT 10.0; Win64; x64) AppleWebKit/537.36 (KHTML, like Gecko) Chrome/131.0.0.0 Safari/537.36" 198 **0/198941**
43.173.173.195 - - [21/Feb/2026:14:24:36 -0700] "POST / HTTP/1.1" 204 - "https://ftscreations.com/?p=5328" "Mozilla/5.0 (Windows NT 10.0; Win64; x64) AppleWebKit/537.36 (KHTML, like Gecko) Chrome/104.0.5112.81 Safari/537.36" 185 **0/185667**
114.119.151.146 - - [21/Feb/2026:14:25:00 -0700] "GET /sky-casino-your-top-tier-platform-for-internet/ HTTP/1.1" 200 10319 "https://ftscreations.com/rolldorado-casino-euer-erstklassiges-spielerlebnis/" "Mozilla/5.0 (Linux; Android 7.0;) AppleWebKit/537.36 (KHTML, like Gecko) Mobile Safari/537.36 (compatible; PetalBot;+https://webmaster.petalsearch.com/site/petalbot)" 463 **0/463778**
114.119.146.15 - - [21/Feb/2026:14:26:21 -0700] "GET /rise-of-atlantis-kasyna-internetowe/ HTTP/1.1" 200 9213 "http://ftscreations.com/?p=8220" "Mozilla/5.0 (Linux; Android 7.0;) AppleWebKit/537.36 (KHTML, like Gecko) Mobile Safari/537.36 (compatible; PetalBot;+https://webmaster.petalsearch.com/site/petalbot)" 325 **0/325002**
72.167.58.252 - - [21/Feb/2026:14:27:43 -0700] "POST /wp-cron.php?doing_wp_cron=1771709263.1581349372863769531250 HTTP/1.1" 200 - "https://ftscreations.com/wp-cron.php?doing_wp_cron=1771709263.1581349372863769531250" "WordPress/5.4.18; https://ftscreations.com" 182 **0/182415**
114.119.146.15 - - [21/Feb/2026:14:27:42 -0700] "GET /ocena-na-temat-house-of-fun/ HTTP/1.1" 200 9109 "https://ftscreations.com/ocena-na-temat-house-of-fun/" "Mozilla/5.0 (Linux; Android 7.0;) AppleWebKit/537.36 (KHTML, like Gecko) Mobile Safari/537.36 (compatible; PetalBot;+https://webmaster.petalsearch.com/site/petalbot)" 477 **0/477905**
72.167.58.252 - - [21/Feb/2026:14:29:09 -0700] "POST /newvsi/wp-cron.php?doing_wp_cron=1771709349.4450409412384033203125 HTTP/1.1" 200 - "-" "WordPress/6.6.4; https://ftscreations.com/newvsi" 17 **0/17040**
114.119.151.146 - - [21/Feb/2026:14:29:08 -0700] "GET /newvsi/covid19/ HTTP/1.1" 500 2703 "https://ftscreations.com/newvsi/learn/" "Mozilla/5.0 (Linux; Android 7.0;) AppleWebKit/537.36 (KHTML, like Gecko) Mobile Safari/537.36 (compatible; PetalBot;+https://webmaster.petalsearch.com/site/petalbot)" 527 **0/527253**
72.167.58.252 - - [21/Feb/2026:14:29:09 -0700] "POST /newvsi/wp-admin/admin-ajax.php HTTP/1.1" 200 21 "-" "WordPress/6.6.4; https://ftscreations.com/newvsi" 1254 **1/1254672**
114.119.141.35 - - [21/Feb/2026:14:30:29 -0700] "GET /multiplay-hot-symboli-rozproszonych HTTP/1.1" 301 - "-" "Mozilla/5.0 (Linux; Android 7.0;) AppleWebKit/537.36 (KHTML, like Gecko) Mobile Safari/537.36 (compatible; PetalBot;+https://webmaster.petalsearch.com/site/petalbot)" 195 **0/195358**
114.119.141.35 - - [21/Feb/2026:14:30:31 -0700] "GET /multiplay-hot-symboli-rozproszonych/ HTTP/1.1" 200 9156 "-" "Mozilla/5.0 (Linux; Android 7.0;) AppleWebKit/537.36 (KHTML, like Gecko) Mobile Safari/537.36 (compatible; PetalBot;+https://webmaster.petalsearch.com/site/petalbot)" 263 **0/263920**
114.119.141.35 - - [21/Feb/2026:14:31:54 -0700] "GET /minimalny-zak%C5%82ad-na-eagle-riches/ HTTP/1.1" 200 9062 "http://ftscreations.com/?p=5756" "Mozilla/5.0 (Linux; Android 7.0;) AppleWebKit/537.36 (KHTML, like Gecko) Mobile Safari/537.36 (compatible; PetalBot;+https://webmaster.petalsearch.com/site/petalbot)" 273 **0/273678**
114.119.141.35 - - [21/Feb/2026:14:33:14 -0700] "GET /min-zak%C5%82ad-w-20p-roulette HTTP/1.1" 301 - "https://ftscreations.com/min-zak%C5%82ad-w-20p-roulette" "Mozilla/5.0 (Linux; Android 7.0;) AppleWebKit/537.36 (KHTML, like Gecko) Mobile Safari/537.36 (compatible; PetalBot;+https://webmaster.petalsearch.com/site/petalbot)" 166 **0/166620**
114.119.141.35 - - [21/Feb/2026:14:33:16 -0700] "GET /min-zak%C5%82ad-w-20p-roulette/ HTTP/1.1" 200 9099 "https://ftscreations.com/min-zak%C5%82ad-w-20p-roulette" "Mozilla/5.0 (Linux; Android 7.0;) AppleWebKit/537.36 (KHTML, like Gecko) Mobile Safari/537.36 (compatible; PetalBot;+https://webmaster.petalsearch.com/site/petalbot)" 266 **0/266897**
66.249.79.5 - - [21/Feb/2026:14:33:54 -0700] "GET /betzino-your-own-prime-game-playing-location-for/ HTTP/1.1" 200 9991 "-" "Mozilla/5.0 (Linux; Android 6.0.1; Nexus 5X Build/MMB29P) AppleWebKit/537.36 (KHTML, like Gecko) Chrome/144.0.7559.132 Mobile Safari/537.36 (compatible; Googlebot/2.1; +http://www.google.com/bot.html)" 340 **0/340243**
66.249.79.6 - - [21/Feb/2026:14:34:10 -0700] "POST / HTTP/1.1" 204 - "https://ftscreations.com/betzino-your-own-prime-game-playing-location-for/" "Mozilla/5.0 (Linux; Android 6.0.1; Nexus 5X Build/MMB29P) AppleWebKit/537.36 (KHTML, like Gecko) Chrome/144.0.7559.132 Mobile Safari/537.36 (compatible; Googlebot/2.1; +http://www.google.com/bot.html)" 170 **0/170071**
114.119.142.93 - - [21/Feb/2026:14:34:37 -0700] "GET /kompatybilny-z-komputerami-pc-oraz-telefonami-kom%C3%B3rkowymi-z-systemem-ios-i-android-w-systemie-mystery-motel/ HTTP/1.1" 200 9291 "https://ftscreations.com/kompatybilny-z-komputerami-pc-oraz-telefonami-kom%C3%B3rkowymi-z-systemem-ios-i-android-w-systemie-mystery-motel" "Mozilla/5.0 (Linux; Android 7.0;) AppleWebKit/537.36 (KHTML, like Gecko) Mobile Safari/537.36 (compatible; PetalBot;+https://webmaster.petalsearch.com/site/petalbot)" 452 **0/452783**
157.55.39.14 - - [21/Feb/2026:14:35:50 -0700] "GET /wp-content/uploads/2015/01/IMG_1940-Custom1-743x1080.jpg HTTP/2.0" 200 101094 "-" "Mozilla/5.0 AppleWebKit/537.36 (KHTML, like Gecko; compatible; bingbot/2.0; +http://www.bing.com/bingbot.htm) Chrome/116.0.1938.76 Safari/537.36" 63 **0/63886**
