102.23.29.212 - - [21/Feb/2026:09:54:13 -0700] "GET /national-casino-your-own-top-tier-hub-dedicated-to-online-gaming/ HTTP/1.1" 200 11614 "-" "Mozilla/5.0 (Windows; U; Windows NT 5.2; en-GB; rv:1.9.2.9) Gecko/20100824 Firefox/3.6.9" 237 **0/237978**
114.119.159.62 - - [21/Feb/2026:09:54:45 -0700] "GET /roleta-brasileira-automat%C3%B3w-z-progresywnymi-jackpotami/ HTTP/1.1" 200 9363 "https://ftscreations.com/roleta-brasileira-automat%C3%B3w-z-progresywnymi-jackpotami/" "Mozilla/5.0 (Linux; Android 7.0;) AppleWebKit/537.36 (KHTML, like Gecko) Mobile Safari/537.36 (compatible; PetalBot;+https://webmaster.petalsearch.com/site/petalbot)" 300 **0/300388**
114.119.129.175 - - [21/Feb/2026:09:56:15 -0700] "GET /recenzje-graczy-o-grze-the-magic-flute/ HTTP/1.1" 200 9339 "https://ftscreations.com/recenzje-graczy-o-grze-the-magic-flute" "Mozilla/5.0 (Linux; Android 7.0;) AppleWebKit/537.36 (KHTML, like Gecko) Mobile Safari/537.36 (compatible; PetalBot;+https://webmaster.petalsearch.com/site/petalbot)" 256 **0/256284**
66.249.79.5 - - [21/Feb/2026:09:57:13 -0700] "GET /ads.txt HTTP/1.1" 404 3604 "-" "Mozilla/5.0 (compatible; Googlebot/2.1; +http://www.google.com/bot.html)" 250 **0/250725**
66.249.79.6 - - [21/Feb/2026:09:57:17 -0700] "GET /?p=2402 HTTP/1.1" 301 1 "-" "Mozilla/5.0 (Linux; Android 6.0.1; Nexus 5X Build/MMB29P) AppleWebKit/537.36 (KHTML, like Gecko) Chrome/144.0.7559.132 Mobile Safari/537.36 (compatible; Googlebot/2.1; +http://www.google.com/bot.html)" 206 **0/206580**
66.249.79.5 - - [21/Feb/2026:09:57:17 -0700] "GET /zmienno%C5%9B%C4%87-w-diamond-link-mighty-buffalo/ HTTP/1.1" 200 8388 "-" "Mozilla/5.0 (Linux; Android 6.0.1; Nexus 5X Build/MMB29P) AppleWebKit/537.36 (KHTML, like Gecko) Chrome/144.0.7559.132 Mobile Safari/537.36 (compatible; Googlebot/2.1; +http://www.google.com/bot.html)" 306 **0/306913**
66.249.79.4 - - [21/Feb/2026:09:57:22 -0700] "GET /wp-includes/js/wp-embed.min.js?ver=5.4.18 HTTP/1.1" 200 703 "https://ftscreations.com/zmienno%C5%9B%C4%87-w-diamond-link-mighty-buffalo/" "Mozilla/5.0 (Linux; Android 6.0.1; Nexus 5X Build/MMB29P) AppleWebKit/537.36 (KHTML, like Gecko) Chrome/144.0.7559.132 Mobile Safari/537.36 (compatible; Googlebot/2.1; +http://www.google.com/bot.html)" 10 **0/10934**
66.249.79.4 - - [21/Feb/2026:09:57:23 -0700] "POST / HTTP/1.1" 204 - "https://ftscreations.com/zmienno%C5%9B%C4%87-w-diamond-link-mighty-buffalo/" "Mozilla/5.0 (Linux; Android 6.0.1; Nexus 5X Build/MMB29P) AppleWebKit/537.36 (KHTML, like Gecko) Chrome/144.0.7559.132 Mobile Safari/537.36 (compatible; Googlebot/2.1; +http://www.google.com/bot.html)" 204 **0/204146**
72.167.58.252 - - [21/Feb/2026:09:57:26 -0700] "POST /newvsi/wp-cron.php?doing_wp_cron=1771693046.8574988842010498046875 HTTP/1.1" 200 - "-" "WordPress/6.6.4; https://ftscreations.com/newvsi" 16 **0/16840**
114.119.149.66 - - [21/Feb/2026:09:57:26 -0700] "GET /newvsi/impact/aventureros/ HTTP/1.1" 500 2703 "https://ftscreations.com/newvsi/learn/" "Mozilla/5.0 (Linux; Android 7.0;) AppleWebKit/537.36 (KHTML, like Gecko) Mobile Safari/537.36 (compatible; PetalBot;+https://webmaster.petalsearch.com/site/petalbot)" 540 **0/540430**
72.167.58.252 - - [21/Feb/2026:09:57:31 -0700] "GET /newvsi/?wp_scrape_key=b912ffe36cca4af7f4869c09555d3cdd&wp_scrape_nonce=1771693049 HTTP/1.1" 500 906 "-" "WordPress/6.6.4; https://ftscreations.com/newvsi" 408 **0/408156**
72.167.58.252 - - [21/Feb/2026:09:57:39 -0700] "GET /newvsi/?wp_scrape_key=13a98163f92b6890f5053e5c2b63237f&wp_scrape_nonce=1771693057 HTTP/1.1" 500 906 "-" "WordPress/6.6.4; https://ftscreations.com/newvsi" 571 **0/571198**
47.82.11.123 - - [21/Feb/2026:09:58:32 -0700] "GET /introduction-to-millioner-casino-your-gateway-to/ HTTP/1.1" 200 9818 "https://ftscreations.com/" "Mozilla/5.0 (X11; CrOS x86_64 14541.0.0) AppleWebKit/537.36 (KHTML, like Gecko) Chrome/132.0.0.0 Safari/537.36" 439 **0/439044**
114.119.129.175 - - [21/Feb/2026:09:58:50 -0700] "GET /najlepsza-metoda-p%C5%82atno%C5%9Bci-do-gry-zeus-rush-fever/ HTTP/1.1" 200 9395 "https://ftscreations.com/blog/page/57/" "Mozilla/5.0 (Linux; Android 7.0;) AppleWebKit/537.36 (KHTML, like Gecko) Mobile Safari/537.36 (compatible; PetalBot;+https://webmaster.petalsearch.com/site/petalbot)" 322 **0/322210**
37.27.106.115 - - [21/Feb/2026:09:59:01 -0700] "GET /betreed-de-sfeer-van-banzai-casino-uw-ultieme-gids/ HTTP/1.1" 200 10619 "-" "Screaming Frog SEO Spider/19.8" 257 **0/257198**
37.27.106.115 - - [21/Feb/2026:09:59:02 -0700] "GET /diethnes-stoichematiks-platphrmes-poy-dchontai/ HTTP/1.1" 200 10549 "-" "Screaming Frog SEO Spider/19.8" 502 **0/502971**
37.27.106.115 - - [21/Feb/2026:09:59:02 -0700] "GET /bigclash-casino-the-entry-point-to-premium/ HTTP/1.1" 200 10928 "-" "Screaming Frog SEO Spider/19.8" 610 **0/610401**
37.27.106.115 - - [21/Feb/2026:09:59:02 -0700] "GET /evospin-uw-ultieme-locatie-voor-virtuele-casino/ HTTP/1.1" 200 11043 "-" "Screaming Frog SEO Spider/19.8" 510 **0/510411**
37.27.106.115 - - [21/Feb/2026:09:59:02 -0700] "GET /jokerstar-jouw-bestemming-voor-authentieke-online/ HTTP/1.1" 200 10584 "-" "Screaming Frog SEO Spider/19.8" 736 **0/736460**
37.27.106.115 - - [21/Feb/2026:09:59:02 -0700] "GET /internet-glucksspiel-ohne-vorhandene-deutsche/ HTTP/1.1" 200 10222 "-" "Screaming Frog SEO Spider/19.8" 844 **0/844541**
37.27.106.115 - - [21/Feb/2026:09:59:03 -0700] "GET /luckymate-casino-gaming-hub-your-personal-gateway/ HTTP/1.1" 200 10814 "-" "Screaming Frog SEO Spider/19.8" 936 **0/936868**
37.27.106.115 - - [21/Feb/2026:09:59:03 -0700] "GET /newlucky-casino-uw-gerenommeerde-partner-voor/ HTTP/1.1" 200 10925 "-" "Screaming Frog SEO Spider/19.8" 905 **0/905844**
37.27.106.115 - - [21/Feb/2026:09:59:03 -0700] "GET /oscarspin-spielhalle-casino-deine-premium/ HTTP/1.1" 200 10413 "-" "Screaming Frog SEO Spider/19.8" 934 **0/934502**
37.27.106.115 - - [21/Feb/2026:09:59:04 -0700] "GET /richville-gaming-site-your-top-location-for/ HTTP/1.1" 200 10870 "-" "Screaming Frog SEO Spider/19.8" 284 **0/284498**
37.27.106.115 - - [21/Feb/2026:09:59:04 -0700] "GET /royale-lounge-uw-destinatie-voor-eersteklas-online/ HTTP/1.1" 200 10103 "-" "Screaming Frog SEO Spider/19.8" 348 **0/348324**
37.27.106.115 - - [21/Feb/2026:09:59:04 -0700] "GET /spinrollz-gaming-spielbank-dein-individuelles/ HTTP/1.1" 200 10823 "-" "Screaming Frog SEO Spider/19.8" 668 **0/668002**
37.27.106.115 - - [21/Feb/2026:09:59:04 -0700] "GET /tiktak-bet-jouw-perfecte-bestemming-voor-online/ HTTP/1.1" 200 10620 "-" "Screaming Frog SEO Spider/19.8" 751 **0/751482**
37.27.106.115 - - [21/Feb/2026:09:59:04 -0700] "GET /winshark-spielcasino-professionelle-platform-fur/ HTTP/1.1" 200 10137 "-" "Screaming Frog SEO Spider/19.8" 681 **0/681214**
43.130.101.151 - - [21/Feb/2026:09:59:46 -0700] "GET / HTTP/1.1" 200 4544 "http://ftscreations.com" "Mozilla/5.0 (iPhone; CPU iPhone OS 13_2_3 like Mac OS X) AppleWebKit/605.1.15 (KHTML, like Gecko) Version/13.0.3 Mobile/15E148 Safari/604.1" 213 **0/213169**
114.119.146.15 - - [21/Feb/2026:10:00:13 -0700] "GET /multi-hot-5-popularny-automat-do-gier-online HTTP/1.1" 301 - "-" "Mozilla/5.0 (Linux; Android 7.0;) AppleWebKit/537.36 (KHTML, like Gecko) Mobile Safari/537.36 (compatible; PetalBot;+https://webmaster.petalsearch.com/site/petalbot)" 726 **0/726050**
114.119.146.15 - - [21/Feb/2026:10:00:16 -0700] "GET /multi-hot-5-popularny-automat-do-gier-online/ HTTP/1.1" 200 9087 "-" "Mozilla/5.0 (Linux; Android 7.0;) AppleWebKit/537.36 (KHTML, like Gecko) Mobile Safari/537.36 (compatible; PetalBot;+https://webmaster.petalsearch.com/site/petalbot)" 327 **0/327733**
114.119.142.93 - - [21/Feb/2026:10:01:36 -0700] "GET /kaskadowa-mechanika-ko%C5%82owrotka-w-book-of-pillars/ HTTP/1.1" 200 8819 "https://ftscreations.com/kaskadowa-mechanika-ko%C5%82owrotka-w-book-of-pillars/" "Mozilla/5.0 (Linux; Android 7.0;) AppleWebKit/537.36 (KHTML, like Gecko) Mobile Safari/537.36 (compatible; PetalBot;+https://webmaster.petalsearch.com/site/petalbot)" 396 **0/396738**
114.119.146.15 - - [21/Feb/2026:10:03:00 -0700] "GET /jackpot-na-the-100000-pyramid/ HTTP/1.1" 200 8977 "https://ftscreations.com/jackpot-na-the-100000-pyramid" "Mozilla/5.0 (Linux; Android 7.0;) AppleWebKit/537.36 (KHTML, like Gecko) Mobile Safari/537.36 (compatible; PetalBot;+https://webmaster.petalsearch.com/site/petalbot)" 337 **0/337832**
114.119.149.66 - - [21/Feb/2026:10:04:23 -0700] "GET /graj-na-prawdziwe-pieni%C4%85dze-z-bonusem-w-9-stars/ HTTP/1.1" 200 9369 "https://ftscreations.com/graj-na-prawdziwe-pieni%C4%85dze-z-bonusem-w-9-stars" "Mozilla/5.0 (Linux; Android 7.0;) AppleWebKit/537.36 (KHTML, like Gecko) Mobile Safari/537.36 (compatible; PetalBot;+https://webmaster.petalsearch.com/site/petalbot)" 360 **0/360635**
114.119.142.93 - - [21/Feb/2026:10:05:54 -0700] "GET /fury-of-odin-megaways-zagraj-w-automaty HTTP/1.1" 301 - "https://ftscreations.com/fury-of-odin-megaways-zagraj-w-automaty" "Mozilla/5.0 (Linux; Android 7.0;) AppleWebKit/537.36 (KHTML, like Gecko) Mobile Safari/537.36 (compatible; PetalBot;+https://webmaster.petalsearch.com/site/petalbot)" 261 **0/261457**
114.119.142.93 - - [21/Feb/2026:10:05:56 -0700] "GET /fury-of-odin-megaways-zagraj-w-automaty/ HTTP/1.1" 200 9255 "https://ftscreations.com/fury-of-odin-megaways-zagraj-w-automaty" "Mozilla/5.0 (Linux; Android 7.0;) AppleWebKit/537.36 (KHTML, like Gecko) Mobile Safari/537.36 (compatible; PetalBot;+https://webmaster.petalsearch.com/site/petalbot)" 260 **0/260821**
47.82.11.40 - - [21/Feb/2026:10:06:22 -0700] "GET /mega-fire-blaze-roulette-innovative-gaming/ HTTP/1.1" 200 9453 "https://ftscreations.com/" "Mozilla/5.0 (X11; Linux x86_64) AppleWebKit/537.36 (KHTML, like Gecko) Chrome/114.0.0.0 Safari/537.36" 282 **0/282398**
114.119.142.93 - - [21/Feb/2026:10:07:19 -0700] "GET /funkcjonalno%C5%9B%C4%87-zak%C5%82adu-ante-w-legendary-battle-of-the-nian/ HTTP/1.1" 200 9471 "https://ftscreations.com/funkcjonalno%C5%9B%C4%87-zak%C5%82adu-ante-w-legendary-battle-of-the-nian/" "Mozilla/5.0 (Linux; Android 7.0;) AppleWebKit/537.36 (KHTML, like Gecko) Mobile Safari/537.36 (compatible; PetalBot;+https://webmaster.petalsearch.com/site/petalbot)" 271 **0/271674**
114.119.129.175 - - [21/Feb/2026:10:08:40 -0700] "GET /zwyci%C4%99ska-strategia-madame-destiny-megaways/ HTTP/1.1" 200 8664 "http://ftscreations.com/?p=8829" "Mozilla/5.0 (Linux; Android 7.0;) AppleWebKit/537.36 (KHTML, like Gecko) Mobile Safari/537.36 (compatible; PetalBot;+https://webmaster.petalsearch.com/site/petalbot)" 256 **0/256310**
114.119.151.146 - - [21/Feb/2026:10:10:04 -0700] "GET /zagraj-w-hi-lo-z-bitcoinem/ HTTP/1.1" 200 9250 "https://ftscreations.com/zagraj-w-hi-lo-z-bitcoinem/" "Mozilla/5.0 (Linux; Android 7.0;) AppleWebKit/537.36 (KHTML, like Gecko) Mobile Safari/537.36 (compatible; PetalBot;+https://webmaster.petalsearch.com/site/petalbot)" 293 **0/293239**
18.97.9.97 - - [21/Feb/2026:10:10:46 -0700] "GET /contact/ HTTP/1.1" 200 4656 "-" "Mozilla/5.0 AppleWebKit/537.36 (KHTML, like Gecko; compatible; PerplexityBot/1.0; +https://perplexity.ai/perplexitybot)" 186 **0/186336**
114.119.146.15 - - [21/Feb/2026:10:11:29 -0700] "GET /warto%C5%9Bci-symboli-szczeliny-joker-40 HTTP/1.1" 301 - "-" "Mozilla/5.0 (Linux; Android 7.0;) AppleWebKit/537.36 (KHTML, like Gecko) Mobile Safari/537.36 (compatible; PetalBot;+https://webmaster.petalsearch.com/site/petalbot)" 166 **0/166745**
114.119.146.15 - - [21/Feb/2026:10:11:31 -0700] "GET /warto%C5%9Bci-symboli-szczeliny-joker-40/ HTTP/1.1" 200 8922 "-" "Mozilla/5.0 (Linux; Android 7.0;) AppleWebKit/537.36 (KHTML, like Gecko) Mobile Safari/537.36 (compatible; PetalBot;+https://webmaster.petalsearch.com/site/petalbot)" 263 **0/263707**
114.119.159.62 - - [21/Feb/2026:10:12:45 -0700] "GET /symbole-mno%C5%BCnik%C3%B3w-w-liczbie-eagle-bucks HTTP/1.1" 301 - "-" "Mozilla/5.0 (Linux; Android 7.0;) AppleWebKit/537.36 (KHTML, like Gecko) Mobile Safari/537.36 (compatible; PetalBot;+https://webmaster.petalsearch.com/site/petalbot)" 154 **0/154473**
114.119.159.62 - - [21/Feb/2026:10:12:46 -0700] "GET /symbole-mno%C5%BCnik%C3%B3w-w-liczbie-eagle-bucks/ HTTP/1.1" 200 9098 "-" "Mozilla/5.0 (Linux; Android 7.0;) AppleWebKit/537.36 (KHTML, like Gecko) Mobile Safari/537.36 (compatible; PetalBot;+https://webmaster.petalsearch.com/site/petalbot)" 256 **0/256418**
114.119.151.146 - - [21/Feb/2026:10:14:08 -0700] "GET /strategie-i-wskaz%C3%B3wki-dla-reactor HTTP/1.1" 301 - "http://ftscreations.com/?p=9025" "Mozilla/5.0 (Linux; Android 7.0;) AppleWebKit/537.36 (KHTML, like Gecko) Mobile Safari/537.36 (compatible; PetalBot;+https://webmaster.petalsearch.com/site/petalbot)" 177 **0/177019**
114.119.151.146 - - [21/Feb/2026:10:14:09 -0700] "GET /strategie-i-wskaz%C3%B3wki-dla-reactor/ HTTP/1.1" 200 9398 "http://ftscreations.com/?p=9025" "Mozilla/5.0 (Linux; Android 7.0;) AppleWebKit/537.36 (KHTML, like Gecko) Mobile Safari/537.36 (compatible; PetalBot;+https://webmaster.petalsearch.com/site/petalbot)" 264 **0/264009**
114.119.151.146 - - [21/Feb/2026:10:15:31 -0700] "GET /rozproszenie-mechaniczne-op%C5%82aca-si%C4%99-w-bonus-joker-2/ HTTP/1.1" 200 9200 "https://ftscreations.com/rozproszenie-mechaniczne-op%C5%82aca-si%C4%99-w-bonus-joker-2/" "Mozilla/5.0 (Linux; Android 7.0;) AppleWebKit/537.36 (KHTML, like Gecko) Mobile Safari/537.36 (compatible; PetalBot;+https://webmaster.petalsearch.com/site/petalbot)" 283 **0/283020**
114.119.146.15 - - [21/Feb/2026:10:16:55 -0700] "GET /rabbit-royale-recenzje-prawdziwych-graczy/ HTTP/1.1" 200 9247 "https://ftscreations.com/rabbit-royale-recenzje-prawdziwych-graczy" "Mozilla/5.0 (Linux; Android 7.0;) AppleWebKit/537.36 (KHTML, like Gecko) Mobile Safari/537.36 (compatible; PetalBot;+https://webmaster.petalsearch.com/site/petalbot)" 364 **0/364312**
43.173.174.190 - - [21/Feb/2026:10:17:47 -0700] "GET /?p=7538 HTTP/1.1" 301 - "http://ftscreations.com/?p=7538" "Mozilla/5.0 (Windows NT 10.0; Win64; x64) AppleWebKit/537.36 (KHTML, like Gecko) Chrome/131.0.0.0 Safari/537.36" 177 **0/177630**
43.173.174.190 - - [21/Feb/2026:10:17:47 -0700] "GET /zwyci%C4%99skie-automaty-spin-spin-sugar/ HTTP/1.1" 200 9219 "https://ftscreations.com/?p=7538" "Mozilla/5.0 (Windows NT 10.0; Win64; x64) AppleWebKit/537.36 (KHTML, like Gecko) Chrome/131.0.0.0 Safari/537.36" 309 **0/309022**
67.210.97.35 - - [21/Feb/2026:10:17:53 -0700] "HEAD / HTTP/2.0" 200 - "-" "ct2ips/1.0" 207 **0/207810**
43.173.181.209 - - [21/Feb/2026:10:17:56 -0700] "POST / HTTP/1.1" 204 - "http://ftscreations.com/" "Mozilla/5.0 (Windows NT 10.0; Win64; x64) AppleWebKit/537.36 (KHTML, like Gecko) Chrome/131.0.0.0 Safari/537.36" 199 **0/199783**
67.210.97.35 - - [21/Feb/2026:10:17:58 -0700] "HEAD / HTTP/2.0" 301 - "-" "ct2ips/1.0" 204 **0/204745**
67.210.97.35 - - [21/Feb/2026:10:17:59 -0700] "HEAD / HTTP/2.0" 200 - "https://mail.ftscreations.com/" "ct2ips/1.0" 203 **0/203508**
67.210.97.35 - - [21/Feb/2026:10:18:07 -0700] "HEAD / HTTP/2.0" 301 - "-" "ct2ips/1.0" 167 **0/167593**
67.210.97.35 - - [21/Feb/2026:10:18:07 -0700] "HEAD / HTTP/2.0" 200 - "https://www.ftscreations.com/" "ct2ips/1.0" 168 **0/168123**
67.210.97.35 - - [21/Feb/2026:10:18:15 -0700] "HEAD / HTTP/2.0" 200 - "-" "ct2ips/1.0" 75 **0/75220**
67.210.97.35 - - [21/Feb/2026:10:18:20 -0700] "HEAD / HTTP/2.0" 401 - "-" "ct2ips/1.0" 28 **0/28205**
114.119.149.66 - - [21/Feb/2026:10:18:24 -0700] "GET /opcja-zakupu-bonusowego-w-pigeons-from-space/ HTTP/1.1" 200 8750 "https://ftscreations.com/opcja-zakupu-bonusowego-w-pigeons-from-space/" "Mozilla/5.0 (Linux; Android 7.0;) AppleWebKit/537.36 (KHTML, like Gecko) Mobile Safari/537.36 (compatible; PetalBot;+https://webmaster.petalsearch.com/site/petalbot)" 448 **0/448911**
43.163.23.190 - - [21/Feb/2026:10:18:50 -0700] "GET /?p=13535 HTTP/1.1" 301 - "-" "Mozilla/5.0 (Windows NT 10.0; Win64; x64) AppleWebKit/537.36 (KHTML, like Gecko) Chrome/117.0.0.0 Safari/537.36" 225 **0/225295**
43.163.23.190 - - [21/Feb/2026:10:18:50 -0700] "GET /felicebet-deres-neste-sted-for-entertainment-og/ HTTP/1.1" 200 10751 "https://ftscreations.com/?p=13535" "Mozilla/5.0 (Windows NT 10.0; Win64; x64) AppleWebKit/537.36 (KHTML, like Gecko) Chrome/117.0.0.0 Safari/537.36" 220 **0/220935**
43.173.181.100 - - [21/Feb/2026:10:18:50 -0700] "GET /?p=4795 HTTP/1.1" 301 - "http://ftscreations.com/?p=4795" "Mozilla/5.0 (Windows NT 10.0; Win64; x64) AppleWebKit/537.36 (KHTML, like Gecko) Chrome/106.0.5249.119 Safari/537.36" 190 **0/190903**
43.173.181.100 - - [21/Feb/2026:10:18:51 -0700] "GET /holy-hand-grenaderoulette-en-vivo-live-casino-werdykt-gry/ HTTP/1.1" 200 9364 "https://ftscreations.com/?p=4795" "Mozilla/5.0 (Windows NT 10.0; Win64; x64) AppleWebKit/537.36 (KHTML, like Gecko) Chrome/106.0.5249.119 Safari/537.36" 320 **0/320505**
43.173.172.157 - - [21/Feb/2026:10:18:55 -0700] "POST / HTTP/1.1" 204 - "https://ftscreations.com/?p=13535" "Mozilla/5.0 (Windows NT 10.0; Win64; x64) AppleWebKit/537.36 (KHTML, like Gecko) Chrome/117.0.0.0 Safari/537.36" 193 **0/193876**
43.173.181.47 - - [21/Feb/2026:10:18:55 -0700] "POST / HTTP/1.1" 204 - "http://ftscreations.com/" "Mozilla/5.0 (Windows NT 10.0; Win64; x64) AppleWebKit/537.36 (KHTML, like Gecko) Chrome/106.0.5249.119 Safari/537.36" 228 **0/228539**
114.119.151.146 - - [21/Feb/2026:10:19:44 -0700] "GET /najlepsze-kasyna-online-z-fat-santa HTTP/1.1" 301 - "-" "Mozilla/5.0 (Linux; Android 7.0;) AppleWebKit/537.36 (KHTML, like Gecko) Mobile Safari/537.36 (compatible; PetalBot;+https://webmaster.petalsearch.com/site/petalbot)" 239 **0/239845**
114.119.151.146 - - [21/Feb/2026:10:19:45 -0700] "GET /najlepsze-kasyna-online-z-fat-santa/ HTTP/1.1" 200 9334 "-" "Mozilla/5.0 (Linux; Android 7.0;) AppleWebKit/537.36 (KHTML, like Gecko) Mobile Safari/537.36 (compatible; PetalBot;+https://webmaster.petalsearch.com/site/petalbot)" 484 **0/484458**
43.173.176.190 - - [21/Feb/2026:10:19:59 -0700] "GET /holy-hand-grenaderoulette-en-vivo-live-casino-werdykt-gry/ HTTP/1.1" 200 9364 "-" "Mozilla/5.0 (Windows NT 10.0; Win64; x64) AppleWebKit/537.36 (KHTML, like Gecko) Chrome/112.0.0.0 Safari/537.36" 255 **0/255956**
43.173.182.188 - - [21/Feb/2026:10:19:59 -0700] "GET /?p=4558 HTTP/1.1" 301 - "-" "Mozilla/5.0 (Windows NT 10.0; Win64; x64) AppleWebKit/537.36 (KHTML, like Gecko) Chrome/107.0.0.0 Safari/537.36" 310 **0/310306**
43.173.181.248 - - [21/Feb/2026:10:19:59 -0700] "GET /?p=3609 HTTP/1.1" 301 - "http://ftscreations.com/?p=3609" "Mozilla/5.0 (Windows NT 10.0; Win64; x64) AppleWebKit/537.36 (KHTML, like Gecko) Chrome/111.0.0.0 Safari/537.36" 229 **0/229879**
43.173.176.211 - - [21/Feb/2026:10:20:00 -0700] "GET /?p=4544 HTTP/1.1" 301 - "-" "Mozilla/5.0 (Windows NT 10.0; Win64; x64) AppleWebKit/537.36 (KHTML, like Gecko) Chrome/116.0.0.0 Safari/537.36" 327 **0/327844**
43.173.182.188 - - [21/Feb/2026:10:19:59 -0700] "GET /zagraj-w-darmowy-automat-soul-of-nature/ HTTP/1.1" 200 9153 "https://ftscreations.com/?p=4558" "Mozilla/5.0 (Windows NT 10.0; Win64; x64) AppleWebKit/537.36 (KHTML, like Gecko) Chrome/107.0.0.0 Safari/537.36" 601 **0/601732**
43.173.181.248 - - [21/Feb/2026:10:20:00 -0700] "GET /crazy-wolf-rozproszenie/ HTTP/1.1" 200 9233 "https://ftscreations.com/?p=3609" "Mozilla/5.0 (Windows NT 10.0; Win64; x64) AppleWebKit/537.36 (KHTML, like Gecko) Chrome/111.0.0.0 Safari/537.36" 590 **0/590862**
43.173.176.211 - - [21/Feb/2026:10:20:00 -0700] "GET /mystery-museum-prawdopodobie%C5%84stwo-maksymalnej-wygranej-nieznane/ HTTP/1.1" 200 9097 "https://ftscreations.com/?p=4544" "Mozilla/5.0 (Windows NT 10.0; Win64; x64) AppleWebKit/537.36 (KHTML, like Gecko) Chrome/116.0.0.0 Safari/537.36" 416 **0/416356**
43.173.180.169 - - [21/Feb/2026:10:20:04 -0700] "POST / HTTP/1.1" 204 - "https://ftscreations.com/holy-hand-grenaderoulette-en-vivo-live-casino-werdykt-gry/" "Mozilla/5.0 (Windows NT 10.0; Win64; x64) AppleWebKit/537.36 (KHTML, like Gecko) Chrome/112.0.0.0 Safari/537.36" 182 **0/182264**
43.173.172.209 - - [21/Feb/2026:10:20:06 -0700] "POST / HTTP/1.1" 204 - "http://ftscreations.com/" "Mozilla/5.0 (Windows NT 10.0; Win64; x64) AppleWebKit/537.36 (KHTML, like Gecko) Chrome/111.0.0.0 Safari/537.36" 193 **0/193916**
43.173.175.226 - - [21/Feb/2026:10:20:07 -0700] "POST / HTTP/1.1" 204 - "https://ftscreations.com/?p=4558" "Mozilla/5.0 (Windows NT 10.0; Win64; x64) AppleWebKit/537.36 (KHTML, like Gecko) Chrome/107.0.0.0 Safari/537.36" 216 **0/216341**
43.173.178.235 - - [21/Feb/2026:10:20:09 -0700] "POST / HTTP/1.1" 204 - "https://ftscreations.com/?p=4544" "Mozilla/5.0 (Windows NT 10.0; Win64; x64) AppleWebKit/537.36 (KHTML, like Gecko) Chrome/116.0.0.0 Safari/537.36" 212 **0/212892**
114.119.129.175 - - [21/Feb/2026:10:21:06 -0700] "GET /mystery-reels-deluxe-maksymalna-wyp%C5%82ata/ HTTP/1.1" 200 9006 "https://ftscreations.com/mystery-reels-deluxe-maksymalna-wyp%C5%82ata" "Mozilla/5.0 (Linux; Android 7.0;) AppleWebKit/537.36 (KHTML, like Gecko) Mobile Safari/537.36 (compatible; PetalBot;+https://webmaster.petalsearch.com/site/petalbot)" 502 **0/502636**
114.119.159.62 - - [21/Feb/2026:10:22:30 -0700] "GET /lil-devil-warianty-oferowane-przez-r%C3%B3%C5%BCne-kasyna-online/ HTTP/1.1" 200 9140 "https://ftscreations.com/lil-devil-warianty-oferowane-przez-r%C3%B3%C5%BCne-kasyna-online/" "Mozilla/5.0 (Linux; Android 7.0;) AppleWebKit/537.36 (KHTML, like Gecko) Mobile Safari/537.36 (compatible; PetalBot;+https://webmaster.petalsearch.com/site/petalbot)" 288 **0/288486**
43.173.178.253 - - [21/Feb/2026:10:23:10 -0700] "GET /crazy-wolf-rozproszenie/ HTTP/1.1" 200 9232 "-" "Mozilla/5.0 (Windows NT 10.0; Win64; x64) AppleWebKit/537.36 (KHTML, like Gecko) Chrome/116.0.0.0 Safari/537.36" 322 **0/322864**
43.173.174.76 - - [21/Feb/2026:10:23:10 -0700] "GET /wp-json/oembed/1.0/embed?format=xml&url=https%3A%2F%2Fftscreations.com%2Fburning-classics-automat-do-gry%2F HTTP/1.1" 200 1212 "-" "Mozilla/5.0 (Windows NT 10.0; Win64; x64) AppleWebKit/537.36 (KHTML, like Gecko) Chrome/110.0.0.0 Safari/537.36" 283 **0/283881**
43.173.178.249 - - [21/Feb/2026:10:23:17 -0700] "POST / HTTP/1.1" 204 - "https://ftscreations.com/crazy-wolf-rozproszenie/" "Mozilla/5.0 (Windows NT 10.0; Win64; x64) AppleWebKit/537.36 (KHTML, like Gecko) Chrome/116.0.0.0 Safari/537.36" 185 **0/185900**
114.119.142.93 - - [21/Feb/2026:10:23:55 -0700] "GET /jak-gra%C4%87-w-ninja-ways-w-kasynie/ HTTP/1.1" 200 9295 "https://ftscreations.com/jak-gra%C4%87-w-ninja-ways-w-kasynie" "Mozilla/5.0 (Linux; Android 7.0;) AppleWebKit/537.36 (KHTML, like Gecko) Mobile Safari/537.36 (compatible; PetalBot;+https://webmaster.petalsearch.com/site/petalbot)" 522 **0/522706**
114.119.146.15 - - [21/Feb/2026:10:25:18 -0700] "GET /inne-popularne-sloty-podobne-do-thunderstruck-ii-mega-moolah/ HTTP/1.1" 200 9396 "https://ftscreations.com/inne-popularne-sloty-podobne-do-thunderstruck-ii-mega-moolah/" "Mozilla/5.0 (Linux; Android 7.0;) AppleWebKit/537.36 (KHTML, like Gecko) Mobile Safari/537.36 (compatible; PetalBot;+https://webmaster.petalsearch.com/site/petalbot)" 282 **0/282277**
114.119.151.146 - - [21/Feb/2026:10:26:49 -0700] "GET /hell-mania-system-p%C5%82atno%C5%9Bci-pay-anywhere/ HTTP/1.1" 200 8947 "https://ftscreations.com/hell-mania-system-p%C5%82atno%C5%9Bci-pay-anywhere/" "Mozilla/5.0 (Linux; Android 7.0;) AppleWebKit/537.36 (KHTML, like Gecko) Mobile Safari/537.36 (compatible; PetalBot;+https://webmaster.petalsearch.com/site/petalbot)" 296 **0/296993**
72.167.58.252 - - [21/Feb/2026:10:28:17 -0700] "POST /wp-cron.php?doing_wp_cron=1771694897.8088009357452392578125 HTTP/1.1" 200 - "https://ftscreations.com/wp-cron.php?doing_wp_cron=1771694897.8088009357452392578125" "WordPress/5.4.18; https://ftscreations.com" 244 **0/244578**
114.119.151.146 - - [21/Feb/2026:10:28:17 -0700] "GET /gry-slotowe-za-darmo-bez-rejestracji-w-magic-piggy/ HTTP/1.1" 200 9410 "https://ftscreations.com/gry-slotowe-za-darmo-bez-rejestracji-w-magic-piggy" "Mozilla/5.0 (Linux; Android 7.0;) AppleWebKit/537.36 (KHTML, like Gecko) Mobile Safari/537.36 (compatible; PetalBot;+https://webmaster.petalsearch.com/site/petalbot)" 648 **0/648841**
114.119.142.93 - - [21/Feb/2026:10:29:31 -0700] "GET /gra-w-book-of-shadows-na-urz%C4%85dzeniu-mobilnym/ HTTP/1.1" 200 9442 "https://ftscreations.com/gra-w-book-of-shadows-na-urz%C4%85dzeniu-mobilnym/" "Mozilla/5.0 (Linux; Android 7.0;) AppleWebKit/537.36 (KHTML, like Gecko) Mobile Safari/537.36 (compatible; PetalBot;+https://webmaster.petalsearch.com/site/petalbot)" 318 **0/318578**
114.119.142.93 - - [21/Feb/2026:10:30:50 -0700] "GET /zdob%C4%85d%C5%BA-darmowe-spiny-na-dice HTTP/1.1" 301 - "https://ftscreations.com/zdob%C4%85d%C5%BA-darmowe-spiny-na-dice" "Mozilla/5.0 (Linux; Android 7.0;) AppleWebKit/537.36 (KHTML, like Gecko) Mobile Safari/537.36 (compatible; PetalBot;+https://webmaster.petalsearch.com/site/petalbot)" 204 **0/204714**
114.119.142.93 - - [21/Feb/2026:10:30:51 -0700] "GET /zdob%C4%85d%C5%BA-darmowe-spiny-na-dice/ HTTP/1.1" 200 9242 "https://ftscreations.com/zdob%C4%85d%C5%BA-darmowe-spiny-na-dice" "Mozilla/5.0 (Linux; Android 7.0;) AppleWebKit/537.36 (KHTML, like Gecko) Mobile Safari/537.36 (compatible; PetalBot;+https://webmaster.petalsearch.com/site/petalbot)" 283 **0/283461**
114.119.146.15 - - [21/Feb/2026:10:32:17 -0700] "GET /wysoka-wyp%C5%82ata-rtp-w-grze-super-duper/ HTTP/1.1" 200 9458 "https://ftscreations.com/wysoka-wyp%C5%82ata-rtp-w-grze-super-duper" "Mozilla/5.0 (Linux; Android 7.0;) AppleWebKit/537.36 (KHTML, like Gecko) Mobile Safari/537.36 (compatible; PetalBot;+https://webmaster.petalsearch.com/site/petalbot)" 296 **0/296694**
114.119.149.66 - - [21/Feb/2026:10:33:38 -0700] "GET /rip-city-strategie-obstawiania HTTP/1.1" 301 - "-" "Mozilla/5.0 (Linux; Android 7.0;) AppleWebKit/537.36 (KHTML, like Gecko) Mobile Safari/537.36 (compatible; PetalBot;+https://webmaster.petalsearch.com/site/petalbot)" 201 **0/201002**
114.119.149.66 - - [21/Feb/2026:10:33:40 -0700] "GET /rip-city-strategie-obstawiania/ HTTP/1.1" 200 9188 "-" "Mozilla/5.0 (Linux; Android 7.0;) AppleWebKit/537.36 (KHTML, like Gecko) Mobile Safari/537.36 (compatible; PetalBot;+https://webmaster.petalsearch.com/site/petalbot)" 331 **0/331151**
114.119.146.15 - - [21/Feb/2026:10:35:12 -0700] "GET /recenzja-gry-blood HTTP/1.1" 301 - "https://ftscreations.com/recenzja-gry-blood" "Mozilla/5.0 (Linux; Android 7.0;) AppleWebKit/537.36 (KHTML, like Gecko) Mobile Safari/537.36 (compatible; PetalBot;+https://webmaster.petalsearch.com/site/petalbot)" 249 **0/249271**
114.119.146.15 - - [21/Feb/2026:10:35:14 -0700] "GET /recenzja-gry-blood/ HTTP/1.1" 200 9230 "https://ftscreations.com/recenzja-gry-blood" "Mozilla/5.0 (Linux; Android 7.0;) AppleWebKit/537.36 (KHTML, like Gecko) Mobile Safari/537.36 (compatible; PetalBot;+https://webmaster.petalsearch.com/site/petalbot)" 374 **0/374302**
114.119.159.62 - - [21/Feb/2026:10:36:27 -0700] "GET /przegl%C4%85d-kasyn-online-oferuj%C4%85cych-treasures-of-fire-scatter-pays HTTP/1.1" 301 - "https://ftscreations.com/przegl%C4%85d-kasyn-online-oferuj%C4%85cych-treasures-of-fire-scatter-pays" "Mozilla/5.0 (Linux; Android 7.0;) AppleWebKit/537.36 (KHTML, like Gecko) Mobile Safari/537.36 (compatible; PetalBot;+https://webmaster.petalsearch.com/site/petalbot)" 229 **0/229503**
114.119.159.62 - - [21/Feb/2026:10:36:29 -0700] "GET /przegl%C4%85d-kasyn-online-oferuj%C4%85cych-treasures-of-fire-scatter-pays/ HTTP/1.1" 200 8848 "https://ftscreations.com/przegl%C4%85d-kasyn-online-oferuj%C4%85cych-treasures-of-fire-scatter-pays" "Mozilla/5.0 (Linux; Android 7.0;) AppleWebKit/537.36 (KHTML, like Gecko) Mobile Safari/537.36 (compatible; PetalBot;+https://webmaster.petalsearch.com/site/petalbot)" 375 **0/375257**
114.119.142.93 - - [21/Feb/2026:10:37:50 -0700] "GET /platincasino-exzellenz-im-bundesdeutschen-online/ HTTP/1.1" 200 10979 "https://ftscreations.com/blog/page/21" "Mozilla/5.0 (Linux; Android 7.0;) AppleWebKit/537.36 (KHTML, like Gecko) Mobile Safari/537.36 (compatible; PetalBot;+https://webmaster.petalsearch.com/site/petalbot)" 347 **0/347427**
114.119.129.175 - - [21/Feb/2026:10:39:21 -0700] "GET /platforma-u%C5%BCywana-przez-161-kasyn-online-w-da-vincis-mystery HTTP/1.1" 301 - "-" "Mozilla/5.0 (Linux; Android 7.0;) AppleWebKit/537.36 (KHTML, like Gecko) Mobile Safari/537.36 (compatible; PetalBot;+https://webmaster.petalsearch.com/site/petalbot)" 248 **0/248753**
114.119.129.175 - - [21/Feb/2026:10:39:22 -0700] "GET /platforma-u%C5%BCywana-przez-161-kasyn-online-w-da-vincis-mystery/ HTTP/1.1" 200 9109 "-" "Mozilla/5.0 (Linux; Android 7.0;) AppleWebKit/537.36 (KHTML, like Gecko) Mobile Safari/537.36 (compatible; PetalBot;+https://webmaster.petalsearch.com/site/petalbot)" 344 **0/344953**
114.119.146.15 - - [21/Feb/2026:10:40:37 -0700] "GET /pe%C5%82na-analiza-lucky-fish/ HTTP/1.1" 200 9215 "https://ftscreations.com/pe%C5%82na-analiza-lucky-fish" "Mozilla/5.0 (Linux; Android 7.0;) AppleWebKit/537.36 (KHTML, like Gecko) Mobile Safari/537.36 (compatible; PetalBot;+https://webmaster.petalsearch.com/site/petalbot)" 327 **0/327573**
114.119.146.15 - - [21/Feb/2026:10:42:01 -0700] "GET /mobilny-automat-do-gier-pharaohs-daughter/ HTTP/1.1" 200 9169 "https://ftscreations.com/mobilny-automat-do-gier-pharaohs-daughter/" "Mozilla/5.0 (Linux; Android 7.0;) AppleWebKit/537.36 (KHTML, like Gecko) Mobile Safari/537.36 (compatible; PetalBot;+https://webmaster.petalsearch.com/site/petalbot)" 444 **0/444561**
52.167.144.138 - - [21/Feb/2026:10:43:17 -0700] "GET /wp-content/uploads/2015/01/DeathtoStock_NotStock10-Custom1-1619x1080.jpg HTTP/2.0" 200 207483 "-" "Mozilla/5.0 AppleWebKit/537.36 (KHTML, like Gecko; compatible; bingbot/2.0; +http://www.bing.com/bingbot.htm) Chrome/116.0.1938.76 Safari/537.36" 76 **0/76576**
114.119.136.249 - - [21/Feb/2026:10:43:27 -0700] "GET /kings-of-gold-wielko%C5%9B%C4%87-zak%C5%82adu-i-szanse-na-wygran%C4%85/ HTTP/1.1" 200 9074 "http://ftscreations.com/?p=8277" "Mozilla/5.0 (Linux; Android 7.0;) AppleWebKit/537.36 (KHTML, like Gecko) Mobile Safari/537.36 (compatible; PetalBot;+https://webmaster.petalsearch.com/site/petalbot)" 396 **0/396880**
202.76.172.28 - - [21/Feb/2026:10:44:11 -0700] "GET /red-baron-el-iconico-legendario-videojuego-de/ HTTP/1.1" 200 10407 "-" "Mozilla/5.0 (Windows; U; Windows NT 5.1; ja; rv:1.9.2a1pre) Gecko/20090402 Firefox/3.6a1pre (.NET CLR 3.5.30729)" 374 **0/374195**
114.119.142.93 - - [21/Feb/2026:10:44:48 -0700] "GET /joker-pro-popularny/ HTTP/1.1" 200 9203 "https://ftscreations.com/joker-pro-popularny" "Mozilla/5.0 (Linux; Android 7.0;) AppleWebKit/537.36 (KHTML, like Gecko) Mobile Safari/537.36 (compatible; PetalBot;+https://webmaster.petalsearch.com/site/petalbot)" 374 **0/374082**
114.119.151.146 - - [21/Feb/2026:10:46:13 -0700] "GET /incinerator-programy-lojalno%C5%9Bciowe-w-kasynach-online/ HTTP/1.1" 200 9110 "https://ftscreations.com/incinerator-programy-lojalno%C5%9Bciowe-w-kasynach-online/" "Mozilla/5.0 (Linux; Android 7.0;) AppleWebKit/537.36 (KHTML, like Gecko) Mobile Safari/537.36 (compatible; PetalBot;+https://webmaster.petalsearch.com/site/petalbot)" 368 **0/368242**
40.77.167.255 - - [21/Feb/2026:10:46:20 -0700] "GET /wp-content/uploads/2015/01/DeathtoStock_Wired9-Custom1-1400x934.jpg HTTP/2.0" 200 200521 "-" "Mozilla/5.0 AppleWebKit/537.36 (KHTML, like Gecko; compatible; bingbot/2.0; +http://www.bing.com/bingbot.htm) Chrome/116.0.1938.76 Safari/537.36" 81 **0/81915**
18.97.9.101 - - [21/Feb/2026:10:47:14 -0700] "GET /robots.txt HTTP/1.1" 200 309 "-" "Mozilla/5.0 AppleWebKit/537.36 (KHTML, like Gecko; compatible; PerplexityBot/1.0; +https://perplexity.ai/perplexitybot)" 8 **0/8796**
114.119.142.93 - - [21/Feb/2026:10:47:47 -0700] "GET /hunters-spirit-projekt-graficzny/ HTTP/1.1" 200 9306 "https://ftscreations.com/hunters-spirit-projekt-graficzny/" "Mozilla/5.0 (Linux; Android 7.0;) AppleWebKit/537.36 (KHTML, like Gecko) Mobile Safari/537.36 (compatible; PetalBot;+https://webmaster.petalsearch.com/site/petalbot)" 508 **0/508951**
114.119.149.66 - - [21/Feb/2026:10:49:09 -0700] "GET /gry-o-du%C5%BCej-zmienno%C5%9Bci-i-rtp-jungle-fortune/ HTTP/1.1" 200 9120 "http://ftscreations.com/?p=8004" "Mozilla/5.0 (Linux; Android 7.0;) AppleWebKit/537.36 (KHTML, like Gecko) Mobile Safari/537.36 (compatible; PetalBot;+https://webmaster.petalsearch.com/site/petalbot)" 488 **0/488688**
114.119.151.146 - - [21/Feb/2026:10:50:34 -0700] "GET /gra-bonusowa-kt%C3%B3ra-pozwala-graczowi-uzyska%C4%87-dodatkowe-wygrane-w-wild-hot-chilli-reels/ HTTP/1.1" 200 9512 "https://ftscreations.com/gra-bonusowa-kt%C3%B3ra-pozwala-graczowi-uzyska%C4%87-dodatkowe-wygrane-w-wild-hot-chilli-reels/" "Mozilla/5.0 (Linux; Android 7.0;) AppleWebKit/537.36 (KHTML, like Gecko) Mobile Safari/537.36 (compatible; PetalBot;+https://webmaster.petalsearch.com/site/petalbot)" 329 **0/329311**
114.119.129.175 - - [21/Feb/2026:10:51:56 -0700] "GET /fruiti-xl-symbol-rozproszenia-i-mno%C5%BCnik/ HTTP/1.1" 200 9195 "https://ftscreations.com/fruiti-xl-symbol-rozproszenia-i-mno%C5%BCnik/" "Mozilla/5.0 (Linux; Android 7.0;) AppleWebKit/537.36 (KHTML, like Gecko) Mobile Safari/537.36 (compatible; PetalBot;+https://webmaster.petalsearch.com/site/petalbot)" 482 **0/482497**
66.249.79.6 - - [21/Feb/2026:10:52:43 -0700] "GET /robots.txt HTTP/1.1" 200 132 "-" "Mozilla/5.0 (compatible; Googlebot/2.1; +http://www.google.com/bot.html)" 4 **0/4452**
114.119.141.35 - - [21/Feb/2026:10:53:15 -0700] "GET /system-kaskadowy-fear-the-dark/ HTTP/1.1" 200 9154 "https://ftscreations.com/system-kaskadowy-fear-the-dark/" "Mozilla/5.0 (Linux; Android 7.0;) AppleWebKit/537.36 (KHTML, like Gecko) Mobile Safari/537.36 (compatible; PetalBot;+https://webmaster.petalsearch.com/site/petalbot)" 364 **0/364432**
195.2.84.198 - - [21/Feb/2026:10:54:03 -0700] "GET /contact/ HTTP/1.0" 200 18638 "https://ftscreations.com/contact/" "Mozilla/5.0 (Windows NT 10.0; Win64; x64) AppleWebKit/537.36 (KHTML, like Gecko) Chrome/129.0.0.0 Safari/537.36" 490 **0/490283**
195.2.84.198 - - [21/Feb/2026:10:54:05 -0700] "POST /wp-content/themes/photographer-wp/send-mail.php HTTP/1.0" 200 9 "https://ftscreations.com/contact/" "Mozilla/5.0 (Windows NT 10.0; Win64; x64) AppleWebKit/537.36 (KHTML, like Gecko) Chrome/129.0.0.0 Safari/537.36" 12199 **12/12199289**
114.119.149.66 - - [21/Feb/2026:10:54:35 -0700] "GET /royal-wheel-darmowa-gra-w-wersji-demo/ HTTP/1.1" 200 9328 "https://ftscreations.com/royal-wheel-darmowa-gra-w-wersji-demo" "Mozilla/5.0 (Linux; Android 7.0;) AppleWebKit/537.36 (KHTML, like Gecko) Mobile Safari/537.36 (compatible; PetalBot;+https://webmaster.petalsearch.com/site/petalbot)" 342 **0/342501**
72.57.65.72 - - [21/Feb/2026:10:55:08 -0700] "GET /contact/ HTTP/1.1" 200 4244 "-" "Mozilla/5.0 (X11; Linux i686) AppleWebKit/537.36 (KHTML, like Gecko) Chrome/114.0.0.0 Safari/537.36 Vivaldi/5.3.2679.68" 247 **0/247563**
72.57.65.72 - - [21/Feb/2026:10:55:09 -0700] "POST /wp-content/themes/photographer-wp/send-mail.php HTTP/1.1" 200 10 "https://ftscreations.com/contact/" "Mozilla/5.0 (X11; Linux i686) AppleWebKit/537.36 (KHTML, like Gecko) Chrome/114.0.0.0 Safari/537.36 Vivaldi/5.3.2679.68" 9487 **9/9487400**
114.119.151.146 - - [21/Feb/2026:10:55:58 -0700] "GET /pierino-al-mare-50-darmowych-spin%C3%B3w-na-jednym-z-najpopularniejszych-slot%C3%B3w HTTP/1.1" 301 - "-" "Mozilla/5.0 (Linux; Android 7.0;) AppleWebKit/537.36 (KHTML, like Gecko) Mobile Safari/537.36 (compatible; PetalBot;+https://webmaster.petalsearch.com/site/petalbot)" 176 **0/176013**
114.119.151.146 - - [21/Feb/2026:10:55:59 -0700] "GET /pierino-al-mare-50-darmowych-spin%C3%B3w-na-jednym-z-najpopularniejszych-slot%C3%B3w/ HTTP/1.1" 200 9125 "-" "Mozilla/5.0 (Linux; Android 7.0;) AppleWebKit/537.36 (KHTML, like Gecko) Mobile Safari/537.36 (compatible; PetalBot;+https://webmaster.petalsearch.com/site/petalbot)" 335 **0/335691**
114.119.142.93 - - [21/Feb/2026:10:57:20 -0700] "GET /mega-moolah-6-b%C4%99bnowy-automat-do-gier/ HTTP/1.1" 200 9019 "https://ftscreations.com/mega-moolah-6-b%C4%99bnowy-automat-do-gier" "Mozilla/5.0 (Linux; Android 7.0;) AppleWebKit/537.36 (KHTML, like Gecko) Mobile Safari/537.36 (compatible; PetalBot;+https://webmaster.petalsearch.com/site/petalbot)" 289 **0/289882**
100.30.5.6 - - [21/Feb/2026:10:58:54 -0700] "GET /robots.txt HTTP/1.1" 200 153 "-" "Mozilla/5.0 (Macintosh; Intel Mac OS X 10_10_1) AppleWebKit/600.2.5 (KHTML, like Gecko) Version/8.0.2 Safari/600.2.5 (Gort)" 4 **0/4314**
114.119.146.15 - - [21/Feb/2026:10:58:58 -0700] "GET /linie-wyp%C5%82at-i-wyp%C5%82aty-w-sweet-alchemy HTTP/1.1" 301 - "-" "Mozilla/5.0 (Linux; Android 7.0;) AppleWebKit/537.36 (KHTML, like Gecko) Mobile Safari/537.36 (compatible; PetalBot;+https://webmaster.petalsearch.com/site/petalbot)" 201 **0/201489**
114.119.146.15 - - [21/Feb/2026:10:58:59 -0700] "GET /linie-wyp%C5%82at-i-wyp%C5%82aty-w-sweet-alchemy/ HTTP/1.1" 200 9062 "-" "Mozilla/5.0 (Linux; Android 7.0;) AppleWebKit/537.36 (KHTML, like Gecko) Mobile Safari/537.36 (compatible; PetalBot;+https://webmaster.petalsearch.com/site/petalbot)" 256 **0/256461**
114.119.136.249 - - [21/Feb/2026:11:00:13 -0700] "GET /kaskadowe-zwyci%C4%99skie-kombinacje-w-first-person-dream-catcher/ HTTP/1.1" 200 9355 "https://ftscreations.com/kaskadowe-zwyci%C4%99skie-kombinacje-w-first-person-dream-catcher" "Mozilla/5.0 (Linux; Android 7.0;) AppleWebKit/537.36 (KHTML, like Gecko) Mobile Safari/537.36 (compatible; PetalBot;+https://webmaster.petalsearch.com/site/petalbot)" 311 **0/311882**
114.119.142.93 - - [21/Feb/2026:11:01:52 -0700] "GET /high-5-gniazdo-wideo HTTP/1.1" 301 - "-" "Mozilla/5.0 (Linux; Android 7.0;) AppleWebKit/537.36 (KHTML, like Gecko) Mobile Safari/537.36 (compatible; PetalBot;+https://webmaster.petalsearch.com/site/petalbot)" 168 **0/168662**
114.119.142.93 - - [21/Feb/2026:11:01:54 -0700] "GET /high-5-gniazdo-wideo/ HTTP/1.1" 200 9259 "-" "Mozilla/5.0 (Linux; Android 7.0;) AppleWebKit/537.36 (KHTML, like Gecko) Mobile Safari/537.36 (compatible; PetalBot;+https://webmaster.petalsearch.com/site/petalbot)" 319 **0/319151**
114.119.129.175 - - [21/Feb/2026:11:02:59 -0700] "GET /gerards-gambit-rozgrywka-mobilna HTTP/1.1" 301 - "https://ftscreations.com/gerards-gambit-rozgrywka-mobilna" "Mozilla/5.0 (Linux; Android 7.0;) AppleWebKit/537.36 (KHTML, like Gecko) Mobile Safari/537.36 (compatible; PetalBot;+https://webmaster.petalsearch.com/site/petalbot)" 251 **0/251860**
114.119.129.175 - - [21/Feb/2026:11:03:00 -0700] "GET /gerards-gambit-rozgrywka-mobilna/ HTTP/1.1" 200 9045 "https://ftscreations.com/gerards-gambit-rozgrywka-mobilna" "Mozilla/5.0 (Linux; Android 7.0;) AppleWebKit/537.36 (KHTML, like Gecko) Mobile Safari/537.36 (compatible; PetalBot;+https://webmaster.petalsearch.com/site/petalbot)" 370 **0/370956**
114.119.149.66 - - [21/Feb/2026:11:04:19 -0700] "GET /funkcja-przewracania-the-ruby-megaways HTTP/1.1" 301 - "-" "Mozilla/5.0 (Linux; Android 7.0;) AppleWebKit/537.36 (KHTML, like Gecko) Mobile Safari/537.36 (compatible; PetalBot;+https://webmaster.petalsearch.com/site/petalbot)" 242 **0/242640**
114.119.149.66 - - [21/Feb/2026:11:04:21 -0700] "GET /funkcja-przewracania-the-ruby-megaways/ HTTP/1.1" 200 8933 "-" "Mozilla/5.0 (Linux; Android 7.0;) AppleWebKit/537.36 (KHTML, like Gecko) Mobile Safari/537.36 (compatible; PetalBot;+https://webmaster.petalsearch.com/site/petalbot)" 325 **0/325196**
114.119.146.15 - - [21/Feb/2026:11:05:41 -0700] "GET /fortune-of-giza-cz%C4%99stotliwo%C5%9B%C4%87-darmowych-spin%C3%B3w/ HTTP/1.1" 200 9223 "https://ftscreations.com/fortune-of-giza-cz%C4%99stotliwo%C5%9B%C4%87-darmowych-spin%C3%B3w/" "Mozilla/5.0 (Linux; Android 7.0;) AppleWebKit/537.36 (KHTML, like Gecko) Mobile Safari/537.36 (compatible; PetalBot;+https://webmaster.petalsearch.com/site/petalbot)" 346 **0/346659**
114.119.129.175 - - [21/Feb/2026:11:07:05 -0700] "GET /flodder-mechanika-upadku-i-zwyci%C4%99skie-kombinacje HTTP/1.1" 301 - "https://ftscreations.com/flodder-mechanika-upadku-i-zwyci%C4%99skie-kombinacje" "Mozilla/5.0 (Linux; Android 7.0;) AppleWebKit/537.36 (KHTML, like Gecko) Mobile Safari/537.36 (compatible; PetalBot;+https://webmaster.petalsearch.com/site/petalbot)" 178 **0/178197**
114.119.129.175 - - [21/Feb/2026:11:07:07 -0700] "GET /flodder-mechanika-upadku-i-zwyci%C4%99skie-kombinacje/ HTTP/1.1" 200 8976 "https://ftscreations.com/flodder-mechanika-upadku-i-zwyci%C4%99skie-kombinacje" "Mozilla/5.0 (Linux; Android 7.0;) AppleWebKit/537.36 (KHTML, like Gecko) Mobile Safari/537.36 (compatible; PetalBot;+https://webmaster.petalsearch.com/site/petalbot)" 311 **0/311259**
114.119.146.15 - - [21/Feb/2026:11:08:28 -0700] "GET /flaming-hot-klejnoty-i-symbole-tematyczne/ HTTP/1.1" 200 9554 "https://ftscreations.com/flaming-hot-klejnoty-i-symbole-tematyczne/" "Mozilla/5.0 (Linux; Android 7.0;) AppleWebKit/537.36 (KHTML, like Gecko) Mobile Safari/537.36 (compatible; PetalBot;+https://webmaster.petalsearch.com/site/petalbot)" 293 **0/293675**
114.119.159.62 - - [21/Feb/2026:11:09:55 -0700] "GET /fishin-frenzy-jackpot-king-zak%C5%82ad-ante-i-extra-drop/ HTTP/1.1" 200 9387 "https://ftscreations.com/fishin-frenzy-jackpot-king-zak%C5%82ad-ante-i-extra-drop" "Mozilla/5.0 (Linux; Android 7.0;) AppleWebKit/537.36 (KHTML, like Gecko) Mobile Safari/537.36 (compatible; PetalBot;+https://webmaster.petalsearch.com/site/petalbot)" 424 **0/424125**
114.119.149.66 - - [21/Feb/2026:11:11:19 -0700] "GET /fire-archer-funkcja-kaskady-w-maszynach/ HTTP/1.1" 200 8972 "https://ftscreations.com/fire-archer-funkcja-kaskady-w-maszynach" "Mozilla/5.0 (Linux; Android 7.0;) AppleWebKit/537.36 (KHTML, like Gecko) Mobile Safari/537.36 (compatible; PetalBot;+https://webmaster.petalsearch.com/site/petalbot)" 326 **0/326962**
114.119.151.146 - - [21/Feb/2026:11:12:38 -0700] "GET /excalibur-unleashed-kasyna-internetowe HTTP/1.1" 301 - "-" "Mozilla/5.0 (Linux; Android 7.0;) AppleWebKit/537.36 (KHTML, like Gecko) Mobile Safari/537.36 (compatible; PetalBot;+https://webmaster.petalsearch.com/site/petalbot)" 269 **0/269766**
114.119.151.146 - - [21/Feb/2026:11:12:39 -0700] "GET /excalibur-unleashed-kasyna-internetowe/ HTTP/1.1" 200 9098 "-" "Mozilla/5.0 (Linux; Android 7.0;) AppleWebKit/537.36 (KHTML, like Gecko) Mobile Safari/537.36 (compatible; PetalBot;+https://webmaster.petalsearch.com/site/petalbot)" 328 **0/328722**
114.119.129.175 - - [21/Feb/2026:11:14:02 -0700] "GET /ekscytuj%C4%85ca-i-zmienna-rozgrywka-w-mega-moolah/ HTTP/1.1" 200 9486 "https://ftscreations.com/ekscytuj%C4%85ca-i-zmienna-rozgrywka-w-mega-moolah/" "Mozilla/5.0 (Linux; Android 7.0;) AppleWebKit/537.36 (KHTML, like Gecko) Mobile Safari/537.36 (compatible; PetalBot;+https://webmaster.petalsearch.com/site/petalbot)" 306 **0/306146**
43.173.181.53 - - [21/Feb/2026:11:14:52 -0700] "GET /?p=4835 HTTP/1.1" 301 - "http://ftscreations.com/?p=4835" "Mozilla/5.0 (Windows NT 10.0; Win64; x64) AppleWebKit/537.36 (KHTML, like Gecko) Chrome/116.0.0.0 Safari/537.36" 210 **0/210107**
43.173.181.53 - - [21/Feb/2026:11:14:53 -0700] "GET /fruits-evolution-hd-automat-kasynowy/ HTTP/1.1" 200 9338 "https://ftscreations.com/?p=4835" "Mozilla/5.0 (Windows NT 10.0; Win64; x64) AppleWebKit/537.36 (KHTML, like Gecko) Chrome/116.0.0.0 Safari/537.36" 303 **0/303106**
43.173.181.108 - - [21/Feb/2026:11:14:57 -0700] "POST / HTTP/1.1" 204 - "http://ftscreations.com/" "Mozilla/5.0 (Windows NT 10.0; Win64; x64) AppleWebKit/537.36 (KHTML, like Gecko) Chrome/116.0.0.0 Safari/537.36" 221 **0/221022**
43.173.179.38 - - [21/Feb/2026:11:15:09 -0700] "GET /fruits-evolution-hd-automat-kasynowy/ HTTP/1.1" 200 9339 "-" "Mozilla/5.0 (Windows NT 10.0; Win64; x64) AppleWebKit/537.36 (KHTML, like Gecko) Chrome/124.0.0.0 Safari/537.36" 1062 **1/1062041**
43.173.180.208 - - [21/Feb/2026:11:15:09 -0700] "GET /mno%C5%BCnik-w-pixies-of-the-forest/ HTTP/1.1" 200 9257 "-" "Mozilla/5.0 (Windows NT 10.0; Win64; x64) AppleWebKit/537.36 (KHTML, like Gecko) Chrome/111.0.0.0 Safari/537.36" 1255 **1/1255829**
43.173.169.180 - - [21/Feb/2026:11:15:14 -0700] "POST / HTTP/1.1" 204 - "https://ftscreations.com/fruits-evolution-hd-automat-kasynowy/" "Mozilla/5.0 (Windows NT 10.0; Win64; x64) AppleWebKit/537.36 (KHTML, like Gecko) Chrome/124.0.0.0 Safari/537.36" 274 **0/274404**
43.173.175.153 - - [21/Feb/2026:11:15:17 -0700] "POST / HTTP/1.1" 204 - "https://ftscreations.com/mno%C5%BCnik-w-pixies-of-the-forest/" "Mozilla/5.0 (Windows NT 10.0; Win64; x64) AppleWebKit/537.36 (KHTML, like Gecko) Chrome/111.0.0.0 Safari/537.36" 219 **0/219594**
114.119.146.15 - - [21/Feb/2026:11:15:26 -0700] "GET /zbierz-kombinacj%C4%99-symboli-w-true-gift-redemption/ HTTP/1.1" 200 9241 "https://ftscreations.com/zbierz-kombinacj%C4%99-symboli-w-true-gift-redemption" "Mozilla/5.0 (Linux; Android 7.0;) AppleWebKit/537.36 (KHTML, like Gecko) Mobile Safari/537.36 (compatible; PetalBot;+https://webmaster.petalsearch.com/site/petalbot)" 543 **0/543326**
114.119.142.93 - - [21/Feb/2026:11:16:49 -0700] "GET /zak%C5%82ad-ante-w-heads-up-hold-em/ HTTP/1.1" 200 9122 "https://ftscreations.com/zak%C5%82ad-ante-w-heads-up-hold-em" "Mozilla/5.0 (Linux; Android 7.0;) AppleWebKit/537.36 (KHTML, like Gecko) Mobile Safari/537.36 (compatible; PetalBot;+https://webmaster.petalsearch.com/site/petalbot)" 318 **0/318349**
114.119.149.66 - - [21/Feb/2026:11:18:14 -0700] "GET /zagraj-w-now%C4%85-darmow%C4%85-gr%C4%99-automatow%C4%85-gerards-gambit HTTP/1.1" 301 - "https://ftscreations.com/zagraj-w-now%C4%85-darmow%C4%85-gr%C4%99-automatow%C4%85-gerards-gambit" "Mozilla/5.0 (Linux; Android 7.0;) AppleWebKit/537.36 (KHTML, like Gecko) Mobile Safari/537.36 (compatible; PetalBot;+https://webmaster.petalsearch.com/site/petalbot)" 214 **0/214804**
114.119.149.66 - - [21/Feb/2026:11:18:15 -0700] "GET /zagraj-w-now%C4%85-darmow%C4%85-gr%C4%99-automatow%C4%85-gerards-gambit/ HTTP/1.1" 200 8988 "https://ftscreations.com/zagraj-w-now%C4%85-darmow%C4%85-gr%C4%99-automatow%C4%85-gerards-gambit" "Mozilla/5.0 (Linux; Android 7.0;) AppleWebKit/537.36 (KHTML, like Gecko) Mobile Safari/537.36 (compatible; PetalBot;+https://webmaster.petalsearch.com/site/petalbot)" 300 **0/300969**
114.119.146.15 - - [21/Feb/2026:11:19:35 -0700] "GET /wskaz%C3%B3wki-i-porady-dotycz%C4%85ce-gier-dino-hunter/ HTTP/1.1" 200 9068 "https://ftscreations.com/wskaz%C3%B3wki-i-porady-dotycz%C4%85ce-gier-dino-hunter/" "Mozilla/5.0 (Linux; Android 7.0;) AppleWebKit/537.36 (KHTML, like Gecko) Mobile Safari/537.36 (compatible; PetalBot;+https://webmaster.petalsearch.com/site/petalbot)" 278 **0/278330**
114.119.136.249 - - [21/Feb/2026:11:20:58 -0700] "GET /wolf-run-darmowe-spiny-z-rosn%C4%85cymi-mno%C5%BCnikami HTTP/1.1" 301 - "https://ftscreations.com/wolf-run-darmowe-spiny-z-rosn%C4%85cymi-mno%C5%BCnikami" "Mozilla/5.0 (Linux; Android 7.0;) AppleWebKit/537.36 (KHTML, like Gecko) Mobile Safari/537.36 (compatible; PetalBot;+https://webmaster.petalsearch.com/site/petalbot)" 195 **0/195960**
114.119.136.249 - - [21/Feb/2026:11:20:59 -0700] "GET /wolf-run-darmowe-spiny-z-rosn%C4%85cymi-mno%C5%BCnikami/ HTTP/1.1" 200 9061 "https://ftscreations.com/wolf-run-darmowe-spiny-z-rosn%C4%85cymi-mno%C5%BCnikami" "Mozilla/5.0 (Linux; Android 7.0;) AppleWebKit/537.36 (KHTML, like Gecko) Mobile Safari/537.36 (compatible; PetalBot;+https://webmaster.petalsearch.com/site/petalbot)" 296 **0/296056**
114.119.159.62 - - [21/Feb/2026:11:22:26 -0700] "GET /werewolf-the-hunt-podw%C3%B3jna-szansa-na-wygran%C4%85/ HTTP/1.1" 200 9303 "https://ftscreations.com/werewolf-the-hunt-podw%C3%B3jna-szansa-na-wygran%C4%85/" "Mozilla/5.0 (Linux; Android 7.0;) AppleWebKit/537.36 (KHTML, like Gecko) Mobile Safari/537.36 (compatible; PetalBot;+https://webmaster.petalsearch.com/site/petalbot)" 264 **0/264237**
47.82.11.3 - - [21/Feb/2026:11:23:24 -0700] "GET /tucancasino-plattformen-din-personliga/ HTTP/1.1" 200 10991 "https://ftscreations.com/" "Mozilla/5.0 (Windows NT 10.0; Win64; x64) AppleWebKit/537.36 (KHTML, like Gecko) Chrome/135.0.0.0 Safari/537.36" 290 **0/290369**
114.119.149.66 - - [21/Feb/2026:11:23:46 -0700] "GET /szanse-na-wygran%C4%85-w-red-baron HTTP/1.1" 301 - "-" "Mozilla/5.0 (Linux; Android 7.0;) AppleWebKit/537.36 (KHTML, like Gecko) Mobile Safari/537.36 (compatible; PetalBot;+https://webmaster.petalsearch.com/site/petalbot)" 169 **0/169141**
114.119.149.66 - - [21/Feb/2026:11:23:48 -0700] "GET /szanse-na-wygran%C4%85-w-red-baron/ HTTP/1.1" 200 9491 "-" "Mozilla/5.0 (Linux; Android 7.0;) AppleWebKit/537.36 (KHTML, like Gecko) Mobile Safari/537.36 (compatible; PetalBot;+https://webmaster.petalsearch.com/site/petalbot)" 284 **0/284386**
114.119.141.35 - - [21/Feb/2026:11:25:12 -0700] "GET /system-kaskadowy-temple-of-iris-2/ HTTP/1.1" 200 9168 "https://ftscreations.com/blog/page/39/" "Mozilla/5.0 (Linux; Android 7.0;) AppleWebKit/537.36 (KHTML, like Gecko) Mobile Safari/537.36 (compatible; PetalBot;+https://webmaster.petalsearch.com/site/petalbot)" 310 **0/310744**
114.119.149.66 - - [21/Feb/2026:11:26:43 -0700] "GET /spinbara-mia-na-epoch-msa-ston-ksmo-ton-online-kazno/ HTTP/1.1" 200 10440 "https://ftscreations.com/tabela-wygranych-i-symbole-w-grze-da-vincis-mystery/" "Mozilla/5.0 (Linux; Android 7.0;) AppleWebKit/537.36 (KHTML, like Gecko) Mobile Safari/537.36 (compatible; PetalBot;+https://webmaster.petalsearch.com/site/petalbot)" 750 **0/750678**
72.167.58.252 - - [21/Feb/2026:11:28:00 -0700] "POST /wp-cron.php?doing_wp_cron=1771698480.2900559902191162109375 HTTP/1.1" 200 - "https://ftscreations.com/wp-cron.php?doing_wp_cron=1771698480.2900559902191162109375" "WordPress/5.4.18; https://ftscreations.com" 195 **0/195546**
114.119.129.175 - - [21/Feb/2026:11:28:00 -0700] "GET /recenzja-automatu-online-golden-tree/ HTTP/1.1" 200 8948 "https://ftscreations.com/recenzja-automatu-online-golden-tree" "Mozilla/5.0 (Linux; Android 7.0;) AppleWebKit/537.36 (KHTML, like Gecko) Mobile Safari/537.36 (compatible; PetalBot;+https://webmaster.petalsearch.com/site/petalbot)" 542 **0/542999**
