114.119.159.62 - - [21/Feb/2026:19:48:11 -0700] "GET /9-pots-of-gold-megaways-rozgrywka-i-grafika/ HTTP/1.1" 200 9024 "https://ftscreations.com/9-pots-of-gold-megaways-rozgrywka-i-grafika/" "Mozilla/5.0 (Linux; Android 7.0;) AppleWebKit/537.36 (KHTML, like Gecko) Mobile Safari/537.36 (compatible; PetalBot;+https://webmaster.petalsearch.com/site/petalbot)" 4142 **4/4142372**
103.31.100.107 - - [21/Feb/2026:19:49:14 -0700] "GET /tower-rush-game-il-famoso-titolo-che-reinventa-le/ HTTP/1.1" 200 10275 "-" "Mozilla/5.0 (Windows; U; Windows NT 5.2; en-US) AppleWebKit/534.3 (KHTML, like Gecko) Chrome/6.0.462.0 Safari/534.3" 5443 **5/5443103**
114.119.141.35 - - [21/Feb/2026:19:49:38 -0700] "GET /81-simply-ways-slot-online/ HTTP/1.1" 200 9297 "https://ftscreations.com/81-simply-ways-slot-online" "Mozilla/5.0 (Linux; Android 7.0;) AppleWebKit/537.36 (KHTML, like Gecko) Mobile Safari/537.36 (compatible; PetalBot;+https://webmaster.petalsearch.com/site/petalbot)" 4858 **4/4858000**
114.119.159.62 - - [21/Feb/2026:19:50:58 -0700] "GET /7s-deluxe-jackpot-king-zmienno%C5%9B%C4%87-rtp-i-maksymalna-wygrana/ HTTP/1.1" 200 9383 "https://ftscreations.com/7s-deluxe-jackpot-king-zmienno%C5%9B%C4%87-rtp-i-maksymalna-wygrana/" "Mozilla/5.0 (Linux; Android 7.0;) AppleWebKit/537.36 (KHTML, like Gecko) Mobile Safari/537.36 (compatible; PetalBot;+https://webmaster.petalsearch.com/site/petalbot)" 3480 **3/3480193**
114.119.129.175 - - [21/Feb/2026:19:52:21 -0700] "GET /7-monkeys-staro%C5%BCytno%C5%9B%C4%87/ HTTP/1.1" 200 9287 "https://ftscreations.com/blog/page/41/" "Mozilla/5.0 (Linux; Android 7.0;) AppleWebKit/537.36 (KHTML, like Gecko) Mobile Safari/537.36 (compatible; PetalBot;+https://webmaster.petalsearch.com/site/petalbot)" 4549 **4/4549606**
66.249.79.4 - - [21/Feb/2026:19:52:23 -0700] "GET /tucancasino-plattformen-din-personliga/ HTTP/1.1" 200 10992 "-" "Mozilla/5.0 (Linux; Android 6.0.1; Nexus 5X Build/MMB29P) AppleWebKit/537.36 (KHTML, like Gecko) Chrome/144.0.7559.132 Mobile Safari/537.36 (compatible; Googlebot/2.1; +http://www.google.com/bot.html)" 3961 **3/3961542**
66.249.79.4 - - [21/Feb/2026:19:52:53 -0700] "GET /wp-content/themes/photographer-wp/js/main.js HTTP/1.1" 200 5390 "https://ftscreations.com/tucancasino-plattformen-din-personliga/" "Mozilla/5.0 (Linux; Android 6.0.1; Nexus 5X Build/MMB29P) AppleWebKit/537.36 (KHTML, like Gecko) Chrome/144.0.7559.132 Mobile Safari/537.36 (compatible; Googlebot/2.1; +http://www.google.com/bot.html)" 18 **0/18611**
66.249.79.4 - - [21/Feb/2026:19:52:51 -0700] "GET /grunden-til-at-spil-hos-casinobrand-jeres-guide-om/ HTTP/1.1" 200 9586 "-" "Mozilla/5.0 (Linux; Android 6.0.1; Nexus 5X Build/MMB29P) AppleWebKit/537.36 (KHTML, like Gecko) Chrome/144.0.7559.132 Mobile Safari/537.36 (compatible; Googlebot/2.1; +http://www.google.com/bot.html)" 3102 **3/3102110**
66.249.79.5 - - [21/Feb/2026:19:52:53 -0700] "POST / HTTP/1.1" 204 - "https://ftscreations.com/tucancasino-plattformen-din-personliga/" "Mozilla/5.0 (Linux; Android 6.0.1; Nexus 5X Build/MMB29P) AppleWebKit/537.36 (KHTML, like Gecko) Chrome/144.0.7559.132 Mobile Safari/537.36 (compatible; Googlebot/2.1; +http://www.google.com/bot.html)" 1799 **1/1799859**
114.119.151.146 - - [21/Feb/2026:19:53:45 -0700] "GET /7-chakras-umiarkowanie-du%C5%BCa-zmienno%C5%9B%C4%87 HTTP/1.1" 301 - "-" "Mozilla/5.0 (Linux; Android 7.0;) AppleWebKit/537.36 (KHTML, like Gecko) Mobile Safari/537.36 (compatible; PetalBot;+https://webmaster.petalsearch.com/site/petalbot)" 2987 **2/2987628**
114.119.151.146 - - [21/Feb/2026:19:53:49 -0700] "GET /7-chakras-umiarkowanie-du%C5%BCa-zmienno%C5%9B%C4%87/ HTTP/1.1" 200 9081 "-" "Mozilla/5.0 (Linux; Android 7.0;) AppleWebKit/537.36 (KHTML, like Gecko) Mobile Safari/537.36 (compatible; PetalBot;+https://webmaster.petalsearch.com/site/petalbot)" 3816 **3/3816052**
157.55.39.15 - - [21/Feb/2026:19:54:53 -0700] "GET /?feed=xmlsitemap1 HTTP/2.0" 404 132 "-" "Mozilla/5.0 AppleWebKit/537.36 (KHTML, like Gecko; compatible; bingbot/2.0; +http://www.bing.com/bingbot.htm) Chrome/116.0.1938.76 Safari/537.36" 3483 **3/3483221**
114.119.146.15 - - [21/Feb/2026:19:55:09 -0700] "GET /6-fruits-deluxe-strategii-gry/ HTTP/1.1" 200 9357 "https://ftscreations.com/6-fruits-deluxe-strategii-gry/" "Mozilla/5.0 (Linux; Android 7.0;) AppleWebKit/537.36 (KHTML, like Gecko) Mobile Safari/537.36 (compatible; PetalBot;+https://webmaster.petalsearch.com/site/petalbot)" 4406 **4/4406199**
114.119.129.175 - - [21/Feb/2026:19:56:35 -0700] "GET /6-fruits-deluxe-losowe-mno%C5%BCniki/ HTTP/1.1" 200 8801 "http://ftscreations.com/?p=8162" "Mozilla/5.0 (Linux; Android 7.0;) AppleWebKit/537.36 (KHTML, like Gecko) Mobile Safari/537.36 (compatible; PetalBot;+https://webmaster.petalsearch.com/site/petalbot)" 4693 **4/4693167**
114.119.159.62 - - [21/Feb/2026:19:57:58 -0700] "GET /5000x-maksymalna-wygrana-w-xxxtreme-lightning-roulette/ HTTP/1.1" 200 9023 "https://ftscreations.com/5000x-maksymalna-wygrana-w-xxxtreme-lightning-roulette" "Mozilla/5.0 (Linux; Android 7.0;) AppleWebKit/537.36 (KHTML, like Gecko) Mobile Safari/537.36 (compatible; PetalBot;+https://webmaster.petalsearch.com/site/petalbot)" 4822 **4/4822496**
114.119.129.175 - - [21/Feb/2026:19:59:20 -0700] "GET /5000x-maksymalna-wygrana-w-xxxtreme-lightning-roulette HTTP/1.1" 301 - "https://ftscreations.com/5000x-maksymalna-wygrana-w-xxxtreme-lightning-roulette" "Mozilla/5.0 (Linux; Android 7.0;) AppleWebKit/537.36 (KHTML, like Gecko) Mobile Safari/537.36 (compatible; PetalBot;+https://webmaster.petalsearch.com/site/petalbot)" 173 **0/173237**
114.119.129.175 - - [21/Feb/2026:19:59:21 -0700] "GET /5000x-maksymalna-wygrana-w-xxxtreme-lightning-roulette/ HTTP/1.1" 200 9024 "https://ftscreations.com/5000x-maksymalna-wygrana-w-xxxtreme-lightning-roulette" "Mozilla/5.0 (Linux; Android 7.0;) AppleWebKit/537.36 (KHTML, like Gecko) Mobile Safari/537.36 (compatible; PetalBot;+https://webmaster.petalsearch.com/site/petalbot)" 205 **0/205887**
114.119.142.93 - - [21/Feb/2026:20:00:42 -0700] "GET /5000x-maksymalna-wygrana-w-numero-uno HTTP/1.1" 301 - "-" "Mozilla/5.0 (Linux; Android 7.0;) AppleWebKit/537.36 (KHTML, like Gecko) Mobile Safari/537.36 (compatible; PetalBot;+https://webmaster.petalsearch.com/site/petalbot)" 181 **0/181357**
114.119.142.93 - - [21/Feb/2026:20:00:43 -0700] "GET /5000x-maksymalna-wygrana-w-numero-uno/ HTTP/1.1" 200 9064 "-" "Mozilla/5.0 (Linux; Android 7.0;) AppleWebKit/537.36 (KHTML, like Gecko) Mobile Safari/537.36 (compatible; PetalBot;+https://webmaster.petalsearch.com/site/petalbot)" 304 **0/304183**
52.167.144.193 - - [21/Feb/2026:20:02:11 -0700] "GET /zabawne-funkcje-w-automacie-sahara/ HTTP/2.0" 200 7477 "-" "Mozilla/5.0 AppleWebKit/537.36 (KHTML, like Gecko; compatible; bingbot/2.0; +http://www.bing.com/bingbot.htm) Chrome/116.0.1938.76 Safari/537.36" 403 **0/403563**
114.119.141.35 - - [21/Feb/2026:20:02:14 -0700] "GET /5000x-maksymalna-wygrana-w-cash-collect-leprechauns-luck/ HTTP/1.1" 200 9326 "http://ftscreations.com/?p=8254" "Mozilla/5.0 (Linux; Android 7.0;) AppleWebKit/537.36 (KHTML, like Gecko) Mobile Safari/537.36 (compatible; PetalBot;+https://webmaster.petalsearch.com/site/petalbot)" 322 **0/322841**
114.119.129.175 - - [21/Feb/2026:20:03:34 -0700] "GET /5-slot%C3%B3w-i-b%C4%99ben-w-jungle-fortune/ HTTP/1.1" 200 9022 "https://ftscreations.com/5-slot%C3%B3w-i-b%C4%99ben-w-jungle-fortune" "Mozilla/5.0 (Linux; Android 7.0;) AppleWebKit/537.36 (KHTML, like Gecko) Mobile Safari/537.36 (compatible; PetalBot;+https://webmaster.petalsearch.com/site/petalbot)" 299 **0/299409**
114.119.149.66 - - [21/Feb/2026:20:04:59 -0700] "GET /5-families-zwyci%C4%99skie-kombinacje-i-funkcje-specjalne HTTP/1.1" 301 - "-" "Mozilla/5.0 (Linux; Android 7.0;) AppleWebKit/537.36 (KHTML, like Gecko) Mobile Safari/537.36 (compatible; PetalBot;+https://webmaster.petalsearch.com/site/petalbot)" 170 **0/170184**
114.119.149.66 - - [21/Feb/2026:20:05:01 -0700] "GET /5-families-zwyci%C4%99skie-kombinacje-i-funkcje-specjalne/ HTTP/1.1" 200 9119 "-" "Mozilla/5.0 (Linux; Android 7.0;) AppleWebKit/537.36 (KHTML, like Gecko) Mobile Safari/537.36 (compatible; PetalBot;+https://webmaster.petalsearch.com/site/petalbot)" 556 **0/556196**
114.119.159.62 - - [21/Feb/2026:20:06:19 -0700] "GET /5-families-linia HTTP/1.1" 301 - "-" "Mozilla/5.0 (Linux; Android 7.0;) AppleWebKit/537.36 (KHTML, like Gecko) Mobile Safari/537.36 (compatible; PetalBot;+https://webmaster.petalsearch.com/site/petalbot)" 2913 **2/2913120**
114.119.159.62 - - [21/Feb/2026:20:06:23 -0700] "GET /5-families-linia/ HTTP/1.1" 200 8768 "-" "Mozilla/5.0 (Linux; Android 7.0;) AppleWebKit/537.36 (KHTML, like Gecko) Mobile Safari/537.36 (compatible; PetalBot;+https://webmaster.petalsearch.com/site/petalbot)" 2605 **2/2605731**
114.119.129.175 - - [21/Feb/2026:20:07:42 -0700] "GET /40-wild-fire-6-globalny-mno%C5%BCnik-wygranej/ HTTP/1.1" 200 9395 "https://ftscreations.com/40-wild-fire-6-globalny-mno%C5%BCnik-wygranej/" "Mozilla/5.0 (Linux; Android 7.0;) AppleWebKit/537.36 (KHTML, like Gecko) Mobile Safari/537.36 (compatible; PetalBot;+https://webmaster.petalsearch.com/site/petalbot)" 2611 **2/2611932**
114.119.146.15 - - [21/Feb/2026:20:09:03 -0700] "GET /40-wild-fire-6-%C5%9Arodki-bezpiecze%C5%84stwa-w-kasynach-online/ HTTP/1.1" 200 9362 "http://ftscreations.com/?p=8800" "Mozilla/5.0 (Linux; Android 7.0;) AppleWebKit/537.36 (KHTML, like Gecko) Mobile Safari/537.36 (compatible; PetalBot;+https://webmaster.petalsearch.com/site/petalbot)" 4336 **4/4336965**
176.96.137.48 - - [21/Feb/2026:20:09:41 -0700] "GET /.well-known/security.txt HTTP/1.1" 404 16023 "-" "Go-http-client/1.1" 3331 **3/3331328**
176.96.137.48 - - [21/Feb/2026:20:09:44 -0700] "GET /security.txt HTTP/1.1" 404 16023 "-" "Go-http-client/1.1" 2293 **2/2293392**
198.235.24.185 - - [21/Feb/2026:20:10:17 -0700] "GET /wp-login.php HTTP/1.1" 200 5492 "-" "Hello from Palo Alto Networks, find out more about our scans in https://docs-cortex.paloaltonetworks.com/r/1/Cortex-Xpanse/Scanning-activity" 2396 **2/2396188**
114.119.136.249 - - [21/Feb/2026:20:10:29 -0700] "GET /40-wild-fire-6-%C5%9Arodki-bezpiecze%C5%84stwa-w-kasynach-online HTTP/1.1" 301 - "https://ftscreations.com/40-wild-fire-6-%C5%9Arodki-bezpiecze%C5%84stwa-w-kasynach-online" "Mozilla/5.0 (Linux; Android 7.0;) AppleWebKit/537.36 (KHTML, like Gecko) Mobile Safari/537.36 (compatible; PetalBot;+https://webmaster.petalsearch.com/site/petalbot)" 2285 **2/2285155**
114.119.136.249 - - [21/Feb/2026:20:10:32 -0700] "GET /40-wild-fire-6-%C5%9Arodki-bezpiecze%C5%84stwa-w-kasynach-online/ HTTP/1.1" 200 9360 "https://ftscreations.com/40-wild-fire-6-%C5%9Arodki-bezpiecze%C5%84stwa-w-kasynach-online" "Mozilla/5.0 (Linux; Android 7.0;) AppleWebKit/537.36 (KHTML, like Gecko) Mobile Safari/537.36 (compatible; PetalBot;+https://webmaster.petalsearch.com/site/petalbot)" 3421 **3/3421291**
52.167.144.156 - - [21/Feb/2026:20:11:12 -0700] "GET /gra-na-automacie-diamond-explosion-7s-online/ HTTP/2.0" 200 8718 "-" "Mozilla/5.0 AppleWebKit/537.36 (KHTML, like Gecko; compatible; bingbot/2.0; +http://www.bing.com/bingbot.htm) Chrome/116.0.1938.76 Safari/537.36" 4774 **4/4774135**
114.119.146.15 - - [21/Feb/2026:20:12:19 -0700] "GET /40-super-hot-r%C3%B3%C5%BCne-ikony-i-funkcje HTTP/1.1" 301 - "-" "Mozilla/5.0 (Linux; Android 7.0;) AppleWebKit/537.36 (KHTML, like Gecko) Mobile Safari/537.36 (compatible; PetalBot;+https://webmaster.petalsearch.com/site/petalbot)" 2675 **2/2675249**
114.119.146.15 - - [21/Feb/2026:20:12:23 -0700] "GET /40-super-hot-r%C3%B3%C5%BCne-ikony-i-funkcje/ HTTP/1.1" 200 9193 "-" "Mozilla/5.0 (Linux; Android 7.0;) AppleWebKit/537.36 (KHTML, like Gecko) Mobile Safari/537.36 (compatible; PetalBot;+https://webmaster.petalsearch.com/site/petalbot)" 3439 **3/3439371**
114.119.142.93 - - [21/Feb/2026:20:13:23 -0700] "GET /40-ferocious-fruits-mno%C5%BCnik-do-x100/ HTTP/1.1" 200 9134 "https://ftscreations.com/40-ferocious-fruits-mno%C5%BCnik-do-x100/" "Mozilla/5.0 (Linux; Android 7.0;) AppleWebKit/537.36 (KHTML, like Gecko) Mobile Safari/537.36 (compatible; PetalBot;+https://webmaster.petalsearch.com/site/petalbot)" 4760 **4/4760505**
43.173.182.88 - - [21/Feb/2026:20:13:38 -0700] "GET /?p=13978 HTTP/1.1" 301 - "-" "Mozilla/5.0 (Windows NT 10.0; Win64; x64) AppleWebKit/537.36 (KHTML, like Gecko) Chrome/109.0.0.0 Safari/537.36" 1600 **1/1600162**
43.173.182.88 - - [21/Feb/2026:20:13:39 -0700] "GET /ragnarok-osobista-przejcie-do-wikiskiej-podroy-w/ HTTP/1.1" 200 10716 "https://ftscreations.com/?p=13978" "Mozilla/5.0 (Windows NT 10.0; Win64; x64) AppleWebKit/537.36 (KHTML, like Gecko) Chrome/109.0.0.0 Safari/537.36" 1902 **1/1902714**
43.173.173.119 - - [21/Feb/2026:20:13:46 -0700] "POST / HTTP/1.1" 204 - "https://ftscreations.com/?p=13978" "Mozilla/5.0 (Windows NT 10.0; Win64; x64) AppleWebKit/537.36 (KHTML, like Gecko) Chrome/109.0.0.0 Safari/537.36" 2741 **2/2741982**
43.173.174.106 - - [21/Feb/2026:20:14:17 -0700] "GET /?p=3752 HTTP/1.1" 301 - "http://ftscreations.com/?p=3752" "Mozilla/5.0 (Windows NT 10.0; Win64; x64) AppleWebKit/537.36 (KHTML, like Gecko) Chrome/106.0.5249.119 Safari/537.36" 2523 **2/2523404**
43.173.177.28 - - [21/Feb/2026:20:14:16 -0700] "GET /rodeo-slots-the-place-where-frontier-adventure/ HTTP/1.1" 200 11323 "-" "Mozilla/5.0 (Windows NT 10.0; Win64; x64) AppleWebKit/537.36 (KHTML, like Gecko) Chrome/109.0.0.0 Safari/537.36" 3206 **3/3206784**
43.173.182.113 - - [21/Feb/2026:20:14:17 -0700] "GET /planet-7-oz-casino-your-ultimate-portal-to-elite/ HTTP/1.1" 200 10934 "-" "Mozilla/5.0 (Windows NT 10.0; Win64; x64) AppleWebKit/537.36 (KHTML, like Gecko) Chrome/116.0.0.0 Safari/537.36" 3776 **3/3776095**
43.173.174.106 - - [21/Feb/2026:20:14:19 -0700] "GET /opcje-wygranej-w-kasynie-floating-dragon-hold-and-spin/ HTTP/1.1" 200 9251 "https://ftscreations.com/?p=3752" "Mozilla/5.0 (Windows NT 10.0; Win64; x64) AppleWebKit/537.36 (KHTML, like Gecko) Chrome/106.0.5249.119 Safari/537.36" 2002 **2/2002330**
43.173.181.249 - - [21/Feb/2026:20:14:25 -0700] "POST / HTTP/1.1" 204 - "http://ftscreations.com/" "Mozilla/5.0 (Windows NT 10.0; Win64; x64) AppleWebKit/537.36 (KHTML, like Gecko) Chrome/106.0.5249.119 Safari/537.36" 2341 **2/2341688**
43.173.181.31 - - [21/Feb/2026:20:14:25 -0700] "POST / HTTP/1.1" 204 - "https://ftscreations.com/rodeo-slots-the-place-where-frontier-adventure/" "Mozilla/5.0 (Windows NT 10.0; Win64; x64) AppleWebKit/537.36 (KHTML, like Gecko) Chrome/109.0.0.0 Safari/537.36" 2889 **2/2889408**
43.173.173.246 - - [21/Feb/2026:20:14:29 -0700] "POST / HTTP/1.1" 204 - "https://ftscreations.com/planet-7-oz-casino-your-ultimate-portal-to-elite/" "Mozilla/5.0 (Windows NT 10.0; Win64; x64) AppleWebKit/537.36 (KHTML, like Gecko) Chrome/116.0.0.0 Safari/537.36" 2387 **2/2387305**
114.119.129.175 - - [21/Feb/2026:20:14:39 -0700] "GET /40-ferocious-fruits-maksymalna-wyp%C5%82ata-5000-krotno%C5%9Bci-zak%C5%82adu HTTP/1.1" 301 - "-" "Mozilla/5.0 (Linux; Android 7.0;) AppleWebKit/537.36 (KHTML, like Gecko) Mobile Safari/537.36 (compatible; PetalBot;+https://webmaster.petalsearch.com/site/petalbot)" 2399 **2/2399616**
114.119.129.175 - - [21/Feb/2026:20:14:42 -0700] "GET /40-ferocious-fruits-maksymalna-wyp%C5%82ata-5000-krotno%C5%9Bci-zak%C5%82adu/ HTTP/1.1" 200 8933 "-" "Mozilla/5.0 (Linux; Android 7.0;) AppleWebKit/537.36 (KHTML, like Gecko) Mobile Safari/537.36 (compatible; PetalBot;+https://webmaster.petalsearch.com/site/petalbot)" 2833 **2/2833840**
43.173.182.3 - - [21/Feb/2026:20:14:46 -0700] "GET /opcje-wygranej-w-kasynie-floating-dragon-hold-and-spin/ HTTP/1.1" 200 9250 "-" "Mozilla/5.0 (Windows NT 10.0; Win64; x64) AppleWebKit/537.36 (KHTML, like Gecko) Chrome/105.0.0.0 Safari/537.3" 2798 **2/2798661**
43.173.180.191 - - [21/Feb/2026:20:14:56 -0700] "POST / HTTP/1.1" 204 - "https://ftscreations.com/opcje-wygranej-w-kasynie-floating-dragon-hold-and-spin/" "Mozilla/5.0 (Windows NT 10.0; Win64; x64) AppleWebKit/537.36 (KHTML, like Gecko) Chrome/105.0.0.0 Safari/537.3" 2767 **2/2767019**
43.173.175.216 - - [21/Feb/2026:20:15:38 -0700] "GET /?p=6445 HTTP/1.1" 301 - "http://ftscreations.com/?p=6445" "Mozilla/5.0 (Windows NT 10.0; Win64; x64) AppleWebKit/537.36 (KHTML, like Gecko) Chrome/133.0.0.0 Safari/537.36" 2464 **2/2464024**
43.173.175.216 - - [21/Feb/2026:20:15:41 -0700] "GET /cleopatra-symbol-mno%C5%BCnika-podczas-darmowych-spin%C3%B3w/ HTTP/1.1" 200 9090 "https://ftscreations.com/?p=6445" "Mozilla/5.0 (Windows NT 10.0; Win64; x64) AppleWebKit/537.36 (KHTML, like Gecko) Chrome/133.0.0.0 Safari/537.36" 3909 **3/3909930**
43.173.178.139 - - [21/Feb/2026:20:15:50 -0700] "POST / HTTP/1.1" 204 - "http://ftscreations.com/" "Mozilla/5.0 (Windows NT 10.0; Win64; x64) AppleWebKit/537.36 (KHTML, like Gecko) Chrome/133.0.0.0 Safari/537.36" 2245 **2/2245604**
14.175.252.238 - - [21/Feb/2026:20:16:01 -0700] "GET /casinojoy-er-destination-for-akta-spelunderhllning/ HTTP/1.1" 200 9964 "-" "Mozilla/5.0 (X11; Linux i686; rv:6.0) Gecko/20100101 Firefox/6.0" 3686 **3/3686284**
114.119.146.15 - - [21/Feb/2026:20:16:04 -0700] "GET /40-darmowych-spin%C3%B3w-za-rejestracj%C4%99-na-dork-unit/ HTTP/1.1" 200 9459 "https://ftscreations.com/40-darmowych-spin%C3%B3w-za-rejestracj%C4%99-na-dork-unit/" "Mozilla/5.0 (Linux; Android 7.0;) AppleWebKit/537.36 (KHTML, like Gecko) Mobile Safari/537.36 (compatible; PetalBot;+https://webmaster.petalsearch.com/site/petalbot)" 4557 **4/4557714**
43.173.180.130 - - [21/Feb/2026:20:17:00 -0700] "GET /?p=3602 HTTP/1.1" 301 - "-" "Mozilla/5.0 (Windows NT 10.0; Win64; x64) AppleWebKit/537.36 (KHTML, like Gecko) Chrome/111.0.0.0 Safari/537.36" 2699 **2/2699875**
43.173.179.46 - - [21/Feb/2026:20:16:59 -0700] "GET /4-spin-stawki-w-grze-procent-wyp%C5%82at-i-wariancja/ HTTP/1.1" 200 9070 "-" "Mozilla/5.0 (Windows NT 10.0; Win64; x64) AppleWebKit/537.36 (KHTML, like Gecko) Chrome/116.0.0.0 Safari/537.36" 3963 **3/3963469**
43.173.180.130 - - [21/Feb/2026:20:17:02 -0700] "GET /cake-and-ice-cream-urz%C4%85dzenia-mobilne/ HTTP/1.1" 200 9237 "https://ftscreations.com/?p=3602" "Mozilla/5.0 (Windows NT 10.0; Win64; x64) AppleWebKit/537.36 (KHTML, like Gecko) Chrome/111.0.0.0 Safari/537.36" 5900 **5/5900885**
43.173.178.140 - - [21/Feb/2026:20:17:11 -0700] "POST / HTTP/1.1" 204 - "https://ftscreations.com/4-spin-stawki-w-grze-procent-wyp%C5%82at-i-wariancja/" "Mozilla/5.0 (Windows NT 10.0; Win64; x64) AppleWebKit/537.36 (KHTML, like Gecko) Chrome/116.0.0.0 Safari/537.36" 2387 **2/2387951**
43.173.179.188 - - [21/Feb/2026:20:17:12 -0700] "POST / HTTP/1.1" 204 - "https://ftscreations.com/?p=3602" "Mozilla/5.0 (Windows NT 10.0; Win64; x64) AppleWebKit/537.36 (KHTML, like Gecko) Chrome/111.0.0.0 Safari/537.36" 2092 **2/2092925**
114.119.142.93 - - [21/Feb/2026:20:17:25 -0700] "GET /4-spin-prawdopodobie%C5%84stwo-maksymalnej-wygranej-nieznane/ HTTP/1.1" 200 9051 "https://ftscreations.com/4-spin-prawdopodobie%C5%84stwo-maksymalnej-wygranej-nieznane/" "Mozilla/5.0 (Linux; Android 7.0;) AppleWebKit/537.36 (KHTML, like Gecko) Mobile Safari/537.36 (compatible; PetalBot;+https://webmaster.petalsearch.com/site/petalbot)" 7257 **7/7257812**
114.119.159.62 - - [21/Feb/2026:20:18:51 -0700] "GET /4 HTTP/1.1" 301 - "https://ftscreations.com/photographer-2" "Mozilla/5.0 (Linux; Android 7.0;) AppleWebKit/537.36 (KHTML, like Gecko) Mobile Safari/537.36 (compatible; PetalBot;+https://webmaster.petalsearch.com/site/petalbot)" 164 **0/164742**
114.119.159.62 - - [21/Feb/2026:20:18:53 -0700] "GET /4/ HTTP/1.1" 200 5022 "https://ftscreations.com/photographer-2" "Mozilla/5.0 (Linux; Android 7.0;) AppleWebKit/537.36 (KHTML, like Gecko) Mobile Safari/537.36 (compatible; PetalBot;+https://webmaster.petalsearch.com/site/petalbot)" 226 **0/226114**
114.119.136.249 - - [21/Feb/2026:20:20:12 -0700] "GET /3-lucky-rainbows-pe%C5%82na-recenzja-automatu HTTP/1.1" 301 - "https://ftscreations.com/3-lucky-rainbows-pe%C5%82na-recenzja-automatu" "Mozilla/5.0 (Linux; Android 7.0;) AppleWebKit/537.36 (KHTML, like Gecko) Mobile Safari/537.36 (compatible; PetalBot;+https://webmaster.petalsearch.com/site/petalbot)" 284 **0/284944**
114.119.136.249 - - [21/Feb/2026:20:20:14 -0700] "GET /3-lucky-rainbows-pe%C5%82na-recenzja-automatu/ HTTP/1.1" 200 9362 "https://ftscreations.com/3-lucky-rainbows-pe%C5%82na-recenzja-automatu" "Mozilla/5.0 (Linux; Android 7.0;) AppleWebKit/537.36 (KHTML, like Gecko) Mobile Safari/537.36 (compatible; PetalBot;+https://webmaster.petalsearch.com/site/petalbot)" 300 **0/300515**
114.119.136.249 - - [21/Feb/2026:20:21:39 -0700] "GET /3-lucky-rainbows-pe%C5%82na-recenzja-automatu HTTP/1.1" 301 - "https://ftscreations.com/3-lucky-rainbows-pe%C5%82na-recenzja-automatu" "Mozilla/5.0 (Linux; Android 7.0;) AppleWebKit/537.36 (KHTML, like Gecko) Mobile Safari/537.36 (compatible; PetalBot;+https://webmaster.petalsearch.com/site/petalbot)" 174 **0/174358**
114.119.136.249 - - [21/Feb/2026:20:21:40 -0700] "GET /3-lucky-rainbows-pe%C5%82na-recenzja-automatu/ HTTP/1.1" 200 9361 "https://ftscreations.com/3-lucky-rainbows-pe%C5%82na-recenzja-automatu" "Mozilla/5.0 (Linux; Android 7.0;) AppleWebKit/537.36 (KHTML, like Gecko) Mobile Safari/537.36 (compatible; PetalBot;+https://webmaster.petalsearch.com/site/petalbot)" 255 **0/255978**
114.119.142.93 - - [21/Feb/2026:20:22:59 -0700] "GET /3-dancing-monkeys-symbol-mno%C5%BCnika-podczas-darmowych-spin%C3%B3w/ HTTP/1.1" 200 9358 "https://ftscreations.com/blog/page/48/" "Mozilla/5.0 (Linux; Android 7.0;) AppleWebKit/537.36 (KHTML, like Gecko) Mobile Safari/537.36 (compatible; PetalBot;+https://webmaster.petalsearch.com/site/petalbot)" 334 **0/334900**
114.119.149.66 - - [21/Feb/2026:20:24:24 -0700] "GET /3-dancing-monkeys-symbol-mno%C5%BCnika-podczas-darmowych-spin%C3%B3w HTTP/1.1" 301 - "https://ftscreations.com/blog/page/18" "Mozilla/5.0 (Linux; Android 7.0;) AppleWebKit/537.36 (KHTML, like Gecko) Mobile Safari/537.36 (compatible; PetalBot;+https://webmaster.petalsearch.com/site/petalbot)" 191 **0/191681**
114.119.149.66 - - [21/Feb/2026:20:24:25 -0700] "GET /3-dancing-monkeys-symbol-mno%C5%BCnika-podczas-darmowych-spin%C3%B3w/ HTTP/1.1" 200 9356 "https://ftscreations.com/blog/page/18" "Mozilla/5.0 (Linux; Android 7.0;) AppleWebKit/537.36 (KHTML, like Gecko) Mobile Safari/537.36 (compatible; PetalBot;+https://webmaster.petalsearch.com/site/petalbot)" 234 **0/234919**
67.207.95.129 - - [21/Feb/2026:20:25:08 -0700] "GET /wp-content/plugins/lastudio-element-kit/readme.txt HTTP/2.0" 404 3604 "-" "Mozilla/5.0 (Windows NT 10.0; Win64; x64) AppleWebKit/537.36 (KHTML, like Gecko) Chrome/107.0.0.0 Safari/537.36" 463 **0/463870**
67.207.95.129 - - [21/Feb/2026:20:25:10 -0700] "GET /wp-content/plugins/login-customizer/readme.txt HTTP/2.0" 404 3604 "-" "Mozilla/5.0 (iPhone; CPU iPhone OS 18_0 like Mac OS X) AppleWebKit/605.1.15 (KHTML, like Gecko) Version/18.0 Mobile/15E148 Safari/604.1" 214 **0/214815**
67.207.95.129 - - [21/Feb/2026:20:25:11 -0700] "GET /wp-content/plugins/academy/readme.txt HTTP/2.0" 404 3604 "-" "Mozilla/5.0 (iPhone; CPU iPhone OS 17_2 like Mac OS X) AppleWebKit/605.1.15 (KHTML, like Gecko) Version/17.2 Mobile/15E148 Safari/604.1" 185 **0/185620**
67.207.95.129 - - [21/Feb/2026:20:25:12 -0700] "GET /wp-content/plugins/directorist-social-login/assets/public/css/main.css HTTP/2.0" 404 3604 "-" "Mozilla/5.0 (Windows NT 10.0; Win64; x64) AppleWebKit/537.36 (KHTML, like Gecko) Chrome/101.0.4951.64 Safari/537.36 Edg/101.0.1210.47" 208 **0/208636**
114.119.129.175 - - [21/Feb/2026:20:25:48 -0700] "GET /3-coins-hold-and-win-recenzji-automat%C3%B3w-do-gry/ HTTP/1.1" 200 9081 "https://ftscreations.com/3-coins-hold-and-win-recenzji-automat%C3%B3w-do-gry/" "Mozilla/5.0 (Linux; Android 7.0;) AppleWebKit/537.36 (KHTML, like Gecko) Mobile Safari/537.36 (compatible; PetalBot;+https://webmaster.petalsearch.com/site/petalbot)" 7479 **7/7479736**
114.119.142.93 - - [21/Feb/2026:20:27:15 -0700] "GET /3-coins-egypt-kwota-zak%C5%82ad%C3%B3w-wsp%C3%B3%C5%82czynnik-wygranych-i-wariancja HTTP/1.1" 301 - "https://ftscreations.com/3-coins-egypt-kwota-zak%C5%82ad%C3%B3w-wsp%C3%B3%C5%82czynnik-wygranych-i-wariancja" "Mozilla/5.0 (Linux; Android 7.0;) AppleWebKit/537.36 (KHTML, like Gecko) Mobile Safari/537.36 (compatible; PetalBot;+https://webmaster.petalsearch.com/site/petalbot)" 1812 **1/1812762**
114.119.142.93 - - [21/Feb/2026:20:27:19 -0700] "GET /3-coins-egypt-kwota-zak%C5%82ad%C3%B3w-wsp%C3%B3%C5%82czynnik-wygranych-i-wariancja/ HTTP/1.1" 200 9482 "https://ftscreations.com/3-coins-egypt-kwota-zak%C5%82ad%C3%B3w-wsp%C3%B3%C5%82czynnik-wygranych-i-wariancja" "Mozilla/5.0 (Linux; Android 7.0;) AppleWebKit/537.36 (KHTML, like Gecko) Mobile Safari/537.36 (compatible; PetalBot;+https://webmaster.petalsearch.com/site/petalbot)" 311 **0/311211**
72.167.58.252 - - [21/Feb/2026:20:28:38 -0700] "POST /wp-cron.php?doing_wp_cron=1771730918.7259910106658935546875 HTTP/1.1" 200 - "https://ftscreations.com/wp-cron.php?doing_wp_cron=1771730918.7259910106658935546875" "WordPress/5.4.18; https://ftscreations.com" 1796 **1/1796918**
114.119.136.249 - - [21/Feb/2026:20:28:37 -0700] "GET /3-coins-egypt-jednor%C4%99ki-bandyta/ HTTP/1.1" 200 8979 "https://ftscreations.com/3-coins-egypt-jednor%C4%99ki-bandyta" "Mozilla/5.0 (Linux; Android 7.0;) AppleWebKit/537.36 (KHTML, like Gecko) Mobile Safari/537.36 (compatible; PetalBot;+https://webmaster.petalsearch.com/site/petalbot)" 4476 **4/4476315**
114.119.146.15 - - [21/Feb/2026:20:29:58 -0700] "GET /27-joker-fruits-klaster-p%C5%82aci HTTP/1.1" 301 - "-" "Mozilla/5.0 (Linux; Android 7.0;) AppleWebKit/537.36 (KHTML, like Gecko) Mobile Safari/537.36 (compatible; PetalBot;+https://webmaster.petalsearch.com/site/petalbot)" 174 **0/174453**
114.119.146.15 - - [21/Feb/2026:20:29:59 -0700] "GET /27-joker-fruits-klaster-p%C5%82aci/ HTTP/1.1" 200 9029 "-" "Mozilla/5.0 (Linux; Android 7.0;) AppleWebKit/537.36 (KHTML, like Gecko) Mobile Safari/537.36 (compatible; PetalBot;+https://webmaster.petalsearch.com/site/petalbot)" 368 **0/368088**
52.167.144.160 - - [21/Feb/2026:20:30:23 -0700] "GET /dodatkowe-funkcje-kings-of-cash/ HTTP/2.0" 200 8517 "-" "Mozilla/5.0 AppleWebKit/537.36 (KHTML, like Gecko; compatible; bingbot/2.0; +http://www.bing.com/bingbot.htm) Chrome/116.0.1938.76 Safari/537.36" 358 **0/358724**
114.119.129.175 - - [21/Feb/2026:20:31:22 -0700] "GET /25-red-hot-7-clover-link-mechanik-p%C5%82aci-za-rozproszenie HTTP/1.1" 301 - "-" "Mozilla/5.0 (Linux; Android 7.0;) AppleWebKit/537.36 (KHTML, like Gecko) Mobile Safari/537.36 (compatible; PetalBot;+https://webmaster.petalsearch.com/site/petalbot)" 2124 **2/2124923**
114.119.129.175 - - [21/Feb/2026:20:31:24 -0700] "GET /25-red-hot-7-clover-link-mechanik-p%C5%82aci-za-rozproszenie/ HTTP/1.1" 200 8942 "-" "Mozilla/5.0 (Linux; Android 7.0;) AppleWebKit/537.36 (KHTML, like Gecko) Mobile Safari/537.36 (compatible; PetalBot;+https://webmaster.petalsearch.com/site/petalbot)" 4158 **4/4158925**
114.119.149.66 - - [21/Feb/2026:20:32:44 -0700] "GET /243-simply-ways-widok-gry/ HTTP/1.1" 200 9208 "https://ftscreations.com/243-simply-ways-widok-gry/" "Mozilla/5.0 (Linux; Android 7.0;) AppleWebKit/537.36 (KHTML, like Gecko) Mobile Safari/537.36 (compatible; PetalBot;+https://webmaster.petalsearch.com/site/petalbot)" 370 **0/370725**
114.119.141.35 - - [21/Feb/2026:20:34:08 -0700] "GET /243-simply-ways-maksymalna-wygrana-5000-krotno%C5%9B%C4%87-twojego-zak%C5%82adu HTTP/1.1" 301 - "https://ftscreations.com/243-simply-ways-maksymalna-wygrana-5000-krotno%C5%9B%C4%87-twojego-zak%C5%82adu" "Mozilla/5.0 (Linux; Android 7.0;) AppleWebKit/537.36 (KHTML, like Gecko) Mobile Safari/537.36 (compatible; PetalBot;+https://webmaster.petalsearch.com/site/petalbot)" 222 **0/222307**
114.119.141.35 - - [21/Feb/2026:20:34:13 -0700] "GET /243-simply-ways-maksymalna-wygrana-5000-krotno%C5%9B%C4%87-twojego-zak%C5%82adu/ HTTP/1.1" 200 9249 "https://ftscreations.com/243-simply-ways-maksymalna-wygrana-5000-krotno%C5%9B%C4%87-twojego-zak%C5%82adu" "Mozilla/5.0 (Linux; Android 7.0;) AppleWebKit/537.36 (KHTML, like Gecko) Mobile Safari/537.36 (compatible; PetalBot;+https://webmaster.petalsearch.com/site/petalbot)" 332 **0/332656**
114.119.129.175 - - [21/Feb/2026:20:35:32 -0700] "GET /243-simply-ways-graj-w-kasynie-online HTTP/1.1" 301 - "http://ftscreations.com/?p=8243" "Mozilla/5.0 (Linux; Android 7.0;) AppleWebKit/537.36 (KHTML, like Gecko) Mobile Safari/537.36 (compatible; PetalBot;+https://webmaster.petalsearch.com/site/petalbot)" 237 **0/237811**
114.119.129.175 - - [21/Feb/2026:20:35:34 -0700] "GET /243-simply-ways-graj-w-kasynie-online/ HTTP/1.1" 200 9324 "http://ftscreations.com/?p=8243" "Mozilla/5.0 (Linux; Android 7.0;) AppleWebKit/537.36 (KHTML, like Gecko) Mobile Safari/537.36 (compatible; PetalBot;+https://webmaster.petalsearch.com/site/petalbot)" 379 **0/379890**
114.119.149.66 - - [21/Feb/2026:20:36:58 -0700] "GET /243-hot-ways-recenzji-kasyn/ HTTP/1.1" 200 9341 "https://ftscreations.com/243-hot-ways-recenzji-kasyn" "Mozilla/5.0 (Linux; Android 7.0;) AppleWebKit/537.36 (KHTML, like Gecko) Mobile Safari/537.36 (compatible; PetalBot;+https://webmaster.petalsearch.com/site/petalbot)" 344 **0/344056**
114.119.136.249 - - [21/Feb/2026:20:38:20 -0700] "GET /243-hot-ways-na-prawdziwe-pieni%C4%85dze HTTP/1.1" 301 - "-" "Mozilla/5.0 (Linux; Android 7.0;) AppleWebKit/537.36 (KHTML, like Gecko) Mobile Safari/537.36 (compatible; PetalBot;+https://webmaster.petalsearch.com/site/petalbot)" 191 **0/191220**
114.119.136.249 - - [21/Feb/2026:20:38:21 -0700] "GET /243-hot-ways-na-prawdziwe-pieni%C4%85dze/ HTTP/1.1" 200 9223 "-" "Mozilla/5.0 (Linux; Android 7.0;) AppleWebKit/537.36 (KHTML, like Gecko) Mobile Safari/537.36 (compatible; PetalBot;+https://webmaster.petalsearch.com/site/petalbot)" 344 **0/344889**
114.119.149.66 - - [21/Feb/2026:20:39:43 -0700] "GET /243-hot-ways-funkcja-upuszczania/ HTTP/1.1" 200 9014 "https://ftscreations.com/243-hot-ways-funkcja-upuszczania" "Mozilla/5.0 (Linux; Android 7.0;) AppleWebKit/537.36 (KHTML, like Gecko) Mobile Safari/537.36 (compatible; PetalBot;+https://webmaster.petalsearch.com/site/petalbot)" 287 **0/287382**
114.119.141.35 - - [21/Feb/2026:20:41:06 -0700] "GET /221b-baker-street-ko%C5%82owrotki/ HTTP/1.1" 200 9196 "https://ftscreations.com/221b-baker-street-ko%C5%82owrotki" "Mozilla/5.0 (Linux; Android 7.0;) AppleWebKit/537.36 (KHTML, like Gecko) Mobile Safari/537.36 (compatible; PetalBot;+https://webmaster.petalsearch.com/site/petalbot)" 286 **0/286577**
114.119.146.15 - - [21/Feb/2026:20:42:30 -0700] "GET /221b-baker-street-ko%C5%82owrotki HTTP/1.1" 301 - "https://ftscreations.com/221b-baker-street-ko%C5%82owrotki" "Mozilla/5.0 (Linux; Android 7.0;) AppleWebKit/537.36 (KHTML, like Gecko) Mobile Safari/537.36 (compatible; PetalBot;+https://webmaster.petalsearch.com/site/petalbot)" 219 **0/219593**
114.119.146.15 - - [21/Feb/2026:20:42:31 -0700] "GET /221b-baker-street-ko%C5%82owrotki/ HTTP/1.1" 200 9194 "https://ftscreations.com/221b-baker-street-ko%C5%82owrotki" "Mozilla/5.0 (Linux; Android 7.0;) AppleWebKit/537.36 (KHTML, like Gecko) Mobile Safari/537.36 (compatible; PetalBot;+https://webmaster.petalsearch.com/site/petalbot)" 392 **0/392144**
114.119.141.35 - - [21/Feb/2026:20:43:53 -0700] "GET /20-super-hot-kulki-mno%C5%BC%C4%85ce-do-500x/ HTTP/1.1" 200 9368 "http://ftscreations.com/?p=7791" "Mozilla/5.0 (Linux; Android 7.0;) AppleWebKit/537.36 (KHTML, like Gecko) Mobile Safari/537.36 (compatible; PetalBot;+https://webmaster.petalsearch.com/site/petalbot)" 4168 **4/4168185**
18.232.36.1 - - [21/Feb/2026:20:44:37 -0700] "GET /portfolio/embedded-software/death_to_stock_above_3-custom/ HTTP/1.1" 403 10442 "-" "Mozilla/5.0 AppleWebKit/537.36 (KHTML, like Gecko; compatible; Amazonbot/0.1; +https://developer.amazon.com/support/amazonbot) Chrome/119.0.6045.214 Safari/537.36" 7 **0/7093**
114.119.142.93 - - [21/Feb/2026:20:45:18 -0700] "GET /20-linii-wygrywaj%C4%85cych-na-boisku-w-temple-of-iris-2/ HTTP/1.1" 200 8954 "https://ftscreations.com/20-linii-wygrywaj%C4%85cych-na-boisku-w-temple-of-iris-2/" "Mozilla/5.0 (Linux; Android 7.0;) AppleWebKit/537.36 (KHTML, like Gecko) Mobile Safari/537.36 (compatible; PetalBot;+https://webmaster.petalsearch.com/site/petalbot)" 2523 **2/2523381**
54.92.248.10 - - [21/Feb/2026:20:46:17 -0700] "HEAD /portfolio/embedded-software/death_to_stock_above_3-custom/ HTTP/1.1" 200 - "-" "Mozilla/5.0 AppleWebKit/605.1.15 (KHTML, like Gecko) Chrome/139.0.0.0 Safari/605.1.15" 3274 **3/3274240**
66.249.79.5 - - [21/Feb/2026:20:46:31 -0700] "GET /betory-uw-perfecte-locatie-voor-hoogwaardige/ HTTP/1.1" 200 9618 "-" "Mozilla/5.0 (Linux; Android 6.0.1; Nexus 5X Build/MMB29P) AppleWebKit/537.36 (KHTML, like Gecko) Chrome/144.0.7559.132 Mobile Safari/537.36 (compatible; Googlebot/2.1; +http://www.google.com/bot.html)" 4401 **4/4401053**
114.119.141.35 - - [21/Feb/2026:20:46:40 -0700] "GET /20-linii-wygrywaj%C4%85cych-na-boisku-w-monster-superlanche/ HTTP/1.1" 200 9264 "https://ftscreations.com/20-linii-wygrywaj%C4%85cych-na-boisku-w-monster-superlanche/" "Mozilla/5.0 (Linux; Android 7.0;) AppleWebKit/537.36 (KHTML, like Gecko) Mobile Safari/537.36 (compatible; PetalBot;+https://webmaster.petalsearch.com/site/petalbot)" 4313 **4/4313996**
66.249.79.6 - - [21/Feb/2026:20:47:12 -0700] "POST / HTTP/1.1" 204 - "https://ftscreations.com/betory-uw-perfecte-locatie-voor-hoogwaardige/" "Mozilla/5.0 (Linux; Android 6.0.1; Nexus 5X Build/MMB29P) AppleWebKit/537.36 (KHTML, like Gecko) Chrome/144.0.7559.132 Mobile Safari/537.36 (compatible; Googlebot/2.1; +http://www.google.com/bot.html)" 2638 **2/2638401**
114.119.129.175 - - [21/Feb/2026:20:48:04 -0700] "GET /20-linii-wygrywaj%C4%85cych-na-boisku-w-fishin-frenzy-megaways/ HTTP/1.1" 200 9126 "https://ftscreations.com/20-linii-wygrywaj%C4%85cych-na-boisku-w-fishin-frenzy-megaways/" "Mozilla/5.0 (Linux; Android 7.0;) AppleWebKit/537.36 (KHTML, like Gecko) Mobile Safari/537.36 (compatible; PetalBot;+https://webmaster.petalsearch.com/site/petalbot)" 5140 **5/5140761**
114.119.159.62 - - [21/Feb/2026:20:49:28 -0700] "GET /20-linii-gry-w-power-stars/ HTTP/1.1" 200 9278 "https://ftscreations.com/20-linii-gry-w-power-stars/" "Mozilla/5.0 (Linux; Android 7.0;) AppleWebKit/537.36 (KHTML, like Gecko) Mobile Safari/537.36 (compatible; PetalBot;+https://webmaster.petalsearch.com/site/petalbot)" 5472 **5/5472298**
114.119.151.146 - - [21/Feb/2026:20:50:52 -0700] "GET /20-linii-gry-w-mystic-manor/ HTTP/1.1" 200 9151 "https://ftscreations.com/20-linii-gry-w-mystic-manor" "Mozilla/5.0 (Linux; Android 7.0;) AppleWebKit/537.36 (KHTML, like Gecko) Mobile Safari/537.36 (compatible; PetalBot;+https://webmaster.petalsearch.com/site/petalbot)" 4054 **4/4054437**
114.119.141.35 - - [21/Feb/2026:20:52:16 -0700] "GET /20-linii-gry-w-monopoly-megaways/ HTTP/1.1" 200 9473 "https://ftscreations.com/20-linii-gry-w-monopoly-megaways/" "Mozilla/5.0 (Linux; Android 7.0;) AppleWebKit/537.36 (KHTML, like Gecko) Mobile Safari/537.36 (compatible; PetalBot;+https://webmaster.petalsearch.com/site/petalbot)" 4470 **4/4470948**
114.119.149.66 - - [21/Feb/2026:20:53:39 -0700] "GET /20-linii-gry-w-gladiator-jackpot/ HTTP/1.1" 200 9075 "https://ftscreations.com/20-linii-gry-w-gladiator-jackpot/" "Mozilla/5.0 (Linux; Android 7.0;) AppleWebKit/537.36 (KHTML, like Gecko) Mobile Safari/537.36 (compatible; PetalBot;+https://webmaster.petalsearch.com/site/petalbot)" 3294 **3/3294751**
66.249.79.6 - - [21/Feb/2026:20:54:22 -0700] "GET /ampm-casino-twoja-wasna-przejcie-do-najwyszej/ HTTP/1.1" 200 10498 "-" "Mozilla/5.0 (Linux; Android 6.0.1; Nexus 5X Build/MMB29P) AppleWebKit/537.36 (KHTML, like Gecko) Chrome/144.0.7559.132 Mobile Safari/537.36 (compatible; Googlebot/2.1; +http://www.google.com/bot.html)" 4852 **4/4852821**
66.249.79.4 - - [21/Feb/2026:20:54:30 -0700] "POST / HTTP/1.1" 204 - "https://ftscreations.com/ampm-casino-twoja-wasna-przejcie-do-najwyszej/" "Mozilla/5.0 (Linux; Android 6.0.1; Nexus 5X Build/MMB29P) AppleWebKit/537.36 (KHTML, like Gecko) Chrome/144.0.7559.132 Mobile Safari/537.36 (compatible; Googlebot/2.1; +http://www.google.com/bot.html)" 2222 **2/2222278**
114.119.151.146 - - [21/Feb/2026:20:55:02 -0700] "GET /20-golden-coins-grafika-d%C5%BAwi%C4%99ki-i-animacje/ HTTP/1.1" 200 9121 "https://ftscreations.com/20-golden-coins-grafika-d%C5%BAwi%C4%99ki-i-animacje" "Mozilla/5.0 (Linux; Android 7.0;) AppleWebKit/537.36 (KHTML, like Gecko) Mobile Safari/537.36 (compatible; PetalBot;+https://webmaster.petalsearch.com/site/petalbot)" 5079 **5/5079440**
114.119.151.146 - - [21/Feb/2026:20:56:28 -0700] "GET /16-9/ HTTP/1.1" 200 4986 "https://ftscreations.com/photographer-2/" "Mozilla/5.0 (Linux; Android 7.0;) AppleWebKit/537.36 (KHTML, like Gecko) Mobile Safari/537.36 (compatible; PetalBot;+https://webmaster.petalsearch.com/site/petalbot)" 4346 **4/4346977**
66.249.79.5 - - [21/Feb/2026:20:57:37 -0700] "GET /novajackpot-votre-plateforme-de-divertissement/ HTTP/1.1" 200 10076 "-" "Mozilla/5.0 (Linux; Android 6.0.1; Nexus 5X Build/MMB29P) AppleWebKit/537.36 (KHTML, like Gecko) Chrome/144.0.7559.132 Mobile Safari/537.36 (compatible; Googlebot/2.1; +http://www.google.com/bot.html)" 3069 **3/3069450**
66.249.79.4 - - [21/Feb/2026:20:57:42 -0700] "GET /wp-content/themes/photographer-wp-child/style.css HTTP/1.1" 200 254 "https://ftscreations.com/novajackpot-votre-plateforme-de-divertissement/" "Mozilla/5.0 (Linux; Android 6.0.1; Nexus 5X Build/MMB29P) AppleWebKit/537.36 (KHTML, like Gecko) Chrome/144.0.7559.132 Mobile Safari/537.36 (compatible; Googlebot/2.1; +http://www.google.com/bot.html)" 4 **0/4805**
66.249.79.4 - - [21/Feb/2026:20:57:42 -0700] "POST / HTTP/1.1" 204 - "https://ftscreations.com/novajackpot-votre-plateforme-de-divertissement/" "Mozilla/5.0 (Linux; Android 6.0.1; Nexus 5X Build/MMB29P) AppleWebKit/537.36 (KHTML, like Gecko) Chrome/144.0.7559.132 Mobile Safari/537.36 (compatible; Googlebot/2.1; +http://www.google.com/bot.html)" 2003 **2/2003742**
114.119.142.93 - - [21/Feb/2026:20:57:50 -0700] "GET /16-9 HTTP/1.1" 301 - "https://ftscreations.com/photographer-2" "Mozilla/5.0 (Linux; Android 7.0;) AppleWebKit/537.36 (KHTML, like Gecko) Mobile Safari/537.36 (compatible; PetalBot;+https://webmaster.petalsearch.com/site/petalbot)" 1881 **1/1881471**
114.119.142.93 - - [21/Feb/2026:20:57:54 -0700] "GET /16-9/ HTTP/1.1" 200 4986 "https://ftscreations.com/photographer-2" "Mozilla/5.0 (Linux; Android 7.0;) AppleWebKit/537.36 (KHTML, like Gecko) Mobile Safari/537.36 (compatible; PetalBot;+https://webmaster.petalsearch.com/site/petalbot)" 2347 **2/2347607**
114.119.136.249 - - [21/Feb/2026:20:59:13 -0700] "GET /100-darmowych-spin%C3%B3w-w-wild-wild-vegas/ HTTP/1.1" 200 9067 "https://ftscreations.com/100-darmowych-spin%C3%B3w-w-wild-wild-vegas" "Mozilla/5.0 (Linux; Android 7.0;) AppleWebKit/537.36 (KHTML, like Gecko) Mobile Safari/537.36 (compatible; PetalBot;+https://webmaster.petalsearch.com/site/petalbot)" 3190 **3/3190587**
66.249.79.5 - - [21/Feb/2026:20:59:22 -0700] "GET /red-baron-ett-legendarisk-piloten-som-blev-ett/ HTTP/1.1" 200 9961 "-" "Mozilla/5.0 (Linux; Android 6.0.1; Nexus 5X Build/MMB29P) AppleWebKit/537.36 (KHTML, like Gecko) Chrome/144.0.7559.132 Mobile Safari/537.36 (compatible; Googlebot/2.1; +http://www.google.com/bot.html)" 4073 **4/4073089**
66.249.79.5 - - [21/Feb/2026:20:59:33 -0700] "POST / HTTP/1.1" 204 - "https://ftscreations.com/red-baron-ett-legendarisk-piloten-som-blev-ett/" "Mozilla/5.0 (Linux; Android 6.0.1; Nexus 5X Build/MMB29P) AppleWebKit/537.36 (KHTML, like Gecko) Chrome/144.0.7559.132 Mobile Safari/537.36 (compatible; Googlebot/2.1; +http://www.google.com/bot.html)" 2590 **2/2590918**
114.119.142.93 - - [21/Feb/2026:21:00:37 -0700] "GET /100-darmowych-spin%C3%B3w-w-gates-of-hade/ HTTP/1.1" 200 9313 "http://ftscreations.com/?p=8235" "Mozilla/5.0 (Linux; Android 7.0;) AppleWebKit/537.36 (KHTML, like Gecko) Mobile Safari/537.36 (compatible; PetalBot;+https://webmaster.petalsearch.com/site/petalbot)" 3911 **3/3911092**
114.119.136.249 - - [21/Feb/2026:21:02:01 -0700] "GET /1-of-a-kind-bonus-w-kasynie HTTP/1.1" 301 - "-" "Mozilla/5.0 (Linux; Android 7.0;) AppleWebKit/537.36 (KHTML, like Gecko) Mobile Safari/537.36 (compatible; PetalBot;+https://webmaster.petalsearch.com/site/petalbot)" 2348 **2/2348184**
114.119.136.249 - - [21/Feb/2026:21:02:06 -0700] "GET /1-of-a-kind-bonus-w-kasynie/ HTTP/1.1" 200 9039 "-" "Mozilla/5.0 (Linux; Android 7.0;) AppleWebKit/537.36 (KHTML, like Gecko) Mobile Safari/537.36 (compatible; PetalBot;+https://webmaster.petalsearch.com/site/petalbot)" 4697 **4/4697246**
114.119.146.15 - - [21/Feb/2026:21:04:06 -0700] "GET /04 HTTP/1.1" 301 - "https://ftscreations.com/testo-01" "Mozilla/5.0 (Linux; Android 7.0;) AppleWebKit/537.36 (KHTML, like Gecko) Mobile Safari/537.36 (compatible; PetalBot;+https://webmaster.petalsearch.com/site/petalbot)" 2181 **2/2181843**
114.119.146.15 - - [21/Feb/2026:21:04:09 -0700] "GET /04/ HTTP/1.1" 200 4982 "https://ftscreations.com/testo-01" "Mozilla/5.0 (Linux; Android 7.0;) AppleWebKit/537.36 (KHTML, like Gecko) Mobile Safari/537.36 (compatible; PetalBot;+https://webmaster.petalsearch.com/site/petalbot)" 3246 **3/3246077**
114.119.151.146 - - [21/Feb/2026:21:04:55 -0700] "GET /%C4%8Cerven%C3%A1-hore%C4%8Dka-du%C5%BCe-szanse-na-wygran%C4%85 HTTP/1.1" 301 - "-" "Mozilla/5.0 (Linux; Android 7.0;) AppleWebKit/537.36 (KHTML, like Gecko) Mobile Safari/537.36 (compatible; PetalBot;+https://webmaster.petalsearch.com/site/petalbot)" 1890 **1/1890154**
114.119.151.146 - - [21/Feb/2026:21:04:58 -0700] "GET /%C4%8Cerven%C3%A1-hore%C4%8Dka-du%C5%BCe-szanse-na-wygran%C4%85/ HTTP/1.1" 200 9110 "-" "Mozilla/5.0 (Linux; Android 7.0;) AppleWebKit/537.36 (KHTML, like Gecko) Mobile Safari/537.36 (compatible; PetalBot;+https://webmaster.petalsearch.com/site/petalbot)" 3808 **3/3808122**
114.119.141.35 - - [21/Feb/2026:21:06:12 -0700] "GET /newvsi/wp-content/uploads/2021/01/lunch-mm-smol.jpg HTTP/1.1" 200 398092 "https://ftscreations.com/newvsi/donate/vermilionseainstitute.org/aventureros" "Mozilla/5.0 (Linux; Android 7.0;) AppleWebKit/537.36 (KHTML, like Gecko) Mobile Safari/537.36 (compatible; PetalBot;+https://webmaster.petalsearch.com/site/petalbot)" 411 **0/411573**
114.119.146.15 - - [21/Feb/2026:21:07:35 -0700] "GET /?p=9955 HTTP/1.1" 301 - "https://ftscreations.com/lucky-wizard-symboli-i-wyp%C5%82at/" "Mozilla/5.0 (Linux; Android 7.0;) AppleWebKit/537.36 (KHTML, like Gecko) Mobile Safari/537.36 (compatible; PetalBot;+https://webmaster.petalsearch.com/site/petalbot)" 195 **0/195639**
114.119.146.15 - - [21/Feb/2026:21:07:36 -0700] "GET /funkcja-tumble-po-ka%C5%BCdej-wygranej-pierino-tenta-la-fortuna/ HTTP/1.1" 200 9324 "https://ftscreations.com/lucky-wizard-symboli-i-wyp%C5%82at/" "Mozilla/5.0 (Linux; Android 7.0;) AppleWebKit/537.36 (KHTML, like Gecko) Mobile Safari/537.36 (compatible; PetalBot;+https://webmaster.petalsearch.com/site/petalbot)" 295 **0/295465**
114.119.142.93 - - [21/Feb/2026:21:08:59 -0700] "GET /?p=9922 HTTP/1.1" 301 - "https://ftscreations.com/maksymalny-jackpot-big-red/" "Mozilla/5.0 (Linux; Android 7.0;) AppleWebKit/537.36 (KHTML, like Gecko) Mobile Safari/537.36 (compatible; PetalBot;+https://webmaster.petalsearch.com/site/petalbot)" 334 **0/334709**
114.119.142.93 - - [21/Feb/2026:21:09:01 -0700] "GET /vegas-nihgts-automat-bez-dzikich-symboli/ HTTP/1.1" 200 9325 "https://ftscreations.com/maksymalny-jackpot-big-red/" "Mozilla/5.0 (Linux; Android 7.0;) AppleWebKit/537.36 (KHTML, like Gecko) Mobile Safari/537.36 (compatible; PetalBot;+https://webmaster.petalsearch.com/site/petalbot)" 405 **0/405521**
114.119.142.93 - - [21/Feb/2026:21:10:27 -0700] "GET /?p=9897 HTTP/1.1" 301 - "https://ftscreations.com/crystal-ball-wygrana-kwota-zale%C5%BCy-od-pasuj%C4%85cych-symboli-w-grze/" "Mozilla/5.0 (Linux; Android 7.0;) AppleWebKit/537.36 (KHTML, like Gecko) Mobile Safari/537.36 (compatible; PetalBot;+https://webmaster.petalsearch.com/site/petalbot)" 304 **0/304039**
104.210.140.132 - - [21/Feb/2026:21:10:29 -0700] "GET /robots.txt HTTP/1.1" 200 132 "-" "Mozilla/5.0 (Macintosh; Intel Mac OS X 10_15_7) AppleWebKit/537.36 (KHTML, like Gecko) Chrome/131.0.0.0 Safari/537.36; compatible; OAI-SearchBot/1.0; +https://openai.com/searchbot" 5 **0/5262**
114.119.142.93 - - [21/Feb/2026:21:10:28 -0700] "GET /heads-up-hold-em-pole-gry-6x5/ HTTP/1.1" 200 9132 "https://ftscreations.com/crystal-ball-wygrana-kwota-zale%C5%BCy-od-pasuj%C4%85cych-symboli-w-grze/" "Mozilla/5.0 (Linux; Android 7.0;) AppleWebKit/537.36 (KHTML, like Gecko) Mobile Safari/537.36 (compatible; PetalBot;+https://webmaster.petalsearch.com/site/petalbot)" 449 **0/449572**
114.119.136.249 - - [21/Feb/2026:21:11:49 -0700] "GET /?p=9882 HTTP/1.1" 301 - "https://ftscreations.com/obstawianie-kryptowalutami-w-first-person-lightning-roulette" "Mozilla/5.0 (Linux; Android 7.0;) AppleWebKit/537.36 (KHTML, like Gecko) Mobile Safari/537.36 (compatible; PetalBot;+https://webmaster.petalsearch.com/site/petalbot)" 194 **0/194005**
114.119.136.249 - - [21/Feb/2026:21:11:50 -0700] "GET /graj-w-money-cart-2-na-wielu-urz%C4%85dzeniach/ HTTP/1.1" 200 9248 "https://ftscreations.com/obstawianie-kryptowalutami-w-first-person-lightning-roulette" "Mozilla/5.0 (Linux; Android 7.0;) AppleWebKit/537.36 (KHTML, like Gecko) Mobile Safari/537.36 (compatible; PetalBot;+https://webmaster.petalsearch.com/site/petalbot)" 363 **0/363229**
114.119.141.35 - - [21/Feb/2026:21:13:09 -0700] "GET /?p=9880 HTTP/1.1" 301 - "https://ftscreations.com/jak-oszuka%C4%87-slota-clover-gems/" "Mozilla/5.0 (Linux; Android 7.0;) AppleWebKit/537.36 (KHTML, like Gecko) Mobile Safari/537.36 (compatible; PetalBot;+https://webmaster.petalsearch.com/site/petalbot)" 197 **0/197586**
114.119.141.35 - - [21/Feb/2026:21:13:10 -0700] "GET /wskaz%C3%B3wki-i-porady-dla-queen-of-gods/ HTTP/1.1" 200 9102 "https://ftscreations.com/jak-oszuka%C4%87-slota-clover-gems/" "Mozilla/5.0 (Linux; Android 7.0;) AppleWebKit/537.36 (KHTML, like Gecko) Mobile Safari/537.36 (compatible; PetalBot;+https://webmaster.petalsearch.com/site/petalbot)" 309 **0/309395**
31.127.177.211 - - [21/Feb/2026:21:13:19 -0700] "GET /club-365-spielbank-eure-top-destination-fur-erstklassiges-internet/ HTTP/1.1" 200 10979 "-" "Mozilla/5.0 (Windows; U; Windows NT 6.0; en-US) AppleWebKit/534.3 (KHTML, like Gecko) Chrome/6.0.458.1 Safari/534.3" 284 **0/284041**
66.249.79.5 - - [21/Feb/2026:21:14:02 -0700] "GET /welcome-naar-w-betz-casino-jouw-eersteklas/ HTTP/1.1" 200 9691 "-" "Mozilla/5.0 (Linux; Android 6.0.1; Nexus 5X Build/MMB29P) AppleWebKit/537.36 (KHTML, like Gecko) Chrome/144.0.7559.132 Mobile Safari/537.36 (compatible; Googlebot/2.1; +http://www.google.com/bot.html)" 439 **0/439030**
114.119.146.15 - - [21/Feb/2026:21:14:34 -0700] "GET /?p=9855 HTTP/1.1" 301 - "https://ftscreations.com/hypernova-10k-ways-wygrane-i-zak%C5%82ady/" "Mozilla/5.0 (Linux; Android 7.0;) AppleWebKit/537.36 (KHTML, like Gecko) Mobile Safari/537.36 (compatible; PetalBot;+https://webmaster.petalsearch.com/site/petalbot)" 202 **0/202983**
114.119.146.15 - - [21/Feb/2026:21:14:35 -0700] "GET /gra-wolf-fang-volcano/ HTTP/1.1" 200 9138 "https://ftscreations.com/hypernova-10k-ways-wygrane-i-zak%C5%82ady/" "Mozilla/5.0 (Linux; Android 7.0;) AppleWebKit/537.36 (KHTML, like Gecko) Mobile Safari/537.36 (compatible; PetalBot;+https://webmaster.petalsearch.com/site/petalbot)" 313 **0/313908**
43.173.179.227 - - [21/Feb/2026:21:14:54 -0700] "GET /?p=5529 HTTP/1.1" 301 - "-" "Mozilla/5.0 (Windows NT 10.0; Win64; x64) AppleWebKit/537.36 (KHTML, like Gecko) Chrome/103.0.0.0 Safari/537.36" 260 **0/260981**
43.173.176.20 - - [21/Feb/2026:21:14:54 -0700] "GET /?p=2668 HTTP/1.1" 301 - "http://ftscreations.com/?p=2668" "Mozilla/5.0 (Windows NT 10.0; Win64; x64) AppleWebKit/537.36 (KHTML, like Gecko) Chrome/131.0.0.0 Safari/537.36" 385 **0/385999**
43.173.182.6 - - [21/Feb/2026:21:14:54 -0700] "GET /?p=3662 HTTP/1.1" 301 - "http://ftscreations.com/?p=3662" "Mozilla/5.0 (Windows NT 10.0; Win64; x64) AppleWebKit/537.36 (KHTML, like Gecko) Chrome/108.0.0.0 Safari/537.36" 400 **0/400846**
43.173.179.227 - - [21/Feb/2026:21:14:54 -0700] "GET /break-da-bank-again-megaways-umiarkowanie-du%C5%BCa-zmienno%C5%9B%C4%87/ HTTP/1.1" 200 9019 "https://ftscreations.com/?p=5529" "Mozilla/5.0 (Windows NT 10.0; Win64; x64) AppleWebKit/537.36 (KHTML, like Gecko) Chrome/103.0.0.0 Safari/537.36" 799 **0/799529**
43.173.182.6 - - [21/Feb/2026:21:14:55 -0700] "GET /reel-snails-zwi%C4%99ksz-wygrane-dzi%C4%99ki-mno%C5%BCnikom/ HTTP/1.1" 200 9172 "https://ftscreations.com/?p=3662" "Mozilla/5.0 (Windows NT 10.0; Win64; x64) AppleWebKit/537.36 (KHTML, like Gecko) Chrome/108.0.0.0 Safari/537.36" 619 **0/619372**
43.173.176.20 - - [21/Feb/2026:21:14:55 -0700] "GET /gladorius-urz%C4%85dzenia-mobilne/ HTTP/1.1" 200 9243 "https://ftscreations.com/?p=2668" "Mozilla/5.0 (Windows NT 10.0; Win64; x64) AppleWebKit/537.36 (KHTML, like Gecko) Chrome/131.0.0.0 Safari/537.36" 630 **0/630262**
43.173.182.65 - - [21/Feb/2026:21:14:57 -0700] "POST / HTTP/1.1" 204 - "https://ftscreations.com/?p=5529" "Mozilla/5.0 (Windows NT 10.0; Win64; x64) AppleWebKit/537.36 (KHTML, like Gecko) Chrome/103.0.0.0 Safari/537.36" 180 **0/180281**
43.173.176.41 - - [21/Feb/2026:21:14:59 -0700] "POST / HTTP/1.1" 204 - "http://ftscreations.com/" "Mozilla/5.0 (Windows NT 10.0; Win64; x64) AppleWebKit/537.36 (KHTML, like Gecko) Chrome/131.0.0.0 Safari/537.36" 182 **0/182363**
43.173.181.195 - - [21/Feb/2026:21:15:00 -0700] "POST / HTTP/1.1" 204 - "http://ftscreations.com/" "Mozilla/5.0 (Windows NT 10.0; Win64; x64) AppleWebKit/537.36 (KHTML, like Gecko) Chrome/108.0.0.0 Safari/537.36" 323 **0/323291**
66.249.79.4 - - [21/Feb/2026:21:15:33 -0700] "POST / HTTP/1.1" 204 - "https://ftscreations.com/welcome-naar-w-betz-casino-jouw-eersteklas/" "Mozilla/5.0 (Linux; Android 6.0.1; Nexus 5X Build/MMB29P) AppleWebKit/537.36 (KHTML, like Gecko) Chrome/144.0.7559.132 Mobile Safari/537.36 (compatible; Googlebot/2.1; +http://www.google.com/bot.html)" 194 **0/194882**
