123.31.133.152 - - [21/Feb/2026:20:45:46 -0700] "GET /7418253526279 HTTP/1.1" 200 4524 "-" "Mozilla/5.0 (Windows NT 6.3; Win64; x64) AppleWebKit/537.36 (KHTML, like Gecko) Chrome/100.0.3478.83 Safari/537.36" 1761 **1/1761162**
66.249.79.134 - - [21/Feb/2026:20:46:21 -0700] "GET /post/vzryv-jemocij-i-azarta-1win-app-tvoj-bilet-v-mir/ HTTP/1.1" 200 3827 "-" "Mozilla/5.0 (Linux; Android 6.0.1; Nexus 5X Build/MMB29P) AppleWebKit/537.36 (KHTML, like Gecko) Chrome/144.0.7559.132 Mobile Safari/537.36 (compatible; Googlebot/2.1; +http://www.google.com/bot.html)" 1383 **1/1383156**
114.119.130.95 - - [21/Feb/2026:20:46:23 -0700] "GET /60510540799183 HTTP/1.1" 200 4524 "https://www.gazzocpa.com/sitemap.xml" "Mozilla/5.0 (Linux; Android 7.0;) AppleWebKit/537.36 (KHTML, like Gecko) Mobile Safari/537.36 (compatible; PetalBot;+https://webmaster.petalsearch.com/site/petalbot)" 2025 **2/2025315**
66.249.79.132 - - [21/Feb/2026:20:46:41 -0700] "GET /306892610714 HTTP/1.1" 200 3827 "-" "Mozilla/5.0 (Linux; Android 6.0.1; Nexus 5X Build/MMB29P) AppleWebKit/537.36 (KHTML, like Gecko) Chrome/144.0.7559.132 Mobile Safari/537.36 (compatible; Googlebot/2.1; +http://www.google.com/bot.html)" 2023 **2/2023751**
66.249.79.132 - - [21/Feb/2026:20:46:50 -0700] "GET /post/page-1793/ HTTP/1.1" 200 3827 "-" "Mozilla/5.0 (Linux; Android 6.0.1; Nexus 5X Build/MMB29P) AppleWebKit/537.36 (KHTML, like Gecko) Chrome/144.0.7559.132 Mobile Safari/537.36 (compatible; Googlebot/2.1; +http://www.google.com/bot.html)" 1472 **1/1472981**
14.254.30.110 - - [21/Feb/2026:20:47:15 -0700] "GET /70133189701160 HTTP/1.1" 200 4524 "-" "Mozilla/5.0 (Macintosh; Intel Mac OS X 11_2_0) AppleWebKit/537.36 (KHTML, like Gecko) Brave Chrome/88.0.4324.152 Safari/537.36" 1245 **1/1245995**
114.119.153.118 - - [21/Feb/2026:20:47:47 -0700] "GET /546194757410 HTTP/1.1" 200 4524 "https://www.gazzocpa.com/sitemap.xml" "Mozilla/5.0 (Linux; Android 7.0;) AppleWebKit/537.36 (KHTML, like Gecko) Mobile Safari/537.36 (compatible; PetalBot;+https://webmaster.petalsearch.com/site/petalbot)" 1213 **1/1213123**
114.119.153.118 - - [21/Feb/2026:20:49:11 -0700] "GET /54382148703312 HTTP/1.1" 200 4524 "https://www.gazzocpa.com/sitemap.xml" "Mozilla/5.0 (Linux; Android 7.0;) AppleWebKit/537.36 (KHTML, like Gecko) Mobile Safari/537.36 (compatible; PetalBot;+https://webmaster.petalsearch.com/site/petalbot)" 2163 **2/2163399**
114.119.130.95 - - [21/Feb/2026:20:50:38 -0700] "GET /52960851236626 HTTP/1.1" 200 4524 "https://www.gazzocpa.com/sitemap.xml" "Mozilla/5.0 (Linux; Android 7.0;) AppleWebKit/537.36 (KHTML, like Gecko) Mobile Safari/537.36 (compatible; PetalBot;+https://webmaster.petalsearch.com/site/petalbot)" 2120 **2/2120411**
114.119.159.61 - - [21/Feb/2026:20:51:59 -0700] "GET /about HTTP/1.1" 200 4524 "https://www.gazzocpa.com/" "Mozilla/5.0 (Linux; Android 7.0;) AppleWebKit/537.36 (KHTML, like Gecko) Mobile Safari/537.36 (compatible; PetalBot;+https://webmaster.petalsearch.com/site/petalbot)" 769 **0/769143**
114.119.139.102 - - [21/Feb/2026:20:53:24 -0700] "GET /9013325325317 HTTP/1.1" 200 4524 "https://www.gazzocpa.com/sitemap.xml" "Mozilla/5.0 (Linux; Android 7.0;) AppleWebKit/537.36 (KHTML, like Gecko) Mobile Safari/537.36 (compatible; PetalBot;+https://webmaster.petalsearch.com/site/petalbot)" 1334 **1/1334777**
66.249.79.133 - - [21/Feb/2026:20:53:44 -0700] "GET /post/f-pulsen-op-med-chicken-road-og-jag-det-gyldne-g/ HTTP/1.1" 200 3827 "-" "Mozilla/5.0 (Linux; Android 6.0.1; Nexus 5X Build/MMB29P) AppleWebKit/537.36 (KHTML, like Gecko) Chrome/144.0.7559.132 Mobile Safari/537.36 (compatible; Googlebot/2.1; +http://www.google.com/bot.html)" 1326 **1/1326225**
66.249.79.133 - - [21/Feb/2026:20:53:48 -0700] "GET /blog/glory-casino-bangladesh-official-website-1848/ HTTP/1.1" 200 3827 "-" "Mozilla/5.0 (Linux; Android 6.0.1; Nexus 5X Build/MMB29P) AppleWebKit/537.36 (KHTML, like Gecko) Chrome/144.0.7559.132 Mobile Safari/537.36 (compatible; Googlebot/2.1; +http://www.google.com/bot.html)" 1823 **1/1823876**
193.233.245.17 - - [21/Feb/2026:20:53:57 -0700] "GET /services/frumzi-casino-unleashing-the-thrill-of-live-dealer/ HTTP/2.0" 200 3827 "-" "Mozilla/5.0 (X11; Linux x86_64) AppleWebKit/537.36 (KHTML, like Gecko) Chrome/141.0.0.0 Safari/537.36" 1503 **1/1503144**
193.233.245.17 - - [21/Feb/2026:20:53:59 -0700] "GET /favicon.ico HTTP/2.0" 200 5 "https://www.gazzocpa.com/services/frumzi-casino-unleashing-the-thrill-of-live-dealer/" "Mozilla/5.0 (X11; Linux x86_64) AppleWebKit/537.36 (KHTML, like Gecko) Chrome/141.0.0.0 Safari/537.36" 238 **0/238139**
193.233.245.17 - - [21/Feb/2026:20:54:01 -0700] "GET /robots.txt HTTP/2.0" 200 70 "https://www.gazzocpa.com/services/frumzi-casino-unleashing-the-thrill-of-live-dealer/" "Mozilla/5.0 (X11; Linux x86_64) AppleWebKit/537.36 (KHTML, like Gecko) Chrome/141.0.0.0 Safari/537.36" 9 **0/9431**
114.119.158.6 - - [21/Feb/2026:20:54:45 -0700] "GET /89017451762745 HTTP/1.1" 200 4524 "https://www.gazzocpa.com/sitemap.xml" "Mozilla/5.0 (Linux; Android 7.0;) AppleWebKit/537.36 (KHTML, like Gecko) Mobile Safari/537.36 (compatible; PetalBot;+https://webmaster.petalsearch.com/site/petalbot)" 1856 **1/1856836**
114.119.139.102 - - [21/Feb/2026:20:56:09 -0700] "GET /76026174477490 HTTP/1.1" 200 4524 "https://www.gazzocpa.com/sitemap.xml" "Mozilla/5.0 (Linux; Android 7.0;) AppleWebKit/537.36 (KHTML, like Gecko) Mobile Safari/537.36 (compatible; PetalBot;+https://webmaster.petalsearch.com/site/petalbot)" 2138 **2/2138905**
66.249.79.132 - - [21/Feb/2026:20:56:25 -0700] "GET /2773167783936 HTTP/1.1" 200 3827 "-" "Mozilla/5.0 (Linux; Android 6.0.1; Nexus 5X Build/MMB29P) AppleWebKit/537.36 (KHTML, like Gecko) Chrome/144.0.7559.132 Mobile Safari/537.36 (compatible; Googlebot/2.1; +http://www.google.com/bot.html)" 1510 **1/1510183**
114.119.130.152 - - [21/Feb/2026:20:57:35 -0700] "GET /5593034651672 HTTP/1.1" 200 4524 "https://www.gazzocpa.com/sitemap.xml" "Mozilla/5.0 (Linux; Android 7.0;) AppleWebKit/537.36 (KHTML, like Gecko) Mobile Safari/537.36 (compatible; PetalBot;+https://webmaster.petalsearch.com/site/petalbot)" 857 **0/857258**
114.119.130.95 - - [21/Feb/2026:20:58:56 -0700] "GET /5102871364804 HTTP/1.1" 200 4524 "https://www.gazzocpa.com/sitemap.xml" "Mozilla/5.0 (Linux; Android 7.0;) AppleWebKit/537.36 (KHTML, like Gecko) Mobile Safari/537.36 (compatible; PetalBot;+https://webmaster.petalsearch.com/site/petalbot)" 1507 **1/1507908**
114.119.140.21 - - [21/Feb/2026:21:00:23 -0700] "GET /5098496745635 HTTP/1.1" 200 4524 "https://www.gazzocpa.com/sitemap.xml" "Mozilla/5.0 (Linux; Android 7.0;) AppleWebKit/537.36 (KHTML, like Gecko) Mobile Safari/537.36 (compatible; PetalBot;+https://webmaster.petalsearch.com/site/petalbot)" 1794 **1/1794680**
114.119.159.61 - - [21/Feb/2026:21:01:47 -0700] "GET /5098043259939 HTTP/1.1" 200 4524 "https://www.gazzocpa.com/sitemap.xml" "Mozilla/5.0 (Linux; Android 7.0;) AppleWebKit/537.36 (KHTML, like Gecko) Mobile Safari/537.36 (compatible; PetalBot;+https://webmaster.petalsearch.com/site/petalbot)" 1695 **1/1695778**
114.119.139.102 - - [21/Feb/2026:21:03:07 -0700] "GET /50421613494103 HTTP/1.1" 200 4524 "https://www.gazzocpa.com/sitemap.xml" "Mozilla/5.0 (Linux; Android 7.0;) AppleWebKit/537.36 (KHTML, like Gecko) Mobile Safari/537.36 (compatible; PetalBot;+https://webmaster.petalsearch.com/site/petalbot)" 1630 **1/1630694**
66.249.79.134 - - [21/Feb/2026:21:04:30 -0700] "GET /blog/oficialnyj-sajt-pinco-casino-1022/ HTTP/1.1" 200 3827 "-" "Mozilla/5.0 (Linux; Android 6.0.1; Nexus 5X Build/MMB29P) AppleWebKit/537.36 (KHTML, like Gecko) Chrome/144.0.7559.132 Mobile Safari/537.36 (compatible; Googlebot/2.1; +http://www.google.com/bot.html)" 1696 **1/1696824**
114.119.139.102 - - [21/Feb/2026:21:04:31 -0700] "GET /4971703035757 HTTP/1.1" 200 4524 "https://www.gazzocpa.com/sitemap.xml" "Mozilla/5.0 (Linux; Android 7.0;) AppleWebKit/537.36 (KHTML, like Gecko) Mobile Safari/537.36 (compatible; PetalBot;+https://webmaster.petalsearch.com/site/petalbot)" 1586 **1/1586734**
114.119.130.95 - - [21/Feb/2026:21:05:56 -0700] "GET /4719050033791 HTTP/1.1" 200 4524 "https://www.gazzocpa.com/sitemap.xml" "Mozilla/5.0 (Linux; Android 7.0;) AppleWebKit/537.36 (KHTML, like Gecko) Mobile Safari/537.36 (compatible; PetalBot;+https://webmaster.petalsearch.com/site/petalbot)" 130 **0/130858**
113.188.136.215 - - [21/Feb/2026:21:06:46 -0700] "GET /9574457541608 HTTP/1.1" 200 4524 "-" "Mozilla/5.0 (Windows NT 10.0; Win64; x64) AppleWebKit/537.36 (KHTML, like Gecko) Chrome/91.0.4472.114 Safari/537.36" 154 **0/154847**
66.249.79.132 - - [21/Feb/2026:21:06:56 -0700] "GET /49221856442606 HTTP/1.1" 200 3827 "-" "Mozilla/5.0 (Linux; Android 6.0.1; Nexus 5X Build/MMB29P) AppleWebKit/537.36 (KHTML, like Gecko) Chrome/144.0.7559.132 Mobile Safari/537.36 (compatible; Googlebot/2.1; +http://www.google.com/bot.html)" 145 **0/145418**
114.119.158.6 - - [21/Feb/2026:21:07:18 -0700] "GET /461617647607 HTTP/1.1" 200 4524 "https://www.gazzocpa.com/sitemap.xml" "Mozilla/5.0 (Linux; Android 7.0;) AppleWebKit/537.36 (KHTML, like Gecko) Mobile Safari/537.36 (compatible; PetalBot;+https://webmaster.petalsearch.com/site/petalbot)" 149 **0/149488**
66.249.79.132 - - [21/Feb/2026:21:07:28 -0700] "GET /3487026888569?fileloc=/home/dwauav0tm6jp/hosted/gazzocpa_com/wp-config-sample.php&path=/home/dwauav0tm6jp/hosted/gazzocpa_com HTTP/1.1" 200 3389 "-" "Mozilla/5.0 (Linux; Android 6.0.1; Nexus 5X Build/MMB29P) AppleWebKit/537.36 (KHTML, like Gecko) Chrome/144.0.7559.132 Mobile Safari/537.36 (compatible; Googlebot/2.1; +http://www.google.com/bot.html)" 133 **0/133383**
66.249.79.134 - - [21/Feb/2026:21:08:13 -0700] "GET /43518080146670?path=/home HTTP/1.1" 200 2531 "-" "Mozilla/5.0 (Linux; Android 6.0.1; Nexus 5X Build/MMB29P) AppleWebKit/537.36 (KHTML, like Gecko) Chrome/144.0.7559.132 Mobile Safari/537.36 (compatible; Googlebot/2.1; +http://www.google.com/bot.html)" 115 **0/115032**
114.119.140.21 - - [21/Feb/2026:21:08:45 -0700] "GET /4392125739214 HTTP/1.1" 200 4524 "https://www.gazzocpa.com/sitemap.xml" "Mozilla/5.0 (Linux; Android 7.0;) AppleWebKit/537.36 (KHTML, like Gecko) Mobile Safari/537.36 (compatible; PetalBot;+https://webmaster.petalsearch.com/site/petalbot)" 1021 **1/1021552**
66.249.79.132 - - [21/Feb/2026:21:09:23 -0700] "GET /60729177373958 HTTP/1.1" 200 3827 "-" "Mozilla/5.0 (Linux; Android 6.0.1; Nexus 5X Build/MMB29P) AppleWebKit/537.36 (KHTML, like Gecko) Chrome/144.0.7559.132 Mobile Safari/537.36 (compatible; Googlebot/2.1; +http://www.google.com/bot.html)" 187 **0/187963**
114.119.158.6 - - [21/Feb/2026:21:10:10 -0700] "GET /43241975385890 HTTP/1.1" 200 4524 "https://www.gazzocpa.com/sitemap.xml" "Mozilla/5.0 (Linux; Android 7.0;) AppleWebKit/537.36 (KHTML, like Gecko) Mobile Safari/537.36 (compatible; PetalBot;+https://webmaster.petalsearch.com/site/petalbot)" 191 **0/191557**
66.249.79.133 - - [21/Feb/2026:21:10:43 -0700] "GET /3487026888569?fileloc=/home/dwauav0tm6jp/hosted/gazzocpa_com/wp-class-dependencies.php&path=/home/dwauav0tm6jp/hosted/gazzocpa_com HTTP/1.1" 200 2284 "-" "Mozilla/5.0 (Linux; Android 6.0.1; Nexus 5X Build/MMB29P) AppleWebKit/537.36 (KHTML, like Gecko) Chrome/144.0.7559.132 Mobile Safari/537.36 (compatible; Googlebot/2.1; +http://www.google.com/bot.html)" 132 **0/132263**
114.119.140.21 - - [21/Feb/2026:21:11:31 -0700] "GET /4141077353445 HTTP/1.1" 200 4524 "https://www.gazzocpa.com/sitemap.xml" "Mozilla/5.0 (Linux; Android 7.0;) AppleWebKit/537.36 (KHTML, like Gecko) Mobile Safari/537.36 (compatible; PetalBot;+https://webmaster.petalsearch.com/site/petalbot)" 191 **0/191586**
114.119.158.6 - - [21/Feb/2026:21:12:54 -0700] "GET /4135502499535 HTTP/1.1" 200 4524 "https://www.gazzocpa.com/sitemap.xml" "Mozilla/5.0 (Linux; Android 7.0;) AppleWebKit/537.36 (KHTML, like Gecko) Mobile Safari/537.36 (compatible; PetalBot;+https://webmaster.petalsearch.com/site/petalbot)" 120 **0/120296**
66.249.79.133 - - [21/Feb/2026:21:13:14 -0700] "GET /blog/we88-online-casino-in-malaysia-overview-282/ HTTP/1.1" 200 3827 "-" "Mozilla/5.0 (Linux; Android 6.0.1; Nexus 5X Build/MMB29P) AppleWebKit/537.36 (KHTML, like Gecko) Chrome/144.0.7559.132 Mobile Safari/537.36 (compatible; Googlebot/2.1; +http://www.google.com/bot.html)" 147 **0/147172**
66.249.79.132 - - [21/Feb/2026:21:13:41 -0700] "GET /76782120790045 HTTP/1.1" 200 3827 "-" "Mozilla/5.0 (Linux; Android 6.0.1; Nexus 5X Build/MMB29P) AppleWebKit/537.36 (KHTML, like Gecko) Chrome/144.0.7559.132 Mobile Safari/537.36 (compatible; Googlebot/2.1; +http://www.google.com/bot.html)" 271 **0/271513**
114.119.158.6 - - [21/Feb/2026:21:14:16 -0700] "GET /99102897059907 HTTP/1.1" 200 4524 "https://www.gazzocpa.com/sitemap.xml" "Mozilla/5.0 (Linux; Android 7.0;) AppleWebKit/537.36 (KHTML, like Gecko) Mobile Safari/537.36 (compatible; PetalBot;+https://webmaster.petalsearch.com/site/petalbot)" 212 **0/212864**
114.119.130.95 - - [21/Feb/2026:21:15:40 -0700] "GET /94645258407153 HTTP/1.1" 200 4524 "https://www.gazzocpa.com/sitemap.xml" "Mozilla/5.0 (Linux; Android 7.0;) AppleWebKit/537.36 (KHTML, like Gecko) Mobile Safari/537.36 (compatible; PetalBot;+https://webmaster.petalsearch.com/site/petalbot)" 142 **0/142381**
114.119.130.152 - - [21/Feb/2026:21:17:03 -0700] "GET /9115724285570 HTTP/1.1" 200 4524 "https://www.gazzocpa.com/sitemap.xml" "Mozilla/5.0 (Linux; Android 7.0;) AppleWebKit/537.36 (KHTML, like Gecko) Mobile Safari/537.36 (compatible; PetalBot;+https://webmaster.petalsearch.com/site/petalbot)" 186 **0/186425**
114.119.159.61 - - [21/Feb/2026:21:18:28 -0700] "GET /88954246943950 HTTP/1.1" 200 4524 "https://www.gazzocpa.com/sitemap.xml" "Mozilla/5.0 (Linux; Android 7.0;) AppleWebKit/537.36 (KHTML, like Gecko) Mobile Safari/537.36 (compatible; PetalBot;+https://webmaster.petalsearch.com/site/petalbot)" 140 **0/140646**
114.119.159.61 - - [21/Feb/2026:21:19:51 -0700] "GET /74128425358230 HTTP/1.1" 200 4524 "https://www.gazzocpa.com/sitemap.xml" "Mozilla/5.0 (Linux; Android 7.0;) AppleWebKit/537.36 (KHTML, like Gecko) Mobile Safari/537.36 (compatible; PetalBot;+https://webmaster.petalsearch.com/site/petalbot)" 158 **0/158394**
114.119.139.102 - - [21/Feb/2026:21:21:18 -0700] "GET /56170452071421 HTTP/1.1" 200 4524 "https://www.gazzocpa.com/sitemap.xml" "Mozilla/5.0 (Linux; Android 7.0;) AppleWebKit/537.36 (KHTML, like Gecko) Mobile Safari/537.36 (compatible; PetalBot;+https://webmaster.petalsearch.com/site/petalbot)" 136 **0/136051**
66.249.79.134 - - [21/Feb/2026:21:21:23 -0700] "GET /post/spino-gambino-175/ HTTP/1.1" 200 3827 "-" "Mozilla/5.0 (Linux; Android 6.0.1; Nexus 5X Build/MMB29P) AppleWebKit/537.36 (KHTML, like Gecko) Chrome/144.0.7559.132 Mobile Safari/537.36 (compatible; Googlebot/2.1; +http://www.google.com/bot.html)" 116 **0/116382**
66.249.79.132 - - [21/Feb/2026:21:21:25 -0700] "GET /post/vysoke-nasobitele-a-adrenalinove-zaitky-s-chicken/ HTTP/1.1" 200 3827 "-" "Mozilla/5.0 (Linux; Android 6.0.1; Nexus 5X Build/MMB29P) AppleWebKit/537.36 (KHTML, like Gecko) Chrome/144.0.7559.132 Mobile Safari/537.36 (compatible; Googlebot/2.1; +http://www.google.com/bot.html)" 164 **0/164410**
113.178.91.28 - - [21/Feb/2026:21:22:26 -0700] "GET /91808946166168 HTTP/1.1" 200 4524 "-" "Mozilla/5.0 (Windows NT 10.0; Win64; x64) AppleWebKit/537.36 (KHTML, like Gecko) Chrome/98.0.4758.81 Safari/537.36" 156 **0/156843**
114.119.130.95 - - [21/Feb/2026:21:22:47 -0700] "GET /4058459040591 HTTP/1.1" 200 4524 "https://www.gazzocpa.com/sitemap.xml" "Mozilla/5.0 (Linux; Android 7.0;) AppleWebKit/537.36 (KHTML, like Gecko) Mobile Safari/537.36 (compatible; PetalBot;+https://webmaster.petalsearch.com/site/petalbot)" 212 **0/212187**
124.236.100.56 - - [21/Feb/2026:21:23:00 -0700] "GET / HTTP/1.1" 200 4524 "-" "Mozilla/5.0 (Windows NT 6.1; rv:55.0) Gecko/20100101 Firefox/55.0" 153 **0/153819**
180.95.238.54 - - [21/Feb/2026:21:23:54 -0700] "GET /favicon.ico HTTP/1.1" 200 1 "-" "Mozilla/4.074482891 Mozilla/4.0 (compatible; MSIE 8.0; Windows NT 6.1; Trident/4.0" 451 **0/451105**
60.16.202.32 - - [21/Feb/2026:21:23:56 -0700] "GET /favicon.ico?v=2.0 HTTP/1.1" 200 4524 "-" "Mozilla/4.038533357 Mozilla/4.0 (compatible; MSIE 7.0; Windows NT 5.1) QQBrowser/6.0" 121 **0/121426**
114.119.139.102 - - [21/Feb/2026:21:24:03 -0700] "GET /3875202173867 HTTP/1.1" 200 4524 "https://www.gazzocpa.com/sitemap.xml" "Mozilla/5.0 (Linux; Android 7.0;) AppleWebKit/537.36 (KHTML, like Gecko) Mobile Safari/537.36 (compatible; PetalBot;+https://webmaster.petalsearch.com/site/petalbot)" 138 **0/138118**
58.243.46.228 - - [21/Feb/2026:21:24:11 -0700] "GET / HTTP/1.1" 200 4524 "-" "Mozilla/5.0 (Linux; Android 6.0; Nexus 5 Build/MRA58N) AppleWebKit/537.36 (KHTML, like Gecko) Chrome/55.0.2883.87 Mobile Safari/537.36" 156 **0/156419**
114.119.158.6 - - [21/Feb/2026:21:25:25 -0700] "GET /3827634892710 HTTP/1.1" 200 4524 "https://www.gazzocpa.com/sitemap.xml" "Mozilla/5.0 (Linux; Android 7.0;) AppleWebKit/537.36 (KHTML, like Gecko) Mobile Safari/537.36 (compatible; PetalBot;+https://webmaster.petalsearch.com/site/petalbot)" 161 **0/161348**
114.119.139.102 - - [21/Feb/2026:21:26:48 -0700] "GET /3795844449801 HTTP/1.1" 200 4524 "https://www.gazzocpa.com/sitemap.xml" "Mozilla/5.0 (Linux; Android 7.0;) AppleWebKit/537.36 (KHTML, like Gecko) Mobile Safari/537.36 (compatible; PetalBot;+https://webmaster.petalsearch.com/site/petalbot)" 142 **0/142251**
114.119.130.152 - - [21/Feb/2026:21:28:15 -0700] "GET /3782089559323 HTTP/1.1" 200 4524 "https://www.gazzocpa.com/sitemap.xml" "Mozilla/5.0 (Linux; Android 7.0;) AppleWebKit/537.36 (KHTML, like Gecko) Mobile Safari/537.36 (compatible; PetalBot;+https://webmaster.petalsearch.com/site/petalbot)" 105 **0/105876**
66.249.79.132 - - [21/Feb/2026:21:29:38 -0700] "GET /167871106367?fileloc=/home/dwauav0tm6jp/hosted/gazzocpa_com/wp-signup.php&path=/home/dwauav0tm6jp/hosted/gazzocpa_com HTTP/1.1" 200 9344 "-" "Mozilla/5.0 (Linux; Android 6.0.1; Nexus 5X Build/MMB29P) AppleWebKit/537.36 (KHTML, like Gecko) Chrome/144.0.7559.132 Mobile Safari/537.36 (compatible; Googlebot/2.1; +http://www.google.com/bot.html)" 131 **0/131717**
114.119.130.152 - - [21/Feb/2026:21:29:42 -0700] "GET /3712825670930 HTTP/1.1" 200 4524 "https://www.gazzocpa.com/sitemap.xml" "Mozilla/5.0 (Linux; Android 7.0;) AppleWebKit/537.36 (KHTML, like Gecko) Mobile Safari/537.36 (compatible; PetalBot;+https://webmaster.petalsearch.com/site/petalbot)" 136 **0/136789**
66.249.79.132 - - [21/Feb/2026:21:29:45 -0700] "GET /15736914771698?path=/home HTTP/1.1" 200 2531 "-" "Mozilla/5.0 (Linux; Android 6.0.1; Nexus 5X Build/MMB29P) AppleWebKit/537.36 (KHTML, like Gecko) Chrome/144.0.7559.132 Mobile Safari/537.36 (compatible; Googlebot/2.1; +http://www.google.com/bot.html)" 116 **0/116481**
66.249.79.134 - - [21/Feb/2026:21:30:22 -0700] "GET /27696040228171?path=/home/dwauav0tm6jp/hosted/gazzocpa_com/wp-includes HTTP/1.1" 200 7764 "-" "Mozilla/5.0 (Linux; Android 6.0.1; Nexus 5X Build/MMB29P) AppleWebKit/537.36 (KHTML, like Gecko) Chrome/144.0.7559.132 Mobile Safari/537.36 (compatible; Googlebot/2.1; +http://www.google.com/bot.html)" 171 **0/171443**
113.179.84.7 - - [21/Feb/2026:21:30:29 -0700] "GET /70242530501937 HTTP/1.1" 200 4524 "-" "Mozilla/5.0 (Windows NT 10.0; Win64; x64) AppleWebKit/537.36 (KHTML, like Gecko) Chrome/100.0.1483.27 Safari/537.36" 103 **0/103995**
66.249.79.133 - - [21/Feb/2026:21:30:50 -0700] "GET /92791071692792?fileloc=/home/dwauav0tm6jp/hosted/gazzocpa_com/wp-config-sample.php&path=/home/dwauav0tm6jp/hosted/gazzocpa_com HTTP/1.1" 200 3389 "-" "Mozilla/5.0 (Linux; Android 6.0.1; Nexus 5X Build/MMB29P) AppleWebKit/537.36 (KHTML, like Gecko) Chrome/144.0.7559.132 Mobile Safari/537.36 (compatible; Googlebot/2.1; +http://www.google.com/bot.html)" 662 **0/662850**
114.119.139.102 - - [21/Feb/2026:21:30:59 -0700] "GET /3463835369860 HTTP/1.1" 200 4524 "https://www.gazzocpa.com/sitemap.xml" "Mozilla/5.0 (Linux; Android 7.0;) AppleWebKit/537.36 (KHTML, like Gecko) Mobile Safari/537.36 (compatible; PetalBot;+https://webmaster.petalsearch.com/site/petalbot)" 1559 **1/1559902**
66.249.79.132 - - [21/Feb/2026:21:31:33 -0700] "GET /6420837583446?fileloc=/home/dwauav0tm6jp/hosted/gazzocpa_com/google83cb97e9e9aad3d6.html&path=/home/dwauav0tm6jp/hosted/gazzocpa_com HTTP/1.1" 200 2299 "-" "Mozilla/5.0 (Linux; Android 6.0.1; Nexus 5X Build/MMB29P) AppleWebKit/537.36 (KHTML, like Gecko) Chrome/144.0.7559.132 Mobile Safari/537.36 (compatible; Googlebot/2.1; +http://www.google.com/bot.html)" 1606 **1/1606485**
114.119.130.152 - - [21/Feb/2026:21:32:23 -0700] "GET /3416077378611 HTTP/1.1" 200 4524 "https://www.gazzocpa.com/sitemap.xml" "Mozilla/5.0 (Linux; Android 7.0;) AppleWebKit/537.36 (KHTML, like Gecko) Mobile Safari/537.36 (compatible; PetalBot;+https://webmaster.petalsearch.com/site/petalbot)" 1286 **1/1286690**
114.119.153.118 - - [21/Feb/2026:21:33:47 -0700] "GET /3405825760482 HTTP/1.1" 200 4524 "https://www.gazzocpa.com/sitemap.xml" "Mozilla/5.0 (Linux; Android 7.0;) AppleWebKit/537.36 (KHTML, like Gecko) Mobile Safari/537.36 (compatible; PetalBot;+https://webmaster.petalsearch.com/site/petalbot)" 1913 **1/1913020**
114.119.130.152 - - [21/Feb/2026:21:35:12 -0700] "GET /3354998939645 HTTP/1.1" 200 4524 "https://www.gazzocpa.com/sitemap.xml" "Mozilla/5.0 (Linux; Android 7.0;) AppleWebKit/537.36 (KHTML, like Gecko) Mobile Safari/537.36 (compatible; PetalBot;+https://webmaster.petalsearch.com/site/petalbot)" 2003 **2/2003071**
114.119.130.152 - - [21/Feb/2026:21:36:34 -0700] "GET /98304234901189?fileloc=/home/dwauav0tm6jp/hosted/gazzocpa_com/wp-config.php&path=/home/dwauav0tm6jp/hosted/gazzocpa_com HTTP/1.1" 200 4358 "https://www.gazzocpa.com/98304234901189" "Mozilla/5.0 (Linux; Android 7.0;) AppleWebKit/537.36 (KHTML, like Gecko) Mobile Safari/537.36 (compatible; PetalBot;+https://webmaster.petalsearch.com/site/petalbot)" 2488 **2/2488918**
114.119.130.95 - - [21/Feb/2026:21:37:56 -0700] "GET /91370601829399 HTTP/1.1" 200 4524 "https://www.gazzocpa.com/sitemap.xml" "Mozilla/5.0 (Linux; Android 7.0;) AppleWebKit/537.36 (KHTML, like Gecko) Mobile Safari/537.36 (compatible; PetalBot;+https://webmaster.petalsearch.com/site/petalbot)" 2271 **2/2271536**
114.119.130.95 - - [21/Feb/2026:21:39:20 -0700] "GET /9108367833882 HTTP/1.1" 200 4524 "https://www.gazzocpa.com/sitemap.xml" "Mozilla/5.0 (Linux; Android 7.0;) AppleWebKit/537.36 (KHTML, like Gecko) Mobile Safari/537.36 (compatible; PetalBot;+https://webmaster.petalsearch.com/site/petalbot)" 1335 **1/1335356**
66.249.79.132 - - [21/Feb/2026:21:39:39 -0700] "GET /55296429809781 HTTP/1.1" 200 3827 "-" "Mozilla/5.0 (Linux; Android 6.0.1; Nexus 5X Build/MMB29P) AppleWebKit/537.36 (KHTML, like Gecko) Chrome/144.0.7559.132 Mobile Safari/537.36 (compatible; Googlebot/2.1; +http://www.google.com/bot.html)" 1867 **1/1867999**
114.119.159.61 - - [21/Feb/2026:21:40:44 -0700] "GET /85056638910635 HTTP/1.1" 200 4524 "https://www.gazzocpa.com/sitemap.xml" "Mozilla/5.0 (Linux; Android 7.0;) AppleWebKit/537.36 (KHTML, like Gecko) Mobile Safari/537.36 (compatible; PetalBot;+https://webmaster.petalsearch.com/site/petalbot)" 1358 **1/1358591**
113.178.91.225 - - [21/Feb/2026:21:41:37 -0700] "GET /8195541188855 HTTP/1.1" 200 4524 "-" "Mozilla/5.0 (Windows NT 6.3; Win64; x64) AppleWebKit/537.36 (KHTML, like Gecko) Brave Chrome/88.0.4324.182 Safari/537.36" 1220 **1/1220433**
114.119.130.95 - - [21/Feb/2026:21:42:07 -0700] "GET /7429446662839?fileloc=/home/dwauav0tm6jp/hosted/gazzocpa_com/wp-slgnup.gz&path=/home/dwauav0tm6jp/hosted/gazzocpa_com HTTP/1.1" 200 2503 "https://www.gazzocpa.com/7429446662839" "Mozilla/5.0 (Linux; Android 7.0;) AppleWebKit/537.36 (KHTML, like Gecko) Mobile Safari/537.36 (compatible; PetalBot;+https://webmaster.petalsearch.com/site/petalbot)" 226 **0/226716**
114.119.153.118 - - [21/Feb/2026:21:43:34 -0700] "GET /69801537389270 HTTP/1.1" 200 4524 "https://www.gazzocpa.com/sitemap.xml" "Mozilla/5.0 (Linux; Android 7.0;) AppleWebKit/537.36 (KHTML, like Gecko) Mobile Safari/537.36 (compatible; PetalBot;+https://webmaster.petalsearch.com/site/petalbot)" 130 **0/130413**
66.249.79.134 - - [21/Feb/2026:21:44:28 -0700] "GET /4924296589803 HTTP/1.1" 200 3827 "-" "Mozilla/5.0 (Linux; Android 6.0.1; Nexus 5X Build/MMB29P) AppleWebKit/537.36 (KHTML, like Gecko) Chrome/144.0.7559.132 Mobile Safari/537.36 (compatible; Googlebot/2.1; +http://www.google.com/bot.html)" 118 **0/118476**
114.119.140.21 - - [21/Feb/2026:21:44:55 -0700] "GET /67314448714965?fileloc=/home/dwauav0tm6jp/hosted/gazzocpa_com/ebabaee6&path=/home/dwauav0tm6jp/hosted/gazzocpa_com HTTP/1.1" 200 2638 "https://www.gazzocpa.com/67314448714965" "Mozilla/5.0 (Linux; Android 7.0;) AppleWebKit/537.36 (KHTML, like Gecko) Mobile Safari/537.36 (compatible; PetalBot;+https://webmaster.petalsearch.com/site/petalbot)" 109 **0/109254**
114.119.130.152 - - [21/Feb/2026:21:46:18 -0700] "GET /65727474238780?fileloc=/home/dwauav0tm6jp/hosted/gazzocpa_com/wp-blog-header.php&path=/home/dwauav0tm6jp/hosted/gazzocpa_com HTTP/1.1" 200 2705 "https://www.gazzocpa.com/65727474238780" "Mozilla/5.0 (Linux; Android 7.0;) AppleWebKit/537.36 (KHTML, like Gecko) Mobile Safari/537.36 (compatible; PetalBot;+https://webmaster.petalsearch.com/site/petalbot)" 179 **0/179641**
114.119.130.152 - - [21/Feb/2026:21:47:42 -0700] "GET /65648368643369 HTTP/1.1" 200 4524 "https://www.gazzocpa.com/sitemap.xml" "Mozilla/5.0 (Linux; Android 7.0;) AppleWebKit/537.36 (KHTML, like Gecko) Mobile Safari/537.36 (compatible; PetalBot;+https://webmaster.petalsearch.com/site/petalbot)" 121 **0/121715**
114.119.159.61 - - [21/Feb/2026:21:49:06 -0700] "GET /6416812748160 HTTP/1.1" 200 4524 "https://www.gazzocpa.com/sitemap.xml" "Mozilla/5.0 (Linux; Android 7.0;) AppleWebKit/537.36 (KHTML, like Gecko) Mobile Safari/537.36 (compatible; PetalBot;+https://webmaster.petalsearch.com/site/petalbot)" 122 **0/122696**
114.119.139.102 - - [21/Feb/2026:21:50:29 -0700] "GET /60709171849171?fileloc=/home/dwauav0tm6jp/hosted/gazzocpa_com/ebabaee6&path=/home/dwauav0tm6jp/hosted/gazzocpa_com HTTP/1.1" 200 2638 "https://www.gazzocpa.com/60709171849171" "Mozilla/5.0 (Linux; Android 7.0;) AppleWebKit/537.36 (KHTML, like Gecko) Mobile Safari/537.36 (compatible; PetalBot;+https://webmaster.petalsearch.com/site/petalbot)" 2722 **2/2722969**
114.119.158.6 - - [21/Feb/2026:21:51:58 -0700] "GET /39881297166935?path=/ HTTP/1.1" 200 3257 "https://www.gazzocpa.com/39881297166935" "Mozilla/5.0 (Linux; Android 7.0;) AppleWebKit/537.36 (KHTML, like Gecko) Mobile Safari/537.36 (compatible; PetalBot;+https://webmaster.petalsearch.com/site/petalbot)" 2204 **2/2204673**
114.119.130.152 - - [21/Feb/2026:21:53:17 -0700] "GET /3832878573434?fileloc=/home/dwauav0tm6jp/hosted/gazzocpa_com/wp-mail.php&path=/home/dwauav0tm6jp/hosted/gazzocpa_com HTTP/1.1" 200 5427 "https://www.gazzocpa.com/3832878573434" "Mozilla/5.0 (Linux; Android 7.0;) AppleWebKit/537.36 (KHTML, like Gecko) Mobile Safari/537.36 (compatible; PetalBot;+https://webmaster.petalsearch.com/site/petalbot)" 1633 **1/1633672**
114.119.140.21 - - [21/Feb/2026:21:54:43 -0700] "GET /3756040271029?path=/home/dwauav0tm6jp/hosted/gazzocpa_com HTTP/1.1" 200 4524 "https://www.gazzocpa.com/3756040271029" "Mozilla/5.0 (Linux; Android 7.0;) AppleWebKit/537.36 (KHTML, like Gecko) Mobile Safari/537.36 (compatible; PetalBot;+https://webmaster.petalsearch.com/site/petalbot)" 1504 **1/1504547**
87.120.244.87 - - [21/Feb/2026:21:55:29 -0700] "GET /post/skip-the-card-details-enjoy-instant-access-to-your-6/ HTTP/2.0" 200 3827 "-" "Mozilla/5.0 (Windows NT 10.0; Win64; x64) AppleWebKit/537.36 (KHTML, like Gecko) Chrome/141.0.0.0 Safari/537.36" 1862 **1/1862619**
87.120.244.87 - - [21/Feb/2026:21:55:32 -0700] "GET /favicon.ico HTTP/2.0" 200 5 "https://www.gazzocpa.com/post/skip-the-card-details-enjoy-instant-access-to-your-6/" "Mozilla/5.0 (Windows NT 10.0; Win64; x64) AppleWebKit/537.36 (KHTML, like Gecko) Chrome/141.0.0.0 Safari/537.36" 125 **0/125379**
87.120.244.87 - - [21/Feb/2026:21:55:34 -0700] "GET /robots.txt HTTP/2.0" 200 70 "https://www.gazzocpa.com/post/skip-the-card-details-enjoy-instant-access-to-your-6/" "Mozilla/5.0 (Windows NT 10.0; Win64; x64) AppleWebKit/537.36 (KHTML, like Gecko) Chrome/141.0.0.0 Safari/537.36" 5 **0/5484**
114.119.139.102 - - [21/Feb/2026:21:56:14 -0700] "GET /37201449380243?path=/home/dwauav0tm6jp/hosted/gazzocpa_com/wp-content HTTP/1.1" 200 3134 "https://www.gazzocpa.com/37201449380243" "Mozilla/5.0 (Linux; Android 7.0;) AppleWebKit/537.36 (KHTML, like Gecko) Mobile Safari/537.36 (compatible; PetalBot;+https://webmaster.petalsearch.com/site/petalbot)" 1255 **1/1255637**
113.190.5.191 - - [21/Feb/2026:21:57:04 -0700] "GET /73527473797074 HTTP/1.1" 200 4524 "-" "Mozilla/5.0 (Windows NT 6.1) AppleWebKit/537.36 (KHTML, like Gecko) Chrome/98.0.4758.81 Safari/537.36" 1391 **1/1391812**
114.119.159.61 - - [21/Feb/2026:21:57:33 -0700] "GET /3475871233334?fileloc=/home/dwauav0tm6jp/hosted/gazzocpa_com/wp-api.php&path=/home/dwauav0tm6jp/hosted/gazzocpa_com HTTP/1.1" 200 2502 "https://www.gazzocpa.com/3475871233334" "Mozilla/5.0 (Linux; Android 7.0;) AppleWebKit/537.36 (KHTML, like Gecko) Mobile Safari/537.36 (compatible; PetalBot;+https://webmaster.petalsearch.com/site/petalbot)" 970 **0/970062**
114.119.130.95 - - [21/Feb/2026:21:58:55 -0700] "GET /services/comprar-tfg-o-bien-comprar-tfm-asesoramiento-costos-aca/privacy-policy?fileloc=/home/dwauav0tm6jp/hosted/gazzocpa_com/wp-links-opml.php&path=/home/dwauav0tm6jp/hosted/gazzocpa_com HTTP/1.1" 200 3594 "https://www.gazzocpa.com/services/comprar-tfg-o-bien-comprar-tfm-asesoramiento-costos-aca/privacy-policy" "Mozilla/5.0 (Linux; Android 7.0;) AppleWebKit/537.36 (KHTML, like Gecko) Mobile Safari/537.36 (compatible; PetalBot;+https://webmaster.petalsearch.com/site/petalbot)" 1268 **1/1268348**
114.119.153.118 - - [21/Feb/2026:22:00:30 -0700] "GET /98589583360701 HTTP/1.1" 200 4524 "https://www.gazzocpa.com/sitemap.xml" "Mozilla/5.0 (Linux; Android 7.0;) AppleWebKit/537.36 (KHTML, like Gecko) Mobile Safari/537.36 (compatible; PetalBot;+https://webmaster.petalsearch.com/site/petalbot)" 1932 **1/1932898**
114.119.140.21 - - [21/Feb/2026:22:01:39 -0700] "GET /97892401866680 HTTP/1.1" 200 4524 "https://www.gazzocpa.com/sitemap.xml" "Mozilla/5.0 (Linux; Android 7.0;) AppleWebKit/537.36 (KHTML, like Gecko) Mobile Safari/537.36 (compatible; PetalBot;+https://webmaster.petalsearch.com/site/petalbot)" 142 **0/142920**
114.119.139.102 - - [21/Feb/2026:22:03:04 -0700] "GET /91606465466718 HTTP/1.1" 200 4524 "https://www.gazzocpa.com/sitemap.xml" "Mozilla/5.0 (Linux; Android 7.0;) AppleWebKit/537.36 (KHTML, like Gecko) Mobile Safari/537.36 (compatible; PetalBot;+https://webmaster.petalsearch.com/site/petalbot)" 132 **0/132862**
114.119.153.118 - - [21/Feb/2026:22:04:28 -0700] "GET /9080803509456 HTTP/1.1" 200 4524 "https://www.gazzocpa.com/sitemap.xml" "Mozilla/5.0 (Linux; Android 7.0;) AppleWebKit/537.36 (KHTML, like Gecko) Mobile Safari/537.36 (compatible; PetalBot;+https://webmaster.petalsearch.com/site/petalbot)" 142 **0/142240**
114.119.159.61 - - [21/Feb/2026:22:05:59 -0700] "GET /8764616917494?path=/home/dwauav0tm6jp/hosted/gazzocpa_com/wp-content HTTP/1.1" 200 3134 "https://www.gazzocpa.com/8764616917494" "Mozilla/5.0 (Linux; Android 7.0;) AppleWebKit/537.36 (KHTML, like Gecko) Mobile Safari/537.36 (compatible; PetalBot;+https://webmaster.petalsearch.com/site/petalbot)" 99 **0/99547**
114.119.159.61 - - [21/Feb/2026:22:07:14 -0700] "GET /8746835199157?fileloc=/home/dwauav0tm6jp/hosted/gazzocpa_com/options.php&path=/home/dwauav0tm6jp/hosted/gazzocpa_com HTTP/1.1" 200 2501 "https://www.gazzocpa.com/8746835199157" "Mozilla/5.0 (Linux; Android 7.0;) AppleWebKit/537.36 (KHTML, like Gecko) Mobile Safari/537.36 (compatible; PetalBot;+https://webmaster.petalsearch.com/site/petalbot)" 438 **0/438645**
114.119.130.152 - - [21/Feb/2026:22:08:39 -0700] "GET /8509776373802?fileloc=/home/dwauav0tm6jp/hosted/gazzocpa_com/wp-slgnup.gz&path=/home/dwauav0tm6jp/hosted/gazzocpa_com HTTP/1.1" 200 2503 "https://www.gazzocpa.com/8509776373802" "Mozilla/5.0 (Linux; Android 7.0;) AppleWebKit/537.36 (KHTML, like Gecko) Mobile Safari/537.36 (compatible; PetalBot;+https://webmaster.petalsearch.com/site/petalbot)" 161 **0/161486**
66.249.79.133 - - [21/Feb/2026:22:09:17 -0700] "GET /post/elevate-your-entertainment-with-trusted-casino/ HTTP/1.1" 200 3827 "-" "Mozilla/5.0 (Linux; Android 6.0.1; Nexus 5X Build/MMB29P) AppleWebKit/537.36 (KHTML, like Gecko) Chrome/144.0.7559.132 Mobile Safari/537.36 (compatible; Googlebot/2.1; +http://www.google.com/bot.html)" 120 **0/120953**
114.119.159.61 - - [21/Feb/2026:22:10:00 -0700] "GET /83130767439396 HTTP/1.1" 200 4524 "https://www.gazzocpa.com/sitemap.xml" "Mozilla/5.0 (Linux; Android 7.0;) AppleWebKit/537.36 (KHTML, like Gecko) Mobile Safari/537.36 (compatible; PetalBot;+https://webmaster.petalsearch.com/site/petalbot)" 175 **0/175214**
114.119.130.95 - - [21/Feb/2026:22:11:29 -0700] "GET /81205449095860?fileloc=/home/dwauav0tm6jp/hosted/gazzocpa_com/wp-load.php&path=/home/dwauav0tm6jp/hosted/gazzocpa_com HTTP/1.1" 200 3932 "https://www.gazzocpa.com/81205449095860" "Mozilla/5.0 (Linux; Android 7.0;) AppleWebKit/537.36 (KHTML, like Gecko) Mobile Safari/537.36 (compatible; PetalBot;+https://webmaster.petalsearch.com/site/petalbot)" 129 **0/129284**
114.119.140.21 - - [21/Feb/2026:22:12:48 -0700] "GET /7941020815943?fileloc=/home/dwauav0tm6jp/hosted/gazzocpa_com/wp-mail.php&path=/home/dwauav0tm6jp/hosted/gazzocpa_com HTTP/1.1" 200 5427 "https://www.gazzocpa.com/7941020815943" "Mozilla/5.0 (Linux; Android 7.0;) AppleWebKit/537.36 (KHTML, like Gecko) Mobile Safari/537.36 (compatible; PetalBot;+https://webmaster.petalsearch.com/site/petalbot)" 363 **0/363531**
114.119.158.6 - - [21/Feb/2026:22:14:10 -0700] "GET /7434259159168?fileloc=/home/dwauav0tm6jp/hosted/gazzocpa_com/wp-load.php&path=/home/dwauav0tm6jp/hosted/gazzocpa_com HTTP/1.1" 200 3932 "https://www.gazzocpa.com/7434259159168" "Mozilla/5.0 (Linux; Android 7.0;) AppleWebKit/537.36 (KHTML, like Gecko) Mobile Safari/537.36 (compatible; PetalBot;+https://webmaster.petalsearch.com/site/petalbot)" 195 **0/195402**
114.119.130.152 - - [21/Feb/2026:22:15:34 -0700] "GET /64873070298473?fileloc=/home/dwauav0tm6jp/hosted/gazzocpa_com/comment.php&path=/home/dwauav0tm6jp/hosted/gazzocpa_com HTTP/1.1" 200 2502 "https://www.gazzocpa.com/64873070298473" "Mozilla/5.0 (Linux; Android 7.0;) AppleWebKit/537.36 (KHTML, like Gecko) Mobile Safari/537.36 (compatible; PetalBot;+https://webmaster.petalsearch.com/site/petalbot)" 191 **0/191462**
114.119.159.61 - - [21/Feb/2026:22:17:02 -0700] "GET /63540533664253?path=/ HTTP/1.1" 200 3257 "https://www.gazzocpa.com/63540533664253" "Mozilla/5.0 (Linux; Android 7.0;) AppleWebKit/537.36 (KHTML, like Gecko) Mobile Safari/537.36 (compatible; PetalBot;+https://webmaster.petalsearch.com/site/petalbot)" 139 **0/139907**
114.119.153.118 - - [21/Feb/2026:22:18:21 -0700] "GET /6186542513331?path=/home/dwauav0tm6jp/hosted/gazzocpa_com/.tmb HTTP/1.1" 200 3479 "https://www.gazzocpa.com/6186542513331" "Mozilla/5.0 (Linux; Android 7.0;) AppleWebKit/537.36 (KHTML, like Gecko) Mobile Safari/537.36 (compatible; PetalBot;+https://webmaster.petalsearch.com/site/petalbot)" 125 **0/125371**
114.119.139.102 - - [21/Feb/2026:22:19:44 -0700] "GET /614289193450?fileloc=/home/dwauav0tm6jp/hosted/gazzocpa_com/wp-slgnup.gz&path=/home/dwauav0tm6jp/hosted/gazzocpa_com HTTP/1.1" 200 2503 "https://www.gazzocpa.com/614289193450" "Mozilla/5.0 (Linux; Android 7.0;) AppleWebKit/537.36 (KHTML, like Gecko) Mobile Safari/537.36 (compatible; PetalBot;+https://webmaster.petalsearch.com/site/petalbot)" 105 **0/105593**
114.119.130.152 - - [21/Feb/2026:22:21:09 -0700] "GET /98293525802807?fileloc=/home/dwauav0tm6jp/hosted/gazzocpa_com/error_log&path=/home/dwauav0tm6jp/hosted/gazzocpa_com HTTP/1.1" 200 2437 "https://www.gazzocpa.com/98293525802807" "Mozilla/5.0 (Linux; Android 7.0;) AppleWebKit/537.36 (KHTML, like Gecko) Mobile Safari/537.36 (compatible; PetalBot;+https://webmaster.petalsearch.com/site/petalbot)" 210 **0/210735**
113.173.129.57 - - [21/Feb/2026:22:21:32 -0700] "GET /9348771755969 HTTP/1.1" 200 4524 "-" "Mozilla/5.0 (Windows NT 6.1) AppleWebKit/537.36 (KHTML, like Gecko) Brave Chrome/78.0.3904.108 Safari/537.36" 115 **0/115650**
114.119.153.118 - - [21/Feb/2026:22:22:41 -0700] "GET /96567839697219?fileloc=/home/dwauav0tm6jp/hosted/gazzocpa_com/wp-class-dependencies.php&path=/home/dwauav0tm6jp/hosted/gazzocpa_com HTTP/1.1" 200 2510 "https://www.gazzocpa.com/96567839697219" "Mozilla/5.0 (Linux; Android 7.0;) AppleWebKit/537.36 (KHTML, like Gecko) Mobile Safari/537.36 (compatible; PetalBot;+https://webmaster.petalsearch.com/site/petalbot)" 163 **0/163566**
114.119.159.61 - - [21/Feb/2026:22:23:55 -0700] "GET /9431073358800?fileloc=/home/dwauav0tm6jp/hosted/gazzocpa_com/license.txt&path=/home/dwauav0tm6jp/hosted/gazzocpa_com HTTP/1.1" 200 9740 "https://www.gazzocpa.com/9431073358800" "Mozilla/5.0 (Linux; Android 7.0;) AppleWebKit/537.36 (KHTML, like Gecko) Mobile Safari/537.36 (compatible; PetalBot;+https://webmaster.petalsearch.com/site/petalbot)" 205 **0/205758**
114.119.139.102 - - [21/Feb/2026:22:25:21 -0700] "GET /9251205498691 HTTP/1.1" 200 4524 "https://www.gazzocpa.com/sitemap.xml" "Mozilla/5.0 (Linux; Android 7.0;) AppleWebKit/537.36 (KHTML, like Gecko) Mobile Safari/537.36 (compatible; PetalBot;+https://webmaster.petalsearch.com/site/petalbot)" 103 **0/103785**
193.36.225.68 - - [21/Feb/2026:22:25:30 -0700] "POST /wp-login.php HTTP/1.1" 200 78534 "-" "Mozilla/5.0" 205 **0/205551**
148.113.130.29 - - [21/Feb/2026:22:26:40 -0700] "GET /?pilihan&path=/home/dwauav0tm6jp/hosted/gazzocpa_com HTTP/2.0" 200 3827 "-" "Mozilla/5.0 (compatible; AhrefsBot/7.0; +http://ahrefs.com/robot/)" 181 **0/181450**
114.119.140.21 - - [21/Feb/2026:22:26:42 -0700] "GET /8509776373802?path=/home/dwauav0tm6jp/hosted HTTP/1.1" 200 3479 "https://www.gazzocpa.com/8509776373802" "Mozilla/5.0 (Linux; Android 7.0;) AppleWebKit/537.36 (KHTML, like Gecko) Mobile Safari/537.36 (compatible; PetalBot;+https://webmaster.petalsearch.com/site/petalbot)" 138 **0/138625**
54.39.136.249 - - [21/Feb/2026:22:27:58 -0700] "GET /?path=/home/dwauav0tm6jp/hosted/gazzocpa_com/wp-includes HTTP/2.0" 200 7764 "-" "Mozilla/5.0 (compatible; AhrefsBot/7.0; +http://ahrefs.com/robot/)" 1888 **1/1888768**
114.119.140.21 - - [21/Feb/2026:22:28:07 -0700] "GET /81498739899179 HTTP/1.1" 200 4524 "https://www.gazzocpa.com/sitemap.xml" "Mozilla/5.0 (Linux; Android 7.0;) AppleWebKit/537.36 (KHTML, like Gecko) Mobile Safari/537.36 (compatible; PetalBot;+https://webmaster.petalsearch.com/site/petalbot)" 1307 **1/1307294**
114.119.140.21 - - [21/Feb/2026:22:29:30 -0700] "GET /804941202296?path=/home/dwauav0tm6jp/hosted/gazzocpa_com HTTP/1.1" 200 4524 "https://www.gazzocpa.com/804941202296" "Mozilla/5.0 (Linux; Android 7.0;) AppleWebKit/537.36 (KHTML, like Gecko) Mobile Safari/537.36 (compatible; PetalBot;+https://webmaster.petalsearch.com/site/petalbot)" 1327 **1/1327364**
51.222.95.125 - - [21/Feb/2026:22:30:29 -0700] "GET /?path=/home/dwauav0tm6jp/hosted/gazzocpa_com/wp-content HTTP/2.0" 200 2814 "-" "Mozilla/5.0 (compatible; AhrefsBot/7.0; +http://ahrefs.com/robot/)" 1800 **1/1800359**
40.77.167.23 - - [21/Feb/2026:22:30:46 -0700] "GET /65314103029894 HTTP/2.0" 200 3827 "-" "Mozilla/5.0 AppleWebKit/537.36 (KHTML, like Gecko; compatible; bingbot/2.0; +http://www.bing.com/bingbot.htm) Chrome/116.0.1938.76 Safari/537.36" 1422 **1/1422052**
114.119.158.6 - - [21/Feb/2026:22:30:53 -0700] "GET /7434259159168?fileloc=/home/dwauav0tm6jp/hosted/gazzocpa_com/google528897f43b4e1286.html&path=/home/dwauav0tm6jp/hosted/gazzocpa_com HTTP/1.1" 200 2529 "https://www.gazzocpa.com/7434259159168" "Mozilla/5.0 (Linux; Android 7.0;) AppleWebKit/537.36 (KHTML, like Gecko) Mobile Safari/537.36 (compatible; PetalBot;+https://webmaster.petalsearch.com/site/petalbot)" 1788 **1/1788408**
52.167.144.158 - - [21/Feb/2026:22:32:01 -0700] "GET /18275346728244 HTTP/2.0" 200 3827 "-" "Mozilla/5.0 AppleWebKit/537.36 (KHTML, like Gecko; compatible; bingbot/2.0; +http://www.bing.com/bingbot.htm) Chrome/116.0.1938.76 Safari/537.36" 2100 **2/2100356**
114.119.140.21 - - [21/Feb/2026:22:32:17 -0700] "GET /7429446662839?fileloc=/home/dwauav0tm6jp/hosted/gazzocpa_com/google1588975857979d77.html&path=/home/dwauav0tm6jp/hosted/gazzocpa_com HTTP/1.1" 200 2529 "https://www.gazzocpa.com/7429446662839" "Mozilla/5.0 (Linux; Android 7.0;) AppleWebKit/537.36 (KHTML, like Gecko) Mobile Safari/537.36 (compatible; PetalBot;+https://webmaster.petalsearch.com/site/petalbot)" 1906 **1/1906169**
66.249.79.132 - - [21/Feb/2026:22:33:37 -0700] "GET /post/roll-5/ HTTP/1.1" 200 3827 "-" "Mozilla/5.0 (Linux; Android 6.0.1; Nexus 5X Build/MMB29P) AppleWebKit/537.36 (KHTML, like Gecko) Chrome/144.0.7559.132 Mobile Safari/537.36 (compatible; Googlebot/2.1; +http://www.google.com/bot.html)" 1385 **1/1385530**
114.119.130.95 - - [21/Feb/2026:22:33:42 -0700] "GET /64873070298473?fileloc=/home/dwauav0tm6jp/hosted/gazzocpa_com/wp-slgnup.gz&path=/home/dwauav0tm6jp/hosted/gazzocpa_com HTTP/1.1" 200 2503 "https://www.gazzocpa.com/64873070298473" "Mozilla/5.0 (Linux; Android 7.0;) AppleWebKit/537.36 (KHTML, like Gecko) Mobile Safari/537.36 (compatible; PetalBot;+https://webmaster.petalsearch.com/site/petalbot)" 1501 **1/1501047**
148.113.130.238 - - [21/Feb/2026:22:34:10 -0700] "GET /?path=/home/dwauav0tm6jp/hosted/gazzocpa_com/wp-admin HTTP/2.0" 200 5074 "-" "Mozilla/5.0 (compatible; AhrefsBot/7.0; +http://ahrefs.com/robot/)" 924 **0/924766**
66.249.79.133 - - [21/Feb/2026:22:35:03 -0700] "GET /post/osvedte-si-svoju-odvahu-a-astie-s-chicken-road-2/ HTTP/1.1" 200 3827 "-" "Mozilla/5.0 (Linux; Android 6.0.1; Nexus 5X Build/MMB29P) AppleWebKit/537.36 (KHTML, like Gecko) Chrome/144.0.7559.132 Mobile Safari/537.36 (compatible; Googlebot/2.1; +http://www.google.com/bot.html)" 2190 **2/2190435**
114.119.153.118 - - [21/Feb/2026:22:35:05 -0700] "GET /63540533664253?fileloc=/home/dwauav0tm6jp/hosted/gazzocpa_com/license.txt&path=/home/dwauav0tm6jp/hosted/gazzocpa_com HTTP/1.1" 200 9740 "https://www.gazzocpa.com/63540533664253" "Mozilla/5.0 (Linux; Android 7.0;) AppleWebKit/537.36 (KHTML, like Gecko) Mobile Safari/537.36 (compatible; PetalBot;+https://webmaster.petalsearch.com/site/petalbot)" 2840 **2/2840842**
114.119.153.118 - - [21/Feb/2026:22:36:28 -0700] "GET /6021729325109?fileloc=/home/dwauav0tm6jp/hosted/gazzocpa_com/admin-ajax.php&path=/home/dwauav0tm6jp/hosted/gazzocpa_com HTTP/1.1" 200 2505 "https://www.gazzocpa.com/6021729325109" "Mozilla/5.0 (Linux; Android 7.0;) AppleWebKit/537.36 (KHTML, like Gecko) Mobile Safari/537.36 (compatible; PetalBot;+https://webmaster.petalsearch.com/site/petalbot)" 1657 **1/1657085**
114.119.130.152 - - [21/Feb/2026:22:37:58 -0700] "GET /5842956591628?path=/home/dwauav0tm6jp/hosted/gazzocpa_com/cgi-bin HTTP/1.1" 200 2928 "https://www.gazzocpa.com/5842956591628" "Mozilla/5.0 (Linux; Android 7.0;) AppleWebKit/537.36 (KHTML, like Gecko) Mobile Safari/537.36 (compatible; PetalBot;+https://webmaster.petalsearch.com/site/petalbot)" 1422 **1/1422044**
114.119.153.118 - - [21/Feb/2026:22:39:16 -0700] "GET /5834210540337 HTTP/1.1" 200 4524 "https://www.gazzocpa.com/sitemap.xml" "Mozilla/5.0 (Linux; Android 7.0;) AppleWebKit/537.36 (KHTML, like Gecko) Mobile Safari/537.36 (compatible; PetalBot;+https://webmaster.petalsearch.com/site/petalbot)" 1914 **1/1914954**
51.161.65.55 - - [21/Feb/2026:22:40:24 -0700] "GET /?path=/home/dwauav0tm6jp/hosted/gazzocpa_com/cgi-bin HTTP/2.0" 200 2660 "-" "Mozilla/5.0 (compatible; AhrefsBot/7.0; +http://ahrefs.com/robot/)" 2504 **2/2504830**
114.119.130.152 - - [21/Feb/2026:22:40:39 -0700] "GET /54243985013688 HTTP/1.1" 200 4524 "https://www.gazzocpa.com/sitemap.xml" "Mozilla/5.0 (Linux; Android 7.0;) AppleWebKit/537.36 (KHTML, like Gecko) Mobile Safari/537.36 (compatible; PetalBot;+https://webmaster.petalsearch.com/site/petalbot)" 1847 **1/1847818**
114.119.130.152 - - [21/Feb/2026:22:42:03 -0700] "GET /5109741417662?fileloc=/home/dwauav0tm6jp/hosted/gazzocpa_com/google679d110b6a88e62d.html&path=/home/dwauav0tm6jp/hosted/gazzocpa_com HTTP/1.1" 200 2528 "https://www.gazzocpa.com/5109741417662" "Mozilla/5.0 (Linux; Android 7.0;) AppleWebKit/537.36 (KHTML, like Gecko) Mobile Safari/537.36 (compatible; PetalBot;+https://webmaster.petalsearch.com/site/petalbot)" 1356 **1/1356887**
114.119.139.102 - - [21/Feb/2026:22:43:26 -0700] "GET /4579183178544?fileloc=/home/dwauav0tm6jp/hosted/gazzocpa_com/themes.php&path=/home/dwauav0tm6jp/hosted/gazzocpa_com HTTP/1.1" 200 2501 "https://www.gazzocpa.com/4579183178544" "Mozilla/5.0 (Linux; Android 7.0;) AppleWebKit/537.36 (KHTML, like Gecko) Mobile Safari/537.36 (compatible; PetalBot;+https://webmaster.petalsearch.com/site/petalbot)" 2579 **2/2579537**
114.119.139.102 - - [21/Feb/2026:22:44:50 -0700] "GET /44160316460476?path=/home/dwauav0tm6jp HTTP/1.1" 200 4408 "https://www.gazzocpa.com/44160316460476" "Mozilla/5.0 (Linux; Android 7.0;) AppleWebKit/537.36 (KHTML, like Gecko) Mobile Safari/537.36 (compatible; PetalBot;+https://webmaster.petalsearch.com/site/petalbot)" 1280 **1/1280734**
114.119.158.6 - - [21/Feb/2026:22:46:14 -0700] "GET /428976491403?fileloc=/home/dwauav0tm6jp/hosted/gazzocpa_com/google3aa33d73ab6fb797.html&path=/home/dwauav0tm6jp/hosted/gazzocpa_com HTTP/1.1" 200 2529 "https://www.gazzocpa.com/428976491403" "Mozilla/5.0 (Linux; Android 7.0;) AppleWebKit/537.36 (KHTML, like Gecko) Mobile Safari/537.36 (compatible; PetalBot;+https://webmaster.petalsearch.com/site/petalbot)" 1547 **1/1547996**
114.119.140.21 - - [21/Feb/2026:22:47:39 -0700] "GET /42200456432970?fileloc=/home/dwauav0tm6jp/hosted/gazzocpa_com/xmlrpc.php&path=/home/dwauav0tm6jp/hosted/gazzocpa_com HTTP/1.1" 200 3865 "https://www.gazzocpa.com/42200456432970" "Mozilla/5.0 (Linux; Android 7.0;) AppleWebKit/537.36 (KHTML, like Gecko) Mobile Safari/537.36 (compatible; PetalBot;+https://webmaster.petalsearch.com/site/petalbot)" 1644 **1/1644128**
114.119.153.118 - - [21/Feb/2026:22:49:01 -0700] "GET /40176215260200 HTTP/1.1" 200 4524 "https://www.gazzocpa.com/sitemap.xml" "Mozilla/5.0 (Linux; Android 7.0;) AppleWebKit/537.36 (KHTML, like Gecko) Mobile Safari/537.36 (compatible; PetalBot;+https://webmaster.petalsearch.com/site/petalbot)" 1254 **1/1254685**
123.22.27.158 - - [21/Feb/2026:22:50:24 -0700] "GET /9439404247295 HTTP/1.1" 200 4524 "-" "Mozilla/5.0 (Macintosh; Intel Mac OS X 10_12_6) AppleWebKit/537.36 (KHTML, like Gecko) Chrome/88.0.4324.192 Safari/537.36" 1807 **1/1807101**
114.119.140.21 - - [21/Feb/2026:22:50:24 -0700] "GET /38695259938388?fileloc=/home/dwauav0tm6jp/hosted/gazzocpa_com/google3aa33d73ab6fb797.html&path=/home/dwauav0tm6jp/hosted/gazzocpa_com HTTP/1.1" 200 2529 "https://www.gazzocpa.com/38695259938388" "Mozilla/5.0 (Linux; Android 7.0;) AppleWebKit/537.36 (KHTML, like Gecko) Mobile Safari/537.36 (compatible; PetalBot;+https://webmaster.petalsearch.com/site/petalbot)" 2377 **2/2377264**
114.119.159.61 - - [21/Feb/2026:22:51:48 -0700] "GET /3832878573434?fileloc=/home/dwauav0tm6jp/hosted/gazzocpa_com/wp-class-dependencies.php&path=/home/dwauav0tm6jp/hosted/gazzocpa_com HTTP/1.1" 200 2510 "https://www.gazzocpa.com/3832878573434" "Mozilla/5.0 (Linux; Android 7.0;) AppleWebKit/537.36 (KHTML, like Gecko) Mobile Safari/537.36 (compatible; PetalBot;+https://webmaster.petalsearch.com/site/petalbot)" 1461 **1/1461641**
114.119.130.95 - - [21/Feb/2026:22:53:12 -0700] "GET /3475871233334?path=/home/dwauav0tm6jp/hosted/gazzocpa_com/wp-content HTTP/1.1" 200 3134 "https://www.gazzocpa.com/3475871233334" "Mozilla/5.0 (Linux; Android 7.0;) AppleWebKit/537.36 (KHTML, like Gecko) Mobile Safari/537.36 (compatible; PetalBot;+https://webmaster.petalsearch.com/site/petalbot)" 1737 **1/1737061**
15.235.27.138 - - [21/Feb/2026:22:53:17 -0700] "GET /?path=/home/dwauav0tm6jp/hosted/gazzocpa_com/.well-known HTTP/2.0" 200 2672 "-" "Mozilla/5.0 (compatible; AhrefsBot/7.0; +http://ahrefs.com/robot/)" 1467 **1/1467965**
114.119.140.21 - - [21/Feb/2026:22:54:35 -0700] "GET /32941821181394 HTTP/1.1" 200 4524 "https://www.gazzocpa.com/sitemap.xml" "Mozilla/5.0 (Linux; Android 7.0;) AppleWebKit/537.36 (KHTML, like Gecko) Mobile Safari/537.36 (compatible; PetalBot;+https://webmaster.petalsearch.com/site/petalbot)" 1011 **1/1011198**
114.119.153.118 - - [21/Feb/2026:22:55:58 -0700] "GET /32164117882227 HTTP/1.1" 200 4524 "https://www.gazzocpa.com/sitemap.xml" "Mozilla/5.0 (Linux; Android 7.0;) AppleWebKit/537.36 (KHTML, like Gecko) Mobile Safari/537.36 (compatible; PetalBot;+https://webmaster.petalsearch.com/site/petalbot)" 1589 **1/1589730**
114.119.153.118 - - [21/Feb/2026:22:57:34 -0700] "GET /26301603587580 HTTP/1.1" 200 4524 "https://www.gazzocpa.com/sitemap.xml" "Mozilla/5.0 (Linux; Android 7.0;) AppleWebKit/537.36 (KHTML, like Gecko) Mobile Safari/537.36 (compatible; PetalBot;+https://webmaster.petalsearch.com/site/petalbot)" 129 **0/129433**
114.119.140.21 - - [21/Feb/2026:22:58:50 -0700] "GET /26254099399194 HTTP/1.1" 200 4524 "https://www.gazzocpa.com/sitemap.xml" "Mozilla/5.0 (Linux; Android 7.0;) AppleWebKit/537.36 (KHTML, like Gecko) Mobile Safari/537.36 (compatible; PetalBot;+https://webmaster.petalsearch.com/site/petalbot)" 137 **0/137650**
114.119.130.95 - - [21/Feb/2026:23:00:09 -0700] "GET /2605166981685 HTTP/1.1" 200 4524 "https://www.gazzocpa.com/sitemap.xml" "Mozilla/5.0 (Linux; Android 7.0;) AppleWebKit/537.36 (KHTML, like Gecko) Mobile Safari/537.36 (compatible; PetalBot;+https://webmaster.petalsearch.com/site/petalbot)" 205 **0/205426**
114.119.130.152 - - [21/Feb/2026:23:01:32 -0700] "GET /25840395217661?path=/home/dwauav0tm6jp HTTP/1.1" 200 4408 "https://www.gazzocpa.com/25840395217661" "Mozilla/5.0 (Linux; Android 7.0;) AppleWebKit/537.36 (KHTML, like Gecko) Mobile Safari/537.36 (compatible; PetalBot;+https://webmaster.petalsearch.com/site/petalbot)" 119 **0/119712**
