114.119.159.61 - - [21/Feb/2026:14:12:06 -0700] "GET /8509776373802 HTTP/1.1" 200 4524 "https://www.gazzocpa.com/sitemap.xml" "Mozilla/5.0 (Linux; Android 7.0;) AppleWebKit/537.36 (KHTML, like Gecko) Mobile Safari/537.36 (compatible; PetalBot;+https://webmaster.petalsearch.com/site/petalbot)" 138 **0/138525**
66.249.79.132 - - [21/Feb/2026:14:12:38 -0700] "GET /post/beyond-the-ascent-master-risk-reward-with-aviator/ HTTP/1.1" 200 3826 "-" "Mozilla/5.0 (Linux; Android 6.0.1; Nexus 5X Build/MMB29P) AppleWebKit/537.36 (KHTML, like Gecko) Chrome/144.0.7559.132 Mobile Safari/537.36 (compatible; Googlebot/2.1; +http://www.google.com/bot.html)" 130 **0/130447**
114.119.139.102 - - [21/Feb/2026:14:13:29 -0700] "GET /7501996466338 HTTP/1.1" 200 4524 "https://www.gazzocpa.com/sitemap.xml" "Mozilla/5.0 (Linux; Android 7.0;) AppleWebKit/537.36 (KHTML, like Gecko) Mobile Safari/537.36 (compatible; PetalBot;+https://webmaster.petalsearch.com/site/petalbot)" 122 **0/122954**
66.249.79.133 - - [21/Feb/2026:14:13:44 -0700] "GET /post/beyond-the-ascent-master-risk-reward-with-aviator/ HTTP/1.1" 200 3826 "-" "Mozilla/5.0 (Linux; Android 6.0.1; Nexus 5X Build/MMB29P) AppleWebKit/537.36 (KHTML, like Gecko) Chrome/144.0.7559.132 Mobile Safari/537.36 (compatible; Googlebot/2.1; +http://www.google.com/bot.html)" 111 **0/111987**
66.249.79.134 - - [21/Feb/2026:14:14:00 -0700] "GET /9857677647604 HTTP/1.1" 200 3826 "-" "Mozilla/5.0 (Linux; Android 6.0.1; Nexus 5X Build/MMB29P) AppleWebKit/537.36 (KHTML, like Gecko) Chrome/144.0.7559.132 Mobile Safari/537.36 (compatible; Googlebot/2.1; +http://www.google.com/bot.html)" 143 **0/143557**
114.119.130.152 - - [21/Feb/2026:14:14:52 -0700] "GET /69259826491181 HTTP/1.1" 200 4524 "https://www.gazzocpa.com/sitemap.xml" "Mozilla/5.0 (Linux; Android 7.0;) AppleWebKit/537.36 (KHTML, like Gecko) Mobile Safari/537.36 (compatible; PetalBot;+https://webmaster.petalsearch.com/site/petalbot)" 115 **0/115931**
66.249.79.132 - - [21/Feb/2026:14:15:47 -0700] "GET /94160047527522 HTTP/1.1" 200 3826 "-" "Mozilla/5.0 (Linux; Android 6.0.1; Nexus 5X Build/MMB29P) AppleWebKit/537.36 (KHTML, like Gecko) Chrome/144.0.7559.132 Mobile Safari/537.36 (compatible; Googlebot/2.1; +http://www.google.com/bot.html)" 114 **0/114703**
114.119.158.6 - - [21/Feb/2026:14:16:13 -0700] "GET /68936027574624 HTTP/1.1" 200 4524 "https://www.gazzocpa.com/sitemap.xml" "Mozilla/5.0 (Linux; Android 7.0;) AppleWebKit/537.36 (KHTML, like Gecko) Mobile Safari/537.36 (compatible; PetalBot;+https://webmaster.petalsearch.com/site/petalbot)" 147 **0/147364**
66.249.79.132 - - [21/Feb/2026:14:17:30 -0700] "GET /62730421910026 HTTP/1.1" 200 3826 "-" "Mozilla/5.0 (Linux; Android 6.0.1; Nexus 5X Build/MMB29P) AppleWebKit/537.36 (KHTML, like Gecko) Chrome/144.0.7559.132 Mobile Safari/537.36 (compatible; Googlebot/2.1; +http://www.google.com/bot.html)" 120 **0/120921**
114.119.159.61 - - [21/Feb/2026:14:17:34 -0700] "GET /4579183178544 HTTP/1.1" 200 4524 "https://www.gazzocpa.com/sitemap.xml" "Mozilla/5.0 (Linux; Android 7.0;) AppleWebKit/537.36 (KHTML, like Gecko) Mobile Safari/537.36 (compatible; PetalBot;+https://webmaster.petalsearch.com/site/petalbot)" 193 **0/193837**
66.249.79.134 - - [21/Feb/2026:14:19:07 -0700] "GET /post/attraversa-la-pista-ardente-chicken-road-slot-un/ HTTP/1.1" 200 3826 "-" "Mozilla/5.0 (Linux; Android 6.0.1; Nexus 5X Build/MMB29P) AppleWebKit/537.36 (KHTML, like Gecko) Chrome/144.0.7559.132 Mobile Safari/537.36 (compatible; Googlebot/2.1; +http://www.google.com/bot.html)" 118 **0/118411**
114.119.130.95 - - [21/Feb/2026:14:19:10 -0700] "GET /4260816577953 HTTP/1.1" 200 4524 "https://www.gazzocpa.com/sitemap.xml" "Mozilla/5.0 (Linux; Android 7.0;) AppleWebKit/537.36 (KHTML, like Gecko) Mobile Safari/537.36 (compatible; PetalBot;+https://webmaster.petalsearch.com/site/petalbot)" 129 **0/129187**
66.249.79.133 - - [21/Feb/2026:14:19:28 -0700] "GET /1657402670496 HTTP/1.1" 200 3826 "-" "Mozilla/5.0 (Linux; Android 6.0.1; Nexus 5X Build/MMB29P) AppleWebKit/537.36 (KHTML, like Gecko) Chrome/144.0.7559.132 Mobile Safari/537.36 (compatible; Googlebot/2.1; +http://www.google.com/bot.html)" 131 **0/131809**
114.119.139.102 - - [21/Feb/2026:14:20:22 -0700] "GET /4179911415798 HTTP/1.1" 200 4524 "https://www.gazzocpa.com/sitemap.xml" "Mozilla/5.0 (Linux; Android 7.0;) AppleWebKit/537.36 (KHTML, like Gecko) Mobile Safari/537.36 (compatible; PetalBot;+https://webmaster.petalsearch.com/site/petalbot)" 149 **0/149177**
66.249.79.132 - - [21/Feb/2026:14:21:04 -0700] "GET /5498346085692 HTTP/1.1" 200 3826 "-" "Mozilla/5.0 (Linux; Android 6.0.1; Nexus 5X Build/MMB29P) AppleWebKit/537.36 (KHTML, like Gecko) Chrome/144.0.7559.132 Mobile Safari/537.36 (compatible; Googlebot/2.1; +http://www.google.com/bot.html)" 108 **0/108206**
114.119.130.152 - - [21/Feb/2026:14:21:50 -0700] "GET /3832878573434 HTTP/1.1" 200 4524 "https://www.gazzocpa.com/sitemap.xml" "Mozilla/5.0 (Linux; Android 7.0;) AppleWebKit/537.36 (KHTML, like Gecko) Mobile Safari/537.36 (compatible; PetalBot;+https://webmaster.petalsearch.com/site/petalbot)" 134 **0/134501**
66.249.79.132 - - [21/Feb/2026:14:22:46 -0700] "GET /8750938307533 HTTP/1.1" 200 3826 "-" "Mozilla/5.0 (Linux; Android 6.0.1; Nexus 5X Build/MMB29P) AppleWebKit/537.36 (KHTML, like Gecko) Chrome/144.0.7559.132 Mobile Safari/537.36 (compatible; Googlebot/2.1; +http://www.google.com/bot.html)" 131 **0/131410**
114.119.159.61 - - [21/Feb/2026:14:23:12 -0700] "GET /3806172190703 HTTP/1.1" 200 4524 "https://www.gazzocpa.com/sitemap.xml" "Mozilla/5.0 (Linux; Android 7.0;) AppleWebKit/537.36 (KHTML, like Gecko) Mobile Safari/537.36 (compatible; PetalBot;+https://webmaster.petalsearch.com/site/petalbot)" 133 **0/133206**
66.249.79.132 - - [21/Feb/2026:14:24:32 -0700] "GET /98212057916091 HTTP/1.1" 200 3826 "-" "Mozilla/5.0 (Linux; Android 6.0.1; Nexus 5X Build/MMB29P) AppleWebKit/537.36 (KHTML, like Gecko) Chrome/144.0.7559.132 Mobile Safari/537.36 (compatible; Googlebot/2.1; +http://www.google.com/bot.html)" 140 **0/140394**
114.119.153.118 - - [21/Feb/2026:14:24:36 -0700] "GET /3761803407039 HTTP/1.1" 200 4524 "https://www.gazzocpa.com/sitemap.xml" "Mozilla/5.0 (Linux; Android 7.0;) AppleWebKit/537.36 (KHTML, like Gecko) Mobile Safari/537.36 (compatible; PetalBot;+https://webmaster.petalsearch.com/site/petalbot)" 153 **0/153155**
66.249.79.133 - - [21/Feb/2026:14:24:58 -0700] "GET /post/desata-tu-instinto-ganador-jugabet-cl-te-ofrece-2/ HTTP/1.1" 200 3826 "-" "Mozilla/5.0 (Linux; Android 6.0.1; Nexus 5X Build/MMB29P) AppleWebKit/537.36 (KHTML, like Gecko) Chrome/144.0.7559.132 Mobile Safari/537.36 (compatible; Googlebot/2.1; +http://www.google.com/bot.html)" 136 **0/136149**
114.119.158.6 - - [21/Feb/2026:14:26:01 -0700] "GET /37583847279943 HTTP/1.1" 200 4524 "https://www.gazzocpa.com/sitemap.xml" "Mozilla/5.0 (Linux; Android 7.0;) AppleWebKit/537.36 (KHTML, like Gecko) Mobile Safari/537.36 (compatible; PetalBot;+https://webmaster.petalsearch.com/site/petalbot)" 142 **0/142997**
66.249.79.134 - - [21/Feb/2026:14:26:29 -0700] "GET /5008716019914 HTTP/1.1" 200 3826 "-" "Mozilla/5.0 (Linux; Android 6.0.1; Nexus 5X Build/MMB29P) AppleWebKit/537.36 (KHTML, like Gecko) Chrome/144.0.7559.132 Mobile Safari/537.36 (compatible; Googlebot/2.1; +http://www.google.com/bot.html)" 178 **0/178163**
114.119.140.21 - - [21/Feb/2026:14:27:27 -0700] "GET /3756040271029 HTTP/1.1" 200 4524 "https://www.gazzocpa.com/sitemap.xml" "Mozilla/5.0 (Linux; Android 7.0;) AppleWebKit/537.36 (KHTML, like Gecko) Mobile Safari/537.36 (compatible; PetalBot;+https://webmaster.petalsearch.com/site/petalbot)" 104 **0/104163**
66.249.79.132 - - [21/Feb/2026:14:27:28 -0700] "GET /74011007369083 HTTP/1.1" 200 3826 "-" "Mozilla/5.0 (Linux; Android 6.0.1; Nexus 5X Build/MMB29P) AppleWebKit/537.36 (KHTML, like Gecko) Chrome/144.0.7559.132 Mobile Safari/537.36 (compatible; Googlebot/2.1; +http://www.google.com/bot.html)" 110 **0/110717**
66.249.79.133 - - [21/Feb/2026:14:28:38 -0700] "GET /94952824420452 HTTP/1.1" 200 3826 "-" "Mozilla/5.0 (Linux; Android 6.0.1; Nexus 5X Build/MMB29P) AppleWebKit/537.36 (KHTML, like Gecko) Chrome/144.0.7559.132 Mobile Safari/537.36 (compatible; Googlebot/2.1; +http://www.google.com/bot.html)" 163 **0/163358**
114.119.130.152 - - [21/Feb/2026:14:28:54 -0700] "GET /3746922604357 HTTP/1.1" 200 4524 "https://www.gazzocpa.com/sitemap.xml" "Mozilla/5.0 (Linux; Android 7.0;) AppleWebKit/537.36 (KHTML, like Gecko) Mobile Safari/537.36 (compatible; PetalBot;+https://webmaster.petalsearch.com/site/petalbot)" 152 **0/152091**
66.249.79.133 - - [21/Feb/2026:14:29:49 -0700] "GET /69654972325932 HTTP/1.1" 200 3826 "-" "Mozilla/5.0 (Linux; Android 6.0.1; Nexus 5X Build/MMB29P) AppleWebKit/537.36 (KHTML, like Gecko) Chrome/144.0.7559.132 Mobile Safari/537.36 (compatible; Googlebot/2.1; +http://www.google.com/bot.html)" 116 **0/116666**
114.119.130.152 - - [21/Feb/2026:14:30:17 -0700] "GET /3733015644683 HTTP/1.1" 200 4524 "https://www.gazzocpa.com/sitemap.xml" "Mozilla/5.0 (Linux; Android 7.0;) AppleWebKit/537.36 (KHTML, like Gecko) Mobile Safari/537.36 (compatible; PetalBot;+https://webmaster.petalsearch.com/site/petalbot)" 112 **0/112267**
66.249.79.133 - - [21/Feb/2026:14:30:59 -0700] "GET /8139085834112 HTTP/1.1" 200 3826 "-" "Mozilla/5.0 (Linux; Android 6.0.1; Nexus 5X Build/MMB29P) AppleWebKit/537.36 (KHTML, like Gecko) Chrome/144.0.7559.132 Mobile Safari/537.36 (compatible; Googlebot/2.1; +http://www.google.com/bot.html)" 119 **0/119734**
114.119.159.61 - - [21/Feb/2026:14:31:34 -0700] "GET /35419507349152 HTTP/1.1" 200 4524 "https://www.gazzocpa.com/sitemap.xml" "Mozilla/5.0 (Linux; Android 7.0;) AppleWebKit/537.36 (KHTML, like Gecko) Mobile Safari/537.36 (compatible; PetalBot;+https://webmaster.petalsearch.com/site/petalbot)" 125 **0/125390**
66.249.79.132 - - [21/Feb/2026:14:32:00 -0700] "GET /post/adrenalinrausch-federvieh-chicken-road-dein-weg-2/ HTTP/1.1" 200 3826 "-" "Mozilla/5.0 (Linux; Android 6.0.1; Nexus 5X Build/MMB29P) AppleWebKit/537.36 (KHTML, like Gecko) Chrome/144.0.7559.132 Mobile Safari/537.36 (compatible; Googlebot/2.1; +http://www.google.com/bot.html)" 135 **0/135695**
66.249.79.133 - - [21/Feb/2026:14:32:32 -0700] "GET /229784614014 HTTP/1.1" 200 3826 "-" "Mozilla/5.0 (Linux; Android 6.0.1; Nexus 5X Build/MMB29P) AppleWebKit/537.36 (KHTML, like Gecko) Chrome/144.0.7559.132 Mobile Safari/537.36 (compatible; Googlebot/2.1; +http://www.google.com/bot.html)" 122 **0/122895**
114.119.158.6 - - [21/Feb/2026:14:32:56 -0700] "GET /6810256974858 HTTP/1.1" 200 4524 "https://www.gazzocpa.com/sitemap.xml" "Mozilla/5.0 (Linux; Android 7.0;) AppleWebKit/537.36 (KHTML, like Gecko) Mobile Safari/537.36 (compatible; PetalBot;+https://webmaster.petalsearch.com/site/petalbot)" 119 **0/119963**
114.119.130.95 - - [21/Feb/2026:14:34:23 -0700] "GET /6104402366517 HTTP/1.1" 200 4524 "https://www.gazzocpa.com/sitemap.xml" "Mozilla/5.0 (Linux; Android 7.0;) AppleWebKit/537.36 (KHTML, like Gecko) Mobile Safari/537.36 (compatible; PetalBot;+https://webmaster.petalsearch.com/site/petalbot)" 118 **0/118915**
123.17.119.118 - - [21/Feb/2026:14:34:57 -0700] "GET /7099155395956 HTTP/1.1" 200 4524 "-" "Mozilla/5.0 (Macintosh; Intel Mac OS X 10_15_7) AppleWebKit/537.36 (KHTML, like Gecko) Chrome/108.0.0.0 Safari/537.36" 147 **0/147336**
66.249.79.133 - - [21/Feb/2026:14:35:30 -0700] "GET /28476758188996 HTTP/1.1" 200 3826 "-" "Mozilla/5.0 (Linux; Android 6.0.1; Nexus 5X Build/MMB29P) AppleWebKit/537.36 (KHTML, like Gecko) Chrome/144.0.7559.132 Mobile Safari/537.36 (compatible; Googlebot/2.1; +http://www.google.com/bot.html)" 119 **0/119296**
114.119.159.61 - - [21/Feb/2026:14:35:48 -0700] "GET /4623547214606 HTTP/1.1" 200 4524 "https://www.gazzocpa.com/sitemap.xml" "Mozilla/5.0 (Linux; Android 7.0;) AppleWebKit/537.36 (KHTML, like Gecko) Mobile Safari/537.36 (compatible; PetalBot;+https://webmaster.petalsearch.com/site/petalbot)" 104 **0/104782**
66.249.79.132 - - [21/Feb/2026:14:36:28 -0700] "GET /38251226923035 HTTP/1.1" 200 3826 "-" "Mozilla/5.0 (Linux; Android 6.0.1; Nexus 5X Build/MMB29P) AppleWebKit/537.36 (KHTML, like Gecko) Chrome/144.0.7559.132 Mobile Safari/537.36 (compatible; Googlebot/2.1; +http://www.google.com/bot.html)" 133 **0/133081**
212.0.213.170 - - [21/Feb/2026:14:36:53 -0700] "GET /services/roulette-strategies-and-tips-for-success/ HTTP/1.1" 200 4524 "-" "Mozilla/5.0 (Windows NT 10.0; WOW64) AppleWebKit/537.36 (KHTML, like Gecko) Chrome/75.0.3770.100 ADG/11.0.2566 AOLBUILD/11.0.2566 Safari/537.36" 110 **0/110904**
114.119.140.21 - - [21/Feb/2026:14:37:08 -0700] "GET /4188944790929 HTTP/1.1" 200 4524 "https://www.gazzocpa.com/sitemap.xml" "Mozilla/5.0 (Linux; Android 7.0;) AppleWebKit/537.36 (KHTML, like Gecko) Mobile Safari/537.36 (compatible; PetalBot;+https://webmaster.petalsearch.com/site/petalbot)" 105 **0/105838**
66.249.79.134 - - [21/Feb/2026:14:37:27 -0700] "GET /6821043400875 HTTP/1.1" 200 3826 "-" "Mozilla/5.0 (Linux; Android 6.0.1; Nexus 5X Build/MMB29P) AppleWebKit/537.36 (KHTML, like Gecko) Chrome/144.0.7559.132 Mobile Safari/537.36 (compatible; Googlebot/2.1; +http://www.google.com/bot.html)" 132 **0/132876**
66.249.79.132 - - [21/Feb/2026:14:38:27 -0700] "GET /blog/1win-onlayn-kazino-ozbekistonda-bonuslar-va-256/ HTTP/1.1" 200 3826 "-" "Mozilla/5.0 (Linux; Android 6.0.1; Nexus 5X Build/MMB29P) AppleWebKit/537.36 (KHTML, like Gecko) Chrome/144.0.7559.132 Mobile Safari/537.36 (compatible; Googlebot/2.1; +http://www.google.com/bot.html)" 137 **0/137406**
52.167.144.213 - - [21/Feb/2026:14:38:32 -0700] "GET /toyu/top/CSfTop.jsp HTTP/2.0" 200 3826 "-" "Mozilla/5.0 AppleWebKit/537.36 (KHTML, like Gecko; compatible; bingbot/2.0; +http://www.bing.com/bingbot.htm) Chrome/116.0.1938.76 Safari/537.36" 144 **0/144616**
66.249.79.132 - - [21/Feb/2026:14:38:35 -0700] "GET /9301399350716 HTTP/1.1" 200 3826 "-" "Mozilla/5.0 (Linux; Android 6.0.1; Nexus 5X Build/MMB29P) AppleWebKit/537.36 (KHTML, like Gecko) Chrome/144.0.7559.132 Mobile Safari/537.36 (compatible; Googlebot/2.1; +http://www.google.com/bot.html)" 125 **0/125173**
114.119.130.152 - - [21/Feb/2026:14:39:00 -0700] "GET /3475871233334 HTTP/1.1" 200 4524 "https://www.gazzocpa.com/sitemap.xml" "Mozilla/5.0 (Linux; Android 7.0;) AppleWebKit/537.36 (KHTML, like Gecko) Mobile Safari/537.36 (compatible; PetalBot;+https://webmaster.petalsearch.com/site/petalbot)" 141 **0/141328**
66.249.79.133 - - [21/Feb/2026:14:39:47 -0700] "GET /70865535700321 HTTP/1.1" 200 3826 "-" "Mozilla/5.0 (Linux; Android 6.0.1; Nexus 5X Build/MMB29P) AppleWebKit/537.36 (KHTML, like Gecko) Chrome/144.0.7559.132 Mobile Safari/537.36 (compatible; Googlebot/2.1; +http://www.google.com/bot.html)" 116 **0/116071**
114.119.153.118 - - [21/Feb/2026:14:39:53 -0700] "GET /3452847430863 HTTP/1.1" 200 4524 "https://www.gazzocpa.com/sitemap.xml" "Mozilla/5.0 (Linux; Android 7.0;) AppleWebKit/537.36 (KHTML, like Gecko) Mobile Safari/537.36 (compatible; PetalBot;+https://webmaster.petalsearch.com/site/petalbot)" 137 **0/137130**
66.249.79.134 - - [21/Feb/2026:14:40:56 -0700] "GET /4789565505888 HTTP/1.1" 200 3826 "-" "Mozilla/5.0 (Linux; Android 6.0.1; Nexus 5X Build/MMB29P) AppleWebKit/537.36 (KHTML, like Gecko) Chrome/144.0.7559.132 Mobile Safari/537.36 (compatible; Googlebot/2.1; +http://www.google.com/bot.html)" 120 **0/120060**
114.119.130.152 - - [21/Feb/2026:14:41:16 -0700] "GET /33460477314623 HTTP/1.1" 200 4524 "https://www.gazzocpa.com/sitemap.xml" "Mozilla/5.0 (Linux; Android 7.0;) AppleWebKit/537.36 (KHTML, like Gecko) Mobile Safari/537.36 (compatible; PetalBot;+https://webmaster.petalsearch.com/site/petalbot)" 152 **0/152857**
66.249.79.132 - - [21/Feb/2026:14:42:32 -0700] "GET /21880470275082 HTTP/1.1" 200 3826 "-" "Mozilla/5.0 (Linux; Android 6.0.1; Nexus 5X Build/MMB29P) AppleWebKit/537.36 (KHTML, like Gecko) Chrome/144.0.7559.132 Mobile Safari/537.36 (compatible; Googlebot/2.1; +http://www.google.com/bot.html)" 1502 **1/1502076**
114.119.139.102 - - [21/Feb/2026:14:42:41 -0700] "GET /32056425018730 HTTP/1.1" 200 4524 "https://www.gazzocpa.com/sitemap.xml" "Mozilla/5.0 (Linux; Android 7.0;) AppleWebKit/537.36 (KHTML, like Gecko) Mobile Safari/537.36 (compatible; PetalBot;+https://webmaster.petalsearch.com/site/petalbot)" 1489 **1/1489199**
66.249.79.132 - - [21/Feb/2026:14:43:32 -0700] "GET /7366261273300 HTTP/1.1" 200 3826 "-" "Mozilla/5.0 (Linux; Android 6.0.1; Nexus 5X Build/MMB29P) AppleWebKit/537.36 (KHTML, like Gecko) Chrome/144.0.7559.132 Mobile Safari/537.36 (compatible; Googlebot/2.1; +http://www.google.com/bot.html)" 1283 **1/1283255**
114.119.153.118 - - [21/Feb/2026:14:44:04 -0700] "GET /31127667157860 HTTP/1.1" 200 4524 "https://www.gazzocpa.com/sitemap.xml" "Mozilla/5.0 (Linux; Android 7.0;) AppleWebKit/537.36 (KHTML, like Gecko) Mobile Safari/537.36 (compatible; PetalBot;+https://webmaster.petalsearch.com/site/petalbot)" 117 **0/117810**
114.119.130.95 - - [21/Feb/2026:14:45:27 -0700] "GET /25737003579916 HTTP/1.1" 200 4524 "https://www.gazzocpa.com/sitemap.xml" "Mozilla/5.0 (Linux; Android 7.0;) AppleWebKit/537.36 (KHTML, like Gecko) Mobile Safari/537.36 (compatible; PetalBot;+https://webmaster.petalsearch.com/site/petalbot)" 1313 **1/1313421**
114.119.153.118 - - [21/Feb/2026:14:46:52 -0700] "GET /24479143248457 HTTP/1.1" 200 4524 "https://www.gazzocpa.com/sitemap.xml" "Mozilla/5.0 (Linux; Android 7.0;) AppleWebKit/537.36 (KHTML, like Gecko) Mobile Safari/537.36 (compatible; PetalBot;+https://webmaster.petalsearch.com/site/petalbot)" 1346 **1/1346724**
66.249.79.134 - - [21/Feb/2026:14:47:23 -0700] "GET /8096494969020 HTTP/1.1" 200 3826 "-" "Mozilla/5.0 (Linux; Android 6.0.1; Nexus 5X Build/MMB29P) AppleWebKit/537.36 (KHTML, like Gecko) Chrome/144.0.7559.132 Mobile Safari/537.36 (compatible; Googlebot/2.1; +http://www.google.com/bot.html)" 1759 **1/1759779**
114.119.159.61 - - [21/Feb/2026:14:48:14 -0700] "GET /2359647439496 HTTP/1.1" 200 4524 "https://www.gazzocpa.com/sitemap.xml" "Mozilla/5.0 (Linux; Android 7.0;) AppleWebKit/537.36 (KHTML, like Gecko) Mobile Safari/537.36 (compatible; PetalBot;+https://webmaster.petalsearch.com/site/petalbot)" 1151 **1/1151848**
114.119.159.61 - - [21/Feb/2026:14:49:39 -0700] "GET /23344221148455 HTTP/1.1" 200 4524 "https://www.gazzocpa.com/sitemap.xml" "Mozilla/5.0 (Linux; Android 7.0;) AppleWebKit/537.36 (KHTML, like Gecko) Mobile Safari/537.36 (compatible; PetalBot;+https://webmaster.petalsearch.com/site/petalbot)" 1943 **1/1943562**
66.249.79.132 - - [21/Feb/2026:14:49:47 -0700] "GET /3403885943285 HTTP/1.1" 200 3826 "-" "Mozilla/5.0 (Linux; Android 6.0.1; Nexus 5X Build/MMB29P) AppleWebKit/537.36 (KHTML, like Gecko) Chrome/144.0.7559.132 Mobile Safari/537.36 (compatible; Googlebot/2.1; +http://www.google.com/bot.html)" 1920 **1/1920467**
66.249.79.134 - - [21/Feb/2026:14:50:50 -0700] "GET /13779284268418 HTTP/1.1" 200 3826 "-" "Mozilla/5.0 (Linux; Android 6.0.1; Nexus 5X Build/MMB29P) AppleWebKit/537.36 (KHTML, like Gecko) Chrome/144.0.7559.132 Mobile Safari/537.36 (compatible; Googlebot/2.1; +http://www.google.com/bot.html)" 810 **0/810777**
114.119.130.95 - - [21/Feb/2026:14:51:02 -0700] "GET /22846826566826 HTTP/1.1" 200 4524 "https://www.gazzocpa.com/sitemap.xml" "Mozilla/5.0 (Linux; Android 7.0;) AppleWebKit/537.36 (KHTML, like Gecko) Mobile Safari/537.36 (compatible; PetalBot;+https://webmaster.petalsearch.com/site/petalbot)" 1167 **1/1167829**
66.249.79.134 - - [21/Feb/2026:14:52:30 -0700] "GET /53592007439537 HTTP/1.1" 200 3826 "-" "Mozilla/5.0 (Linux; Android 6.0.1; Nexus 5X Build/MMB29P) AppleWebKit/537.36 (KHTML, like Gecko) Chrome/144.0.7559.132 Mobile Safari/537.36 (compatible; Googlebot/2.1; +http://www.google.com/bot.html)" 445 **0/445474**
114.119.130.152 - - [21/Feb/2026:14:52:32 -0700] "GET /2116704032461 HTTP/1.1" 200 4524 "https://www.gazzocpa.com/sitemap.xml" "Mozilla/5.0 (Linux; Android 7.0;) AppleWebKit/537.36 (KHTML, like Gecko) Mobile Safari/537.36 (compatible; PetalBot;+https://webmaster.petalsearch.com/site/petalbot)" 116 **0/116580**
66.249.79.134 - - [21/Feb/2026:14:53:30 -0700] "GET /5843975617961 HTTP/1.1" 200 3826 "-" "Mozilla/5.0 (Linux; Android 6.0.1; Nexus 5X Build/MMB29P) AppleWebKit/537.36 (KHTML, like Gecko) Chrome/144.0.7559.132 Mobile Safari/537.36 (compatible; Googlebot/2.1; +http://www.google.com/bot.html)" 2371 **2/2371160**
114.119.140.21 - - [21/Feb/2026:14:53:49 -0700] "GET /210880976271 HTTP/1.1" 200 4524 "https://www.gazzocpa.com/sitemap.xml" "Mozilla/5.0 (Linux; Android 7.0;) AppleWebKit/537.36 (KHTML, like Gecko) Mobile Safari/537.36 (compatible; PetalBot;+https://webmaster.petalsearch.com/site/petalbot)" 121 **0/121506**
54.161.130.153 - - [21/Feb/2026:14:54:05 -0700] "GET /robots.txt HTTP/1.1" 200 85 "-" "TerraCotta https://github.com/CeramicTeam/CeramicTerracotta" 7 **0/7437**
66.249.79.132 - - [21/Feb/2026:14:54:32 -0700] "GET /13559268096528 HTTP/1.1" 200 3826 "-" "Mozilla/5.0 (Linux; Android 6.0.1; Nexus 5X Build/MMB29P) AppleWebKit/537.36 (KHTML, like Gecko) Chrome/144.0.7559.132 Mobile Safari/537.36 (compatible; Googlebot/2.1; +http://www.google.com/bot.html)" 121 **0/121937**
114.119.153.118 - - [21/Feb/2026:14:55:13 -0700] "GET /9814195081541 HTTP/1.1" 200 4524 "https://www.gazzocpa.com/sitemap.xml" "Mozilla/5.0 (Linux; Android 7.0;) AppleWebKit/537.36 (KHTML, like Gecko) Mobile Safari/537.36 (compatible; PetalBot;+https://webmaster.petalsearch.com/site/petalbot)" 149 **0/149584**
66.249.79.133 - - [21/Feb/2026:14:55:49 -0700] "GET /25706180338353 HTTP/1.1" 200 3826 "-" "Mozilla/5.0 (Linux; Android 6.0.1; Nexus 5X Build/MMB29P) AppleWebKit/537.36 (KHTML, like Gecko) Chrome/144.0.7559.132 Mobile Safari/537.36 (compatible; Googlebot/2.1; +http://www.google.com/bot.html)" 126 **0/126893**
114.119.153.118 - - [21/Feb/2026:14:56:37 -0700] "GET /614289193450 HTTP/1.1" 200 4524 "https://www.gazzocpa.com/sitemap.xml" "Mozilla/5.0 (Linux; Android 7.0;) AppleWebKit/537.36 (KHTML, like Gecko) Mobile Safari/537.36 (compatible; PetalBot;+https://webmaster.petalsearch.com/site/petalbot)" 136 **0/136712**
66.249.79.132 - - [21/Feb/2026:14:57:30 -0700] "GET /8039597643903 HTTP/1.1" 200 3826 "-" "Mozilla/5.0 (Linux; Android 6.0.1; Nexus 5X Build/MMB29P) AppleWebKit/537.36 (KHTML, like Gecko) Chrome/144.0.7559.132 Mobile Safari/537.36 (compatible; Googlebot/2.1; +http://www.google.com/bot.html)" 134 **0/134391**
14.191.107.8 - - [21/Feb/2026:14:57:40 -0700] "GET /8463277262608 HTTP/1.1" 200 4524 "-" "Mozilla/5.0 (Macintosh; Intel Mac OS X 10_13_4) AppleWebKit/537.36 (KHTML, like Gecko) Chrome/66.0.3359.139 Safari/537.36" 154 **0/154571**
114.119.140.21 - - [21/Feb/2026:14:58:01 -0700] "GET /335894351349 HTTP/1.1" 200 4524 "https://www.gazzocpa.com/sitemap.xml" "Mozilla/5.0 (Linux; Android 7.0;) AppleWebKit/537.36 (KHTML, like Gecko) Mobile Safari/537.36 (compatible; PetalBot;+https://webmaster.petalsearch.com/site/petalbot)" 137 **0/137030**
114.119.159.61 - - [21/Feb/2026:14:59:24 -0700] "GET /2070789374126 HTTP/1.1" 200 4524 "https://www.gazzocpa.com/sitemap.xml" "Mozilla/5.0 (Linux; Android 7.0;) AppleWebKit/537.36 (KHTML, like Gecko) Mobile Safari/537.36 (compatible; PetalBot;+https://webmaster.petalsearch.com/site/petalbot)" 150 **0/150919**
66.249.79.133 - - [21/Feb/2026:14:59:30 -0700] "GET /9123724939821 HTTP/1.1" 200 3826 "-" "Mozilla/5.0 (Linux; Android 6.0.1; Nexus 5X Build/MMB29P) AppleWebKit/537.36 (KHTML, like Gecko) Chrome/144.0.7559.132 Mobile Safari/537.36 (compatible; Googlebot/2.1; +http://www.google.com/bot.html)" 224 **0/224322**
114.119.158.6 - - [21/Feb/2026:15:00:48 -0700] "GET /2001368444633 HTTP/1.1" 200 4524 "https://www.gazzocpa.com/sitemap.xml" "Mozilla/5.0 (Linux; Android 7.0;) AppleWebKit/537.36 (KHTML, like Gecko) Mobile Safari/537.36 (compatible; PetalBot;+https://webmaster.petalsearch.com/site/petalbot)" 146 **0/146860**
66.249.79.132 - - [21/Feb/2026:15:01:30 -0700] "GET /1169558906454 HTTP/1.1" 200 3826 "-" "Mozilla/5.0 (Linux; Android 6.0.1; Nexus 5X Build/MMB29P) AppleWebKit/537.36 (KHTML, like Gecko) Chrome/144.0.7559.132 Mobile Safari/537.36 (compatible; Googlebot/2.1; +http://www.google.com/bot.html)" 1766 **1/1766350**
114.119.153.118 - - [21/Feb/2026:15:02:10 -0700] "GET /197597961394 HTTP/1.1" 200 4524 "https://www.gazzocpa.com/sitemap.xml" "Mozilla/5.0 (Linux; Android 7.0;) AppleWebKit/537.36 (KHTML, like Gecko) Mobile Safari/537.36 (compatible; PetalBot;+https://webmaster.petalsearch.com/site/petalbot)" 1582 **1/1582444**
66.249.79.132 - - [21/Feb/2026:15:02:48 -0700] "GET /32518299107113 HTTP/1.1" 200 3826 "-" "Mozilla/5.0 (Linux; Android 6.0.1; Nexus 5X Build/MMB29P) AppleWebKit/537.36 (KHTML, like Gecko) Chrome/144.0.7559.132 Mobile Safari/537.36 (compatible; Googlebot/2.1; +http://www.google.com/bot.html)" 1678 **1/1678516**
70.238.231.99 - - [21/Feb/2026:15:02:55 -0700] "POST /xmlrpc.php HTTP/1.1" 200 4523 "-" "python-requests/2.28.1" 2151 **2/2151298**
118.100.77.22 - - [21/Feb/2026:15:03:03 -0700] "GET /wp-login.php HTTP/1.1" 200 4523 "-" "Mozilla/5.0 (Macintosh; Intel Mac OS X 10_15_7) AppleWebKit/537.36 (KHTML, like Gecko) Chrome/108.0.0.0 YaBrowser/23.1.2.980 Yowser/2.5 Safari/537.36" 1571 **1/1571316**
118.100.77.22 - - [21/Feb/2026:15:03:06 -0700] "POST /wp-login.php HTTP/1.1" 200 4523 "-" "Mozilla/5.0 (Macintosh; Intel Mac OS X 10_15_7) AppleWebKit/537.36 (KHTML, like Gecko) Chrome/108.0.0.0 YaBrowser/23.1.2.980 Yowser/2.5 Safari/537.36" 2066 **2/2066876**
118.100.77.22 - - [21/Feb/2026:15:03:10 -0700] "GET /wp-admin/post-new.php HTTP/1.1" 200 6319 "-" "Mozilla/5.0 (Macintosh; Intel Mac OS X 10_15_7) AppleWebKit/537.36 (KHTML, like Gecko) Chrome/108.0.0.0 YaBrowser/23.1.2.980 Yowser/2.5 Safari/537.36" 1627 **1/1627153**
113.180.220.183 - - [21/Feb/2026:15:03:21 -0700] "GET /8351443509798 HTTP/1.1" 200 4524 "-" "Mozilla/5.0 (Windows NT 6.1; Win64; x64) AppleWebKit/537.36 (KHTML, like Gecko) Chrome/78.0.3904.108 Safari/537.36" 1469 **1/1469639**
114.119.139.102 - - [21/Feb/2026:15:03:41 -0700] "GET /1845082351844 HTTP/1.1" 200 4524 "https://www.gazzocpa.com/sitemap.xml" "Mozilla/5.0 (Linux; Android 7.0;) AppleWebKit/537.36 (KHTML, like Gecko) Mobile Safari/537.36 (compatible; PetalBot;+https://webmaster.petalsearch.com/site/petalbot)" 1101 **1/1101838**
122.152.49.156 - - [21/Feb/2026:15:03:47 -0700] "POST /xmlrpc.php HTTP/1.1" 200 4523 "-" "python-requests/2.28.1" 2874 **2/2874468**
189.156.229.87 - - [21/Feb/2026:15:03:56 -0700] "GET /wp-login.php HTTP/1.1" 200 4523 "-" "Mozilla/5.0 (Macintosh; Intel Mac OS X 10_15_7) AppleWebKit/537.36 (KHTML, like Gecko) Chrome/108.0.0.0 YaBrowser/23.1.2.980 Yowser/2.5 Safari/537.36" 1672 **1/1672356**
189.156.229.87 - - [21/Feb/2026:15:03:59 -0700] "POST /wp-login.php HTTP/1.1" 200 4523 "-" "Mozilla/5.0 (Macintosh; Intel Mac OS X 10_15_7) AppleWebKit/537.36 (KHTML, like Gecko) Chrome/108.0.0.0 YaBrowser/23.1.2.980 Yowser/2.5 Safari/537.36" 1940 **1/1940822**
189.156.229.87 - - [21/Feb/2026:15:04:02 -0700] "GET /wp-admin/post-new.php HTTP/1.1" 200 6319 "-" "Mozilla/5.0 (Macintosh; Intel Mac OS X 10_15_7) AppleWebKit/537.36 (KHTML, like Gecko) Chrome/108.0.0.0 YaBrowser/23.1.2.980 Yowser/2.5 Safari/537.36" 1931 **1/1931454**
66.249.79.132 - - [21/Feb/2026:15:04:29 -0700] "GET /1042954864456 HTTP/1.1" 200 3826 "-" "Mozilla/5.0 (Linux; Android 6.0.1; Nexus 5X Build/MMB29P) AppleWebKit/537.36 (KHTML, like Gecko) Chrome/144.0.7559.132 Mobile Safari/537.36 (compatible; Googlebot/2.1; +http://www.google.com/bot.html)" 1584 **1/1584016**
114.119.130.152 - - [21/Feb/2026:15:04:59 -0700] "GET /1784471703718 HTTP/1.1" 200 4524 "https://www.gazzocpa.com/sitemap.xml" "Mozilla/5.0 (Linux; Android 7.0;) AppleWebKit/537.36 (KHTML, like Gecko) Mobile Safari/537.36 (compatible; PetalBot;+https://webmaster.petalsearch.com/site/petalbot)" 2130 **2/2130265**
193.233.245.250 - - [21/Feb/2026:15:05:21 -0700] "GET /services/spelplezier-en-exclusieve-bonussen-wachten-bij-vipzino-casino/ HTTP/2.0" 200 3826 "-" "Mozilla/5.0 (Windows NT 10.0; Win64; x64) AppleWebKit/537.36 (KHTML, like Gecko) Chrome/141.0.0.0 Safari/537.36" 1895 **1/1895831**
193.233.245.250 - - [21/Feb/2026:15:05:24 -0700] "GET /favicon.ico HTTP/2.0" 200 5 "https://www.gazzocpa.com/services/spelplezier-en-exclusieve-bonussen-wachten-bij-vipzino-casino/" "Mozilla/5.0 (Windows NT 10.0; Win64; x64) AppleWebKit/537.36 (KHTML, like Gecko) Chrome/141.0.0.0 Safari/537.36" 157 **0/157379**
193.233.245.250 - - [21/Feb/2026:15:05:26 -0700] "GET /robots.txt HTTP/2.0" 200 70 "https://www.gazzocpa.com/services/spelplezier-en-exclusieve-bonussen-wachten-bij-vipzino-casino/" "Mozilla/5.0 (Windows NT 10.0; Win64; x64) AppleWebKit/537.36 (KHTML, like Gecko) Chrome/141.0.0.0 Safari/537.36" 14 **0/14936**
114.119.130.152 - - [21/Feb/2026:15:06:22 -0700] "GET /17820485631015 HTTP/1.1" 200 4524 "https://www.gazzocpa.com/sitemap.xml" "Mozilla/5.0 (Linux; Android 7.0;) AppleWebKit/537.36 (KHTML, like Gecko) Mobile Safari/537.36 (compatible; PetalBot;+https://webmaster.petalsearch.com/site/petalbot)" 1972 **1/1972079**
66.249.79.133 - - [21/Feb/2026:15:06:31 -0700] "GET /2991305919700 HTTP/1.1" 200 3826 "-" "Mozilla/5.0 (Linux; Android 6.0.1; Nexus 5X Build/MMB29P) AppleWebKit/537.36 (KHTML, like Gecko) Chrome/144.0.7559.132 Mobile Safari/537.36 (compatible; Googlebot/2.1; +http://www.google.com/bot.html)" 1648 **1/1648153**
114.119.158.6 - - [21/Feb/2026:15:07:49 -0700] "GET /17322937391612 HTTP/1.1" 200 4524 "https://www.gazzocpa.com/sitemap.xml" "Mozilla/5.0 (Linux; Android 7.0;) AppleWebKit/537.36 (KHTML, like Gecko) Mobile Safari/537.36 (compatible; PetalBot;+https://webmaster.petalsearch.com/site/petalbot)" 399 **0/399830**
66.249.79.133 - - [21/Feb/2026:15:07:56 -0700] "GET /8141015613476 HTTP/1.1" 200 3826 "-" "Mozilla/5.0 (Linux; Android 6.0.1; Nexus 5X Build/MMB29P) AppleWebKit/537.36 (KHTML, like Gecko) Chrome/144.0.7559.132 Mobile Safari/537.36 (compatible; Googlebot/2.1; +http://www.google.com/bot.html)" 1610 **1/1610615**
45.83.94.72 - - [21/Feb/2026:15:08:33 -0700] "POST /xmlrpc.php HTTP/1.1" 200 4523 "-" "python-requests/2.28.1" 2201 **2/2201667**
189.215.148.128 - - [21/Feb/2026:15:08:42 -0700] "GET /wp-login.php HTTP/1.1" 200 4523 "-" "Mozilla/5.0 (Macintosh; Intel Mac OS X 10_15_7) AppleWebKit/537.36 (KHTML, like Gecko) Chrome/108.0.0.0 YaBrowser/23.1.2.980 Yowser/2.5 Safari/537.36" 2042 **2/2042429**
189.215.148.128 - - [21/Feb/2026:15:08:45 -0700] "POST /wp-login.php HTTP/1.1" 200 4523 "-" "Mozilla/5.0 (Macintosh; Intel Mac OS X 10_15_7) AppleWebKit/537.36 (KHTML, like Gecko) Chrome/108.0.0.0 YaBrowser/23.1.2.980 Yowser/2.5 Safari/537.36" 2365 **2/2365993**
189.215.148.128 - - [21/Feb/2026:15:08:49 -0700] "GET /wp-admin/post-new.php HTTP/1.1" 200 6319 "-" "Mozilla/5.0 (Macintosh; Intel Mac OS X 10_15_7) AppleWebKit/537.36 (KHTML, like Gecko) Chrome/108.0.0.0 YaBrowser/23.1.2.980 Yowser/2.5 Safari/537.36" 1408 **1/1408110**
114.119.130.95 - - [21/Feb/2026:15:09:11 -0700] "GET /1417554287151 HTTP/1.1" 200 4524 "https://www.gazzocpa.com/sitemap.xml" "Mozilla/5.0 (Linux; Android 7.0;) AppleWebKit/537.36 (KHTML, like Gecko) Mobile Safari/537.36 (compatible; PetalBot;+https://webmaster.petalsearch.com/site/petalbot)" 1204 **1/1204312**
66.249.79.132 - - [21/Feb/2026:15:09:47 -0700] "GET /94061345481696 HTTP/1.1" 200 3826 "-" "Mozilla/5.0 (Linux; Android 6.0.1; Nexus 5X Build/MMB29P) AppleWebKit/537.36 (KHTML, like Gecko) Chrome/144.0.7559.132 Mobile Safari/537.36 (compatible; Googlebot/2.1; +http://www.google.com/bot.html)" 1913 **1/1913020**
114.119.159.61 - - [21/Feb/2026:15:10:33 -0700] "GET /13585249808383 HTTP/1.1" 200 4524 "https://www.gazzocpa.com/sitemap.xml" "Mozilla/5.0 (Linux; Android 7.0;) AppleWebKit/537.36 (KHTML, like Gecko) Mobile Safari/537.36 (compatible; PetalBot;+https://webmaster.petalsearch.com/site/petalbot)" 1661 **1/1661108**
66.249.79.132 - - [21/Feb/2026:15:11:28 -0700] "GET /22675828138256 HTTP/1.1" 200 3826 "-" "Mozilla/5.0 (Linux; Android 6.0.1; Nexus 5X Build/MMB29P) AppleWebKit/537.36 (KHTML, like Gecko) Chrome/144.0.7559.132 Mobile Safari/537.36 (compatible; Googlebot/2.1; +http://www.google.com/bot.html)" 115 **0/115337**
114.119.130.152 - - [21/Feb/2026:15:11:57 -0700] "GET /1247787988215 HTTP/1.1" 200 4524 "https://www.gazzocpa.com/sitemap.xml" "Mozilla/5.0 (Linux; Android 7.0;) AppleWebKit/537.36 (KHTML, like Gecko) Mobile Safari/537.36 (compatible; PetalBot;+https://webmaster.petalsearch.com/site/petalbot)" 137 **0/137762**
114.119.139.102 - - [21/Feb/2026:15:13:26 -0700] "GET /1235628474147 HTTP/1.1" 200 4524 "https://www.gazzocpa.com/sitemap.xml" "Mozilla/5.0 (Linux; Android 7.0;) AppleWebKit/537.36 (KHTML, like Gecko) Mobile Safari/537.36 (compatible; PetalBot;+https://webmaster.petalsearch.com/site/petalbot)" 126 **0/126191**
66.249.79.134 - - [21/Feb/2026:15:13:29 -0700] "GET /6938726063646 HTTP/1.1" 200 3826 "-" "Mozilla/5.0 (Linux; Android 6.0.1; Nexus 5X Build/MMB29P) AppleWebKit/537.36 (KHTML, like Gecko) Chrome/144.0.7559.132 Mobile Safari/537.36 (compatible; Googlebot/2.1; +http://www.google.com/bot.html)" 131 **0/131283**
66.249.79.133 - - [21/Feb/2026:15:14:58 -0700] "GET /66951047876341 HTTP/1.1" 200 3826 "-" "Mozilla/5.0 (Linux; Android 6.0.1; Nexus 5X Build/MMB29P) AppleWebKit/537.36 (KHTML, like Gecko) Chrome/144.0.7559.132 Mobile Safari/537.36 (compatible; Googlebot/2.1; +http://www.google.com/bot.html)" 137 **0/137015**
66.249.79.132 - - [21/Feb/2026:15:16:38 -0700] "GET /post/vzryv-jemocij-i-shans-na-krupnyj-vyigrysh-otkrojte-2/ HTTP/1.1" 200 3826 "-" "Mozilla/5.0 (Linux; Android 6.0.1; Nexus 5X Build/MMB29P) AppleWebKit/537.36 (KHTML, like Gecko) Chrome/144.0.7559.132 Mobile Safari/537.36 (compatible; Googlebot/2.1; +http://www.google.com/bot.html)" 256 **0/256974**
66.249.79.132 - - [21/Feb/2026:15:16:51 -0700] "GET /8469792815553 HTTP/1.1" 200 3826 "-" "Mozilla/5.0 (Linux; Android 6.0.1; Nexus 5X Build/MMB29P) AppleWebKit/537.36 (KHTML, like Gecko) Chrome/144.0.7559.132 Mobile Safari/537.36 (compatible; Googlebot/2.1; +http://www.google.com/bot.html)" 157 **0/157541**
66.249.79.132 - - [21/Feb/2026:15:17:01 -0700] "GET /post/bolee-97-igrokov-vybirajut-nadezhnye-onlajn/ HTTP/1.1" 200 3826 "-" "Mozilla/5.0 (Linux; Android 6.0.1; Nexus 5X Build/MMB29P) AppleWebKit/537.36 (KHTML, like Gecko) Chrome/144.0.7559.132 Mobile Safari/537.36 (compatible; Googlebot/2.1; +http://www.google.com/bot.html)" 159 **0/159258**
114.119.139.102 - - [21/Feb/2026:15:17:39 -0700] "GET /92324729354929 HTTP/1.1" 200 4524 "https://www.gazzocpa.com/sitemap.xml" "Mozilla/5.0 (Linux; Android 7.0;) AppleWebKit/537.36 (KHTML, like Gecko) Mobile Safari/537.36 (compatible; PetalBot;+https://webmaster.petalsearch.com/site/petalbot)" 132 **0/132755**
66.249.79.132 - - [21/Feb/2026:15:18:32 -0700] "GET /4837010118839 HTTP/1.1" 200 3826 "-" "Mozilla/5.0 (Linux; Android 6.0.1; Nexus 5X Build/MMB29P) AppleWebKit/537.36 (KHTML, like Gecko) Chrome/144.0.7559.132 Mobile Safari/537.36 (compatible; Googlebot/2.1; +http://www.google.com/bot.html)" 129 **0/129238**
114.119.130.152 - - [21/Feb/2026:15:18:59 -0700] "GET /90215408437576 HTTP/1.1" 200 4524 "https://www.gazzocpa.com/sitemap.xml" "Mozilla/5.0 (Linux; Android 7.0;) AppleWebKit/537.36 (KHTML, like Gecko) Mobile Safari/537.36 (compatible; PetalBot;+https://webmaster.petalsearch.com/site/petalbot)" 127 **0/127568**
66.249.79.134 - - [21/Feb/2026:15:19:04 -0700] "GET /post/bolee-97-igrokov-vybirajut-nadezhnye-onlajn/ HTTP/1.1" 200 3826 "-" "Mozilla/5.0 (Linux; Android 6.0.1; Nexus 5X Build/MMB29P) AppleWebKit/537.36 (KHTML, like Gecko) Chrome/144.0.7559.132 Mobile Safari/537.36 (compatible; Googlebot/2.1; +http://www.google.com/bot.html)" 122 **0/122166**
66.249.79.132 - - [21/Feb/2026:15:20:30 -0700] "GET /43864095094245 HTTP/1.1" 200 3826 "-" "Mozilla/5.0 (Linux; Android 6.0.1; Nexus 5X Build/MMB29P) AppleWebKit/537.36 (KHTML, like Gecko) Chrome/144.0.7559.132 Mobile Safari/537.36 (compatible; Googlebot/2.1; +http://www.google.com/bot.html)" 115 **0/115263**
114.119.130.95 - - [21/Feb/2026:15:20:31 -0700] "GET /70328630754000 HTTP/1.1" 200 4524 "https://www.gazzocpa.com/sitemap.xml" "Mozilla/5.0 (Linux; Android 7.0;) AppleWebKit/537.36 (KHTML, like Gecko) Mobile Safari/537.36 (compatible; PetalBot;+https://webmaster.petalsearch.com/site/petalbot)" 116 **0/116088**
114.119.139.102 - - [21/Feb/2026:15:21:44 -0700] "GET /428976491403 HTTP/1.1" 200 4524 "https://www.gazzocpa.com/sitemap.xml" "Mozilla/5.0 (Linux; Android 7.0;) AppleWebKit/537.36 (KHTML, like Gecko) Mobile Safari/537.36 (compatible; PetalBot;+https://webmaster.petalsearch.com/site/petalbot)" 148 **0/148838**
14.170.84.228 - - [21/Feb/2026:15:22:08 -0700] "GET /8102994630143 HTTP/1.1" 200 4524 "-" "Mozilla/5.0 (Windows NT 6.1) AppleWebKit/537.36 (KHTML, like Gecko) Chrome/93.0.4577.82 Safari/537.36" 128 **0/128377**
66.249.79.132 - - [21/Feb/2026:15:22:27 -0700] "GET /8154648792314 HTTP/1.1" 200 3826 "-" "Mozilla/5.0 (Linux; Android 6.0.1; Nexus 5X Build/MMB29P) AppleWebKit/537.36 (KHTML, like Gecko) Chrome/144.0.7559.132 Mobile Safari/537.36 (compatible; Googlebot/2.1; +http://www.google.com/bot.html)" 133 **0/133210**
114.119.139.102 - - [21/Feb/2026:15:23:08 -0700] "GET /4057316539179 HTTP/1.1" 200 4524 "https://www.gazzocpa.com/sitemap.xml" "Mozilla/5.0 (Linux; Android 7.0;) AppleWebKit/537.36 (KHTML, like Gecko) Mobile Safari/537.36 (compatible; PetalBot;+https://webmaster.petalsearch.com/site/petalbot)" 137 **0/137686**
66.249.79.132 - - [21/Feb/2026:15:24:29 -0700] "GET /5838584383259 HTTP/1.1" 200 3826 "-" "Mozilla/5.0 (Linux; Android 6.0.1; Nexus 5X Build/MMB29P) AppleWebKit/537.36 (KHTML, like Gecko) Chrome/144.0.7559.132 Mobile Safari/537.36 (compatible; Googlebot/2.1; +http://www.google.com/bot.html)" 121 **0/121724**
66.249.79.133 - - [21/Feb/2026:15:25:48 -0700] "GET /2897723525129 HTTP/1.1" 200 3826 "-" "Mozilla/5.0 (Linux; Android 6.0.1; Nexus 5X Build/MMB29P) AppleWebKit/537.36 (KHTML, like Gecko) Chrome/144.0.7559.132 Mobile Safari/537.36 (compatible; Googlebot/2.1; +http://www.google.com/bot.html)" 167 **0/167591**
66.249.79.132 - - [21/Feb/2026:15:27:32 -0700] "GET /7363128404539 HTTP/1.1" 200 3826 "-" "Mozilla/5.0 (Linux; Android 6.0.1; Nexus 5X Build/MMB29P) AppleWebKit/537.36 (KHTML, like Gecko) Chrome/144.0.7559.132 Mobile Safari/537.36 (compatible; Googlebot/2.1; +http://www.google.com/bot.html)" 129 **0/129517**
66.249.79.133 - - [21/Feb/2026:15:28:59 -0700] "GET /74581108963185 HTTP/1.1" 200 3826 "-" "Mozilla/5.0 (Linux; Android 6.0.1; Nexus 5X Build/MMB29P) AppleWebKit/537.36 (KHTML, like Gecko) Chrome/144.0.7559.132 Mobile Safari/537.36 (compatible; Googlebot/2.1; +http://www.google.com/bot.html)" 116 **0/116032**
14.227.7.109 - - [21/Feb/2026:15:29:36 -0700] "GET /shop/pg/1AvailableInfo/ HTTP/1.1" 200 4524 "-" "Mozilla/5.0 (Macintosh; Intel Mac OS X 10_13_6) AppleWebKit/537.36 (KHTML, like Gecko) Brave Chrome/87.0.4280.141 Safari/537.36" 125 **0/125463**
66.249.79.132 - - [21/Feb/2026:15:30:46 -0700] "GET /13495909569650 HTTP/1.1" 200 3826 "-" "Mozilla/5.0 (Linux; Android 6.0.1; Nexus 5X Build/MMB29P) AppleWebKit/537.36 (KHTML, like Gecko) Chrome/144.0.7559.132 Mobile Safari/537.36 (compatible; Googlebot/2.1; +http://www.google.com/bot.html)" 103 **0/103237**
66.249.79.133 - - [21/Feb/2026:15:33:28 -0700] "GET /26453535928324 HTTP/1.1" 200 3826 "-" "Mozilla/5.0 (Linux; Android 6.0.1; Nexus 5X Build/MMB29P) AppleWebKit/537.36 (KHTML, like Gecko) Chrome/144.0.7559.132 Mobile Safari/537.36 (compatible; Googlebot/2.1; +http://www.google.com/bot.html)" 134 **0/134480**
128.1.227.233 - - [21/Feb/2026:15:33:59 -0700] "POST /xmlrpc.php HTTP/1.1" 200 78534 "-" "Mozilla/5.0 (Windows NT 10.0; Win64; x64) AppleWebKit/537.36 (KHTML, like Gecko) Chrome/114.0.0.0 Safari/537.36" 912 **0/912614**
128.1.227.233 - - [21/Feb/2026:15:34:01 -0700] "POST /xmlrpc.php HTTP/1.1" 200 78534 "-" "Mozilla/5.0 (Windows NT 10.0; Win64; x64) AppleWebKit/537.36 (KHTML, like Gecko) Chrome/114.0.0.0 Safari/537.36" 914 **0/914593**
66.249.79.133 - - [21/Feb/2026:15:35:32 -0700] "GET /19679252401772 HTTP/1.1" 200 3826 "-" "Mozilla/5.0 (Linux; Android 6.0.1; Nexus 5X Build/MMB29P) AppleWebKit/537.36 (KHTML, like Gecko) Chrome/144.0.7559.132 Mobile Safari/537.36 (compatible; Googlebot/2.1; +http://www.google.com/bot.html)" 152 **0/152655**
114.119.130.152 - - [21/Feb/2026:15:39:51 -0700] "GET /8297553039028 HTTP/1.1" 200 4524 "https://www.gazzocpa.com/sitemap.xml" "Mozilla/5.0 (Linux; Android 7.0;) AppleWebKit/537.36 (KHTML, like Gecko) Mobile Safari/537.36 (compatible; PetalBot;+https://webmaster.petalsearch.com/site/petalbot)" 138 **0/138124**
66.249.79.133 - - [21/Feb/2026:15:40:41 -0700] "GET /post/transforma-momentos-de-ocio-en-ganancias/ HTTP/1.1" 200 3826 "-" "Mozilla/5.0 (Linux; Android 6.0.1; Nexus 5X Build/MMB29P) AppleWebKit/537.36 (KHTML, like Gecko) Chrome/144.0.7559.132 Mobile Safari/537.36 (compatible; Googlebot/2.1; +http://www.google.com/bot.html)" 156 **0/156540**
114.119.153.118 - - [21/Feb/2026:15:41:14 -0700] "GET /7365830241078 HTTP/1.1" 200 4524 "https://www.gazzocpa.com/sitemap.xml" "Mozilla/5.0 (Linux; Android 7.0;) AppleWebKit/537.36 (KHTML, like Gecko) Mobile Safari/537.36 (compatible; PetalBot;+https://webmaster.petalsearch.com/site/petalbot)" 112 **0/112145**
114.119.159.61 - - [21/Feb/2026:15:42:44 -0700] "GET /66502417266508 HTTP/1.1" 200 4524 "https://www.gazzocpa.com/sitemap.xml" "Mozilla/5.0 (Linux; Android 7.0;) AppleWebKit/537.36 (KHTML, like Gecko) Mobile Safari/537.36 (compatible; PetalBot;+https://webmaster.petalsearch.com/site/petalbot)" 128 **0/128982**
128.1.227.233 - - [21/Feb/2026:15:43:14 -0700] "POST /xmlrpc.php HTTP/1.1" 200 78534 "-" "Mozilla/5.0 (Windows NT 10.0; Win64; x64) AppleWebKit/537.36 (KHTML, like Gecko) Chrome/114.0.0.0 Safari/537.36" 482 **0/482594**
128.1.227.233 - - [21/Feb/2026:15:43:16 -0700] "POST /xmlrpc.php HTTP/1.1" 200 78534 "-" "Mozilla/5.0 (Windows NT 10.0; Win64; x64) AppleWebKit/537.36 (KHTML, like Gecko) Chrome/114.0.0.0 Safari/537.36" 473 **0/473077**
114.119.153.118 - - [21/Feb/2026:15:44:00 -0700] "GET /2580989833481 HTTP/1.1" 200 4524 "https://www.gazzocpa.com/sitemap.xml" "Mozilla/5.0 (Linux; Android 7.0;) AppleWebKit/537.36 (KHTML, like Gecko) Mobile Safari/537.36 (compatible; PetalBot;+https://webmaster.petalsearch.com/site/petalbot)" 151 **0/151276**
66.249.79.132 - - [21/Feb/2026:15:45:02 -0700] "GET /post/garantirovanno-chestnye-kazino-igrajte-bez-obmana/ HTTP/1.1" 200 3826 "-" "Mozilla/5.0 (Linux; Android 6.0.1; Nexus 5X Build/MMB29P) AppleWebKit/537.36 (KHTML, like Gecko) Chrome/144.0.7559.132 Mobile Safari/537.36 (compatible; Googlebot/2.1; +http://www.google.com/bot.html)" 172 **0/172881**
66.249.79.133 - - [21/Feb/2026:15:45:16 -0700] "GET / HTTP/1.1" 200 3826 "-" "Mozilla/5.0 (Linux; Android 6.0.1; Nexus 5X Build/MMB29P) AppleWebKit/537.36 (KHTML, like Gecko) Chrome/144.0.7559.132 Mobile Safari/537.36 (compatible; Googlebot/2.1; +http://www.google.com/bot.html)" 124 **0/124722**
114.119.130.95 - - [21/Feb/2026:15:45:26 -0700] "GET /1786472052618 HTTP/1.1" 200 4524 "https://www.gazzocpa.com/sitemap.xml" "Mozilla/5.0 (Linux; Android 7.0;) AppleWebKit/537.36 (KHTML, like Gecko) Mobile Safari/537.36 (compatible; PetalBot;+https://webmaster.petalsearch.com/site/petalbot)" 120 **0/120289**
54.161.130.153 - - [21/Feb/2026:15:46:14 -0700] "GET / HTTP/1.1" 200 4524 "-" "TerraCotta https://github.com/CeramicTeam/CeramicTerracotta" 116 **0/116567**
66.249.79.133 - - [21/Feb/2026:15:47:31 -0700] "GET /64368217744687 HTTP/1.1" 200 3826 "-" "Mozilla/5.0 (Linux; Android 6.0.1; Nexus 5X Build/MMB29P) AppleWebKit/537.36 (KHTML, like Gecko) Chrome/144.0.7559.132 Mobile Safari/537.36 (compatible; Googlebot/2.1; +http://www.google.com/bot.html)" 135 **0/135218**
207.46.13.51 - - [21/Feb/2026:15:47:55 -0700] "GET /shop/category/categorylist.aspx HTTP/2.0" 200 3826 "-" "Mozilla/5.0 AppleWebKit/537.36 (KHTML, like Gecko; compatible; bingbot/2.0; +http://www.bing.com/bingbot.htm) Chrome/116.0.1938.76 Safari/537.36" 123 **0/123900**
40.77.167.13 - - [21/Feb/2026:15:48:26 -0700] "GET /2171483823936 HTTP/2.0" 200 3826 "-" "Mozilla/5.0 AppleWebKit/537.36 (KHTML, like Gecko; compatible; bingbot/2.0; +http://www.bing.com/bingbot.htm) Chrome/116.0.1938.76 Safari/537.36" 157 **0/157721**
128.1.227.233 - - [21/Feb/2026:15:49:31 -0700] "POST /xmlrpc.php HTTP/1.1" 200 78534 "-" "Mozilla/5.0 (Windows NT 10.0; Win64; x64) AppleWebKit/537.36 (KHTML, like Gecko) Chrome/114.0.0.0 Safari/537.36" 577 **0/577440**
128.1.227.233 - - [21/Feb/2026:15:49:33 -0700] "POST /xmlrpc.php HTTP/1.1" 200 78534 "-" "Mozilla/5.0 (Windows NT 10.0; Win64; x64) AppleWebKit/537.36 (KHTML, like Gecko) Chrome/114.0.0.0 Safari/537.36" 491 **0/491969**
66.249.79.133 - - [21/Feb/2026:15:49:55 -0700] "GET /4532622653533 HTTP/1.1" 200 3826 "-" "Mozilla/5.0 (Linux; Android 6.0.1; Nexus 5X Build/MMB29P) AppleWebKit/537.36 (KHTML, like Gecko) Chrome/144.0.7559.132 Mobile Safari/537.36 (compatible; Googlebot/2.1; +http://www.google.com/bot.html)" 124 **0/124225**
14.191.110.96 - - [21/Feb/2026:15:50:41 -0700] "GET /735743945389 HTTP/1.1" 200 4524 "-" "Mozilla/5.0 (X11; Linux x86_64) AppleWebKit/537.36 (KHTML, like Gecko) Chrome/41.0.2227.0 Safari/537.36" 127 **0/127340**
66.249.79.132 - - [21/Feb/2026:15:52:27 -0700] "GET /88693976876380 HTTP/1.1" 200 3826 "-" "Mozilla/5.0 (Linux; Android 6.0.1; Nexus 5X Build/MMB29P) AppleWebKit/537.36 (KHTML, like Gecko) Chrome/144.0.7559.132 Mobile Safari/537.36 (compatible; Googlebot/2.1; +http://www.google.com/bot.html)" 106 **0/106942**
66.249.79.132 - - [21/Feb/2026:15:54:47 -0700] "GET /10467048877888 HTTP/1.1" 200 3826 "-" "Mozilla/5.0 (Linux; Android 6.0.1; Nexus 5X Build/MMB29P) AppleWebKit/537.36 (KHTML, like Gecko) Chrome/144.0.7559.132 Mobile Safari/537.36 (compatible; Googlebot/2.1; +http://www.google.com/bot.html)" 138 **0/138539**
66.249.79.132 - - [21/Feb/2026:15:56:54 -0700] "GET /739036563884 HTTP/1.1" 200 3826 "-" "Mozilla/5.0 (Linux; Android 6.0.1; Nexus 5X Build/MMB29P) AppleWebKit/537.36 (KHTML, like Gecko) Chrome/144.0.7559.132 Mobile Safari/537.36 (compatible; Googlebot/2.1; +http://www.google.com/bot.html)" 119 **0/119970**
66.249.79.132 - - [21/Feb/2026:15:58:48 -0700] "GET /3859701885431 HTTP/1.1" 200 3827 "-" "Mozilla/5.0 (Linux; Android 6.0.1; Nexus 5X Build/MMB29P) AppleWebKit/537.36 (KHTML, like Gecko) Chrome/144.0.7559.132 Mobile Safari/537.36 (compatible; Googlebot/2.1; +http://www.google.com/bot.html)" 121 **0/121004**
66.249.79.132 - - [21/Feb/2026:16:01:48 -0700] "GET /7428388791508 HTTP/1.1" 200 3827 "-" "Mozilla/5.0 (Linux; Android 6.0.1; Nexus 5X Build/MMB29P) AppleWebKit/537.36 (KHTML, like Gecko) Chrome/144.0.7559.132 Mobile Safari/537.36 (compatible; Googlebot/2.1; +http://www.google.com/bot.html)" 118 **0/118503**
114.119.158.6 - - [21/Feb/2026:16:02:08 -0700] "GET /81667720798395 HTTP/1.1" 200 4524 "https://www.gazzocpa.com/sitemap.xml" "Mozilla/5.0 (Linux; Android 7.0;) AppleWebKit/537.36 (KHTML, like Gecko) Mobile Safari/537.36 (compatible; PetalBot;+https://webmaster.petalsearch.com/site/petalbot)" 106 **0/106602**
66.249.79.133 - - [21/Feb/2026:16:02:08 -0700] "GET /post/aufregende-geflugel-challenge-navigiere-die/ HTTP/1.1" 200 3827 "-" "Mozilla/5.0 (Linux; Android 6.0.1; Nexus 5X Build/MMB29P) AppleWebKit/537.36 (KHTML, like Gecko) Chrome/144.0.7559.132 Mobile Safari/537.36 (compatible; Googlebot/2.1; +http://www.google.com/bot.html)" 113 **0/113886**
66.249.79.133 - - [21/Feb/2026:16:03:28 -0700] "GET /post/goldene-eier-kuhne-huhner-clever-codes-erlebe-den/ HTTP/1.1" 200 3827 "-" "Mozilla/5.0 (Linux; Android 6.0.1; Nexus 5X Build/MMB29P) AppleWebKit/537.36 (KHTML, like Gecko) Chrome/144.0.7559.132 Mobile Safari/537.36 (compatible; Googlebot/2.1; +http://www.google.com/bot.html)" 115 **0/115674**
114.119.140.21 - - [21/Feb/2026:16:03:34 -0700] "GET /63540533664253 HTTP/1.1" 200 4524 "https://www.gazzocpa.com/sitemap.xml" "Mozilla/5.0 (Linux; Android 7.0;) AppleWebKit/537.36 (KHTML, like Gecko) Mobile Safari/537.36 (compatible; PetalBot;+https://webmaster.petalsearch.com/site/petalbot)" 125 **0/125682**
66.249.79.132 - - [21/Feb/2026:16:03:53 -0700] "GET /605954791484 HTTP/1.1" 200 3827 "-" "Mozilla/5.0 (Linux; Android 6.0.1; Nexus 5X Build/MMB29P) AppleWebKit/537.36 (KHTML, like Gecko) Chrome/144.0.7559.132 Mobile Safari/537.36 (compatible; Googlebot/2.1; +http://www.google.com/bot.html)" 135 **0/135015**
114.119.130.152 - - [21/Feb/2026:16:05:03 -0700] "GET /39881297166935 HTTP/1.1" 200 4524 "https://www.gazzocpa.com/sitemap.xml" "Mozilla/5.0 (Linux; Android 7.0;) AppleWebKit/537.36 (KHTML, like Gecko) Mobile Safari/537.36 (compatible; PetalBot;+https://webmaster.petalsearch.com/site/petalbot)" 155 **0/155018**
66.249.79.134 - - [21/Feb/2026:16:05:33 -0700] "GET /7436206496216 HTTP/1.1" 200 3827 "-" "Mozilla/5.0 (Linux; Android 6.0.1; Nexus 5X Build/MMB29P) AppleWebKit/537.36 (KHTML, like Gecko) Chrome/144.0.7559.132 Mobile Safari/537.36 (compatible; Googlebot/2.1; +http://www.google.com/bot.html)" 120 **0/120334**
114.119.130.95 - - [21/Feb/2026:16:06:24 -0700] "GET /28153327523673 HTTP/1.1" 200 4524 "https://www.gazzocpa.com/sitemap.xml" "Mozilla/5.0 (Linux; Android 7.0;) AppleWebKit/537.36 (KHTML, like Gecko) Mobile Safari/537.36 (compatible; PetalBot;+https://webmaster.petalsearch.com/site/petalbot)" 152 **0/152067**
66.249.79.133 - - [21/Feb/2026:16:06:53 -0700] "GET /21509812936924 HTTP/1.1" 200 3827 "-" "Mozilla/5.0 (Linux; Android 6.0.1; Nexus 5X Build/MMB29P) AppleWebKit/537.36 (KHTML, like Gecko) Chrome/144.0.7559.132 Mobile Safari/537.36 (compatible; Googlebot/2.1; +http://www.google.com/bot.html)" 114 **0/114946**
114.119.140.21 - - [21/Feb/2026:16:07:44 -0700] "GET /1766559369801 HTTP/1.1" 200 4524 "https://www.gazzocpa.com/sitemap.xml" "Mozilla/5.0 (Linux; Android 7.0;) AppleWebKit/537.36 (KHTML, like Gecko) Mobile Safari/537.36 (compatible; PetalBot;+https://webmaster.petalsearch.com/site/petalbot)" 128 **0/128699**
