114.119.159.61 - - [21/Feb/2026:18:24:15 -0700] "GET /27063132646120 HTTP/1.1" 200 4524 "https://www.gazzocpa.com/sitemap.xml" "Mozilla/5.0 (Linux; Android 7.0;) AppleWebKit/537.36 (KHTML, like Gecko) Mobile Safari/537.36 (compatible; PetalBot;+https://webmaster.petalsearch.com/site/petalbot)" 115 **0/115802**
66.249.79.132 - - [21/Feb/2026:18:24:52 -0700] "GET /9128303855202 HTTP/1.1" 200 3827 "-" "Mozilla/5.0 (Linux; Android 6.0.1; Nexus 5X Build/MMB29P) AppleWebKit/537.36 (KHTML, like Gecko) Chrome/144.0.7559.132 Mobile Safari/537.36 (compatible; Googlebot/2.1; +http://www.google.com/bot.html)" 112 **0/112979**
114.119.159.61 - - [21/Feb/2026:18:25:38 -0700] "GET /1040863185534 HTTP/1.1" 200 4524 "https://www.gazzocpa.com/sitemap.xml" "Mozilla/5.0 (Linux; Android 7.0;) AppleWebKit/537.36 (KHTML, like Gecko) Mobile Safari/537.36 (compatible; PetalBot;+https://webmaster.petalsearch.com/site/petalbot)" 1417 **1/1417970**
66.249.79.132 - - [21/Feb/2026:18:30:39 -0700] "GET /post/rolldorado-bonus-53/ HTTP/1.1" 200 3827 "-" "Mozilla/5.0 (Linux; Android 6.0.1; Nexus 5X Build/MMB29P) AppleWebKit/537.36 (KHTML, like Gecko) Chrome/144.0.7559.132 Mobile Safari/537.36 (compatible; Googlebot/2.1; +http://www.google.com/bot.html)" 134 **0/134715**
66.249.79.133 - - [21/Feb/2026:18:31:21 -0700] "GET /blog/1win-casino-en-ligne-tapes-dinscription-faciles-et-24/ HTTP/1.1" 200 3827 "-" "Mozilla/5.0 (Linux; Android 6.0.1; Nexus 5X Build/MMB29P) AppleWebKit/537.36 (KHTML, like Gecko) Chrome/144.0.7559.132 Mobile Safari/537.36 (compatible; Googlebot/2.1; +http://www.google.com/bot.html)" 779 **0/779967**
123.19.98.127 - - [21/Feb/2026:18:38:00 -0700] "GET /9932703607884 HTTP/1.1" 200 4524 "-" "Mozilla/5.0 (Windows NT 6.1; Win64; x64) AppleWebKit/537.36 (KHTML, like Gecko) Chrome/79.0.3945.88 Safari/537.36" 2018 **2/2018470**
66.249.79.133 - - [21/Feb/2026:18:40:34 -0700] "GET /post/vyigrat-zdes-i-sejchas-vash-bilet-v-mir-bolshih/ HTTP/1.1" 200 3827 "-" "Mozilla/5.0 (Linux; Android 6.0.1; Nexus 5X Build/MMB29P) AppleWebKit/537.36 (KHTML, like Gecko) Chrome/144.0.7559.132 Mobile Safari/537.36 (compatible; Googlebot/2.1; +http://www.google.com/bot.html)" 136 **0/136378**
198.235.24.158 - - [21/Feb/2026:18:40:35 -0700] "GET / HTTP/1.1" 200 37452 "-" "Hello from Palo Alto Networks, find out more about our scans in https://docs-cortex.paloaltonetworks.com/r/1/Cortex-Xpanse/Scanning-activity" 75 **0/75038**
14.227.75.167 - - [21/Feb/2026:18:41:46 -0700] "GET /9610452368519 HTTP/1.1" 200 4524 "-" "Mozilla/5.0 (Macintosh; Intel Mac OS X 10_14_5) AppleWebKit/537.36 (KHTML, like Gecko) Chrome/89.0.4389.90 Safari/537.36" 184 **0/184868**
66.249.79.133 - - [21/Feb/2026:18:44:03 -0700] "GET /51273645356214 HTTP/1.1" 200 3827 "-" "Mozilla/5.0 (Linux; Android 6.0.1; Nexus 5X Build/MMB29P) AppleWebKit/537.36 (KHTML, like Gecko) Chrome/144.0.7559.132 Mobile Safari/537.36 (compatible; Googlebot/2.1; +http://www.google.com/bot.html)" 123 **0/123368**
66.249.79.132 - - [21/Feb/2026:18:44:40 -0700] "GET /874084923080 HTTP/1.1" 200 3827 "-" "Mozilla/5.0 (Linux; Android 6.0.1; Nexus 5X Build/MMB29P) AppleWebKit/537.36 (KHTML, like Gecko) Chrome/144.0.7559.132 Mobile Safari/537.36 (compatible; Googlebot/2.1; +http://www.google.com/bot.html)" 101 **0/101733**
66.249.79.133 - - [21/Feb/2026:18:55:28 -0700] "GET /8109356644267 HTTP/1.1" 200 3827 "-" "Mozilla/5.0 (Linux; Android 6.0.1; Nexus 5X Build/MMB29P) AppleWebKit/537.36 (KHTML, like Gecko) Chrome/144.0.7559.132 Mobile Safari/537.36 (compatible; Googlebot/2.1; +http://www.google.com/bot.html)" 1447 **1/1447643**
66.249.79.132 - - [21/Feb/2026:18:55:41 -0700] "GET /6416213344343 HTTP/1.1" 200 3827 "-" "Mozilla/5.0 (Linux; Android 6.0.1; Nexus 5X Build/MMB29P) AppleWebKit/537.36 (KHTML, like Gecko) Chrome/144.0.7559.132 Mobile Safari/537.36 (compatible; Googlebot/2.1; +http://www.google.com/bot.html)" 1586 **1/1586761**
66.249.79.132 - - [21/Feb/2026:19:07:57 -0700] "GET /9954389678931 HTTP/1.1" 200 3827 "-" "Mozilla/5.0 (Linux; Android 6.0.1; Nexus 5X Build/MMB29P) AppleWebKit/537.36 (KHTML, like Gecko) Chrome/144.0.7559.132 Mobile Safari/537.36 (compatible; Googlebot/2.1; +http://www.google.com/bot.html)" 2225 **2/2225198**
13.74.146.113 - - [21/Feb/2026:19:09:54 -0700] "GET /wp-content/plugins/hellopress/wp_filemanager.php HTTP/1.1" 200 37452 "-" "-" 60 **0/60840**
13.74.146.113 - - [21/Feb/2026:19:09:55 -0700] "GET /sm.php HTTP/1.1" 200 37452 "-" "-" 56 **0/56960**
13.74.146.113 - - [21/Feb/2026:19:09:55 -0700] "GET /sc.php HTTP/1.1" 200 37452 "-" "-" 72 **0/72783**
13.74.146.113 - - [21/Feb/2026:19:09:55 -0700] "GET /ioxi-o.php HTTP/1.1" 200 37452 "-" "-" 61 **0/61383**
13.74.146.113 - - [21/Feb/2026:19:09:56 -0700] "GET /admin.php HTTP/1.1" 200 37452 "-" "-" 60 **0/60738**
113.175.248.27 - - [21/Feb/2026:19:15:07 -0700] "GET /91254190346034 HTTP/1.1" 200 4524 "-" "Mozilla/5.0 (Windows NT 5.1) AppleWebKit/537.36 (KHTML, like Gecko) Chrome/34.0.1866.237 Safari/537.36" 125 **0/125914**
66.249.79.133 - - [21/Feb/2026:19:17:57 -0700] "GET /post/desafia-tu-suerte-y-astucia-en-chicken-road-2/ HTTP/1.1" 200 3827 "-" "Mozilla/5.0 (Linux; Android 6.0.1; Nexus 5X Build/MMB29P) AppleWebKit/537.36 (KHTML, like Gecko) Chrome/144.0.7559.132 Mobile Safari/537.36 (compatible; Googlebot/2.1; +http://www.google.com/bot.html)" 1653 **1/1653545**
66.249.79.132 - - [21/Feb/2026:19:24:27 -0700] "GET /25374123517156 HTTP/1.1" 200 3827 "-" "Mozilla/5.0 (Linux; Android 6.0.1; Nexus 5X Build/MMB29P) AppleWebKit/537.36 (KHTML, like Gecko) Chrome/144.0.7559.132 Mobile Safari/537.36 (compatible; Googlebot/2.1; +http://www.google.com/bot.html)" 120 **0/120854**
66.249.79.132 - - [21/Feb/2026:19:24:28 -0700] "GET /43518080146670 HTTP/1.1" 200 3827 "-" "Mozilla/5.0 (Linux; Android 6.0.1; Nexus 5X Build/MMB29P) AppleWebKit/537.36 (KHTML, like Gecko) Chrome/144.0.7559.132 Mobile Safari/537.36 (compatible; Googlebot/2.1; +http://www.google.com/bot.html)" 139 **0/139178**
66.249.79.133 - - [21/Feb/2026:19:24:30 -0700] "GET /31490623872295 HTTP/1.1" 200 3827 "-" "Mozilla/5.0 (Linux; Android 6.0.1; Nexus 5X Build/MMB29P) AppleWebKit/537.36 (KHTML, like Gecko) Chrome/144.0.7559.132 Mobile Safari/537.36 (compatible; Googlebot/2.1; +http://www.google.com/bot.html)" 138 **0/138913**
66.249.79.132 - - [21/Feb/2026:19:24:30 -0700] "GET /71383945125789 HTTP/1.1" 200 3827 "-" "Mozilla/5.0 (Linux; Android 6.0.1; Nexus 5X Build/MMB29P) AppleWebKit/537.36 (KHTML, like Gecko) Chrome/144.0.7559.132 Mobile Safari/537.36 (compatible; Googlebot/2.1; +http://www.google.com/bot.html)" 129 **0/129281**
66.249.79.133 - - [21/Feb/2026:19:26:27 -0700] "GET /9140801865587 HTTP/1.1" 200 3827 "-" "Mozilla/5.0 (Linux; Android 6.0.1; Nexus 5X Build/MMB29P) AppleWebKit/537.36 (KHTML, like Gecko) Chrome/144.0.7559.132 Mobile Safari/537.36 (compatible; Googlebot/2.1; +http://www.google.com/bot.html)" 1618 **1/1618053**
66.249.79.133 - - [21/Feb/2026:19:26:50 -0700] "GET /9403802630337 HTTP/1.1" 200 3827 "-" "Mozilla/5.0 (Linux; Android 6.0.1; Nexus 5X Build/MMB29P) AppleWebKit/537.36 (KHTML, like Gecko) Chrome/144.0.7559.132 Mobile Safari/537.36 (compatible; Googlebot/2.1; +http://www.google.com/bot.html)" 138 **0/138592**
66.249.79.134 - - [21/Feb/2026:19:28:09 -0700] "GET /4028521645000 HTTP/1.1" 200 3827 "-" "Mozilla/5.0 (Linux; Android 6.0.1; Nexus 5X Build/MMB29P) AppleWebKit/537.36 (KHTML, like Gecko) Chrome/144.0.7559.132 Mobile Safari/537.36 (compatible; Googlebot/2.1; +http://www.google.com/bot.html)" 137 **0/137832**
66.249.79.133 - - [21/Feb/2026:19:28:13 -0700] "GET /7391307813755 HTTP/1.1" 200 3827 "-" "Mozilla/5.0 (Linux; Android 6.0.1; Nexus 5X Build/MMB29P) AppleWebKit/537.36 (KHTML, like Gecko) Chrome/144.0.7559.132 Mobile Safari/537.36 (compatible; Googlebot/2.1; +http://www.google.com/bot.html)" 125 **0/125810**
66.249.79.133 - - [21/Feb/2026:19:28:43 -0700] "GET /post/page-1429/ HTTP/1.1" 200 3827 "-" "Mozilla/5.0 (Linux; Android 6.0.1; Nexus 5X Build/MMB29P) AppleWebKit/537.36 (KHTML, like Gecko) Chrome/144.0.7559.132 Mobile Safari/537.36 (compatible; Googlebot/2.1; +http://www.google.com/bot.html)" 128 **0/128519**
66.249.79.132 - - [21/Feb/2026:19:28:47 -0700] "GET /8605580407560 HTTP/1.1" 200 3827 "-" "Mozilla/5.0 (Linux; Android 6.0.1; Nexus 5X Build/MMB29P) AppleWebKit/537.36 (KHTML, like Gecko) Chrome/144.0.7559.132 Mobile Safari/537.36 (compatible; Googlebot/2.1; +http://www.google.com/bot.html)" 105 **0/105324**
66.249.79.132 - - [21/Feb/2026:19:28:55 -0700] "GET /95418343645645 HTTP/1.1" 200 3827 "-" "Mozilla/5.0 (Linux; Android 6.0.1; Nexus 5X Build/MMB29P) AppleWebKit/537.36 (KHTML, like Gecko) Chrome/144.0.7559.132 Mobile Safari/537.36 (compatible; Googlebot/2.1; +http://www.google.com/bot.html)" 102 **0/102099**
193.233.245.101 - - [21/Feb/2026:19:30:15 -0700] "GET /post/desata-la-fortuna-guia-definitiva-para-dominar-el/ HTTP/2.0" 200 3827 "-" "Mozilla/5.0 (Windows NT 10.0; Win64; x64) AppleWebKit/537.36 (KHTML, like Gecko) Chrome/141.0.0.0 Safari/537.36 Edg/141.0.0.0" 119 **0/119132**
193.233.245.101 - - [21/Feb/2026:19:30:16 -0700] "GET /favicon.ico HTTP/2.0" 200 5 "https://www.gazzocpa.com/post/desata-la-fortuna-guia-definitiva-para-dominar-el/" "Mozilla/5.0 (Windows NT 10.0; Win64; x64) AppleWebKit/537.36 (KHTML, like Gecko) Chrome/141.0.0.0 Safari/537.36 Edg/141.0.0.0" 21 **0/21118**
193.233.245.101 - - [21/Feb/2026:19:30:19 -0700] "GET /robots.txt HTTP/2.0" 200 70 "https://www.gazzocpa.com/post/desata-la-fortuna-guia-definitiva-para-dominar-el/" "Mozilla/5.0 (Windows NT 10.0; Win64; x64) AppleWebKit/537.36 (KHTML, like Gecko) Chrome/141.0.0.0 Safari/537.36 Edg/141.0.0.0" 9 **0/9469**
40.77.167.0 - - [21/Feb/2026:19:32:09 -0700] "GET /5638472640997 HTTP/2.0" 200 3827 "-" "Mozilla/5.0 AppleWebKit/537.36 (KHTML, like Gecko; compatible; bingbot/2.0; +http://www.bing.com/bingbot.htm) Chrome/116.0.1938.76 Safari/537.36" 108 **0/108052**
66.249.79.134 - - [21/Feb/2026:19:33:10 -0700] "GET /6259054847767 HTTP/1.1" 200 3827 "-" "Mozilla/5.0 (Linux; Android 6.0.1; Nexus 5X Build/MMB29P) AppleWebKit/537.36 (KHTML, like Gecko) Chrome/144.0.7559.132 Mobile Safari/537.36 (compatible; Googlebot/2.1; +http://www.google.com/bot.html)" 149 **0/149581**
66.249.79.132 - - [21/Feb/2026:19:33:36 -0700] "GET /2878432834626 HTTP/1.1" 200 3827 "-" "Mozilla/5.0 (Linux; Android 6.0.1; Nexus 5X Build/MMB29P) AppleWebKit/537.36 (KHTML, like Gecko) Chrome/144.0.7559.132 Mobile Safari/537.36 (compatible; Googlebot/2.1; +http://www.google.com/bot.html)" 137 **0/137324**
66.249.79.132 - - [21/Feb/2026:19:33:37 -0700] "GET /8627380980796 HTTP/1.1" 200 3827 "-" "Mozilla/5.0 (Linux; Android 6.0.1; Nexus 5X Build/MMB29P) AppleWebKit/537.36 (KHTML, like Gecko) Chrome/144.0.7559.132 Mobile Safari/537.36 (compatible; Googlebot/2.1; +http://www.google.com/bot.html)" 153 **0/153775**
66.249.79.132 - - [21/Feb/2026:19:33:42 -0700] "GET /post/crafting-thrills-experience-next-level-casino/ HTTP/1.1" 200 3827 "-" "Mozilla/5.0 (Linux; Android 6.0.1; Nexus 5X Build/MMB29P) AppleWebKit/537.36 (KHTML, like Gecko) Chrome/144.0.7559.132 Mobile Safari/537.36 (compatible; Googlebot/2.1; +http://www.google.com/bot.html)" 121 **0/121586**
66.249.79.134 - - [21/Feb/2026:19:37:11 -0700] "GET /26992821397073 HTTP/1.1" 200 3827 "-" "Mozilla/5.0 (Linux; Android 6.0.1; Nexus 5X Build/MMB29P) AppleWebKit/537.36 (KHTML, like Gecko) Chrome/144.0.7559.132 Mobile Safari/537.36 (compatible; Googlebot/2.1; +http://www.google.com/bot.html)" 111 **0/111469**
66.249.79.133 - - [21/Feb/2026:19:37:24 -0700] "GET /37465129204515 HTTP/1.1" 200 3827 "-" "Mozilla/5.0 (Linux; Android 6.0.1; Nexus 5X Build/MMB29P) AppleWebKit/537.36 (KHTML, like Gecko) Chrome/144.0.7559.132 Mobile Safari/537.36 (compatible; Googlebot/2.1; +http://www.google.com/bot.html)" 143 **0/143880**
66.249.79.132 - - [21/Feb/2026:19:37:33 -0700] "GET /15736914771698 HTTP/1.1" 200 3827 "-" "Mozilla/5.0 (Linux; Android 6.0.1; Nexus 5X Build/MMB29P) AppleWebKit/537.36 (KHTML, like Gecko) Chrome/144.0.7559.132 Mobile Safari/537.36 (compatible; Googlebot/2.1; +http://www.google.com/bot.html)" 108 **0/108453**
66.249.79.132 - - [21/Feb/2026:19:37:36 -0700] "GET /9687601072231 HTTP/1.1" 200 3827 "-" "Mozilla/5.0 (Linux; Android 6.0.1; Nexus 5X Build/MMB29P) AppleWebKit/537.36 (KHTML, like Gecko) Chrome/144.0.7559.132 Mobile Safari/537.36 (compatible; Googlebot/2.1; +http://www.google.com/bot.html)" 128 **0/128588**
66.249.79.132 - - [21/Feb/2026:19:37:43 -0700] "GET /42381264529629 HTTP/1.1" 200 3827 "-" "Mozilla/5.0 (Linux; Android 6.0.1; Nexus 5X Build/MMB29P) AppleWebKit/537.36 (KHTML, like Gecko) Chrome/144.0.7559.132 Mobile Safari/537.36 (compatible; Googlebot/2.1; +http://www.google.com/bot.html)" 278 **0/278416**
66.249.79.133 - - [21/Feb/2026:19:38:04 -0700] "GET /167871106367 HTTP/1.1" 200 3827 "-" "Mozilla/5.0 (Linux; Android 6.0.1; Nexus 5X Build/MMB29P) AppleWebKit/537.36 (KHTML, like Gecko) Chrome/144.0.7559.132 Mobile Safari/537.36 (compatible; Googlebot/2.1; +http://www.google.com/bot.html)" 1536 **1/1536627**
66.249.79.132 - - [21/Feb/2026:19:38:06 -0700] "GET /96458692022090 HTTP/1.1" 200 3827 "-" "Mozilla/5.0 (Linux; Android 6.0.1; Nexus 5X Build/MMB29P) AppleWebKit/537.36 (KHTML, like Gecko) Chrome/144.0.7559.132 Mobile Safari/537.36 (compatible; Googlebot/2.1; +http://www.google.com/bot.html)" 115 **0/115332**
14.176.102.251 - - [21/Feb/2026:19:38:20 -0700] "GET /71638580046415 HTTP/1.1" 200 4524 "-" "Mozilla/5.0 (Macintosh; Intel Mac OS X 10_11_6) AppleWebKit/537.36 (KHTML, like Gecko) Brave Chrome/87.0.4280.141 Safari/537.36" 153 **0/153436**
77.20.253.147 - - [21/Feb/2026:19:38:22 -0700] "POST /wp-admin/admin-ajax.php?action=sm_ping HTTP/1.1" 200 6319 "-" "Mozilla/5.0 (Windows NT 10.0; Win64; x64) AppleWebKit/537.36 (KHTML, like Gecko) Chrome/120.0.0.0 Safari/537.36" 112 **0/112204**
77.20.253.147 - - [21/Feb/2026:19:38:23 -0700] "POST /wp-admin/admin-ajax.php?action=hnpt_ping HTTP/1.1" 200 6319 "-" "Mozilla/5.0 (Windows NT 10.0; Win64; x64) AppleWebKit/537.36 (KHTML, like Gecko) Chrome/120.0.0.0 Safari/537.36" 118 **0/118072**
66.249.79.133 - - [21/Feb/2026:19:38:33 -0700] "GET /post/hrajte-chyte-vyhrajte-s-betonred-casino-vae-brana/ HTTP/1.1" 200 3827 "-" "Mozilla/5.0 (Linux; Android 6.0.1; Nexus 5X Build/MMB29P) AppleWebKit/537.36 (KHTML, like Gecko) Chrome/144.0.7559.132 Mobile Safari/537.36 (compatible; Googlebot/2.1; +http://www.google.com/bot.html)" 159 **0/159690**
66.249.79.132 - - [21/Feb/2026:19:38:43 -0700] "GET /post/adrenalinova-vyzva-eka-maximalizujte-zisky-a/ HTTP/1.1" 200 3827 "-" "Mozilla/5.0 (Linux; Android 6.0.1; Nexus 5X Build/MMB29P) AppleWebKit/537.36 (KHTML, like Gecko) Chrome/144.0.7559.132 Mobile Safari/537.36 (compatible; Googlebot/2.1; +http://www.google.com/bot.html)" 127 **0/127210**
66.249.79.132 - - [21/Feb/2026:19:38:45 -0700] "GET /9572358613006 HTTP/1.1" 200 3827 "-" "Mozilla/5.0 (Linux; Android 6.0.1; Nexus 5X Build/MMB29P) AppleWebKit/537.36 (KHTML, like Gecko) Chrome/144.0.7559.132 Mobile Safari/537.36 (compatible; Googlebot/2.1; +http://www.google.com/bot.html)" 121 **0/121987**
66.249.79.132 - - [21/Feb/2026:19:39:38 -0700] "GET /post/desafia-tu-suerte-y-habilidad-llega-al-huevo/ HTTP/1.1" 200 3827 "-" "Mozilla/5.0 (Linux; Android 6.0.1; Nexus 5X Build/MMB29P) AppleWebKit/537.36 (KHTML, like Gecko) Chrome/144.0.7559.132 Mobile Safari/537.36 (compatible; Googlebot/2.1; +http://www.google.com/bot.html)" 143 **0/143657**
66.249.79.132 - - [21/Feb/2026:19:39:41 -0700] "GET /71729413112372 HTTP/1.1" 200 3827 "-" "Mozilla/5.0 (Linux; Android 6.0.1; Nexus 5X Build/MMB29P) AppleWebKit/537.36 (KHTML, like Gecko) Chrome/144.0.7559.132 Mobile Safari/537.36 (compatible; Googlebot/2.1; +http://www.google.com/bot.html)" 130 **0/130585**
193.233.245.251 - - [21/Feb/2026:19:39:41 -0700] "GET /?p=24418 HTTP/2.0" 200 3827 "-" "Mozilla/5.0 (Windows NT 10.0; Win64; x64) AppleWebKit/537.36 (KHTML, like Gecko) Chrome/141.0.0.0 Safari/537.36" 206 **0/206323**
66.249.79.134 - - [21/Feb/2026:19:39:41 -0700] "GET /2918376278783 HTTP/1.1" 200 3827 "-" "Mozilla/5.0 (Linux; Android 6.0.1; Nexus 5X Build/MMB29P) AppleWebKit/537.36 (KHTML, like Gecko) Chrome/144.0.7559.132 Mobile Safari/537.36 (compatible; Googlebot/2.1; +http://www.google.com/bot.html)" 213 **0/213537**
66.249.79.134 - - [21/Feb/2026:19:39:42 -0700] "GET /6503789512278 HTTP/1.1" 200 3827 "-" "Mozilla/5.0 (Linux; Android 6.0.1; Nexus 5X Build/MMB29P) AppleWebKit/537.36 (KHTML, like Gecko) Chrome/144.0.7559.132 Mobile Safari/537.36 (compatible; Googlebot/2.1; +http://www.google.com/bot.html)" 146 **0/146016**
66.249.79.132 - - [21/Feb/2026:19:39:42 -0700] "GET /post/goldene-eier-kuhne-huhner-clever-codes-erlebe-den/ HTTP/1.1" 200 3827 "-" "Mozilla/5.0 (Linux; Android 6.0.1; Nexus 5X Build/MMB29P) AppleWebKit/537.36 (KHTML, like Gecko) Chrome/144.0.7559.132 Mobile Safari/537.36 (compatible; Googlebot/2.1; +http://www.google.com/bot.html)" 136 **0/136346**
193.233.245.251 - - [21/Feb/2026:19:39:43 -0700] "GET /favicon.ico HTTP/2.0" 200 5 "https://gazzocpa.com/?p=24418" "Mozilla/5.0 (Windows NT 10.0; Win64; x64) AppleWebKit/537.36 (KHTML, like Gecko) Chrome/141.0.0.0 Safari/537.36" 23 **0/23651**
66.249.79.133 - - [21/Feb/2026:19:39:43 -0700] "GET /145649102387 HTTP/1.1" 200 3827 "-" "Mozilla/5.0 (Linux; Android 6.0.1; Nexus 5X Build/MMB29P) AppleWebKit/537.36 (KHTML, like Gecko) Chrome/144.0.7559.132 Mobile Safari/537.36 (compatible; Googlebot/2.1; +http://www.google.com/bot.html)" 149 **0/149744**
66.249.79.133 - - [21/Feb/2026:19:39:43 -0700] "GET /637938098484 HTTP/1.1" 200 3827 "-" "Mozilla/5.0 (Linux; Android 6.0.1; Nexus 5X Build/MMB29P) AppleWebKit/537.36 (KHTML, like Gecko) Chrome/144.0.7559.132 Mobile Safari/537.36 (compatible; Googlebot/2.1; +http://www.google.com/bot.html)" 128 **0/128993**
193.233.245.251 - - [21/Feb/2026:19:39:45 -0700] "GET /robots.txt HTTP/2.0" 200 70 "https://gazzocpa.com/?p=24418" "Mozilla/5.0 (Windows NT 10.0; Win64; x64) AppleWebKit/537.36 (KHTML, like Gecko) Chrome/141.0.0.0 Safari/537.36" 8 **0/8754**
66.249.79.132 - - [21/Feb/2026:19:39:48 -0700] "GET /463195144295 HTTP/1.1" 200 3827 "-" "Mozilla/5.0 (Linux; Android 6.0.1; Nexus 5X Build/MMB29P) AppleWebKit/537.36 (KHTML, like Gecko) Chrome/144.0.7559.132 Mobile Safari/537.36 (compatible; Googlebot/2.1; +http://www.google.com/bot.html)" 144 **0/144615**
66.249.79.132 - - [21/Feb/2026:19:39:49 -0700] "GET /15826947403233 HTTP/1.1" 200 3827 "-" "Mozilla/5.0 (Linux; Android 6.0.1; Nexus 5X Build/MMB29P) AppleWebKit/537.36 (KHTML, like Gecko) Chrome/144.0.7559.132 Mobile Safari/537.36 (compatible; Googlebot/2.1; +http://www.google.com/bot.html)" 145 **0/145559**
66.249.79.132 - - [21/Feb/2026:19:39:51 -0700] "GET /3487026888569 HTTP/1.1" 200 3827 "-" "Mozilla/5.0 (Linux; Android 6.0.1; Nexus 5X Build/MMB29P) AppleWebKit/537.36 (KHTML, like Gecko) Chrome/144.0.7559.132 Mobile Safari/537.36 (compatible; Googlebot/2.1; +http://www.google.com/bot.html)" 125 **0/125891**
66.249.79.132 - - [21/Feb/2026:19:39:52 -0700] "GET /1673387169738 HTTP/1.1" 200 3827 "-" "Mozilla/5.0 (Linux; Android 6.0.1; Nexus 5X Build/MMB29P) AppleWebKit/537.36 (KHTML, like Gecko) Chrome/144.0.7559.132 Mobile Safari/537.36 (compatible; Googlebot/2.1; +http://www.google.com/bot.html)" 173 **0/173665**
66.249.79.132 - - [21/Feb/2026:19:39:52 -0700] "GET /8052819028631 HTTP/1.1" 200 3827 "-" "Mozilla/5.0 (Linux; Android 6.0.1; Nexus 5X Build/MMB29P) AppleWebKit/537.36 (KHTML, like Gecko) Chrome/144.0.7559.132 Mobile Safari/537.36 (compatible; Googlebot/2.1; +http://www.google.com/bot.html)" 169 **0/169870**
66.249.79.134 - - [21/Feb/2026:19:40:01 -0700] "GET /20287213503220 HTTP/1.1" 200 3827 "-" "Mozilla/5.0 (Linux; Android 6.0.1; Nexus 5X Build/MMB29P) AppleWebKit/537.36 (KHTML, like Gecko) Chrome/144.0.7559.132 Mobile Safari/537.36 (compatible; Googlebot/2.1; +http://www.google.com/bot.html)" 1685 **1/1685930**
66.249.79.133 - - [21/Feb/2026:19:40:37 -0700] "GET /blog/oficialnyj-sajt-pinco-igrat-onlajn-zerkalo-i-vhod-142/ HTTP/1.1" 200 3827 "-" "Mozilla/5.0 (Linux; Android 6.0.1; Nexus 5X Build/MMB29P) AppleWebKit/537.36 (KHTML, like Gecko) Chrome/144.0.7559.132 Mobile Safari/537.36 (compatible; Googlebot/2.1; +http://www.google.com/bot.html)" 112 **0/112619**
66.249.79.134 - - [21/Feb/2026:19:41:26 -0700] "GET /55261404244400 HTTP/1.1" 200 3827 "-" "Mozilla/5.0 (Linux; Android 6.0.1; Nexus 5X Build/MMB29P) AppleWebKit/537.36 (KHTML, like Gecko) Chrome/144.0.7559.132 Mobile Safari/537.36 (compatible; Googlebot/2.1; +http://www.google.com/bot.html)" 1930 **1/1930181**
66.249.79.132 - - [21/Feb/2026:19:41:31 -0700] "GET /5359439228119 HTTP/1.1" 200 3827 "-" "Mozilla/5.0 (Linux; Android 6.0.1; Nexus 5X Build/MMB29P) AppleWebKit/537.36 (KHTML, like Gecko) Chrome/144.0.7559.132 Mobile Safari/537.36 (compatible; Googlebot/2.1; +http://www.google.com/bot.html)" 127 **0/127720**
66.249.79.132 - - [21/Feb/2026:19:41:32 -0700] "GET /post/forge-your-fortune-with-khelkaro-6-000-games-4/ HTTP/1.1" 200 3827 "-" "Mozilla/5.0 (Linux; Android 6.0.1; Nexus 5X Build/MMB29P) AppleWebKit/537.36 (KHTML, like Gecko) Chrome/144.0.7559.132 Mobile Safari/537.36 (compatible; Googlebot/2.1; +http://www.google.com/bot.html)" 153 **0/153826**
66.249.79.134 - - [21/Feb/2026:19:41:52 -0700] "GET /92871666880466 HTTP/1.1" 200 3827 "-" "Mozilla/5.0 (Linux; Android 6.0.1; Nexus 5X Build/MMB29P) AppleWebKit/537.36 (KHTML, like Gecko) Chrome/144.0.7559.132 Mobile Safari/537.36 (compatible; Googlebot/2.1; +http://www.google.com/bot.html)" 121 **0/121508**
66.249.79.132 - - [21/Feb/2026:19:42:55 -0700] "GET /92791071692792 HTTP/1.1" 200 3827 "-" "Mozilla/5.0 (Linux; Android 6.0.1; Nexus 5X Build/MMB29P) AppleWebKit/537.36 (KHTML, like Gecko) Chrome/144.0.7559.132 Mobile Safari/537.36 (compatible; Googlebot/2.1; +http://www.google.com/bot.html)" 104 **0/104043**
66.249.79.134 - - [21/Feb/2026:19:43:32 -0700] "GET /94004182122819 HTTP/1.1" 200 3827 "-" "Mozilla/5.0 (Linux; Android 6.0.1; Nexus 5X Build/MMB29P) AppleWebKit/537.36 (KHTML, like Gecko) Chrome/144.0.7559.132 Mobile Safari/537.36 (compatible; Googlebot/2.1; +http://www.google.com/bot.html)" 110 **0/110998**
66.249.79.132 - - [21/Feb/2026:19:44:43 -0700] "GET /post/emocion-deportiva-al-maximo-nivel-encuentra-tus/ HTTP/1.1" 200 3827 "-" "Mozilla/5.0 (Linux; Android 6.0.1; Nexus 5X Build/MMB29P) AppleWebKit/537.36 (KHTML, like Gecko) Chrome/144.0.7559.132 Mobile Safari/537.36 (compatible; Googlebot/2.1; +http://www.google.com/bot.html)" 123 **0/123647**
66.249.79.132 - - [21/Feb/2026:19:44:48 -0700] "GET /blog/online-casino-south-africa-rankings-best-platforms-15/ HTTP/1.1" 200 3827 "-" "Mozilla/5.0 (Linux; Android 6.0.1; Nexus 5X Build/MMB29P) AppleWebKit/537.36 (KHTML, like Gecko) Chrome/144.0.7559.132 Mobile Safari/537.36 (compatible; Googlebot/2.1; +http://www.google.com/bot.html)" 120 **0/120812**
66.249.79.132 - - [21/Feb/2026:19:46:43 -0700] "GET /65428170311169 HTTP/1.1" 200 3827 "-" "Mozilla/5.0 (Linux; Android 6.0.1; Nexus 5X Build/MMB29P) AppleWebKit/537.36 (KHTML, like Gecko) Chrome/144.0.7559.132 Mobile Safari/537.36 (compatible; Googlebot/2.1; +http://www.google.com/bot.html)" 1581 **1/1581660**
66.249.79.132 - - [21/Feb/2026:19:46:43 -0700] "GET /post/ambitious-feathers-navigate-escalating-challenges/ HTTP/1.1" 200 3827 "-" "Mozilla/5.0 (Linux; Android 6.0.1; Nexus 5X Build/MMB29P) AppleWebKit/537.36 (KHTML, like Gecko) Chrome/144.0.7559.132 Mobile Safari/537.36 (compatible; Googlebot/2.1; +http://www.google.com/bot.html)" 2443 **2/2443237**
66.249.79.132 - - [21/Feb/2026:19:46:58 -0700] "GET /9852151133668 HTTP/1.1" 200 3827 "-" "Mozilla/5.0 (Linux; Android 6.0.1; Nexus 5X Build/MMB29P) AppleWebKit/537.36 (KHTML, like Gecko) Chrome/144.0.7559.132 Mobile Safari/537.36 (compatible; Googlebot/2.1; +http://www.google.com/bot.html)" 1380 **1/1380572**
66.249.79.133 - - [21/Feb/2026:19:50:17 -0700] "GET /post/glimlach-naar-je-fortuin-speel-slim-en-win-groots/ HTTP/1.1" 200 3827 "-" "Mozilla/5.0 (Linux; Android 6.0.1; Nexus 5X Build/MMB29P) AppleWebKit/537.36 (KHTML, like Gecko) Chrome/144.0.7559.132 Mobile Safari/537.36 (compatible; Googlebot/2.1; +http://www.google.com/bot.html)" 2263 **2/2263558**
66.249.79.133 - - [21/Feb/2026:19:51:05 -0700] "GET /23799876735701 HTTP/1.1" 200 3827 "-" "Mozilla/5.0 (Linux; Android 6.0.1; Nexus 5X Build/MMB29P) AppleWebKit/537.36 (KHTML, like Gecko) Chrome/144.0.7559.132 Mobile Safari/537.36 (compatible; Googlebot/2.1; +http://www.google.com/bot.html)" 2561 **2/2561057**
66.249.79.132 - - [21/Feb/2026:19:51:44 -0700] "GET /2246124463093 HTTP/1.1" 200 3827 "-" "Mozilla/5.0 (Linux; Android 6.0.1; Nexus 5X Build/MMB29P) AppleWebKit/537.36 (KHTML, like Gecko) Chrome/144.0.7559.132 Mobile Safari/537.36 (compatible; Googlebot/2.1; +http://www.google.com/bot.html)" 2147 **2/2147546**
66.249.79.132 - - [21/Feb/2026:19:52:06 -0700] "GET /services/wincraft-casino-%E1%83%A1-%E1%83%A8%E1%83%94%E1%83%9C%E1%83%98%E1%83%A8%E1%83%95%E1%83%9C%E1%83%90-2025-%E1%83%AC%E1%83%9A%E1%83%98%E1%83%A1-%E1%83%90%E1%83%92%E1%83%95%E1%83%98%E1%83%A1%E1%83%A2/ HTTP/1.1" 200 3827 "-" "Mozilla/5.0 (Linux; Android 6.0.1; Nexus 5X Build/MMB29P) AppleWebKit/537.36 (KHTML, like Gecko) Chrome/144.0.7559.132 Mobile Safari/537.36 (compatible; Googlebot/2.1; +http://www.google.com/bot.html)" 2118 **2/2118260**
66.249.79.132 - - [21/Feb/2026:19:52:55 -0700] "GET /7436568847826 HTTP/1.1" 200 3827 "-" "Mozilla/5.0 (Linux; Android 6.0.1; Nexus 5X Build/MMB29P) AppleWebKit/537.36 (KHTML, like Gecko) Chrome/144.0.7559.132 Mobile Safari/537.36 (compatible; Googlebot/2.1; +http://www.google.com/bot.html)" 1501 **1/1501098**
66.249.79.132 - - [21/Feb/2026:19:53:10 -0700] "GET /1320283959138 HTTP/1.1" 200 3827 "-" "Mozilla/5.0 (Linux; Android 6.0.1; Nexus 5X Build/MMB29P) AppleWebKit/537.36 (KHTML, like Gecko) Chrome/144.0.7559.132 Mobile Safari/537.36 (compatible; Googlebot/2.1; +http://www.google.com/bot.html)" 1745 **1/1745110**
66.249.79.132 - - [21/Feb/2026:19:53:42 -0700] "GET /58849295790526 HTTP/1.1" 200 3827 "-" "Mozilla/5.0 (Linux; Android 6.0.1; Nexus 5X Build/MMB29P) AppleWebKit/537.36 (KHTML, like Gecko) Chrome/144.0.7559.132 Mobile Safari/537.36 (compatible; Googlebot/2.1; +http://www.google.com/bot.html)" 1185 **1/1185262**
66.249.79.133 - - [21/Feb/2026:19:55:14 -0700] "GET /94217452007679 HTTP/1.1" 200 3827 "-" "Mozilla/5.0 (Linux; Android 6.0.1; Nexus 5X Build/MMB29P) AppleWebKit/537.36 (KHTML, like Gecko) Chrome/144.0.7559.132 Mobile Safari/537.36 (compatible; Googlebot/2.1; +http://www.google.com/bot.html)" 1628 **1/1628554**
66.249.79.132 - - [21/Feb/2026:19:55:22 -0700] "GET /post/laudace-avicole-recompensee-tentez-votre-chance/ HTTP/1.1" 200 3827 "-" "Mozilla/5.0 (Linux; Android 6.0.1; Nexus 5X Build/MMB29P) AppleWebKit/537.36 (KHTML, like Gecko) Chrome/144.0.7559.132 Mobile Safari/537.36 (compatible; Googlebot/2.1; +http://www.google.com/bot.html)" 2290 **2/2290890**
66.249.79.132 - - [21/Feb/2026:19:55:30 -0700] "GET /blog/oficialnyj-sajt-vhod-na-rabochee-zerkalo-vavada-990/ HTTP/1.1" 200 3827 "-" "Mozilla/5.0 (Linux; Android 6.0.1; Nexus 5X Build/MMB29P) AppleWebKit/537.36 (KHTML, like Gecko) Chrome/144.0.7559.132 Mobile Safari/537.36 (compatible; Googlebot/2.1; +http://www.google.com/bot.html)" 1248 **1/1248746**
66.249.79.132 - - [21/Feb/2026:19:55:48 -0700] "GET /7586069811346 HTTP/1.1" 200 3827 "-" "Mozilla/5.0 (Linux; Android 6.0.1; Nexus 5X Build/MMB29P) AppleWebKit/537.36 (KHTML, like Gecko) Chrome/144.0.7559.132 Mobile Safari/537.36 (compatible; Googlebot/2.1; +http://www.google.com/bot.html)" 1411 **1/1411487**
66.249.79.132 - - [21/Feb/2026:19:55:58 -0700] "GET /7863150321989 HTTP/1.1" 200 3827 "-" "Mozilla/5.0 (Linux; Android 6.0.1; Nexus 5X Build/MMB29P) AppleWebKit/537.36 (KHTML, like Gecko) Chrome/144.0.7559.132 Mobile Safari/537.36 (compatible; Googlebot/2.1; +http://www.google.com/bot.html)" 1398 **1/1398525**
66.249.79.132 - - [21/Feb/2026:19:56:11 -0700] "GET /47192112652000 HTTP/1.1" 200 3827 "-" "Mozilla/5.0 (Linux; Android 6.0.1; Nexus 5X Build/MMB29P) AppleWebKit/537.36 (KHTML, like Gecko) Chrome/144.0.7559.132 Mobile Safari/537.36 (compatible; Googlebot/2.1; +http://www.google.com/bot.html)" 1805 **1/1805049**
66.249.79.132 - - [21/Feb/2026:19:56:25 -0700] "GET /20375870171619 HTTP/1.1" 200 3827 "-" "Mozilla/5.0 (Linux; Android 6.0.1; Nexus 5X Build/MMB29P) AppleWebKit/537.36 (KHTML, like Gecko) Chrome/144.0.7559.132 Mobile Safari/537.36 (compatible; Googlebot/2.1; +http://www.google.com/bot.html)" 1401 **1/1401539**
66.249.79.132 - - [21/Feb/2026:19:56:27 -0700] "GET /65880169076468 HTTP/1.1" 200 3827 "-" "Mozilla/5.0 (Linux; Android 6.0.1; Nexus 5X Build/MMB29P) AppleWebKit/537.36 (KHTML, like Gecko) Chrome/144.0.7559.132 Mobile Safari/537.36 (compatible; Googlebot/2.1; +http://www.google.com/bot.html)" 1329 **1/1329807**
40.77.167.143 - - [21/Feb/2026:19:56:50 -0700] "GET /1238512865523 HTTP/2.0" 200 3827 "-" "Mozilla/5.0 AppleWebKit/537.36 (KHTML, like Gecko; compatible; bingbot/2.0; +http://www.bing.com/bingbot.htm) Chrome/116.0.1938.76 Safari/537.36" 1500 **1/1500118**
66.249.79.134 - - [21/Feb/2026:19:56:51 -0700] "GET /6093412377860 HTTP/1.1" 200 3827 "-" "Mozilla/5.0 (Linux; Android 6.0.1; Nexus 5X Build/MMB29P) AppleWebKit/537.36 (KHTML, like Gecko) Chrome/144.0.7559.132 Mobile Safari/537.36 (compatible; Googlebot/2.1; +http://www.google.com/bot.html)" 1881 **1/1881070**
66.249.79.133 - - [21/Feb/2026:19:56:53 -0700] "GET /3589744251125 HTTP/1.1" 200 3827 "-" "Mozilla/5.0 (Linux; Android 6.0.1; Nexus 5X Build/MMB29P) AppleWebKit/537.36 (KHTML, like Gecko) Chrome/144.0.7559.132 Mobile Safari/537.36 (compatible; Googlebot/2.1; +http://www.google.com/bot.html)" 2046 **2/2046938**
66.249.79.133 - - [21/Feb/2026:19:56:57 -0700] "GET /8534547267760 HTTP/1.1" 200 3827 "-" "Mozilla/5.0 (Linux; Android 6.0.1; Nexus 5X Build/MMB29P) AppleWebKit/537.36 (KHTML, like Gecko) Chrome/144.0.7559.132 Mobile Safari/537.36 (compatible; Googlebot/2.1; +http://www.google.com/bot.html)" 1365 **1/1365265**
66.249.79.133 - - [21/Feb/2026:19:57:07 -0700] "GET /12976336385229 HTTP/1.1" 200 3827 "-" "Mozilla/5.0 (Linux; Android 6.0.1; Nexus 5X Build/MMB29P) AppleWebKit/537.36 (KHTML, like Gecko) Chrome/144.0.7559.132 Mobile Safari/537.36 (compatible; Googlebot/2.1; +http://www.google.com/bot.html)" 1517 **1/1517642**
66.249.79.132 - - [21/Feb/2026:19:57:45 -0700] "GET /7560058996205 HTTP/1.1" 200 3827 "-" "Mozilla/5.0 (Linux; Android 6.0.1; Nexus 5X Build/MMB29P) AppleWebKit/537.36 (KHTML, like Gecko) Chrome/144.0.7559.132 Mobile Safari/537.36 (compatible; Googlebot/2.1; +http://www.google.com/bot.html)" 1385 **1/1385855**
66.249.79.132 - - [21/Feb/2026:19:57:54 -0700] "GET /13349976939156 HTTP/1.1" 200 3827 "-" "Mozilla/5.0 (Linux; Android 6.0.1; Nexus 5X Build/MMB29P) AppleWebKit/537.36 (KHTML, like Gecko) Chrome/144.0.7559.132 Mobile Safari/537.36 (compatible; Googlebot/2.1; +http://www.google.com/bot.html)" 1203 **1/1203398**
66.249.79.132 - - [21/Feb/2026:19:59:27 -0700] "GET /services/smidiga-insattningar-och-snabba-uttag-sa-fungerar-slotpony-com/ HTTP/1.1" 200 3827 "-" "Mozilla/5.0 (Linux; Android 6.0.1; Nexus 5X Build/MMB29P) AppleWebKit/537.36 (KHTML, like Gecko) Chrome/144.0.7559.132 Mobile Safari/537.36 (compatible; Googlebot/2.1; +http://www.google.com/bot.html)" 121 **0/121503**
66.249.79.134 - - [21/Feb/2026:20:00:09 -0700] "GET /3285819149016 HTTP/1.1" 200 3827 "-" "Mozilla/5.0 (Linux; Android 6.0.1; Nexus 5X Build/MMB29P) AppleWebKit/537.36 (KHTML, like Gecko) Chrome/144.0.7559.132 Mobile Safari/537.36 (compatible; Googlebot/2.1; +http://www.google.com/bot.html)" 142 **0/142423**
66.249.79.133 - - [21/Feb/2026:20:00:16 -0700] "GET /post/tsti-v-pohybu-jak-funguje-plinko-recenze-a-me/ HTTP/1.1" 200 3827 "-" "Mozilla/5.0 (Linux; Android 6.0.1; Nexus 5X Build/MMB29P) AppleWebKit/537.36 (KHTML, like Gecko) Chrome/144.0.7559.132 Mobile Safari/537.36 (compatible; Googlebot/2.1; +http://www.google.com/bot.html)" 141 **0/141555**
66.249.79.134 - - [21/Feb/2026:20:01:55 -0700] "GET /10831964262432 HTTP/1.1" 200 3827 "-" "Mozilla/5.0 (Linux; Android 6.0.1; Nexus 5X Build/MMB29P) AppleWebKit/537.36 (KHTML, like Gecko) Chrome/144.0.7559.132 Mobile Safari/537.36 (compatible; Googlebot/2.1; +http://www.google.com/bot.html)" 124 **0/124018**
66.249.79.133 - - [21/Feb/2026:20:02:25 -0700] "GET /9172718057123 HTTP/1.1" 200 3827 "-" "Mozilla/5.0 (Linux; Android 6.0.1; Nexus 5X Build/MMB29P) AppleWebKit/537.36 (KHTML, like Gecko) Chrome/144.0.7559.132 Mobile Safari/537.36 (compatible; Googlebot/2.1; +http://www.google.com/bot.html)" 119 **0/119215**
66.249.79.133 - - [21/Feb/2026:20:02:28 -0700] "GET /27696040228171 HTTP/1.1" 200 3827 "-" "Mozilla/5.0 (Linux; Android 6.0.1; Nexus 5X Build/MMB29P) AppleWebKit/537.36 (KHTML, like Gecko) Chrome/144.0.7559.132 Mobile Safari/537.36 (compatible; Googlebot/2.1; +http://www.google.com/bot.html)" 124 **0/124703**
66.249.79.132 - - [21/Feb/2026:20:02:48 -0700] "GET /blog/pin-up-casino-reviews-from-real-players-54/ HTTP/1.1" 200 3827 "-" "Mozilla/5.0 (Linux; Android 6.0.1; Nexus 5X Build/MMB29P) AppleWebKit/537.36 (KHTML, like Gecko) Chrome/144.0.7559.132 Mobile Safari/537.36 (compatible; Googlebot/2.1; +http://www.google.com/bot.html)" 132 **0/132238**
66.249.79.133 - - [21/Feb/2026:20:03:58 -0700] "GET /services/%D0%B4%D0%B5%D0%B2%D1%83%D1%88%D0%BA%D0%B8-%D1%8D%D1%81%D0%BA%D0%BE%D1%80%D1%82-%D0%BC%D0%BE%D1%81%D0%BA%D0%B2%D0%B0-%D0%BD%D0%BE%D0%B2%D1%8B%D0%B9-%D1%82%D1%80%D0%B5%D0%BD%D0%B4-%D1%83%D1%81%D0%BB/ HTTP/1.1" 200 3827 "-" "Mozilla/5.0 (Linux; Android 6.0.1; Nexus 5X Build/MMB29P) AppleWebKit/537.36 (KHTML, like Gecko) Chrome/144.0.7559.132 Mobile Safari/537.36 (compatible; Googlebot/2.1; +http://www.google.com/bot.html)" 120 **0/120159**
66.249.79.132 - - [21/Feb/2026:20:04:03 -0700] "GET /96610451292551 HTTP/1.1" 200 3827 "-" "Mozilla/5.0 (Linux; Android 6.0.1; Nexus 5X Build/MMB29P) AppleWebKit/537.36 (KHTML, like Gecko) Chrome/144.0.7559.132 Mobile Safari/537.36 (compatible; Googlebot/2.1; +http://www.google.com/bot.html)" 136 **0/136044**
66.249.79.132 - - [21/Feb/2026:20:04:21 -0700] "GET /1252755563954 HTTP/1.1" 200 3827 "-" "Mozilla/5.0 (Linux; Android 6.0.1; Nexus 5X Build/MMB29P) AppleWebKit/537.36 (KHTML, like Gecko) Chrome/144.0.7559.132 Mobile Safari/537.36 (compatible; Googlebot/2.1; +http://www.google.com/bot.html)" 109 **0/109530**
66.249.79.133 - - [21/Feb/2026:20:05:30 -0700] "GET /3039862552197 HTTP/1.1" 200 3827 "-" "Mozilla/5.0 (Linux; Android 6.0.1; Nexus 5X Build/MMB29P) AppleWebKit/537.36 (KHTML, like Gecko) Chrome/144.0.7559.132 Mobile Safari/537.36 (compatible; Googlebot/2.1; +http://www.google.com/bot.html)" 1470 **1/1470008**
66.249.79.133 - - [21/Feb/2026:20:06:32 -0700] "GET /post/beyond-98-payout-guide-a-clucky-champion-to-golden/ HTTP/1.1" 200 3827 "-" "Mozilla/5.0 (Linux; Android 6.0.1; Nexus 5X Build/MMB29P) AppleWebKit/537.36 (KHTML, like Gecko) Chrome/144.0.7559.132 Mobile Safari/537.36 (compatible; Googlebot/2.1; +http://www.google.com/bot.html)" 2152 **2/2152819**
114.119.158.6 - - [21/Feb/2026:20:07:23 -0700] "GET /98530144121492 HTTP/1.1" 200 4524 "https://www.gazzocpa.com/sitemap.xml" "Mozilla/5.0 (Linux; Android 7.0;) AppleWebKit/537.36 (KHTML, like Gecko) Mobile Safari/537.36 (compatible; PetalBot;+https://webmaster.petalsearch.com/site/petalbot)" 2606 **2/2606868**
66.249.79.133 - - [21/Feb/2026:20:07:27 -0700] "GET /blog/onlajn-podderzhka-klientov-i-kontakty-9/ HTTP/1.1" 200 3827 "-" "Mozilla/5.0 (Linux; Android 6.0.1; Nexus 5X Build/MMB29P) AppleWebKit/537.36 (KHTML, like Gecko) Chrome/144.0.7559.132 Mobile Safari/537.36 (compatible; Googlebot/2.1; +http://www.google.com/bot.html)" 1637 **1/1637509**
66.249.79.134 - - [21/Feb/2026:20:08:23 -0700] "GET /7760834840989 HTTP/1.1" 200 3827 "-" "Mozilla/5.0 (Linux; Android 6.0.1; Nexus 5X Build/MMB29P) AppleWebKit/537.36 (KHTML, like Gecko) Chrome/144.0.7559.132 Mobile Safari/537.36 (compatible; Googlebot/2.1; +http://www.google.com/bot.html)" 1967 **1/1967826**
114.119.139.102 - - [21/Feb/2026:20:08:47 -0700] "GET /9794622155760 HTTP/1.1" 200 4524 "https://www.gazzocpa.com/sitemap.xml" "Mozilla/5.0 (Linux; Android 7.0;) AppleWebKit/537.36 (KHTML, like Gecko) Mobile Safari/537.36 (compatible; PetalBot;+https://webmaster.petalsearch.com/site/petalbot)" 1538 **1/1538818**
66.249.79.132 - - [21/Feb/2026:20:09:20 -0700] "GET /services/wazamba-mobilni-deset-najlaksih-tvrtki-za-kockanje-s-bitcoinom-i-web-stranica-kripto-kasina-u-2025-godini/ HTTP/1.1" 200 3827 "-" "Mozilla/5.0 (Linux; Android 6.0.1; Nexus 5X Build/MMB29P) AppleWebKit/537.36 (KHTML, like Gecko) Chrome/144.0.7559.132 Mobile Safari/537.36 (compatible; Googlebot/2.1; +http://www.google.com/bot.html)" 1233 **1/1233683**
114.119.159.61 - - [21/Feb/2026:20:10:13 -0700] "GET /9717365171128 HTTP/1.1" 200 4524 "https://www.gazzocpa.com/sitemap.xml" "Mozilla/5.0 (Linux; Android 7.0;) AppleWebKit/537.36 (KHTML, like Gecko) Mobile Safari/537.36 (compatible; PetalBot;+https://webmaster.petalsearch.com/site/petalbot)" 832 **0/832485**
14.173.137.149 - - [21/Feb/2026:20:10:18 -0700] "GET /8276032558941 HTTP/1.1" 200 4524 "-" "Mozilla/5.0 (Macintosh; Intel Mac OS X 10_13_6) AppleWebKit/537.36 (KHTML, like Gecko) Chrome/89.0.4389.114 Safari/537.36" 1196 **1/1196931**
114.119.130.152 - - [21/Feb/2026:20:12:34 -0700] "GET /95331120179857 HTTP/1.1" 200 4524 "https://www.gazzocpa.com/sitemap.xml" "Mozilla/5.0 (Linux; Android 7.0;) AppleWebKit/537.36 (KHTML, like Gecko) Mobile Safari/537.36 (compatible; PetalBot;+https://webmaster.petalsearch.com/site/petalbot)" 1501 **1/1501913**
114.119.140.21 - - [21/Feb/2026:20:13:14 -0700] "GET /90641814766269 HTTP/1.1" 200 4524 "https://www.gazzocpa.com/sitemap.xml" "Mozilla/5.0 (Linux; Android 7.0;) AppleWebKit/537.36 (KHTML, like Gecko) Mobile Safari/537.36 (compatible; PetalBot;+https://webmaster.petalsearch.com/site/petalbot)" 1316 **1/1316147**
114.119.153.118 - - [21/Feb/2026:20:14:20 -0700] "GET /8740440739487 HTTP/1.1" 200 4524 "https://www.gazzocpa.com/sitemap.xml" "Mozilla/5.0 (Linux; Android 7.0;) AppleWebKit/537.36 (KHTML, like Gecko) Mobile Safari/537.36 (compatible; PetalBot;+https://webmaster.petalsearch.com/site/petalbot)" 1499 **1/1499194**
114.119.139.102 - - [21/Feb/2026:20:15:45 -0700] "GET /8569390528416 HTTP/1.1" 200 4524 "https://www.gazzocpa.com/sitemap.xml" "Mozilla/5.0 (Linux; Android 7.0;) AppleWebKit/537.36 (KHTML, like Gecko) Mobile Safari/537.36 (compatible; PetalBot;+https://webmaster.petalsearch.com/site/petalbot)" 1586 **1/1586632**
114.119.153.118 - - [21/Feb/2026:20:17:08 -0700] "GET /84771608743949 HTTP/1.1" 200 4524 "https://www.gazzocpa.com/sitemap.xml" "Mozilla/5.0 (Linux; Android 7.0;) AppleWebKit/537.36 (KHTML, like Gecko) Mobile Safari/537.36 (compatible; PetalBot;+https://webmaster.petalsearch.com/site/petalbot)" 1410 **1/1410986**
114.119.139.102 - - [21/Feb/2026:20:18:32 -0700] "GET /8252324335966 HTTP/1.1" 200 4524 "https://www.gazzocpa.com/sitemap.xml" "Mozilla/5.0 (Linux; Android 7.0;) AppleWebKit/537.36 (KHTML, like Gecko) Mobile Safari/537.36 (compatible; PetalBot;+https://webmaster.petalsearch.com/site/petalbot)" 122 **0/122280**
114.119.130.95 - - [21/Feb/2026:20:19:54 -0700] "GET /8136494603396 HTTP/1.1" 200 4524 "https://www.gazzocpa.com/sitemap.xml" "Mozilla/5.0 (Linux; Android 7.0;) AppleWebKit/537.36 (KHTML, like Gecko) Mobile Safari/537.36 (compatible; PetalBot;+https://webmaster.petalsearch.com/site/petalbot)" 152 **0/152383**
66.249.79.132 - - [21/Feb/2026:20:20:33 -0700] "GET /blog/mostbet-az-bukmeker-ve-kazino-mostbet-giri-rsmi-1389/ HTTP/1.1" 200 3827 "-" "Mozilla/5.0 (Linux; Android 6.0.1; Nexus 5X Build/MMB29P) AppleWebKit/537.36 (KHTML, like Gecko) Chrome/144.0.7559.132 Mobile Safari/537.36 (compatible; Googlebot/2.1; +http://www.google.com/bot.html)" 126 **0/126128**
66.249.79.132 - - [21/Feb/2026:20:20:44 -0700] "GET /post/experiencias-inolvidables-gana-a-lo-grande-con/ HTTP/1.1" 200 3827 "-" "Mozilla/5.0 (Linux; Android 6.0.1; Nexus 5X Build/MMB29P) AppleWebKit/537.36 (KHTML, like Gecko) Chrome/144.0.7559.132 Mobile Safari/537.36 (compatible; Googlebot/2.1; +http://www.google.com/bot.html)" 141 **0/141344**
66.249.79.132 - - [21/Feb/2026:20:21:12 -0700] "GET /47068994580939 HTTP/1.1" 200 3827 "-" "Mozilla/5.0 (Linux; Android 6.0.1; Nexus 5X Build/MMB29P) AppleWebKit/537.36 (KHTML, like Gecko) Chrome/144.0.7559.132 Mobile Safari/537.36 (compatible; Googlebot/2.1; +http://www.google.com/bot.html)" 116 **0/116782**
114.119.153.118 - - [21/Feb/2026:20:21:25 -0700] "GET /80825010954658 HTTP/1.1" 200 4524 "https://www.gazzocpa.com/sitemap.xml" "Mozilla/5.0 (Linux; Android 7.0;) AppleWebKit/537.36 (KHTML, like Gecko) Mobile Safari/537.36 (compatible; PetalBot;+https://webmaster.petalsearch.com/site/petalbot)" 153 **0/153339**
66.249.79.132 - - [21/Feb/2026:20:21:44 -0700] "GET /39669377536145 HTTP/1.1" 200 3827 "-" "Mozilla/5.0 (Linux; Android 6.0.1; Nexus 5X Build/MMB29P) AppleWebKit/537.36 (KHTML, like Gecko) Chrome/144.0.7559.132 Mobile Safari/537.36 (compatible; Googlebot/2.1; +http://www.google.com/bot.html)" 107 **0/107192**
114.119.139.102 - - [21/Feb/2026:20:22:43 -0700] "GET /77061844664242 HTTP/1.1" 200 4524 "https://www.gazzocpa.com/sitemap.xml" "Mozilla/5.0 (Linux; Android 7.0;) AppleWebKit/537.36 (KHTML, like Gecko) Mobile Safari/537.36 (compatible; PetalBot;+https://webmaster.petalsearch.com/site/petalbot)" 141 **0/141047**
66.249.79.133 - - [21/Feb/2026:20:22:50 -0700] "GET /blog/oficialnyj-sajt-v-kazahstane-olimp-casino-1381-3/ HTTP/1.1" 200 3827 "-" "Mozilla/5.0 (Linux; Android 6.0.1; Nexus 5X Build/MMB29P) AppleWebKit/537.36 (KHTML, like Gecko) Chrome/144.0.7559.132 Mobile Safari/537.36 (compatible; Googlebot/2.1; +http://www.google.com/bot.html)" 167 **0/167774**
66.249.79.132 - - [21/Feb/2026:20:23:06 -0700] "GET /blog/oficialnyj-sajt-pinco-casino-4878-2/ HTTP/1.1" 200 3827 "-" "Mozilla/5.0 (Linux; Android 6.0.1; Nexus 5X Build/MMB29P) AppleWebKit/537.36 (KHTML, like Gecko) Chrome/144.0.7559.132 Mobile Safari/537.36 (compatible; Googlebot/2.1; +http://www.google.com/bot.html)" 114 **0/114732**
66.249.79.132 - - [21/Feb/2026:20:23:24 -0700] "GET /blog/pin-up-kazino-oficialnyj-sajt-pin-ap-vhod-na-58/ HTTP/1.1" 200 3827 "-" "Mozilla/5.0 (Linux; Android 6.0.1; Nexus 5X Build/MMB29P) AppleWebKit/537.36 (KHTML, like Gecko) Chrome/144.0.7559.132 Mobile Safari/537.36 (compatible; Googlebot/2.1; +http://www.google.com/bot.html)" 110 **0/110283**
114.119.153.118 - - [21/Feb/2026:20:24:06 -0700] "GET /7658122941022 HTTP/1.1" 200 4524 "https://www.gazzocpa.com/sitemap.xml" "Mozilla/5.0 (Linux; Android 7.0;) AppleWebKit/537.36 (KHTML, like Gecko) Mobile Safari/537.36 (compatible; PetalBot;+https://webmaster.petalsearch.com/site/petalbot)" 137 **0/137964**
66.249.79.132 - - [21/Feb/2026:20:24:36 -0700] "GET /6420837583446 HTTP/1.1" 200 3827 "-" "Mozilla/5.0 (Linux; Android 6.0.1; Nexus 5X Build/MMB29P) AppleWebKit/537.36 (KHTML, like Gecko) Chrome/144.0.7559.132 Mobile Safari/537.36 (compatible; Googlebot/2.1; +http://www.google.com/bot.html)" 122 **0/122336**
198.244.242.167 - - [21/Feb/2026:20:24:41 -0700] "GET /robots.txt HTTP/2.0" 200 70 "-" "Mozilla/5.0 (compatible; AhrefsBot/7.0; +http://ahrefs.com/robot/)" 9 **0/9878**
142.44.225.127 - - [21/Feb/2026:20:24:44 -0700] "GET / HTTP/2.0" 200 3827 "-" "Mozilla/5.0 (compatible; AhrefsBot/7.0; +http://ahrefs.com/robot/)" 108 **0/108352**
114.119.153.118 - - [21/Feb/2026:20:25:29 -0700] "GET /75090668897983 HTTP/1.1" 200 4524 "https://www.gazzocpa.com/sitemap.xml" "Mozilla/5.0 (Linux; Android 7.0;) AppleWebKit/537.36 (KHTML, like Gecko) Mobile Safari/537.36 (compatible; PetalBot;+https://webmaster.petalsearch.com/site/petalbot)" 114 **0/114860**
95.42.74.238 - - [21/Feb/2026:20:26:49 -0700] "GET /93567244677975 HTTP/1.1" 200 4524 "-" "Mozilla/5.0 (Windows NT 6.1; WOW64) AppleWebKit/537.36 (KHTML, like Gecko) Chrome/63.0.3239.132 AOL/11.0 AOLBUILD/11.0.1839 Safari/537.36" 145 **0/145097**
114.119.153.118 - - [21/Feb/2026:20:26:53 -0700] "GET /72905663236981 HTTP/1.1" 200 4524 "https://www.gazzocpa.com/sitemap.xml" "Mozilla/5.0 (Linux; Android 7.0;) AppleWebKit/537.36 (KHTML, like Gecko) Mobile Safari/537.36 (compatible; PetalBot;+https://webmaster.petalsearch.com/site/petalbot)" 127 **0/127291**
87.120.244.138 - - [21/Feb/2026:20:27:12 -0700] "GET /post/jouw-ultieme-avontuur-begint-hier-speel-en-win-met/ HTTP/2.0" 200 3827 "-" "Mozilla/5.0 (Windows NT 10.0; Win64; x64) AppleWebKit/537.36 (KHTML, like Gecko) Chrome/141.0.0.0 Safari/537.36 Edg/141.0.0.0" 1283 **1/1283733**
87.120.244.138 - - [21/Feb/2026:20:27:15 -0700] "GET /favicon.ico HTTP/2.0" 200 5 "https://www.gazzocpa.com/post/jouw-ultieme-avontuur-begint-hier-speel-en-win-met/" "Mozilla/5.0 (Windows NT 10.0; Win64; x64) AppleWebKit/537.36 (KHTML, like Gecko) Chrome/141.0.0.0 Safari/537.36 Edg/141.0.0.0" 195 **0/195451**
87.120.244.138 - - [21/Feb/2026:20:27:17 -0700] "GET /robots.txt HTTP/2.0" 200 70 "https://www.gazzocpa.com/post/jouw-ultieme-avontuur-begint-hier-speel-en-win-met/" "Mozilla/5.0 (Windows NT 10.0; Win64; x64) AppleWebKit/537.36 (KHTML, like Gecko) Chrome/141.0.0.0 Safari/537.36 Edg/141.0.0.0" 10 **0/10454**
114.119.130.95 - - [21/Feb/2026:20:28:21 -0700] "GET /71486544031363 HTTP/1.1" 200 4524 "https://www.gazzocpa.com/sitemap.xml" "Mozilla/5.0 (Linux; Android 7.0;) AppleWebKit/537.36 (KHTML, like Gecko) Mobile Safari/537.36 (compatible; PetalBot;+https://webmaster.petalsearch.com/site/petalbot)" 120 **0/120516**
114.119.130.152 - - [21/Feb/2026:20:29:42 -0700] "GET /97469628023334 HTTP/1.1" 200 4524 "https://www.gazzocpa.com/sitemap.xml" "Mozilla/5.0 (Linux; Android 7.0;) AppleWebKit/537.36 (KHTML, like Gecko) Mobile Safari/537.36 (compatible; PetalBot;+https://webmaster.petalsearch.com/site/petalbot)" 1471 **1/1471420**
87.120.244.87 - - [21/Feb/2026:20:30:21 -0700] "GET /post/grijp-je-kans-een-eerlijke-wildrobin-review-met/ HTTP/2.0" 200 3827 "-" "Mozilla/5.0 (Windows NT 10.0; Win64; x64) AppleWebKit/537.36 (KHTML, like Gecko) Chrome/141.0.0.0 Safari/537.36 Edg/141.0.0.0" 153 **0/153862**
87.120.244.87 - - [21/Feb/2026:20:30:22 -0700] "GET /favicon.ico HTTP/2.0" 200 5 "https://www.gazzocpa.com/post/grijp-je-kans-een-eerlijke-wildrobin-review-met/" "Mozilla/5.0 (Windows NT 10.0; Win64; x64) AppleWebKit/537.36 (KHTML, like Gecko) Chrome/141.0.0.0 Safari/537.36 Edg/141.0.0.0" 16 **0/16975**
114.119.158.6 - - [21/Feb/2026:20:31:04 -0700] "GET /96171559938781 HTTP/1.1" 200 4524 "https://www.gazzocpa.com/sitemap.xml" "Mozilla/5.0 (Linux; Android 7.0;) AppleWebKit/537.36 (KHTML, like Gecko) Mobile Safari/537.36 (compatible; PetalBot;+https://webmaster.petalsearch.com/site/petalbot)" 1381 **1/1381895**
114.119.159.61 - - [21/Feb/2026:20:32:27 -0700] "GET /93074699964189 HTTP/1.1" 200 4524 "https://www.gazzocpa.com/sitemap.xml" "Mozilla/5.0 (Linux; Android 7.0;) AppleWebKit/537.36 (KHTML, like Gecko) Mobile Safari/537.36 (compatible; PetalBot;+https://webmaster.petalsearch.com/site/petalbot)" 1304 **1/1304632**
207.46.13.36 - - [21/Feb/2026:20:32:31 -0700] "GET /8917025535740 HTTP/2.0" 200 3827 "-" "Mozilla/5.0 AppleWebKit/537.36 (KHTML, like Gecko; compatible; bingbot/2.0; +http://www.bing.com/bingbot.htm) Chrome/116.0.1938.76 Safari/537.36" 1333 **1/1333483**
114.119.158.6 - - [21/Feb/2026:20:33:51 -0700] "GET /8164818034446 HTTP/1.1" 200 4524 "https://www.gazzocpa.com/sitemap.xml" "Mozilla/5.0 (Linux; Android 7.0;) AppleWebKit/537.36 (KHTML, like Gecko) Mobile Safari/537.36 (compatible; PetalBot;+https://webmaster.petalsearch.com/site/petalbot)" 140 **0/140386**
114.119.153.118 - - [21/Feb/2026:20:36:43 -0700] "GET /72566054323877 HTTP/1.1" 200 4524 "https://www.gazzocpa.com/sitemap.xml" "Mozilla/5.0 (Linux; Android 7.0;) AppleWebKit/537.36 (KHTML, like Gecko) Mobile Safari/537.36 (compatible; PetalBot;+https://webmaster.petalsearch.com/site/petalbot)" 181 **0/181880**
114.119.130.95 - - [21/Feb/2026:20:38:02 -0700] "GET /72218116426245 HTTP/1.1" 200 4524 "https://www.gazzocpa.com/sitemap.xml" "Mozilla/5.0 (Linux; Android 7.0;) AppleWebKit/537.36 (KHTML, like Gecko) Mobile Safari/537.36 (compatible; PetalBot;+https://webmaster.petalsearch.com/site/petalbot)" 260 **0/260033**
114.119.158.6 - - [21/Feb/2026:20:39:26 -0700] "GET /6775851150085 HTTP/1.1" 200 4524 "https://www.gazzocpa.com/sitemap.xml" "Mozilla/5.0 (Linux; Android 7.0;) AppleWebKit/537.36 (KHTML, like Gecko) Mobile Safari/537.36 (compatible; PetalBot;+https://webmaster.petalsearch.com/site/petalbot)" 125 **0/125506**
114.119.139.102 - - [21/Feb/2026:20:40:49 -0700] "GET /63241321390059 HTTP/1.1" 200 4524 "https://www.gazzocpa.com/sitemap.xml" "Mozilla/5.0 (Linux; Android 7.0;) AppleWebKit/537.36 (KHTML, like Gecko) Mobile Safari/537.36 (compatible; PetalBot;+https://webmaster.petalsearch.com/site/petalbot)" 118 **0/118614**
114.119.159.61 - - [21/Feb/2026:20:42:12 -0700] "GET /62853487670053 HTTP/1.1" 200 4524 "https://www.gazzocpa.com/sitemap.xml" "Mozilla/5.0 (Linux; Android 7.0;) AppleWebKit/537.36 (KHTML, like Gecko) Mobile Safari/537.36 (compatible; PetalBot;+https://webmaster.petalsearch.com/site/petalbot)" 109 **0/109824**
114.119.158.6 - - [21/Feb/2026:20:43:37 -0700] "GET /6237985010107 HTTP/1.1" 200 4524 "https://www.gazzocpa.com/sitemap.xml" "Mozilla/5.0 (Linux; Android 7.0;) AppleWebKit/537.36 (KHTML, like Gecko) Mobile Safari/537.36 (compatible; PetalBot;+https://webmaster.petalsearch.com/site/petalbot)" 1605 **1/1605443**
114.119.153.118 - - [21/Feb/2026:20:45:00 -0700] "GET /6083593354376 HTTP/1.1" 200 4524 "https://www.gazzocpa.com/sitemap.xml" "Mozilla/5.0 (Linux; Android 7.0;) AppleWebKit/537.36 (KHTML, like Gecko) Mobile Safari/537.36 (compatible; PetalBot;+https://webmaster.petalsearch.com/site/petalbot)" 1763 **1/1763239**
