74.7.241.51 - - [22/Feb/2026:05:22:39 -0700] "GET /?path=//proc/2910233/cwd/proc/thread-self/root/opt/alt/tests/alt-php84-pecl-amqp_2.1.2-1.el8 HTTP/1.1" 200 2402 "https://gazzocpa.com/?path=//proc/2910233/cwd/proc/thread-self/root/opt/alt/tests" "Mozilla/5.0 AppleWebKit/537.36 (KHTML, like Gecko; compatible; GPTBot/1.3; +https://openai.com/gptbot)" 2357 **2/2357369**
74.7.241.51 - - [22/Feb/2026:05:22:42 -0700] "GET /?path=//proc/3602343/cwd/proc/thread-self/root/opt/alt/tests/alt-php82-pecl-amqp_2.1.2-1.el8 HTTP/1.1" 200 2402 "https://gazzocpa.com/?path=//proc/3602343/cwd/proc/thread-self/root/opt/alt/tests" "Mozilla/5.0 AppleWebKit/537.36 (KHTML, like Gecko; compatible; GPTBot/1.3; +https://openai.com/gptbot)" 1981 **1/1981815**
74.7.241.51 - - [22/Feb/2026:05:22:44 -0700] "GET /?path=//proc/2910233/cwd/proc/thread-self/root/opt/alt/tests/alt-php81-pecl-uuid_1.2.0-1.el8 HTTP/1.1" 200 2401 "https://gazzocpa.com/?path=//proc/2910233/cwd/proc/thread-self/root/opt/alt/tests" "Mozilla/5.0 AppleWebKit/537.36 (KHTML, like Gecko; compatible; GPTBot/1.3; +https://openai.com/gptbot)" 1623 **1/1623044**
74.7.241.51 - - [22/Feb/2026:05:22:46 -0700] "GET /?path=//proc/2910233/cwd/proc/thread-self/root/opt/alt/tests/alt-php84-pecl-uuid_1.2.0-1.el8 HTTP/1.1" 200 2400 "https://gazzocpa.com/?path=//proc/2910233/cwd/proc/thread-self/root/opt/alt/tests" "Mozilla/5.0 AppleWebKit/537.36 (KHTML, like Gecko; compatible; GPTBot/1.3; +https://openai.com/gptbot)" 1861 **1/1861921**
74.7.241.51 - - [22/Feb/2026:05:22:48 -0700] "GET /?path=//proc/2910233/cwd/proc/thread-self/root/opt/alt/tests/alt-php56-pecl-solr_2.4.0-1.el8 HTTP/1.1" 200 2401 "https://gazzocpa.com/?path=//proc/2910233/cwd/proc/thread-self/root/opt/alt/tests" "Mozilla/5.0 AppleWebKit/537.36 (KHTML, like Gecko; compatible; GPTBot/1.3; +https://openai.com/gptbot)" 1851 **1/1851915**
74.7.241.51 - - [22/Feb/2026:05:22:50 -0700] "GET /?path=//proc/3602343/cwd/proc/thread-self/root/opt/alt/tests/alt-php54-pecl-uuid_1.0.5-1.el8 HTTP/1.1" 200 2400 "https://gazzocpa.com/?path=//proc/3602343/cwd/proc/thread-self/root/opt/alt/tests" "Mozilla/5.0 AppleWebKit/537.36 (KHTML, like Gecko; compatible; GPTBot/1.3; +https://openai.com/gptbot)" 1443 **1/1443796**
74.7.241.51 - - [22/Feb/2026:05:22:51 -0700] "GET /?path=//proc/3602343/cwd/proc/thread-self/root/opt/alt/tests/alt-php56-pecl-yaf_2.3.5-1.el8 HTTP/1.1" 200 2401 "https://gazzocpa.com/?path=//proc/3602343/cwd/proc/thread-self/root/opt/alt/tests" "Mozilla/5.0 AppleWebKit/537.36 (KHTML, like Gecko; compatible; GPTBot/1.3; +https://openai.com/gptbot)" 1782 **1/1782168**
74.7.241.51 - - [22/Feb/2026:05:22:53 -0700] "GET /?path=//proc/2910233/cwd/proc/thread-self/root/opt/alt/tests/alt-php82-pecl-uuid_1.2.0-1.el8 HTTP/1.1" 200 2401 "https://gazzocpa.com/?path=//proc/2910233/cwd/proc/thread-self/root/opt/alt/tests" "Mozilla/5.0 AppleWebKit/537.36 (KHTML, like Gecko; compatible; GPTBot/1.3; +https://openai.com/gptbot)" 2055 **2/2055222**
74.7.241.51 - - [22/Feb/2026:05:22:55 -0700] "GET /?path=//proc/3602343/cwd/proc/thread-self/root/opt/alt/tests/alt-php83-pecl-amqp_2.1.2-1.el8 HTTP/1.1" 200 2402 "https://gazzocpa.com/?path=//proc/3602343/cwd/proc/thread-self/root/opt/alt/tests" "Mozilla/5.0 AppleWebKit/537.36 (KHTML, like Gecko; compatible; GPTBot/1.3; +https://openai.com/gptbot)" 2120 **2/2120222**
74.7.241.51 - - [22/Feb/2026:05:22:58 -0700] "GET /?path=//proc/2910233/cwd/proc/thread-self/root/opt/alt/tests/alt-php70-pecl-yaml_2.0.3-1.el8 HTTP/1.1" 200 2402 "https://gazzocpa.com/?path=//proc/2910233/cwd/proc/thread-self/root/opt/alt/tests" "Mozilla/5.0 AppleWebKit/537.36 (KHTML, like Gecko; compatible; GPTBot/1.3; +https://openai.com/gptbot)" 1646 **1/1646780**
74.7.241.51 - - [22/Feb/2026:05:22:59 -0700] "GET /?path=//proc/3602343/cwd/proc/thread-self/root/opt/alt/tests/alt-php70-pecl-yaf_3.3.6-1.el8 HTTP/1.1" 200 2401 "https://gazzocpa.com/?path=//proc/3602343/cwd/proc/thread-self/root/opt/alt/tests" "Mozilla/5.0 AppleWebKit/537.36 (KHTML, like Gecko; compatible; GPTBot/1.3; +https://openai.com/gptbot)" 1739 **1/1739490**
74.7.241.51 - - [22/Feb/2026:05:23:01 -0700] "GET /?path=//proc/2910233/cwd/proc/thread-self/root/opt/alt/tests/alt-php54-pecl-yaml_1.3.2-1.el8 HTTP/1.1" 200 2402 "https://gazzocpa.com/?path=//proc/2910233/cwd/proc/thread-self/root/opt/alt/tests" "Mozilla/5.0 AppleWebKit/537.36 (KHTML, like Gecko; compatible; GPTBot/1.3; +https://openai.com/gptbot)" 1779 **1/1779777**
74.7.241.51 - - [22/Feb/2026:05:23:03 -0700] "GET /?path=//proc/3602343/cwd/proc/thread-self/root/opt/alt/tests/alt-php73-pecl-uuid_1.2.0-1.el8 HTTP/1.1" 200 2401 "https://gazzocpa.com/?path=//proc/3602343/cwd/proc/thread-self/root/opt/alt/tests" "Mozilla/5.0 AppleWebKit/537.36 (KHTML, like Gecko; compatible; GPTBot/1.3; +https://openai.com/gptbot)" 1467 **1/1467077**
74.7.241.51 - - [22/Feb/2026:05:23:05 -0700] "GET /?path=//proc/2910233/cwd/proc/thread-self/root/opt/alt/tests/alt-php54-pecl-uuid_1.0.5-1.el8 HTTP/1.1" 200 2401 "https://gazzocpa.com/?path=//proc/2910233/cwd/proc/thread-self/root/opt/alt/tests" "Mozilla/5.0 AppleWebKit/537.36 (KHTML, like Gecko; compatible; GPTBot/1.3; +https://openai.com/gptbot)" 2478 **2/2478695**
74.7.241.51 - - [22/Feb/2026:05:23:07 -0700] "GET /?path=//proc/3602343/cwd/proc/thread-self/root/opt/alt/tests/alt-php82-pecl-uuid_1.2.0-1.el8 HTTP/1.1" 200 2400 "https://gazzocpa.com/?path=//proc/3602343/cwd/proc/thread-self/root/opt/alt/tests" "Mozilla/5.0 AppleWebKit/537.36 (KHTML, like Gecko; compatible; GPTBot/1.3; +https://openai.com/gptbot)" 1471 **1/1471616**
74.7.241.51 - - [22/Feb/2026:05:23:09 -0700] "GET /?path=//proc/3602343/cwd/proc/thread-self/root/opt/alt/tests/alt-php71-pecl-yaml_2.2.3-1.el8 HTTP/1.1" 200 2402 "https://gazzocpa.com/?path=//proc/3602343/cwd/proc/thread-self/root/opt/alt/tests" "Mozilla/5.0 AppleWebKit/537.36 (KHTML, like Gecko; compatible; GPTBot/1.3; +https://openai.com/gptbot)" 1281 **1/1281500**
74.7.241.51 - - [22/Feb/2026:05:23:10 -0700] "GET /?path=//proc/3602343/cwd/proc/self/root/lib/firmware/go7007 HTTP/1.1" 200 2374 "https://gazzocpa.com/?path=//proc/3602343/cwd/proc/self/root/lib/firmware" "Mozilla/5.0 AppleWebKit/537.36 (KHTML, like Gecko; compatible; GPTBot/1.3; +https://openai.com/gptbot)" 1485 **1/1485642**
74.7.241.51 - - [22/Feb/2026:05:23:12 -0700] "GET /?path=//proc/2910233/cwd/proc/self/root/usr/lib/rpm/platform/ppc64p7-linux HTTP/1.1" 200 2398 "https://gazzocpa.com/?path=//proc/2910233/cwd/proc/self/root/usr/lib/rpm/platform" "Mozilla/5.0 AppleWebKit/537.36 (KHTML, like Gecko; compatible; GPTBot/1.3; +https://openai.com/gptbot)" 1767 **1/1767639**
74.7.241.51 - - [22/Feb/2026:05:23:14 -0700] "GET /?path=//proc/2910233/cwd/proc/thread-self/root/lib/rpm/platform/i686-linux HTTP/1.1" 200 2391 "https://gazzocpa.com/?path=//proc/2910233/cwd/proc/thread-self/root/lib/rpm/platform" "Mozilla/5.0 AppleWebKit/537.36 (KHTML, like Gecko; compatible; GPTBot/1.3; +https://openai.com/gptbot)" 1358 **1/1358645**
74.7.241.51 - - [22/Feb/2026:05:23:15 -0700] "GET /?path=//proc/2910233/cwd/proc/thread-self/root/lib/rpm/platform/i386-linux HTTP/1.1" 200 2391 "https://gazzocpa.com/?path=//proc/2910233/cwd/proc/thread-self/root/lib/rpm/platform" "Mozilla/5.0 AppleWebKit/537.36 (KHTML, like Gecko; compatible; GPTBot/1.3; +https://openai.com/gptbot)" 1178 **1/1178818**
74.7.241.51 - - [22/Feb/2026:05:23:17 -0700] "GET /?path=//proc/2910233/cwd/proc/thread-self/root/lib/rpm/platform/s390-linux HTTP/1.1" 200 2391 "https://gazzocpa.com/?path=//proc/2910233/cwd/proc/thread-self/root/lib/rpm/platform" "Mozilla/5.0 AppleWebKit/537.36 (KHTML, like Gecko; compatible; GPTBot/1.3; +https://openai.com/gptbot)" 1377 **1/1377543**
74.7.241.51 - - [22/Feb/2026:05:23:18 -0700] "GET /?path=//proc/3602343/cwd/lib/firmware/cypress HTTP/1.1" 200 2351 "https://gazzocpa.com/?path=//proc/3602343/cwd/lib/firmware" "Mozilla/5.0 AppleWebKit/537.36 (KHTML, like Gecko; compatible; GPTBot/1.3; +https://openai.com/gptbot)" 1352 **1/1352296**
74.7.241.51 - - [22/Feb/2026:05:23:20 -0700] "GET /?path=//proc/2910233/cwd/usr/include/netatalk HTTP/1.1" 200 2348 "https://gazzocpa.com/?path=//proc/2910233/cwd/usr/include" "Mozilla/5.0 AppleWebKit/537.36 (KHTML, like Gecko; compatible; GPTBot/1.3; +https://openai.com/gptbot)" 1476 **1/1476094**
74.7.241.51 - - [22/Feb/2026:05:23:21 -0700] "GET /?path=//proc/2910233/cwd/usr/libexec/openldap HTTP/1.1" 200 2350 "https://gazzocpa.com/?path=//proc/2910233/cwd/usr/libexec" "Mozilla/5.0 AppleWebKit/537.36 (KHTML, like Gecko; compatible; GPTBot/1.3; +https://openai.com/gptbot)" 1859 **1/1859256**
114.119.158.6 - - [22/Feb/2026:05:23:23 -0700] "GET /5109741417662?fileloc=/home/dwauav0tm6jp/hosted/gazzocpa_com/robots.txt&path=/home/dwauav0tm6jp/hosted/gazzocpa_com HTTP/1.1" 200 2541 "https://www.gazzocpa.com/5109741417662" "Mozilla/5.0 (Linux; Android 7.0;) AppleWebKit/537.36 (KHTML, like Gecko) Mobile Safari/537.36 (compatible; PetalBot;+https://webmaster.petalsearch.com/site/petalbot)" 1342 **1/1342313**
74.7.241.51 - - [22/Feb/2026:05:23:23 -0700] "GET /?path=//proc/2910233/cwd/lib/firmware/cypress HTTP/1.1" 200 2351 "https://gazzocpa.com/?path=//proc/2910233/cwd/lib/firmware" "Mozilla/5.0 AppleWebKit/537.36 (KHTML, like Gecko; compatible; GPTBot/1.3; +https://openai.com/gptbot)" 2274 **2/2274877**
74.7.241.51 - - [22/Feb/2026:05:23:26 -0700] "GET /?path=//proc/2910233/cwd/lib/firmware/ositech HTTP/1.1" 200 2352 "https://gazzocpa.com/?path=//proc/2910233/cwd/lib/firmware" "Mozilla/5.0 AppleWebKit/537.36 (KHTML, like Gecko; compatible; GPTBot/1.3; +https://openai.com/gptbot)" 1283 **1/1283067**
74.7.241.51 - - [22/Feb/2026:05:23:27 -0700] "GET /?path=//proc/3602343/cwd/lib/systemd/portable HTTP/1.1" 200 2348 "https://gazzocpa.com/?path=//proc/3602343/cwd/lib/systemd" "Mozilla/5.0 AppleWebKit/537.36 (KHTML, like Gecko; compatible; GPTBot/1.3; +https://openai.com/gptbot)" 1781 **1/1781069**
74.7.241.51 - - [22/Feb/2026:05:23:29 -0700] "GET /?path=//proc/3602343/cwd/usr/libexec/openldap HTTP/1.1" 200 2350 "https://gazzocpa.com/?path=//proc/3602343/cwd/usr/libexec" "Mozilla/5.0 AppleWebKit/537.36 (KHTML, like Gecko; compatible; GPTBot/1.3; +https://openai.com/gptbot)" 2119 **2/2119366**
74.7.241.51 - - [22/Feb/2026:05:23:31 -0700] "GET /?path=//proc/3602343/cwd/proc/self/root/opt/alt/tests/alt-php56-pecl-stats_1.0.5-1.el8 HTTP/1.1" 200 2397 "https://gazzocpa.com/?path=//proc/3602343/cwd/proc/self/root/opt/alt/tests" "Mozilla/5.0 AppleWebKit/537.36 (KHTML, like Gecko; compatible; GPTBot/1.3; +https://openai.com/gptbot)" 2495 **2/2495918**
74.7.241.51 - - [22/Feb/2026:05:23:34 -0700] "GET /?path=//proc/2910233/cwd/proc/self/root/opt/alt/tests/alt-php80-pecl-geoip_1.1.1-1.el8 HTTP/1.1" 200 2397 "https://gazzocpa.com/?path=//proc/2910233/cwd/proc/self/root/opt/alt/tests" "Mozilla/5.0 AppleWebKit/537.36 (KHTML, like Gecko; compatible; GPTBot/1.3; +https://openai.com/gptbot)" 1543 **1/1543318**
74.7.241.51 - - [22/Feb/2026:05:23:36 -0700] "GET /?path=//proc/3602343/cwd/proc/self/root/opt/alt/tests/alt-php83-pecl-raphf_2.0.1-1.el8 HTTP/1.1" 200 2397 "https://gazzocpa.com/?path=//proc/3602343/cwd/proc/self/root/opt/alt/tests" "Mozilla/5.0 AppleWebKit/537.36 (KHTML, like Gecko; compatible; GPTBot/1.3; +https://openai.com/gptbot)" 1271 **1/1271608**
74.7.241.51 - - [22/Feb/2026:05:23:37 -0700] "GET /?path=//proc/3602343/cwd/proc/self/root/opt/alt/tests/alt-php54-pecl-stats_1.0.5-1.el8 HTTP/1.1" 200 2397 "https://gazzocpa.com/?path=//proc/3602343/cwd/proc/self/root/opt/alt/tests" "Mozilla/5.0 AppleWebKit/537.36 (KHTML, like Gecko; compatible; GPTBot/1.3; +https://openai.com/gptbot)" 1865 **1/1865719**
74.7.241.51 - - [22/Feb/2026:05:23:39 -0700] "GET /?path=//proc/2910233/cwd/proc/self/root/opt/alt/tests/alt-php56-pecl-stats_1.0.5-1.el8 HTTP/1.1" 200 2397 "https://gazzocpa.com/?path=//proc/2910233/cwd/proc/self/root/opt/alt/tests" "Mozilla/5.0 AppleWebKit/537.36 (KHTML, like Gecko; compatible; GPTBot/1.3; +https://openai.com/gptbot)" 1268 **1/1268287**
74.7.241.51 - - [22/Feb/2026:05:23:40 -0700] "GET /?path=//proc/2910233/cwd/proc/self/root/opt/alt/tests/alt-php54-pecl-stats_1.0.5-1.el8 HTTP/1.1" 200 2397 "https://gazzocpa.com/?path=//proc/2910233/cwd/proc/self/root/opt/alt/tests" "Mozilla/5.0 AppleWebKit/537.36 (KHTML, like Gecko; compatible; GPTBot/1.3; +https://openai.com/gptbot)" 1958 **1/1958888**
74.7.241.51 - - [22/Feb/2026:05:23:43 -0700] "GET /?path=//proc/2910233/cwd/proc/self/root/opt/alt/alt-php-config/__pycache__ HTTP/1.1" 200 2388 "https://gazzocpa.com/?path=//proc/2910233/cwd/proc/self/root/opt/alt/alt-php-config" "Mozilla/5.0 AppleWebKit/537.36 (KHTML, like Gecko; compatible; GPTBot/1.3; +https://openai.com/gptbot)" 1420 **1/1420600**
74.7.241.51 - - [22/Feb/2026:05:23:44 -0700] "GET /?path=//proc/2910233/cwd/proc/self/root/lib64/libibverbs HTTP/1.1" 200 2364 "https://gazzocpa.com/?path=//proc/2910233/cwd/proc/self/root/lib64" "Mozilla/5.0 AppleWebKit/537.36 (KHTML, like Gecko; compatible; GPTBot/1.3; +https://openai.com/gptbot)" 1359 **1/1359293**
74.7.241.51 - - [22/Feb/2026:05:23:46 -0700] "GET /?path=//proc/2910233/cwd/proc/self/root/usr/lib/dracut/dracut.conf.d HTTP/1.1" 200 2384 "https://gazzocpa.com/?path=//proc/2910233/cwd/proc/self/root/usr/lib/dracut" "Mozilla/5.0 AppleWebKit/537.36 (KHTML, like Gecko; compatible; GPTBot/1.3; +https://openai.com/gptbot)" 1941 **1/1941865**
74.7.241.51 - - [22/Feb/2026:05:23:48 -0700] "GET /?path=//proc/3602343/cwd/proc/self/root/usr/local/lib/systemd/system HTTP/1.1" 200 2387 "https://gazzocpa.com/?path=//proc/3602343/cwd/proc/self/root/usr/local/lib/systemd" "Mozilla/5.0 AppleWebKit/537.36 (KHTML, like Gecko; compatible; GPTBot/1.3; +https://openai.com/gptbot)" 1861 **1/1861243**
74.7.241.51 - - [22/Feb/2026:05:23:50 -0700] "GET /?path=//proc/2910233/cwd/proc/self/root/usr/local/lib/systemd/system HTTP/1.1" 200 2387 "https://gazzocpa.com/?path=//proc/2910233/cwd/proc/self/root/usr/local/lib/systemd" "Mozilla/5.0 AppleWebKit/537.36 (KHTML, like Gecko; compatible; GPTBot/1.3; +https://openai.com/gptbot)" 1994 **1/1994831**
74.7.241.51 - - [22/Feb/2026:05:23:52 -0700] "GET /?path=//proc/3602343/cwd/proc/self/root/usr/lib/dracut/dracut.conf.d HTTP/1.1" 200 2384 "https://gazzocpa.com/?path=//proc/3602343/cwd/proc/self/root/usr/lib/dracut" "Mozilla/5.0 AppleWebKit/537.36 (KHTML, like Gecko; compatible; GPTBot/1.3; +https://openai.com/gptbot)" 1961 **1/1961867**
74.7.241.51 - - [22/Feb/2026:05:23:54 -0700] "GET /?path=//proc/2910233/cwd/proc/self/root/lib/locale/de_LI.utf8 HTTP/1.1" 200 2378 "https://gazzocpa.com/?path=//proc/2910233/cwd/proc/self/root/lib/locale" "Mozilla/5.0 AppleWebKit/537.36 (KHTML, like Gecko; compatible; GPTBot/1.3; +https://openai.com/gptbot)" 2054 **2/2054065**
74.7.241.51 - - [22/Feb/2026:05:23:56 -0700] "GET /?path=//proc/2910233/cwd/proc/self/root/lib/locale/de_AT.utf8 HTTP/1.1" 200 2378 "https://gazzocpa.com/?path=//proc/2910233/cwd/proc/self/root/lib/locale" "Mozilla/5.0 AppleWebKit/537.36 (KHTML, like Gecko; compatible; GPTBot/1.3; +https://openai.com/gptbot)" 1754 **1/1754573**
74.7.241.51 - - [22/Feb/2026:05:23:58 -0700] "GET /?path=//proc/2910233/cwd/proc/self/root/lib/locale/de_IT.utf8 HTTP/1.1" 200 2378 "https://gazzocpa.com/?path=//proc/2910233/cwd/proc/self/root/lib/locale" "Mozilla/5.0 AppleWebKit/537.36 (KHTML, like Gecko; compatible; GPTBot/1.3; +https://openai.com/gptbot)" 2075 **2/2075390**
74.7.241.51 - - [22/Feb/2026:05:24:00 -0700] "GET /?path=//proc/2910233/cwd/proc/self/root/lib/locale/en_AU.utf8 HTTP/1.1" 200 2378 "https://gazzocpa.com/?path=//proc/2910233/cwd/proc/self/root/lib/locale" "Mozilla/5.0 AppleWebKit/537.36 (KHTML, like Gecko; compatible; GPTBot/1.3; +https://openai.com/gptbot)" 1589 **1/1589946**
74.7.241.51 - - [22/Feb/2026:05:24:02 -0700] "GET /?path=//proc/2910233/cwd/proc/self/root/lib/locale/en_SG.utf8 HTTP/1.1" 200 2378 "https://gazzocpa.com/?path=//proc/2910233/cwd/proc/self/root/lib/locale" "Mozilla/5.0 AppleWebKit/537.36 (KHTML, like Gecko; compatible; GPTBot/1.3; +https://openai.com/gptbot)" 2269 **2/2269258**
74.7.241.51 - - [22/Feb/2026:05:24:04 -0700] "GET /?path=//proc/3602343/cwd/proc/self/root/lib/locale/en_HK.utf8 HTTP/1.1" 200 2378 "https://gazzocpa.com/?path=//proc/3602343/cwd/proc/self/root/lib/locale" "Mozilla/5.0 AppleWebKit/537.36 (KHTML, like Gecko; compatible; GPTBot/1.3; +https://openai.com/gptbot)" 1665 **1/1665167**
74.7.241.51 - - [22/Feb/2026:05:24:06 -0700] "GET /?path=//proc/3602343/cwd/proc/self/root/lib/locale/de_LI.utf8 HTTP/1.1" 200 2378 "https://gazzocpa.com/?path=//proc/3602343/cwd/proc/self/root/lib/locale" "Mozilla/5.0 AppleWebKit/537.36 (KHTML, like Gecko; compatible; GPTBot/1.3; +https://openai.com/gptbot)" 1571 **1/1571789**
74.7.241.51 - - [22/Feb/2026:05:24:08 -0700] "GET /?path=//proc/3602343/cwd/proc/self/root/lib/locale/en_DK.utf8 HTTP/1.1" 200 2378 "https://gazzocpa.com/?path=//proc/3602343/cwd/proc/self/root/lib/locale" "Mozilla/5.0 AppleWebKit/537.36 (KHTML, like Gecko; compatible; GPTBot/1.3; +https://openai.com/gptbot)" 1590 **1/1590072**
74.7.241.51 - - [22/Feb/2026:05:24:10 -0700] "GET /?path=//proc/2910233/cwd/proc/self/root/lib/locale/en_GB.utf8 HTTP/1.1" 200 2378 "https://gazzocpa.com/?path=//proc/2910233/cwd/proc/self/root/lib/locale" "Mozilla/5.0 AppleWebKit/537.36 (KHTML, like Gecko; compatible; GPTBot/1.3; +https://openai.com/gptbot)" 1840 **1/1840394**
74.7.241.51 - - [22/Feb/2026:05:24:12 -0700] "GET /?path=//proc/3602343/cwd/proc/self/root/lib/locale/en_SC.utf8 HTTP/1.1" 200 2378 "https://gazzocpa.com/?path=//proc/3602343/cwd/proc/self/root/lib/locale" "Mozilla/5.0 AppleWebKit/537.36 (KHTML, like Gecko; compatible; GPTBot/1.3; +https://openai.com/gptbot)" 1487 **1/1487913**
74.7.241.51 - - [22/Feb/2026:05:24:13 -0700] "GET /?path=//proc/3602343/cwd/proc/self/root/lib/locale/en_PH.utf8 HTTP/1.1" 200 2378 "https://gazzocpa.com/?path=//proc/3602343/cwd/proc/self/root/lib/locale" "Mozilla/5.0 AppleWebKit/537.36 (KHTML, like Gecko; compatible; GPTBot/1.3; +https://openai.com/gptbot)" 2436 **2/2436845**
74.7.241.51 - - [22/Feb/2026:05:24:16 -0700] "GET /?path=//proc/2910233/cwd/proc/self/root/lib/locale/de_BE.utf8 HTTP/1.1" 200 2378 "https://gazzocpa.com/?path=//proc/2910233/cwd/proc/self/root/lib/locale" "Mozilla/5.0 AppleWebKit/537.36 (KHTML, like Gecko; compatible; GPTBot/1.3; +https://openai.com/gptbot)" 1487 **1/1487062**
74.7.241.51 - - [22/Feb/2026:05:24:17 -0700] "GET /?path=//proc/2910233/cwd/proc/self/root/lib/locale/en_IE.utf8 HTTP/1.1" 200 2378 "https://gazzocpa.com/?path=//proc/2910233/cwd/proc/self/root/lib/locale" "Mozilla/5.0 AppleWebKit/537.36 (KHTML, like Gecko; compatible; GPTBot/1.3; +https://openai.com/gptbot)" 2346 **2/2346293**
74.7.241.51 - - [22/Feb/2026:05:24:20 -0700] "GET /?path=//proc/2910233/cwd/proc/self/root/lib/locale/en_US.utf8 HTTP/1.1" 200 2374 "https://gazzocpa.com/?path=//proc/2910233/cwd/proc/self/root/lib/locale" "Mozilla/5.0 AppleWebKit/537.36 (KHTML, like Gecko; compatible; GPTBot/1.3; +https://openai.com/gptbot)" 1699 **1/1699007**
74.7.241.51 - - [22/Feb/2026:05:24:22 -0700] "GET /?path=//proc/2910233/cwd/proc/self/root/lib/locale/en_ZW.utf8 HTTP/1.1" 200 2378 "https://gazzocpa.com/?path=//proc/2910233/cwd/proc/self/root/lib/locale" "Mozilla/5.0 AppleWebKit/537.36 (KHTML, like Gecko; compatible; GPTBot/1.3; +https://openai.com/gptbot)" 1809 **1/1809065**
74.7.241.51 - - [22/Feb/2026:05:24:24 -0700] "GET /?path=//proc/3602343/cwd/proc/self/root/lib/locale/en_BW.utf8 HTTP/1.1" 200 2378 "https://gazzocpa.com/?path=//proc/3602343/cwd/proc/self/root/lib/locale" "Mozilla/5.0 AppleWebKit/537.36 (KHTML, like Gecko; compatible; GPTBot/1.3; +https://openai.com/gptbot)" 1984 **1/1984008**
74.7.241.51 - - [22/Feb/2026:05:24:26 -0700] "GET /?path=//proc/2910233/cwd/proc/self/root/lib/locale/en_ZA.utf8 HTTP/1.1" 200 2378 "https://gazzocpa.com/?path=//proc/2910233/cwd/proc/self/root/lib/locale" "Mozilla/5.0 AppleWebKit/537.36 (KHTML, like Gecko; compatible; GPTBot/1.3; +https://openai.com/gptbot)" 1770 **1/1770326**
74.7.241.51 - - [22/Feb/2026:05:24:28 -0700] "GET /?path=//proc/3602343/cwd/proc/self/root/lib/locale/en_CA.utf8 HTTP/1.1" 200 2378 "https://gazzocpa.com/?path=//proc/3602343/cwd/proc/self/root/lib/locale" "Mozilla/5.0 AppleWebKit/537.36 (KHTML, like Gecko; compatible; GPTBot/1.3; +https://openai.com/gptbot)" 2315 **2/2315207**
74.7.241.51 - - [22/Feb/2026:05:24:30 -0700] "GET /?path=//proc/2910233/cwd/proc/self/root/lib/locale/en_DK.utf8 HTTP/1.1" 200 2378 "https://gazzocpa.com/?path=//proc/2910233/cwd/proc/self/root/lib/locale" "Mozilla/5.0 AppleWebKit/537.36 (KHTML, like Gecko; compatible; GPTBot/1.3; +https://openai.com/gptbot)" 2245 **2/2245042**
74.7.241.51 - - [22/Feb/2026:05:24:32 -0700] "GET /?path=//proc/3602343/cwd/proc/self/root/lib/locale/en_ZW.utf8 HTTP/1.1" 200 2378 "https://gazzocpa.com/?path=//proc/3602343/cwd/proc/self/root/lib/locale" "Mozilla/5.0 AppleWebKit/537.36 (KHTML, like Gecko; compatible; GPTBot/1.3; +https://openai.com/gptbot)" 1680 **1/1680878**
74.7.241.51 - - [22/Feb/2026:05:24:34 -0700] "GET /?path=//proc/3602343/cwd/proc/self/root/lib/locale/en_ZA.utf8 HTTP/1.1" 200 2378 "https://gazzocpa.com/?path=//proc/3602343/cwd/proc/self/root/lib/locale" "Mozilla/5.0 AppleWebKit/537.36 (KHTML, like Gecko; compatible; GPTBot/1.3; +https://openai.com/gptbot)" 1773 **1/1773881**
74.7.241.51 - - [22/Feb/2026:05:24:36 -0700] "GET /?path=//proc/3602343/cwd/proc/self/root/lib/locale/de_IT.utf8 HTTP/1.1" 200 2378 "https://gazzocpa.com/?path=//proc/3602343/cwd/proc/self/root/lib/locale" "Mozilla/5.0 AppleWebKit/537.36 (KHTML, like Gecko; compatible; GPTBot/1.3; +https://openai.com/gptbot)" 1447 **1/1447833**
74.7.241.51 - - [22/Feb/2026:05:24:38 -0700] "GET /?path=//proc/3602343/cwd/proc/self/root/lib/locale/de_BE.utf8 HTTP/1.1" 200 2378 "https://gazzocpa.com/?path=//proc/3602343/cwd/proc/self/root/lib/locale" "Mozilla/5.0 AppleWebKit/537.36 (KHTML, like Gecko; compatible; GPTBot/1.3; +https://openai.com/gptbot)" 1868 **1/1868810**
74.7.241.51 - - [22/Feb/2026:05:24:40 -0700] "GET /?path=//proc/2910233/cwd/proc/self/root/lib/locale/en_HK.utf8 HTTP/1.1" 200 2378 "https://gazzocpa.com/?path=//proc/2910233/cwd/proc/self/root/lib/locale" "Mozilla/5.0 AppleWebKit/537.36 (KHTML, like Gecko; compatible; GPTBot/1.3; +https://openai.com/gptbot)" 1771 **1/1771412**
74.7.241.51 - - [22/Feb/2026:05:24:42 -0700] "GET /?path=//proc/3602343/cwd/proc/self/root/lib/locale/de_AT.utf8 HTTP/1.1" 200 2378 "https://gazzocpa.com/?path=//proc/3602343/cwd/proc/self/root/lib/locale" "Mozilla/5.0 AppleWebKit/537.36 (KHTML, like Gecko; compatible; GPTBot/1.3; +https://openai.com/gptbot)" 1483 **1/1483029**
74.7.241.51 - - [22/Feb/2026:05:24:43 -0700] "GET /?path=//proc/2910233/cwd/proc/self/root/lib/locale/en_BW.utf8 HTTP/1.1" 200 2378 "https://gazzocpa.com/?path=//proc/2910233/cwd/proc/self/root/lib/locale" "Mozilla/5.0 AppleWebKit/537.36 (KHTML, like Gecko; compatible; GPTBot/1.3; +https://openai.com/gptbot)" 1110 **1/1110733**
74.7.241.51 - - [22/Feb/2026:05:24:45 -0700] "GET /?path=//proc/2910233/cwd/proc/self/root/lib/locale/en_CA.utf8 HTTP/1.1" 200 2378 "https://gazzocpa.com/?path=//proc/2910233/cwd/proc/self/root/lib/locale" "Mozilla/5.0 AppleWebKit/537.36 (KHTML, like Gecko; compatible; GPTBot/1.3; +https://openai.com/gptbot)" 1572 **1/1572039**
114.119.159.61 - - [22/Feb/2026:05:24:45 -0700] "GET /99515254302054 HTTP/1.1" 200 4524 "https://www.gazzocpa.com/sitemap.xml" "Mozilla/5.0 (Linux; Android 7.0;) AppleWebKit/537.36 (KHTML, like Gecko) Mobile Safari/537.36 (compatible; PetalBot;+https://webmaster.petalsearch.com/site/petalbot)" 1935 **1/1935890**
74.7.241.51 - - [22/Feb/2026:05:24:46 -0700] "GET /?path=//proc/3602343/cwd/proc/self/root/lib/locale/en_US.utf8 HTTP/1.1" 200 2374 "https://gazzocpa.com/?path=//proc/3602343/cwd/proc/self/root/lib/locale" "Mozilla/5.0 AppleWebKit/537.36 (KHTML, like Gecko; compatible; GPTBot/1.3; +https://openai.com/gptbot)" 2677 **2/2677747**
74.7.241.51 - - [22/Feb/2026:05:24:49 -0700] "GET /?path=//proc/3602343/cwd/proc/self/root/lib/locale/en_SG.utf8 HTTP/1.1" 200 2378 "https://gazzocpa.com/?path=//proc/3602343/cwd/proc/self/root/lib/locale" "Mozilla/5.0 AppleWebKit/537.36 (KHTML, like Gecko; compatible; GPTBot/1.3; +https://openai.com/gptbot)" 1178 **1/1178084**
74.7.241.51 - - [22/Feb/2026:05:24:50 -0700] "GET /?path=//proc/3602343/cwd/proc/self/root/lib/locale/de_DE.utf8 HTTP/1.1" 200 2378 "https://gazzocpa.com/?path=//proc/3602343/cwd/proc/self/root/lib/locale" "Mozilla/5.0 AppleWebKit/537.36 (KHTML, like Gecko; compatible; GPTBot/1.3; +https://openai.com/gptbot)" 2067 **2/2067017**
74.7.241.51 - - [22/Feb/2026:05:24:53 -0700] "GET /?path=//proc/2910233/cwd/proc/self/root/lib/locale/de_DE.utf8 HTTP/1.1" 200 2378 "https://gazzocpa.com/?path=//proc/2910233/cwd/proc/self/root/lib/locale" "Mozilla/5.0 AppleWebKit/537.36 (KHTML, like Gecko; compatible; GPTBot/1.3; +https://openai.com/gptbot)" 2181 **2/2181639**
74.7.241.51 - - [22/Feb/2026:05:24:55 -0700] "GET /?path=//proc/3602343/cwd/proc/self/root/lib/locale/en_IE.utf8 HTTP/1.1" 200 2378 "https://gazzocpa.com/?path=//proc/3602343/cwd/proc/self/root/lib/locale" "Mozilla/5.0 AppleWebKit/537.36 (KHTML, like Gecko; compatible; GPTBot/1.3; +https://openai.com/gptbot)" 1492 **1/1492896**
74.7.241.51 - - [22/Feb/2026:05:24:56 -0700] "GET /?path=//proc/2910233/cwd/proc/self/root/lib/locale/de_LU.utf8 HTTP/1.1" 200 2378 "https://gazzocpa.com/?path=//proc/2910233/cwd/proc/self/root/lib/locale" "Mozilla/5.0 AppleWebKit/537.36 (KHTML, like Gecko; compatible; GPTBot/1.3; +https://openai.com/gptbot)" 1457 **1/1457650**
74.7.241.51 - - [22/Feb/2026:05:24:58 -0700] "GET /?path=//proc/3602343/cwd/proc/self/root/lib/locale/en_NZ.utf8 HTTP/1.1" 200 2378 "https://gazzocpa.com/?path=//proc/3602343/cwd/proc/self/root/lib/locale" "Mozilla/5.0 AppleWebKit/537.36 (KHTML, like Gecko; compatible; GPTBot/1.3; +https://openai.com/gptbot)" 1131 **1/1131996**
74.7.241.51 - - [22/Feb/2026:05:24:59 -0700] "GET /?path=//proc/2910233/cwd/proc/self/root/lib/locale/en_PH.utf8 HTTP/1.1" 200 2378 "https://gazzocpa.com/?path=//proc/2910233/cwd/proc/self/root/lib/locale" "Mozilla/5.0 AppleWebKit/537.36 (KHTML, like Gecko; compatible; GPTBot/1.3; +https://openai.com/gptbot)" 1724 **1/1724254**
74.7.241.51 - - [22/Feb/2026:05:25:01 -0700] "GET /?path=//proc/3602343/cwd/proc/self/root/lib/locale/de_CH.utf8 HTTP/1.1" 200 2378 "https://gazzocpa.com/?path=//proc/3602343/cwd/proc/self/root/lib/locale" "Mozilla/5.0 AppleWebKit/537.36 (KHTML, like Gecko; compatible; GPTBot/1.3; +https://openai.com/gptbot)" 1880 **1/1880512**
74.7.241.51 - - [22/Feb/2026:05:25:03 -0700] "GET /?path=//proc/3602343/cwd/proc/self/root/lib/locale/en_AU.utf8 HTTP/1.1" 200 2378 "https://gazzocpa.com/?path=//proc/3602343/cwd/proc/self/root/lib/locale" "Mozilla/5.0 AppleWebKit/537.36 (KHTML, like Gecko; compatible; GPTBot/1.3; +https://openai.com/gptbot)" 2270 **2/2270623**
74.7.241.51 - - [22/Feb/2026:05:25:06 -0700] "GET /?path=//proc/3602343/cwd/proc/self/root/lib/locale/de_LU.utf8 HTTP/1.1" 200 2378 "https://gazzocpa.com/?path=//proc/3602343/cwd/proc/self/root/lib/locale" "Mozilla/5.0 AppleWebKit/537.36 (KHTML, like Gecko; compatible; GPTBot/1.3; +https://openai.com/gptbot)" 1457 **1/1457247**
74.7.241.51 - - [22/Feb/2026:05:25:07 -0700] "GET /?path=//proc/3602343/cwd/proc/self/root/lib/locale/en_GB.utf8 HTTP/1.1" 200 2378 "https://gazzocpa.com/?path=//proc/3602343/cwd/proc/self/root/lib/locale" "Mozilla/5.0 AppleWebKit/537.36 (KHTML, like Gecko; compatible; GPTBot/1.3; +https://openai.com/gptbot)" 1886 **1/1886127**
74.7.241.51 - - [22/Feb/2026:05:25:09 -0700] "GET /?path=//proc/2910233/cwd/proc/self/root/lib/locale/de_CH.utf8 HTTP/1.1" 200 2378 "https://gazzocpa.com/?path=//proc/2910233/cwd/proc/self/root/lib/locale" "Mozilla/5.0 AppleWebKit/537.36 (KHTML, like Gecko; compatible; GPTBot/1.3; +https://openai.com/gptbot)" 2162 **2/2162396**
74.7.241.51 - - [22/Feb/2026:05:25:12 -0700] "GET /?path=//proc/2910233/cwd/proc/self/root/lib/locale/en_NZ.utf8 HTTP/1.1" 200 2378 "https://gazzocpa.com/?path=//proc/2910233/cwd/proc/self/root/lib/locale" "Mozilla/5.0 AppleWebKit/537.36 (KHTML, like Gecko; compatible; GPTBot/1.3; +https://openai.com/gptbot)" 1382 **1/1382086**
74.7.241.51 - - [22/Feb/2026:05:25:13 -0700] "GET /?path=//proc/2910233/cwd/proc/self/root/lib/locale/en_SC.utf8 HTTP/1.1" 200 2378 "https://gazzocpa.com/?path=//proc/2910233/cwd/proc/self/root/lib/locale" "Mozilla/5.0 AppleWebKit/537.36 (KHTML, like Gecko; compatible; GPTBot/1.3; +https://openai.com/gptbot)" 1648 **1/1648859**
74.7.241.51 - - [22/Feb/2026:05:25:15 -0700] "GET /?path=//proc/2910233/cwd/lib/firmware/4.18.0-553.80.1.lve.el8.x86_64 HTTP/1.1" 200 2352 "https://gazzocpa.com/?path=//proc/2910233/cwd/lib/firmware" "Mozilla/5.0 AppleWebKit/537.36 (KHTML, like Gecko; compatible; GPTBot/1.3; +https://openai.com/gptbot)" 2165 **2/2165878**
74.7.241.51 - - [22/Feb/2026:05:25:17 -0700] "GET /?path=//proc/3602343/cwd/lib/firmware/4.18.0-553.80.1.lve.el8.x86_64 HTTP/1.1" 200 2352 "https://gazzocpa.com/?path=//proc/3602343/cwd/lib/firmware" "Mozilla/5.0 AppleWebKit/537.36 (KHTML, like Gecko; compatible; GPTBot/1.3; +https://openai.com/gptbot)" 1307 **1/1307827**
74.7.241.51 - - [22/Feb/2026:05:25:19 -0700] "GET /?path=//proc/2910233/cwd/lib/firmware/4.18.0-553.83.1.lve.el8.x86_64 HTTP/1.1" 200 2352 "https://gazzocpa.com/?path=//proc/2910233/cwd/lib/firmware" "Mozilla/5.0 AppleWebKit/537.36 (KHTML, like Gecko; compatible; GPTBot/1.3; +https://openai.com/gptbot)" 1216 **1/1216382**
74.7.241.51 - - [22/Feb/2026:05:25:20 -0700] "GET /?path=//proc/3602343/cwd/lib/.build-id/6a HTTP/1.1" 200 2347 "https://gazzocpa.com/?path=//proc/3602343/cwd/lib/.build-id" "Mozilla/5.0 AppleWebKit/537.36 (KHTML, like Gecko; compatible; GPTBot/1.3; +https://openai.com/gptbot)" 1797 **1/1797885**
74.7.241.51 - - [22/Feb/2026:05:25:22 -0700] "GET /?path=//proc/3602343/cwd/lib/.build-id/b9 HTTP/1.1" 200 2347 "https://gazzocpa.com/?path=//proc/3602343/cwd/lib/.build-id" "Mozilla/5.0 AppleWebKit/537.36 (KHTML, like Gecko; compatible; GPTBot/1.3; +https://openai.com/gptbot)" 1261 **1/1261408**
74.7.241.51 - - [22/Feb/2026:05:25:23 -0700] "GET /?path=//proc/3602343/cwd/lib/.build-id/9d HTTP/1.1" 200 2346 "https://gazzocpa.com/?path=//proc/3602343/cwd/lib/.build-id" "Mozilla/5.0 AppleWebKit/537.36 (KHTML, like Gecko; compatible; GPTBot/1.3; +https://openai.com/gptbot)" 1306 **1/1306705**
74.7.241.51 - - [22/Feb/2026:05:25:25 -0700] "GET /?path=//proc/3602343/cwd/lib/.build-id/8d HTTP/1.1" 200 2346 "https://gazzocpa.com/?path=//proc/3602343/cwd/lib/.build-id" "Mozilla/5.0 AppleWebKit/537.36 (KHTML, like Gecko; compatible; GPTBot/1.3; +https://openai.com/gptbot)" 1931 **1/1931255**
155.212.111.126 - - [22/Feb/2026:05:25:25 -0700] "GET / HTTP/2.0" 200 3827 "-" "Mozilla/5.0 (Windows NT 10.0; Win64; x64; rv:127.0) Gecko/20100101 Firefox/127.0" 1948 **1/1948484**
74.7.241.51 - - [22/Feb/2026:05:25:27 -0700] "GET /?path=//proc/2910233/cwd/usr/lib/.build-id/a3 HTTP/1.1" 200 2358 "https://gazzocpa.com/?path=//proc/2910233/cwd/usr/lib/.build-id" "Mozilla/5.0 AppleWebKit/537.36 (KHTML, like Gecko; compatible; GPTBot/1.3; +https://openai.com/gptbot)" 1750 **1/1750025**
87.120.126.0 - - [22/Feb/2026:05:25:27 -0700] "GET /post/elvezd-a-kaszino-izgalmait-es-a-sportfogadas/ HTTP/2.0" 200 4524 "-" "Mozilla/5.0 (Windows NT 10.0; Win64; x64; rv:127.0) Gecko/20100101 Firefox/127.0" 2205 **2/2205122**
74.7.241.51 - - [22/Feb/2026:05:25:29 -0700] "GET /?path=//proc/3602343/cwd/lib/.build-id/4a HTTP/1.1" 200 2347 "https://gazzocpa.com/?path=//proc/3602343/cwd/lib/.build-id" "Mozilla/5.0 AppleWebKit/537.36 (KHTML, like Gecko; compatible; GPTBot/1.3; +https://openai.com/gptbot)" 2356 **2/2356700**
170.168.97.43 - - [22/Feb/2026:05:25:30 -0700] "GET /post/elvezd-a-kaszino-izgalmait-es-a-sportfogadas/ HTTP/2.0" 200 4524 "-" "Mozilla/5.0 (Windows NT 10.0; Win64; x64) AppleWebKit/537.36 (KHTML, like Gecko) Chrome/124.0.6367.207 Safari/537.36" 2283 **2/2283556**
74.7.241.51 - - [22/Feb/2026:05:25:31 -0700] "GET /?path=//proc/2910233/cwd/lib/.build-id/b6 HTTP/1.1" 200 2348 "https://gazzocpa.com/?path=//proc/2910233/cwd/lib/.build-id" "Mozilla/5.0 AppleWebKit/537.36 (KHTML, like Gecko; compatible; GPTBot/1.3; +https://openai.com/gptbot)" 2248 **2/2248414**
74.7.241.51 - - [22/Feb/2026:05:25:34 -0700] "GET /?path=//proc/2910233/cwd/usr/lib/.build-id/d1 HTTP/1.1" 200 2358 "https://gazzocpa.com/?path=//proc/2910233/cwd/usr/lib/.build-id" "Mozilla/5.0 AppleWebKit/537.36 (KHTML, like Gecko; compatible; GPTBot/1.3; +https://openai.com/gptbot)" 1920 **1/1920421**
155.212.111.214 - - [22/Feb/2026:05:25:33 -0700] "GET /post/elvezd-a-kaszino-izgalmait-es-a-sportfogadas/ HTTP/2.0" 200 4524 "-" "Mozilla/5.0 (Windows NT 10.0; Win64; x64; rv:127.0) Gecko/20100101 Firefox/127.0" 2883 **2/2883795**
74.7.241.51 - - [22/Feb/2026:05:25:36 -0700] "GET /?path=//proc/2910233/cwd/usr/lib/.build-id/b3 HTTP/1.1" 200 2358 "https://gazzocpa.com/?path=//proc/2910233/cwd/usr/lib/.build-id" "Mozilla/5.0 AppleWebKit/537.36 (KHTML, like Gecko; compatible; GPTBot/1.3; +https://openai.com/gptbot)" 1672 **1/1672438**
185.168.30.73 - - [22/Feb/2026:05:25:37 -0700] "GET /post/elvezd-a-kaszino-izgalmait-es-a-sportfogadas/ HTTP/2.0" 200 4524 "-" "Mozilla/5.0 (Windows NT 10.0; Win64; x64; rv:127.0) Gecko/20100101 Firefox/127.0" 1415 **1/1415050**
74.7.241.51 - - [22/Feb/2026:05:25:37 -0700] "GET /?path=//proc/3602343/cwd/usr/lib/.build-id/c6 HTTP/1.1" 200 2357 "https://gazzocpa.com/?path=//proc/3602343/cwd/usr/lib/.build-id" "Mozilla/5.0 AppleWebKit/537.36 (KHTML, like Gecko; compatible; GPTBot/1.3; +https://openai.com/gptbot)" 3175 **3/3175066**
74.7.241.51 - - [22/Feb/2026:05:25:41 -0700] "GET /?path=//proc/2910233/cwd/lib/.build-id/d0 HTTP/1.1" 200 2347 "https://gazzocpa.com/?path=//proc/2910233/cwd/lib/.build-id" "Mozilla/5.0 AppleWebKit/537.36 (KHTML, like Gecko; compatible; GPTBot/1.3; +https://openai.com/gptbot)" 1578 **1/1578446**
170.168.175.168 - - [22/Feb/2026:05:25:39 -0700] "GET /post/elvezd-a-kaszino-izgalmait-es-a-sportfogadas/ HTTP/2.0" 200 4524 "-" "Mozilla/5.0 (Windows NT 10.0; Win64; x64; rv:127.0) Gecko/20100101 Firefox/127.0" 3455 **3/3455316**
74.7.241.51 - - [22/Feb/2026:05:25:43 -0700] "GET /?path=//proc/3602343/cwd/lib/.build-id/b5 HTTP/1.1" 200 2347 "https://gazzocpa.com/?path=//proc/3602343/cwd/lib/.build-id" "Mozilla/5.0 AppleWebKit/537.36 (KHTML, like Gecko; compatible; GPTBot/1.3; +https://openai.com/gptbot)" 1666 **1/1666083**
155.212.37.14 - - [22/Feb/2026:05:25:44 -0700] "GET /post/elvezd-a-kaszino-izgalmait-es-a-sportfogadas/ HTTP/2.0" 200 4524 "-" "Mozilla/5.0 (Windows NT 10.0; Win64; x64) AppleWebKit/537.36 (KHTML, like Gecko) Chrome/124.0.6367.207 Safari/537.36" 2587 **2/2587855**
74.7.241.51 - - [22/Feb/2026:05:25:44 -0700] "GET /?path=//proc/3602343/cwd/lib/.build-id/b8 HTTP/1.1" 200 2347 "https://gazzocpa.com/?path=//proc/3602343/cwd/lib/.build-id" "Mozilla/5.0 AppleWebKit/537.36 (KHTML, like Gecko; compatible; GPTBot/1.3; +https://openai.com/gptbot)" 2254 **2/2254684**
74.7.241.51 - - [22/Feb/2026:05:25:47 -0700] "GET /?path=//proc/3602343/cwd/lib/.build-id/e2 HTTP/1.1" 200 2347 "https://gazzocpa.com/?path=//proc/3602343/cwd/lib/.build-id" "Mozilla/5.0 AppleWebKit/537.36 (KHTML, like Gecko; compatible; GPTBot/1.3; +https://openai.com/gptbot)" 2060 **2/2060301**
83.142.52.135 - - [22/Feb/2026:05:25:47 -0700] "GET /post/elvezd-a-kaszino-izgalmait-es-a-sportfogadas/ HTTP/2.0" 200 4524 "-" "Mozilla/5.0 (Windows NT 10.0; Win64; x64; rv:127.0) Gecko/20100101 Firefox/127.0" 2496 **2/2496341**
185.61.223.130 - - [22/Feb/2026:05:25:50 -0700] "GET /post/elvezd-a-kaszino-izgalmait-es-a-sportfogadas/ HTTP/2.0" 200 4524 "-" "Mozilla/5.0 (Windows NT 10.0; Win64; x64; rv:127.0) Gecko/20100101 Firefox/127.0" 4084 **4/4084698**
74.7.241.51 - - [22/Feb/2026:05:25:49 -0700] "GET /?path=//proc/3602343/cwd/usr/lib/.build-id/6c HTTP/1.1" 200 2356 "https://gazzocpa.com/?path=//proc/3602343/cwd/usr/lib/.build-id" "Mozilla/5.0 AppleWebKit/537.36 (KHTML, like Gecko; compatible; GPTBot/1.3; +https://openai.com/gptbot)" 5061 **5/5061332**
74.7.241.51 - - [22/Feb/2026:05:25:54 -0700] "GET /?path=//proc/3602343/cwd/lib/.build-id/f0 HTTP/1.1" 200 2347 "https://gazzocpa.com/?path=//proc/3602343/cwd/lib/.build-id" "Mozilla/5.0 AppleWebKit/537.36 (KHTML, like Gecko; compatible; GPTBot/1.3; +https://openai.com/gptbot)" 2495 **2/2495151**
5.181.171.101 - - [22/Feb/2026:05:25:55 -0700] "GET /post/elvezd-a-kaszino-izgalmait-es-a-sportfogadas/ HTTP/2.0" 200 4524 "-" "Mozilla/5.0 (Windows NT 10.0; Win64; x64) AppleWebKit/537.36 (KHTML, like Gecko) Chrome/124.0.6367.207 Safari/537.36" 2065 **2/2065006**
74.7.241.51 - - [22/Feb/2026:05:25:57 -0700] "GET /?path=//proc/3602343/cwd/usr/lib/.build-id/a3 HTTP/1.1" 200 2357 "https://gazzocpa.com/?path=//proc/3602343/cwd/usr/lib/.build-id" "Mozilla/5.0 AppleWebKit/537.36 (KHTML, like Gecko; compatible; GPTBot/1.3; +https://openai.com/gptbot)" 1196 **1/1196311**
157.22.46.93 - - [22/Feb/2026:05:25:58 -0700] "GET /post/elvezd-a-kaszino-izgalmait-es-a-sportfogadas/ HTTP/2.0" 200 4524 "-" "Mozilla/5.0 (Windows NT 10.0; Win64; x64; rv:127.0) Gecko/20100101 Firefox/127.0" 1792 **1/1792351**
74.7.241.51 - - [22/Feb/2026:05:25:58 -0700] "GET /?path=//proc/2910233/cwd/lib/.build-id/1d HTTP/1.1" 200 2346 "https://gazzocpa.com/?path=//proc/2910233/cwd/lib/.build-id" "Mozilla/5.0 AppleWebKit/537.36 (KHTML, like Gecko; compatible; GPTBot/1.3; +https://openai.com/gptbot)" 1663 **1/1663177**
74.7.241.51 - - [22/Feb/2026:05:26:00 -0700] "GET /?path=//proc/3602343/cwd/usr/lib/.build-id/0b HTTP/1.1" 200 2358 "https://gazzocpa.com/?path=//proc/3602343/cwd/usr/lib/.build-id" "Mozilla/5.0 AppleWebKit/537.36 (KHTML, like Gecko; compatible; GPTBot/1.3; +https://openai.com/gptbot)" 1425 **1/1425421**
74.7.241.51 - - [22/Feb/2026:05:26:02 -0700] "GET /?path=//proc/2910233/cwd/lib/.build-id/8b HTTP/1.1" 200 2346 "https://gazzocpa.com/?path=//proc/2910233/cwd/lib/.build-id" "Mozilla/5.0 AppleWebKit/537.36 (KHTML, like Gecko; compatible; GPTBot/1.3; +https://openai.com/gptbot)" 2224 **2/2224542**
176.126.104.19 - - [22/Feb/2026:05:26:04 -0700] "GET /post/elvezd-a-kaszino-izgalmait-es-a-sportfogadas/ HTTP/2.0" 200 4524 "-" "Mozilla/5.0 (Windows NT 10.0; Win64; x64) AppleWebKit/537.36 (KHTML, like Gecko) Chrome/124.0.6367.207 Safari/537.36" 3317 **3/3317238**
193.233.245.69 - - [22/Feb/2026:05:26:05 -0700] "GET /services/hugo-casino-sblocca-intrattenimento-infinito-per-i/ HTTP/2.0" 200 3827 "-" "Mozilla/5.0 (Windows NT 10.0; Win64; x64) AppleWebKit/537.36 (KHTML, like Gecko) Chrome/140.0.0.0 Safari/537.36" 2720 **2/2720874**
193.233.245.69 - - [22/Feb/2026:05:26:08 -0700] "GET /favicon.ico HTTP/2.0" 200 5 "https://www.gazzocpa.com/services/hugo-casino-sblocca-intrattenimento-infinito-per-i/" "Mozilla/5.0 (Windows NT 10.0; Win64; x64) AppleWebKit/537.36 (KHTML, like Gecko) Chrome/140.0.0.0 Safari/537.36" 494 **0/494329**
74.7.241.51 - - [22/Feb/2026:05:26:04 -0700] "GET /?path=//proc/3602343/cwd/usr/lib/.build-id/3d HTTP/1.1" 200 2357 "https://gazzocpa.com/?path=//proc/3602343/cwd/usr/lib/.build-id" "Mozilla/5.0 AppleWebKit/537.36 (KHTML, like Gecko; compatible; GPTBot/1.3; +https://openai.com/gptbot)" 4735 **4/4735883**
193.233.245.69 - - [22/Feb/2026:05:26:10 -0700] "GET /robots.txt HTTP/2.0" 200 70 "https://www.gazzocpa.com/services/hugo-casino-sblocca-intrattenimento-infinito-per-i/" "Mozilla/5.0 (Windows NT 10.0; Win64; x64) AppleWebKit/537.36 (KHTML, like Gecko) Chrome/140.0.0.0 Safari/537.36" 8 **0/8195**
185.61.222.67 - - [22/Feb/2026:05:26:08 -0700] "GET /post/elvezd-a-kaszino-izgalmait-es-a-sportfogadas/ HTTP/2.0" 200 4524 "-" "Mozilla/5.0 (Macintosh; Intel Mac OS X 13_5) AppleWebKit/605.1.15 (KHTML, like Gecko) Version/17.5 Safari/605.1.15" 2430 **2/2430859**
114.119.158.6 - - [22/Feb/2026:05:26:07 -0700] "GET /95793523940565?fileloc=/home/dwauav0tm6jp/hosted/gazzocpa_com/license.txt&path=/home/dwauav0tm6jp/hosted/gazzocpa_com HTTP/1.1" 200 9740 "https://www.gazzocpa.com/95793523940565" "Mozilla/5.0 (Linux; Android 7.0;) AppleWebKit/537.36 (KHTML, like Gecko) Mobile Safari/537.36 (compatible; PetalBot;+https://webmaster.petalsearch.com/site/petalbot)" 4075 **4/4075652**
74.7.241.51 - - [22/Feb/2026:05:26:09 -0700] "GET /?path=//proc/3602343/cwd/usr/lib/.build-id/4b HTTP/1.1" 200 2358 "https://gazzocpa.com/?path=//proc/3602343/cwd/usr/lib/.build-id" "Mozilla/5.0 AppleWebKit/537.36 (KHTML, like Gecko; compatible; GPTBot/1.3; +https://openai.com/gptbot)" 3254 **3/3254408**
217.145.224.132 - - [22/Feb/2026:05:26:11 -0700] "GET /post/elvezd-a-kaszino-izgalmait-es-a-sportfogadas/ HTTP/2.0" 200 4524 "-" "Mozilla/5.0 (Windows NT 10.0; Win64; x64; rv:127.0) Gecko/20100101 Firefox/127.0" 1455 **1/1455979**
185.81.145.174 - - [22/Feb/2026:05:26:13 -0700] "GET /post/elvezd-a-kaszino-izgalmait-es-a-sportfogadas/ HTTP/2.0" 200 4524 "-" "Mozilla/5.0 (Windows NT 10.0; Win64; x64; rv:127.0) Gecko/20100101 Firefox/127.0" 2560 **2/2560851**
74.7.241.51 - - [22/Feb/2026:05:26:12 -0700] "GET /?path=//proc/2910233/cwd/lib/.build-id/d8 HTTP/1.1" 200 2347 "https://gazzocpa.com/?path=//proc/2910233/cwd/lib/.build-id" "Mozilla/5.0 AppleWebKit/537.36 (KHTML, like Gecko; compatible; GPTBot/1.3; +https://openai.com/gptbot)" 3558 **3/3558868**
74.7.241.51 - - [22/Feb/2026:05:26:16 -0700] "GET /?path=//proc/2910233/cwd/lib/.build-id/a3 HTTP/1.1" 200 2346 "https://gazzocpa.com/?path=//proc/2910233/cwd/lib/.build-id" "Mozilla/5.0 AppleWebKit/537.36 (KHTML, like Gecko; compatible; GPTBot/1.3; +https://openai.com/gptbot)" 3092 **3/3092386**
74.7.241.51 - - [22/Feb/2026:05:26:19 -0700] "GET /?path=//proc/3602343/cwd/lib/.build-id/9c HTTP/1.1" 200 2347 "https://gazzocpa.com/?path=//proc/3602343/cwd/lib/.build-id" "Mozilla/5.0 AppleWebKit/537.36 (KHTML, like Gecko; compatible; GPTBot/1.3; +https://openai.com/gptbot)" 1667 **1/1667667**
74.7.241.51 - - [22/Feb/2026:05:26:21 -0700] "GET /?path=//proc/3602343/cwd/usr/lib/.build-id/2b HTTP/1.1" 200 2358 "https://gazzocpa.com/?path=//proc/3602343/cwd/usr/lib/.build-id" "Mozilla/5.0 AppleWebKit/537.36 (KHTML, like Gecko; compatible; GPTBot/1.3; +https://openai.com/gptbot)" 1048 **1/1048352**
74.7.241.51 - - [22/Feb/2026:05:26:22 -0700] "GET /?path=//proc/2910233/cwd/lib/.build-id/6b HTTP/1.1" 200 2347 "https://gazzocpa.com/?path=//proc/2910233/cwd/lib/.build-id" "Mozilla/5.0 AppleWebKit/537.36 (KHTML, like Gecko; compatible; GPTBot/1.3; +https://openai.com/gptbot)" 1466 **1/1466073**
130.49.112.254 - - [22/Feb/2026:05:26:22 -0700] "GET /post/elvezd-a-kaszino-izgalmait-es-a-sportfogadas/ HTTP/2.0" 200 4524 "-" "Mozilla/5.0 (Windows NT 10.0; Win64; x64) AppleWebKit/537.36 (KHTML, like Gecko) Chrome/124.0.6367.207 Safari/537.36" 1815 **1/1815656**
74.7.241.51 - - [22/Feb/2026:05:26:24 -0700] "GET /?path=//proc/3602343/cwd/lib/.build-id/d1 HTTP/1.1" 200 2347 "https://gazzocpa.com/?path=//proc/3602343/cwd/lib/.build-id" "Mozilla/5.0 AppleWebKit/537.36 (KHTML, like Gecko; compatible; GPTBot/1.3; +https://openai.com/gptbot)" 1074 **1/1074933**
5.181.170.73 - - [22/Feb/2026:05:26:25 -0700] "GET /post/elvezd-a-kaszino-izgalmait-es-a-sportfogadas/ HTTP/2.0" 200 4524 "-" "Mozilla/5.0 (Windows NT 10.0; Win64; x64) AppleWebKit/537.36 (KHTML, like Gecko) Chrome/124.0.6367.207 Safari/537.36" 1090 **1/1090141**
74.7.241.51 - - [22/Feb/2026:05:26:25 -0700] "GET /?path=//proc/2910233/cwd/lib/.build-id/d5 HTTP/1.1" 200 2347 "https://gazzocpa.com/?path=//proc/2910233/cwd/lib/.build-id" "Mozilla/5.0 AppleWebKit/537.36 (KHTML, like Gecko; compatible; GPTBot/1.3; +https://openai.com/gptbot)" 1069 **1/1069714**
45.148.232.233 - - [22/Feb/2026:05:26:26 -0700] "GET /post/elvezd-a-kaszino-izgalmait-es-a-sportfogadas/ HTTP/2.0" 200 4524 "-" "Mozilla/5.0 (Windows NT 10.0; Win64; x64) AppleWebKit/537.36 (KHTML, like Gecko) Chrome/124.0.6367.207 Safari/537.36" 1280 **1/1280606**
74.7.241.51 - - [22/Feb/2026:05:26:26 -0700] "GET /?path=//proc/3602343/cwd/lib/.build-id/6f HTTP/1.1" 200 2347 "https://gazzocpa.com/?path=//proc/3602343/cwd/lib/.build-id" "Mozilla/5.0 AppleWebKit/537.36 (KHTML, like Gecko; compatible; GPTBot/1.3; +https://openai.com/gptbot)" 1453 **1/1453277**
74.7.241.51 - - [22/Feb/2026:05:26:28 -0700] "GET /?path=//proc/3602343/cwd/lib/.build-id/4f HTTP/1.1" 200 2347 "https://gazzocpa.com/?path=//proc/3602343/cwd/lib/.build-id" "Mozilla/5.0 AppleWebKit/537.36 (KHTML, like Gecko; compatible; GPTBot/1.3; +https://openai.com/gptbot)" 1795 **1/1795296**
62.3.0.17 - - [22/Feb/2026:05:26:28 -0700] "GET /post/elvezd-a-kaszino-izgalmait-es-a-sportfogadas/ HTTP/2.0" 200 4524 "-" "Mozilla/5.0 (Windows NT 10.0; Win64; x64; rv:127.0) Gecko/20100101 Firefox/127.0" 1852 **1/1852321**
74.7.241.51 - - [22/Feb/2026:05:26:30 -0700] "GET /?path=//proc/2910233/cwd/lib/.build-id/8d HTTP/1.1" 200 2346 "https://gazzocpa.com/?path=//proc/2910233/cwd/lib/.build-id" "Mozilla/5.0 AppleWebKit/537.36 (KHTML, like Gecko; compatible; GPTBot/1.3; +https://openai.com/gptbot)" 1586 **1/1586863**
185.201.136.99 - - [22/Feb/2026:05:26:31 -0700] "GET /post/elvezd-a-kaszino-izgalmait-es-a-sportfogadas/ HTTP/2.0" 200 4524 "-" "Mozilla/5.0 (Windows NT 10.0; Win64; x64) AppleWebKit/537.36 (KHTML, like Gecko) Chrome/124.0.6367.207 Safari/537.36" 1551 **1/1551161**
74.7.241.51 - - [22/Feb/2026:05:26:32 -0700] "GET /?path=//proc/3602343/cwd/usr/lib/.build-id/3c HTTP/1.1" 200 2358 "https://gazzocpa.com/?path=//proc/3602343/cwd/usr/lib/.build-id" "Mozilla/5.0 AppleWebKit/537.36 (KHTML, like Gecko; compatible; GPTBot/1.3; +https://openai.com/gptbot)" 1498 **1/1498419**
193.203.8.250 - - [22/Feb/2026:05:26:33 -0700] "GET /post/elvezd-a-kaszino-izgalmait-es-a-sportfogadas/ HTTP/2.0" 200 4524 "-" "Mozilla/5.0 (Macintosh; Intel Mac OS X 13_5) AppleWebKit/605.1.15 (KHTML, like Gecko) Version/17.5 Safari/605.1.15" 1669 **1/1669719**
74.7.241.51 - - [22/Feb/2026:05:26:33 -0700] "GET /?path=//proc/2910233/cwd/usr/lib/.build-id/0c HTTP/1.1" 200 2358 "https://gazzocpa.com/?path=//proc/2910233/cwd/usr/lib/.build-id" "Mozilla/5.0 AppleWebKit/537.36 (KHTML, like Gecko; compatible; GPTBot/1.3; +https://openai.com/gptbot)" 1480 **1/1480420**
74.7.241.51 - - [22/Feb/2026:05:26:35 -0700] "GET /?path=//proc/2910233/cwd/lib/.build-id/d7 HTTP/1.1" 200 2347 "https://gazzocpa.com/?path=//proc/2910233/cwd/lib/.build-id" "Mozilla/5.0 AppleWebKit/537.36 (KHTML, like Gecko; compatible; GPTBot/1.3; +https://openai.com/gptbot)" 1033 **1/1033868**
178.20.31.254 - - [22/Feb/2026:05:26:35 -0700] "GET /post/elvezd-a-kaszino-izgalmait-es-a-sportfogadas/ HTTP/2.0" 200 4524 "-" "Mozilla/5.0 (Windows NT 10.0; Win64; x64; rv:127.0) Gecko/20100101 Firefox/127.0" 1163 **1/1163484**
74.7.241.51 - - [22/Feb/2026:05:26:36 -0700] "GET /?path=//proc/2910233/cwd/lib/.build-id/d9 HTTP/1.1" 200 2347 "https://gazzocpa.com/?path=//proc/2910233/cwd/lib/.build-id" "Mozilla/5.0 AppleWebKit/537.36 (KHTML, like Gecko; compatible; GPTBot/1.3; +https://openai.com/gptbot)" 951 **0/951366**
146.19.78.225 - - [22/Feb/2026:05:26:37 -0700] "GET /post/elvezd-a-kaszino-izgalmait-es-a-sportfogadas/ HTTP/2.0" 200 4524 "-" "Mozilla/5.0 (Windows NT 10.0; Win64; x64) AppleWebKit/537.36 (KHTML, like Gecko) Chrome/124.0.6367.207 Safari/537.36" 964 **0/964897**
74.7.241.51 - - [22/Feb/2026:05:26:37 -0700] "GET /?path=//proc/2910233/cwd/lib/.build-id/a9 HTTP/1.1" 200 2347 "https://gazzocpa.com/?path=//proc/2910233/cwd/lib/.build-id" "Mozilla/5.0 AppleWebKit/537.36 (KHTML, like Gecko; compatible; GPTBot/1.3; +https://openai.com/gptbot)" 969 **0/969243**
74.7.241.51 - - [22/Feb/2026:05:26:38 -0700] "GET /?path=//proc/2910233/cwd/lib/.build-id/b4 HTTP/1.1" 200 2347 "https://gazzocpa.com/?path=//proc/2910233/cwd/lib/.build-id" "Mozilla/5.0 AppleWebKit/537.36 (KHTML, like Gecko; compatible; GPTBot/1.3; +https://openai.com/gptbot)" 954 **0/954761**
217.145.224.102 - - [22/Feb/2026:05:26:39 -0700] "GET /post/elvezd-a-kaszino-izgalmait-es-a-sportfogadas/ HTTP/2.0" 200 4524 "-" "Mozilla/5.0 (Windows NT 10.0; Win64; x64) AppleWebKit/537.36 (KHTML, like Gecko) Chrome/124.0.6367.207 Safari/537.36" 1606 **1/1606813**
74.7.241.51 - - [22/Feb/2026:05:26:40 -0700] "GET /?path=//proc/3602343/cwd/usr/lib/.build-id/0a HTTP/1.1" 200 2358 "https://gazzocpa.com/?path=//proc/3602343/cwd/usr/lib/.build-id" "Mozilla/5.0 AppleWebKit/537.36 (KHTML, like Gecko; compatible; GPTBot/1.3; +https://openai.com/gptbot)" 961 **0/961953**
74.7.241.51 - - [22/Feb/2026:05:26:41 -0700] "GET /?path=//proc/3602343/cwd/lib/.build-id/6e HTTP/1.1" 200 2347 "https://gazzocpa.com/?path=//proc/3602343/cwd/lib/.build-id" "Mozilla/5.0 AppleWebKit/537.36 (KHTML, like Gecko; compatible; GPTBot/1.3; +https://openai.com/gptbot)" 1069 **1/1069315**
176.126.104.15 - - [22/Feb/2026:05:26:41 -0700] "GET /post/elvezd-a-kaszino-izgalmait-es-a-sportfogadas/ HTTP/2.0" 200 4524 "-" "Mozilla/5.0 (Windows NT 10.0; Win64; x64; rv:127.0) Gecko/20100101 Firefox/127.0" 1115 **1/1115693**
74.7.241.51 - - [22/Feb/2026:05:26:42 -0700] "GET /?path=//proc/3602343/cwd/lib/.build-id/a5 HTTP/1.1" 200 2347 "https://gazzocpa.com/?path=//proc/3602343/cwd/lib/.build-id" "Mozilla/5.0 AppleWebKit/537.36 (KHTML, like Gecko; compatible; GPTBot/1.3; +https://openai.com/gptbot)" 1165 **1/1165231**
74.7.241.51 - - [22/Feb/2026:05:26:43 -0700] "GET /?path=//proc/3602343/cwd/usr/lib/.build-id/a0 HTTP/1.1" 200 2358 "https://gazzocpa.com/?path=//proc/3602343/cwd/usr/lib/.build-id" "Mozilla/5.0 AppleWebKit/537.36 (KHTML, like Gecko; compatible; GPTBot/1.3; +https://openai.com/gptbot)" 1162 **1/1162580**
74.7.241.51 - - [22/Feb/2026:05:26:44 -0700] "GET /?path=//proc/2910233/cwd/usr/lib/.build-id/3b HTTP/1.1" 200 2358 "https://gazzocpa.com/?path=//proc/2910233/cwd/usr/lib/.build-id" "Mozilla/5.0 AppleWebKit/537.36 (KHTML, like Gecko; compatible; GPTBot/1.3; +https://openai.com/gptbot)" 1085 **1/1085471**
